[INFO] fetching crate untangle 0.1.0...
[INFO] testing untangle-0.1.0 against 1.100.0-beta.1+cargoflags=--release for beta-release-1.100-3
[INFO] extracting crate untangle 0.1.0 into /workspace/builds/worker-6-tc2/source
[INFO] started tweaking crates.io crate untangle 0.1.0
[INFO] removed 0 missing tests
[INFO] finished tweaking crates.io crate untangle 0.1.0
[INFO] tweaked toml for crates.io crate untangle 0.1.0 written to /workspace/builds/worker-6-tc2/source/Cargo.toml
[INFO] validating manifest of crates.io crate untangle 0.1.0 on toolchain 1.100.0-beta.1
[INFO] running `Command { std: CARGO_HOME="/workspace/cargo-home" RUSTUP_HOME="/workspace/rustup-home" "/workspace/cargo-home/bin/cargo" "+1.100.0-beta.1" "metadata" "--manifest-path" "Cargo.toml" "--no-deps", kill_on_drop: false }`
[INFO] crate crates.io crate untangle 0.1.0 already has a lockfile, it will not be regenerated
[INFO] running `Command { std: CARGO_HOME="/workspace/cargo-home" RUSTUP_HOME="/workspace/rustup-home" "/workspace/cargo-home/bin/cargo" "+1.100.0-beta.1" "fetch" "--manifest-path" "Cargo.toml", kill_on_drop: false }`
[INFO] running `Command { std: "docker" "create" "-v" "/var/lib/crater-agent-workspace/builds/worker-6-tc2/source:/opt/rustwide/workdir:ro,Z" "-v" "/var/lib/crater-agent-workspace/builds/worker-6-tc2/target:/opt/rustwide/target:rw,Z" "-v" "/var/lib/crater-agent-workspace/cargo-home:/opt/rustwide/cargo-home:ro,Z" "-v" "/var/lib/crater-agent-workspace/rustup-home:/opt/rustwide/rustup-home:ro,Z" "-m" "1610612736" "--network" "none" "ghcr.io/rust-lang/crates-build-env/linux@sha256:77db811e55d90add9212f6832c23229e3de5f1c1f9905e8cb07319ea15df73ac" "sleep" "infinity", kill_on_drop: false }`
[INFO] [stdout] 51420ffd8b2223d2f730242f8cfd4ac3890842074ead862b946321de1e438130
[INFO] running `Command { std: "docker" "start" "51420ffd8b2223d2f730242f8cfd4ac3890842074ead862b946321de1e438130", kill_on_drop: false }`
[INFO] running `Command { std: "docker" "inspect" "51420ffd8b2223d2f730242f8cfd4ac3890842074ead862b946321de1e438130", kill_on_drop: false }`
[INFO] running `Command { std: "docker" "exec" "-e" "SOURCE_DIR=/opt/rustwide/workdir" "-e" "CARGO_HOME=/opt/rustwide/cargo-home" "-e" "RUSTUP_HOME=/opt/rustwide/rustup-home" "-e" "CARGO_TARGET_DIR=/opt/rustwide/target" "-w" "/opt/rustwide/workdir" "--user" "0:0" "51420ffd8b2223d2f730242f8cfd4ac3890842074ead862b946321de1e438130" "/opt/rustwide/cargo-home/bin/cargo" "+1.100.0-beta.1" "metadata" "--no-deps" "--format-version=1", kill_on_drop: false }`
[INFO] running `Command { std: "docker" "inspect" "51420ffd8b2223d2f730242f8cfd4ac3890842074ead862b946321de1e438130", kill_on_drop: false }`
[INFO] running `Command { std: "docker" "exec" "-e" "SOURCE_DIR=/opt/rustwide/workdir" "-e" "CARGO_HOME=/opt/rustwide/cargo-home" "-e" "RUSTUP_HOME=/opt/rustwide/rustup-home" "-e" "CARGO_TARGET_DIR=/opt/rustwide/target" "-e" "CARGO_INCREMENTAL=0" "-e" "RUST_BACKTRACE=full" "-e" "RUSTFLAGS=--cap-lints=warn" "-e" "RUSTDOCFLAGS=--cap-lints=warn" "-w" "/opt/rustwide/workdir" "--user" "0:0" "51420ffd8b2223d2f730242f8cfd4ac3890842074ead862b946321de1e438130" "/opt/rustwide/cargo-home/bin/cargo" "+1.100.0-beta.1" "build" "--frozen" "--message-format=json" "--release", kill_on_drop: false }`
[INFO] [stderr]    Compiling libc v0.2.182
[INFO] [stderr]    Compiling proc-macro2 v1.0.106
[INFO] [stderr]    Compiling quote v1.0.44
[INFO] [stderr]    Compiling unicode-ident v1.0.23
[INFO] [stderr]    Compiling find-msvc-tools v0.1.9
[INFO] [stderr]    Compiling shlex v1.3.0
[INFO] [stderr]    Compiling stable_deref_trait v1.2.1
[INFO] [stderr]    Compiling memchr v2.8.0
[INFO] [stderr]    Compiling pkg-config v0.3.32
[INFO] [stderr]    Compiling tree-sitter-language v0.1.7
[INFO] [stderr]    Compiling vcpkg v0.2.15
[INFO] [stderr]    Compiling serde_core v1.0.228
[INFO] [stderr]    Compiling litemap v0.8.1
[INFO] [stderr]    Compiling writeable v0.6.2
[INFO] [stderr]    Compiling regex-syntax v0.8.9
[INFO] [stderr]    Compiling icu_properties_data v2.1.2
[INFO] [stderr]    Compiling aho-corasick v1.1.4
[INFO] [stderr]    Compiling crossbeam-utils v0.8.21
[INFO] [stderr]    Compiling icu_normalizer_data v2.1.1
[INFO] [stderr]    Compiling syn v2.0.115
[INFO] [stderr]    Compiling once_cell v1.21.3
[INFO] [stderr]    Compiling serde v1.0.228
[INFO] [stderr]    Compiling smallvec v1.15.1
[INFO] [stderr]    Compiling log v0.4.29
[INFO] [stderr]    Compiling object v0.37.3
[INFO] [stderr]    Compiling cfg-if v1.0.4
[INFO] [stderr]    Compiling equivalent v1.0.2
[INFO] [stderr]    Compiling gimli v0.32.3
[INFO] [stderr]    Compiling rustix v1.1.3
[INFO] [stderr]    Compiling crossbeam-epoch v0.9.18
[INFO] [stderr]    Compiling bitflags v2.11.0
[INFO] [stderr]    Compiling jobserver v0.1.34
[INFO] [stderr]    Compiling adler2 v2.0.1
[INFO] [stderr]    Compiling cc v1.2.56
[INFO] [stderr]    Compiling utf8parse v0.2.2
[INFO] [stderr]    Compiling hashbrown v0.16.1
[INFO] [stderr]    Compiling unicode-width v0.2.2
[INFO] [stderr]    Compiling anstyle-parse v0.2.7
[INFO] [stderr]    Compiling miniz_oxide v0.8.9
[INFO] [stderr]    Compiling regex-automata v0.4.14
[INFO] [stderr]    Compiling indexmap v2.13.0
[INFO] [stderr]    Compiling crossbeam-deque v0.8.6
[INFO] [stderr]    Compiling tracing-core v0.1.36
[INFO] [stderr]    Compiling linux-raw-sys v0.11.0
[INFO] [stderr]    Compiling openssl-sys v0.9.111
[INFO] [stderr]    Compiling libz-sys v1.1.23
[INFO] [stderr]    Compiling libssh2-sys v0.3.1
[INFO] [stderr]    Compiling addr2line v0.25.1
[INFO] [stderr]    Compiling libgit2-sys v0.18.3+1.9.2
[INFO] [stderr]    Compiling rayon-core v1.13.0
[INFO] [stderr]    Compiling portable-atomic v1.13.1
[INFO] [stderr]    Compiling utf8_iter v1.0.4
[INFO] [stderr]    Compiling percent-encoding v2.3.2
[INFO] [stderr]    Compiling rustc-demangle v0.1.27
[INFO] [stderr]    Compiling anstyle v1.0.13
[INFO] [stderr]    Compiling colorchoice v1.0.4
[INFO] [stderr]    Compiling zmij v1.0.21
[INFO] [stderr]    Compiling is_terminal_polyfill v1.70.2
[INFO] [stderr]    Compiling anstyle-query v1.1.5
[INFO] [stderr]    Compiling owo-colors v4.2.3
[INFO] [stderr]    Compiling anstream v0.6.21
[INFO] [stderr]    Compiling form_urlencoded v1.2.2
[INFO] [stderr]    Compiling tree-sitter-go v0.23.4
[INFO] [stderr]    Compiling tree-sitter-rust v0.23.3
[INFO] [stderr]    Compiling tree-sitter-python v0.23.6
[INFO] [stderr]    Compiling tree-sitter v0.24.7
[INFO] [stderr]    Compiling tree-sitter-ruby v0.23.1
[INFO] [stderr]    Compiling bstr v1.12.1
[INFO] [stderr]    Compiling strsim v0.11.1
[INFO] [stderr]    Compiling synstructure v0.13.2
[INFO] [stderr]    Compiling toml_write v0.1.2
[INFO] [stderr]    Compiling heck v0.5.0
[INFO] [stderr]    Compiling serde_json v1.0.149
[INFO] [stderr]    Compiling option-ext v0.2.0
[INFO] [stderr]    Compiling foldhash v0.1.5
[INFO] [stderr]    Compiling winnow v0.7.14
[INFO] [stderr]    Compiling pin-project-lite v0.2.16
[INFO] [stderr]    Compiling thiserror v2.0.18
[INFO] [stderr]    Compiling is_ci v1.2.0
[INFO] [stderr]    Compiling unicode-linebreak v0.1.5
[INFO] [stderr]    Compiling clap_lex v1.0.0
[INFO] [stderr]    Compiling lazy_static v1.5.0
[INFO] [stderr]    Compiling same-file v1.0.6
[INFO] [stderr]    Compiling clap_builder v4.5.58
[INFO] [stderr]    Compiling textwrap v0.16.2
[INFO] [stderr]    Compiling walkdir v2.5.0
[INFO] [stderr]    Compiling globset v0.4.18
[INFO] [stderr]    Compiling backtrace v0.3.76
[INFO] [stderr]    Compiling matchers v0.2.0
[INFO] [stderr]    Compiling regex v1.12.3
[INFO] [stderr]    Compiling zerofrom-derive v0.1.6
[INFO] [stderr]    Compiling yoke-derive v0.8.1
[INFO] [stderr]    Compiling zerovec-derive v0.11.2
[INFO] [stderr]    Compiling zerofrom v0.1.6
[INFO] [stderr]    Compiling displaydoc v0.2.5
[INFO] [stderr]    Compiling serde_derive v1.0.228
[INFO] [stderr]    Compiling yoke v0.8.1
[INFO] [stderr]    Compiling tracing-attributes v0.1.31
[INFO] [stderr]    Compiling zerovec v0.11.5
[INFO] [stderr]    Compiling zerotrie v0.2.3
[INFO] [stderr]    Compiling backtrace-ext v0.2.1
[INFO] [stderr]    Compiling thiserror-impl v2.0.18
[INFO] [stderr]    Compiling clap_derive v4.5.55
[INFO] [stderr]    Compiling tinystr v0.8.2
[INFO] [stderr]    Compiling icu_locale_core v2.1.1
[INFO] [stderr]    Compiling potential_utf v0.1.4
[INFO] [stderr]    Compiling tracing v0.1.44
[INFO] [stderr]    Compiling icu_collections v2.1.1
[INFO] [stderr]    Compiling miette-derive v7.6.0
[INFO] [stderr]    Compiling icu_provider v2.1.1
[INFO] [stderr]    Compiling icu_properties v2.1.2
[INFO] [stderr]    Compiling icu_normalizer v2.1.1
[INFO] [stderr]    Compiling sharded-slab v0.1.7
[INFO] [stderr]    Compiling supports-color v3.0.2
[INFO] [stderr]    Compiling hashbrown v0.15.5
[INFO] [stderr]    Compiling dirs-sys v0.4.1
[INFO] [stderr]    Compiling terminal_size v0.4.3
[INFO] [stderr]    Compiling idna_adapter v1.2.1
[INFO] [stderr]    Compiling idna v1.1.0
[INFO] [stderr]    Compiling url v2.5.8
[INFO] [stderr]    Compiling serde_spanned v0.6.9
[INFO] [stderr]    Compiling toml_datetime v0.6.11
[INFO] [stderr]    Compiling toml_edit v0.22.27
[INFO] [stderr]    Compiling tracing-log v0.2.0
[INFO] [stderr]    Compiling console v0.15.11
[INFO] [stderr]    Compiling thread_local v1.1.9
[INFO] [stderr]    Compiling itoa v1.0.17
[INFO] [stderr]    Compiling openssl-probe v0.1.6
[INFO] [stderr]    Compiling unicode-width v0.1.14
[INFO] [stderr]    Compiling fixedbitset v0.5.7
[INFO] [stderr]    Compiling supports-hyperlinks v3.2.0
[INFO] [stderr]    Compiling either v1.15.0
[INFO] [stderr]    Compiling supports-unicode v3.0.0
[INFO] [stderr]    Compiling nu-ansi-term v0.50.3
[INFO] [stderr]    Compiling number_prefix v0.4.0
[INFO] [stderr]    Compiling streaming-iterator v0.1.9
[INFO] [stderr]    Compiling miette v7.6.0
[INFO] [stderr]    Compiling indicatif v0.17.11
[INFO] [stderr]    Compiling tracing-subscriber v0.3.22
[INFO] [stderr]    Compiling rayon v1.11.0
[INFO] [stderr]    Compiling petgraph v0.8.3
[INFO] [stderr]    Compiling toml v0.8.23
[INFO] [stderr]    Compiling dirs v5.0.1
[INFO] [stderr]    Compiling clap v4.5.58
[INFO] [stderr]    Compiling ignore v0.4.25
[INFO] [stderr]    Compiling git2 v0.20.4
[INFO] [stderr]    Compiling untangle v0.1.0 (/opt/rustwide/workdir)
[INFO] [stderr]     Finished `release` profile [optimized] target(s) in 2m 14s
[INFO] running `Command { std: "docker" "inspect" "51420ffd8b2223d2f730242f8cfd4ac3890842074ead862b946321de1e438130", kill_on_drop: false }`
[INFO] running `Command { std: "docker" "exec" "-e" "SOURCE_DIR=/opt/rustwide/workdir" "-e" "CARGO_HOME=/opt/rustwide/cargo-home" "-e" "RUSTUP_HOME=/opt/rustwide/rustup-home" "-e" "CARGO_TARGET_DIR=/opt/rustwide/target" "-e" "CARGO_INCREMENTAL=0" "-e" "RUST_BACKTRACE=full" "-e" "RUSTFLAGS=--cap-lints=warn" "-e" "RUSTDOCFLAGS=--cap-lints=warn" "-w" "/opt/rustwide/workdir" "--user" "0:0" "51420ffd8b2223d2f730242f8cfd4ac3890842074ead862b946321de1e438130" "/opt/rustwide/cargo-home/bin/cargo" "+1.100.0-beta.1" "test" "--frozen" "--no-run" "--message-format=json" "--release", kill_on_drop: false }`
[INFO] [stderr]    Compiling serde_core v1.0.228
[INFO] [stderr]    Compiling regex-syntax v0.8.9
[INFO] [stderr]    Compiling serde v1.0.228
[INFO] [stderr]    Compiling rustix v1.1.3
[INFO] [stderr]    Compiling autocfg v1.5.0
[INFO] [stderr]    Compiling zerocopy v0.8.39
[INFO] [stderr]    Compiling zerocopy-derive v0.8.39
[INFO] [stderr]    Compiling getrandom v0.3.4
[INFO] [stderr]    Compiling getrandom v0.4.1
[INFO] [stderr]    Compiling ucd-trie v0.1.7
[INFO] [stderr]    Compiling memchr v2.8.0
[INFO] [stderr]    Compiling either v1.15.0
[INFO] [stderr]    Compiling num-traits v0.2.19
[INFO] [stderr]    Compiling rand_core v0.9.5
[INFO] [stderr]    Compiling fastrand v2.3.0
[INFO] [stderr]    Compiling wait-timeout v0.2.1
[INFO] [stderr]    Compiling predicates-core v1.0.10
[INFO] [stderr]    Compiling pest v2.8.6
[INFO] [stderr]    Compiling plotters-backend v0.3.7
[INFO] [stderr]    Compiling ciborium-io v0.2.2
[INFO] [stderr]    Compiling rayon v1.11.0
[INFO] [stderr]    Compiling plotters-svg v0.3.7
[INFO] [stderr]    Compiling itertools v0.10.5
[INFO] [stderr]    Compiling float-cmp v0.10.0
[INFO] [stderr]    Compiling difflib v0.4.0
[INFO] [stderr]    Compiling regex-automata v0.4.14
[INFO] [stderr]    Compiling tempfile v3.25.0
[INFO] [stderr]    Compiling pest_meta v2.8.6
[INFO] [stderr]    Compiling serde_json v1.0.149
[INFO] [stderr]    Compiling terminal_size v0.4.3
[INFO] [stderr]    Compiling cast v0.3.0
[INFO] [stderr]    Compiling normalize-line-endings v0.3.0
[INFO] [stderr]    Compiling assert_cmd v2.1.2
[INFO] [stderr]    Compiling termtree v0.5.1
[INFO] [stderr]    Compiling pest_generator v2.8.6
[INFO] [stderr]    Compiling fnv v1.0.7
[INFO] [stderr]    Compiling quick-error v1.2.3
[INFO] [stderr]    Compiling serde_spanned v0.6.9
[INFO] [stderr]    Compiling toml_datetime v0.6.11
[INFO] [stderr]    Compiling bit-vec v0.8.0
[INFO] [stderr]    Compiling rusty-fork v0.3.1
[INFO] [stderr]    Compiling toml_edit v0.22.27
[INFO] [stderr]    Compiling bit-set v0.8.0
[INFO] [stderr]    Compiling tinytemplate v1.2.1
[INFO] [stderr]    Compiling miette v7.6.0
[INFO] [stderr]    Compiling predicates-tree v1.0.13
[INFO] [stderr]    Compiling pest_derive v2.8.6
[INFO] [stderr]    Compiling criterion-plot v0.5.0
[INFO] [stderr]    Compiling plotters v0.3.7
[INFO] [stderr]    Compiling rand_xorshift v0.4.0
[INFO] [stderr]    Compiling rand v0.9.2
[INFO] [stderr]    Compiling is-terminal v0.4.17
[INFO] [stderr]    Compiling half v2.7.1
[INFO] [stderr]    Compiling ppv-lite86 v0.2.21
[INFO] [stderr]    Compiling similar v2.7.0
[INFO] [stderr]    Compiling regex v1.12.3
[INFO] [stderr]    Compiling bstr v1.12.1
[INFO] [stderr]    Compiling matchers v0.2.0
[INFO] [stderr]    Compiling ciborium-ll v0.2.2
[INFO] [stderr]    Compiling predicates v3.1.4
[INFO] [stderr]    Compiling ciborium v0.2.2
[INFO] [stderr]    Compiling tree-sitter v0.24.7
[INFO] [stderr]    Compiling globset v0.4.18
[INFO] [stderr]    Compiling toml v0.8.23
[INFO] [stderr]    Compiling tracing-subscriber v0.3.22
[INFO] [stderr]    Compiling rand_chacha v0.9.0
[INFO] [stderr]    Compiling ignore v0.4.25
[INFO] [stderr]    Compiling oorandom v11.1.5
[INFO] [stderr]    Compiling diff v0.1.13
[INFO] [stderr]    Compiling unarray v0.1.4
[INFO] [stderr]    Compiling anes v0.1.6
[INFO] [stderr]    Compiling yansi v1.0.1
[INFO] [stderr]    Compiling criterion v0.5.1
[INFO] [stderr]    Compiling pretty_assertions v1.4.1
[INFO] [stderr]    Compiling proptest v1.10.0
[INFO] [stderr]    Compiling insta v1.46.3
[INFO] [stderr]    Compiling untangle v0.1.0 (/opt/rustwide/workdir)
[INFO] [stderr]     Finished `release` profile [optimized] target(s) in 1m 05s
[INFO] running `Command { std: "docker" "inspect" "51420ffd8b2223d2f730242f8cfd4ac3890842074ead862b946321de1e438130", kill_on_drop: false }`
[INFO] running `Command { std: "docker" "exec" "-e" "SOURCE_DIR=/opt/rustwide/workdir" "-e" "CARGO_HOME=/opt/rustwide/cargo-home" "-e" "RUSTUP_HOME=/opt/rustwide/rustup-home" "-e" "CARGO_TARGET_DIR=/opt/rustwide/target" "-e" "CARGO_INCREMENTAL=0" "-e" "RUST_BACKTRACE=full" "-e" "RUSTFLAGS=--cap-lints=warn" "-e" "RUSTDOCFLAGS=--cap-lints=warn" "-w" "/opt/rustwide/workdir" "--user" "0:0" "51420ffd8b2223d2f730242f8cfd4ac3890842074ead862b946321de1e438130" "/opt/rustwide/cargo-home/bin/cargo" "+1.100.0-beta.1" "test" "--frozen" "--release", kill_on_drop: false }`
[INFO] [stderr]     Finished `release` profile [optimized] target(s) in 0.26s
[INFO] [stderr]      Running unittests src/main.rs (/opt/rustwide/target/release/build/untangle/2e27fe37638bc8d8/out/untangle-2e27fe37638bc8d8)
[INFO] [stdout] 
[INFO] [stdout] running 88 tests
[INFO] [stdout] test config::ignore::tests::only_comments ... ok
[INFO] [stdout] test config::ignore::tests::parse_patterns ... ok
[INFO] [stdout] test config::overrides::tests::first_match_wins ... ok
[INFO] [stdout] test config::overrides::tests::no_match_passthrough ... ok
[INFO] [stdout] test config::provenance::tests::display_sources ... ok
[INFO] [stdout] test config::ignore::tests::load_from_temp_dir ... ok
[INFO] [stdout] test config::ignore::tests::empty_content ... ok
[INFO] [stdout] test config::overrides::tests::legacy_override_replaces_rules ... ok
[INFO] [stdout] test config::overrides::tests::vendor_disabled ... ok
[INFO] [stdout] test config::provenance::tests::entries_with_prefix ... ok
[INFO] [stdout] test config::provenance::tests::set_and_get ... ok
[INFO] [stdout] test config::ignore::tests::no_ignore_file ... ok
[INFO] [stdout] test config::provenance::tests::sorted_entries_order ... ok
[INFO] [stdout] test config::resolve::tests::defaults_only ... ok
[INFO] [stdout] test config::resolve::tests::backward_compat_thresholds ... ok
[INFO] [stdout] test config::schema::tests::deserialize_empty_config ... ok
[INFO] [stdout] test config::resolve::tests::project_config_applied ... ok
[INFO] [stdout] test config::resolve::tests::cli_override_takes_precedence ... ok
[INFO] [stdout] test config::resolve::tests::cli_overrides_project_config ... ok
[INFO] [stdout] test config::schema::tests::deserialize_full_config ... ok
[INFO] [stdout] test config::schema::tests::deserialize_partial_config ... ok
[INFO] [stdout] test config::show::tests::render_explain_known_category ... ok
[INFO] [stdout] test config::show::tests::render_explain_unknown_category ... ok
[INFO] [stdout] test config::show::tests::render_show_no_files ... ok
[INFO] [stdout] test config::show::tests::render_show_format ... ok
[INFO] [stdout] test config::schema::tests::backward_compat_old_format ... ok
[INFO] [stdout] test graph::builder::tests::deduplicates_edges_accumulates_locations ... ok
[INFO] [stdout] test graph::builder::tests::deduplicates_nodes ... ok
[INFO] [stdout] test insights::tests::large_scc_warning_severity ... ok
[INFO] [stdout] test insights::tests::circular_dependency_insight ... ok
[INFO] [stdout] test insights::tests::no_insights_on_trivial_graph ... ok
[INFO] [stdout] test insights::tests::high_entropy_insight ... ok
[INFO] [stdout] test insights::tests::suggestive_language ... ok
[INFO] [stdout] test insights::tests::deep_chain_insight ... ok
[INFO] [stdout] test insights::tests::god_module_insight ... ok
[INFO] [stdout] test insights::tests::high_fanout_insight ... ok
[INFO] [stdout] test metrics::depth::tests::diamond_graph_depth ... ok
[INFO] [stdout] test metrics::depth::tests::empty_graph_depth_zero ... ok
[INFO] [stdout] test metrics::entropy::tests::entropy_skewed ... ok
[INFO] [stdout] test metrics::depth::tests::graph_with_cycle ... ok
[INFO] [stdout] test metrics::entropy::tests::entropy_single_weight ... ok
[INFO] [stdout] test metrics::entropy::tests::entropy_two_equal ... ok
[INFO] [stdout] test metrics::entropy::tests::scc_adjusted_trivial ... ok
[INFO] [stdout] test metrics::entropy::tests::scc_adjusted_zero_entropy ... ok
[INFO] [stdout] test metrics::entropy::tests::entropy_uniform_distribution ... ok
[INFO] [stdout] test metrics::depth::tests::wide_fan_out_depth ... ok
[INFO] [stdout] test metrics::entropy::tests::entropy_empty ... ok
[INFO] [stdout] test metrics::depth::tests::single_node_depth_zero ... ok
[INFO] [stdout] test metrics::depth::tests::linear_chain_depth ... ok
[INFO] [stdout] test metrics::scc::tests::no_cycles_no_sccs ... ok
[INFO] [stdout] test metrics::scc::tests::simple_cycle_detected ... ok
[INFO] [stdout] test metrics::scc::tests::two_separate_sccs ... ok
[INFO] [stdout] test metrics::entropy::tests::scc_adjusted_nontrivial ... ok
[INFO] [stdout] test metrics::summary::tests::summary_empty_graph ... ok
[INFO] [stdout] test parse::go::tests::classifies_internal_as_resolved ... ok
[INFO] [stdout] test metrics::summary::tests::summary_linear_graph ... ok
[INFO] [stdout] test parse::go::tests::classifies_stdlib_as_external ... ok
[INFO] [stdout] test parse::go::tests::skips_external_imports ... ok
[INFO] [stdout] test metrics::fanout::tests::fan_in_counts_incoming_edges ... ok
[INFO] [stdout] test output::dot::tests::dot_output_basic ... ok
[INFO] [stdout] test metrics::fanout::tests::fan_out_counts_outgoing_edges ... ok
[INFO] [stdout] test parse::go::tests::resolves_internal_import ... ok
[INFO] [stdout] test parse::resolver::tests::camel_case_conversion ... ok
[INFO] [stdout] test parse::resolver::tests::go_stdlib_detection ... ok
[INFO] [stdout] test parse::resolver::tests::go_test_file_detection ... ok
[INFO] [stdout] test parse::ruby::tests::extracts_autoload ... ok
[INFO] [stdout] test parse::ruby::tests::extracts_require ... ok
[INFO] [stdout] test parse::ruby::tests::marks_interpolated_strings_as_dynamic ... ok
[INFO] [stdout] test parse::go::tests::extracts_grouped_imports ... ok
[INFO] [stdout] test parse::rust::tests::classifies_crate_as_resolved ... ok
[INFO] [stdout] test parse::ruby::tests::extracts_require_relative ... ok
[INFO] [stdout] test parse::go::tests::extracts_single_import ... ok
[INFO] [stdout] test parse::rust::tests::classifies_std_as_external ... ok
[INFO] [stdout] test parse::rust::tests::extracts_crate_import ... ok
[INFO] [stdout] test parse::python::tests::extracts_from_import ... ok
[INFO] [stdout] test parse::python::tests::extracts_simple_import ... ok
[INFO] [stdout] test parse::python::tests::extracts_dotted_import ... ok
[INFO] [stdout] test parse::rust::tests::parse_crate_name_from_toml ... ok
[INFO] [stdout] test parse::rust::tests::extracts_nested_scoped_list ... ok
[INFO] [stdout] test parse::rust::tests::extracts_scoped_use_list ... ok
[INFO] [stdout] test parse::python::tests::extracts_relative_import ... ok
[INFO] [stdout] test parse::rust::tests::resolves_crate_import ... ok
[INFO] [stdout] test walk::tests::language_from_str ... ok
[INFO] [stdout] test walk::tests::go_default_excludes_test_files ... ok
[INFO] [stdout] test parse::rust::tests::extracts_self_import ... ok
[INFO] [stdout] test parse::rust::tests::extracts_simple_use ... ok
[INFO] [stdout] test parse::rust::tests::extracts_use_as ... ok
[INFO] [stdout] test parse::rust::tests::extracts_super_import ... ok
[INFO] [stdout] 
[INFO] [stdout] test result: ok. 88 passed; 0 failed; 0 ignored; 0 measured; 0 filtered out; finished in 0.06s
[INFO] [stdout] 
[INFO] [stderr]      Running tests/integration.rs (/opt/rustwide/target/release/build/untangle/9eba9d43f3df0eb9/out/integration-9eba9d43f3df0eb9)
[INFO] [stdout] 
[INFO] [stdout] running 28 tests
[INFO] [stdout] test integration::analyze_test::analyze_nonexistent_path_returns_exit_2 ... ok
[INFO] [stdout] test integration::analyze_test::analyze_auto_detect_go ... ok
[INFO] [stdout] test integration::analyze_test::analyze_go_simple_module_sarif ... ok
[INFO] [stdout] test integration::analyze_test::analyze_no_insights_suppresses_key ... ok
[INFO] [stdout] test integration::analyze_test::analyze_rust_simple_crate_json ... FAILED
[INFO] [stdout] test integration::analyze_test::analyze_go_simple_module_json ... ok
[INFO] [stdout] test integration::analyze_test::analyze_ruby_require_relative_json ... ok
[INFO] [stdout] test integration::analyze_test::analyze_json_contains_insights_key ... ok
[INFO] [stdout] test integration::analyze_test::analyze_go_simple_module_dot ... ok
[INFO] [stdout] test integration::analyze_test::analyze_go_simple_module_text ... ok
[INFO] [stdout] test integration::ci_exit_codes_test::exit_code_1_on_bad_path ... ok
[INFO] [stdout] test integration::ci_exit_codes_test::analyze_exit_code_0_clean_project ... ok
[INFO] [stdout] test integration::analyze_test::analyze_with_top_flag ... ok
[INFO] [stdout] test integration::analyze_test::graph_go_json_output ... ok
[INFO] [stdout] test integration::analyze_test::graph_go_dot_output ... ok
[INFO] [stdout] test integration::config_test::config_explain_unknown_category ... ok
[INFO] [stdout] test integration::config_test::config_show_defaults ... ok
[INFO] [stdout] test integration::config_test::config_show_with_project_config ... ok
[INFO] [stdout] test integration::config_test::config_explain_high_fanout ... ok
[INFO] [stdout] test integration::ci_exit_codes_test::exit_code_1_on_policy_violation ... ok
[INFO] [stdout] test integration::ci_exit_codes_test::exit_code_0_on_pass ... FAILED
[INFO] [stdout] test integration::config_test::analyze_respects_config_thresholds ... ok
[INFO] [stdout] test integration::analyze_test::analyze_python_simple_project_json ... ok
[INFO] [stdout] test integration::config_test::no_insights_flag_works_with_config ... ok
[INFO] [stdout] test integration::config_test::cli_flag_overrides_config ... ok
[INFO] [stdout] test integration::diff_test::diff_go_shows_changes ... FAILED
[INFO] [stdout] test integration::diff_test::diff_go_fail_on_new_edge ... FAILED
[INFO] [stdout] test integration::diff_test::diff_go_pass_without_fail_on ... FAILED
[INFO] [stdout] 
[INFO] [stdout] failures:
[INFO] [stdout] 
[INFO] [stdout] ---- integration::analyze_test::analyze_rust_simple_crate_json stdout ----
[INFO] [stdout] 
[INFO] [stdout] thread 'integration::analyze_test::analyze_rust_simple_crate_json' (3822) panicked at /rustc/e3feeb59cd1bdd011a2bfcc0747b55125d9b8527/library/core/src/ops/function.rs:250:5:
[INFO] [stdout] Unexpected failure.
[INFO] [stdout] code=1
[INFO] [stdout] stderr=``````
[INFO] [stdout] Error:   × No parseable files found in tests/fixtures/rust/simple_crate
[INFO] [stdout] 
[INFO] [stdout] ```
[INFO] [stdout] ```
[INFO] [stdout] command=`"/opt/rustwide/target/release/untangle" "analyze" "tests/fixtures/rust/simple_crate" "--lang" "rust" "--format" "json" "--quiet"`
[INFO] [stdout] code=1
[INFO] [stdout] stdout=""
[INFO] [stdout] stderr=```
[INFO] [stdout] Error:   × No parseable files found in tests/fixtures/rust/simple_crate
[INFO] [stdout] 
[INFO] [stdout] ```
[INFO] [stdout] 
[INFO] [stdout] 
[INFO] [stdout] stack backtrace:
[INFO] [stdout]    0:     0x5d6d07155635 - <unknown>
[INFO] [stdout]    1:     0x5d6d07137f24 - <unknown>
[INFO] [stdout]    2:     0x5d6d07154cdb - <unknown>
[INFO] [stdout]    3:     0x5d6d071548d9 - <unknown>
[INFO] [stdout]    4:     0x5d6d0715455a - <unknown>
[INFO] [stdout]    5:     0x5d6d0715408b - <unknown>
[INFO] [stdout]    6:     0x5d6d07179ee1 - <unknown>
[INFO] [stdout]    7:     0x5d6d07179e99 - <unknown>
[INFO] [stdout]    8:     0x5d6d0717a38c - <unknown>
[INFO] [stdout]    9:     0x5d6d07137dbb - <unknown>
[INFO] [stdout]   10:     0x5d6d07133d24 - <unknown>
[INFO] [stdout]   11:     0x5d6d07133cc2 - <unknown>
[INFO] [stdout]   12:     0x5d6d07137a28 - <unknown>
[INFO] [stdout]   13:     0x5d6d07137c07 - <unknown>
[INFO] [stdout]   14:     0x5d6d0712f15b - <unknown>
[INFO] [stdout]   15:     0x5d6d071964bb - <unknown>
[INFO] [stdout]   16:     0x5d6d071921f6 - <unknown>
[INFO] [stdout]   17:     0x5d6d0719195c - <unknown>
[INFO] [stdout]   18:     0x5d6d071afd5c - <unknown>
[INFO] [stdout]   19:     0x5d6d0717bfb8 - <unknown>
[INFO] [stdout]   20:     0x70206b8c1dfa - <unknown>
[INFO] [stdout]   21:     0x70206b9553d4 - clone
[INFO] [stdout]   22:                0x0 - <unknown>
[INFO] [stdout] 
[INFO] [stdout] ---- integration::ci_exit_codes_test::exit_code_0_on_pass stdout ----
[INFO] [stdout] 
[INFO] [stdout] thread 'integration::ci_exit_codes_test::exit_code_0_on_pass' (3849) panicked at /rustc/e3feeb59cd1bdd011a2bfcc0747b55125d9b8527/library/core/src/ops/function.rs:250:5:
[INFO] [stdout] Unexpected return code, failed var == 0
[INFO] [stdout] └── var: 1
[INFO] [stdout] 
[INFO] [stdout] command=`cd "tests/fixtures/go/diff_repo" && "/opt/rustwide/target/release/untangle" "diff" "--base" "HEAD~1" "--head" "HEAD" "--lang" "go" "--quiet"`
[INFO] [stdout] code=1
[INFO] [stdout] stdout=""
[INFO] [stdout] stderr=```
[INFO] [stdout] Error:   × could not find repository at \'/opt/rustwide/workdir/tests/fixtures/go/
[INFO] [stdout]   │ diff_repo\'; class=Repository (6); code=NotFound (-3)
[INFO] [stdout] 
[INFO] [stdout] ```
[INFO] [stdout] 
[INFO] [stdout] 
[INFO] [stdout] stack backtrace:
[INFO] [stdout]    0:     0x5d6d07155635 - <unknown>
[INFO] [stdout]    1:     0x5d6d07137f24 - <unknown>
[INFO] [stdout]    2:     0x5d6d07154cdb - <unknown>
[INFO] [stdout]    3:     0x5d6d071548d9 - <unknown>
[INFO] [stdout]    4:     0x5d6d0715455a - <unknown>
[INFO] [stdout]    5:     0x5d6d0715408b - <unknown>
[INFO] [stdout]    6:     0x5d6d07179ee1 - <unknown>
[INFO] [stdout]    7:     0x5d6d07179e99 - <unknown>
[INFO] [stdout]    8:     0x5d6d0717a38c - <unknown>
[INFO] [stdout]    9:     0x5d6d07137dbb - <unknown>
[INFO] [stdout]   10:     0x5d6d07133d24 - <unknown>
[INFO] [stdout]   11:     0x5d6d07133cc2 - <unknown>
[INFO] [stdout]   12:     0x5d6d07137a28 - <unknown>
[INFO] [stdout]   13:     0x5d6d07129970 - <unknown>
[INFO] [stdout]   14:     0x5d6d0712fbff - <unknown>
[INFO] [stdout]   15:     0x5d6d071964bb - <unknown>
[INFO] [stdout]   16:     0x5d6d071921f6 - <unknown>
[INFO] [stdout]   17:     0x5d6d0719195c - <unknown>
[INFO] [stdout]   18:     0x5d6d071afd5c - <unknown>
[INFO] [stdout]   19:     0x5d6d0717bfb8 - <unknown>
[INFO] [stdout]   20:     0x70206b8c1dfa - <unknown>
[INFO] [stdout]   21:     0x70206b9553d4 - clone
[INFO] [stdout]   22:                0x0 - <unknown>
[INFO] [stdout] 
[INFO] [stdout] ---- integration::diff_test::diff_go_shows_changes stdout ----
[INFO] [stdout] 
[INFO] [stdout] thread 'integration::diff_test::diff_go_shows_changes' (3924) panicked at /rustc/e3feeb59cd1bdd011a2bfcc0747b55125d9b8527/library/core/src/ops/function.rs:250:5:
[INFO] [stdout] Unexpected failure.
[INFO] [stdout] code=1
[INFO] [stdout] stderr=``````
[INFO] [stdout] Error:   × could not find repository at \'/opt/rustwide/workdir/tests/fixtures/go/
[INFO] [stdout]   │ diff_repo\'; class=Repository (6); code=NotFound (-3)
[INFO] [stdout] 
[INFO] [stdout] ```
[INFO] [stdout] ```
[INFO] [stdout] command=`cd "tests/fixtures/go/diff_repo" && "/opt/rustwide/target/release/untangle" "diff" "--base" "HEAD~1" "--head" "HEAD" "--lang" "go" "--format" "json" "--quiet"`
[INFO] [stdout] code=1
[INFO] [stdout] stdout=""
[INFO] [stdout] stderr=```
[INFO] [stdout] Error:   × could not find repository at \'/opt/rustwide/workdir/tests/fixtures/go/
[INFO] [stdout]   │ diff_repo\'; class=Repository (6); code=NotFound (-3)
[INFO] [stdout] 
[INFO] [stdout] ```
[INFO] [stdout] 
[INFO] [stdout] 
[INFO] [stdout] stack backtrace:
[INFO] [stdout]    0:     0x5d6d07155635 - <unknown>
[INFO] [stdout]    1:     0x5d6d07137f24 - <unknown>
[INFO] [stdout]    2:     0x5d6d07154cdb - <unknown>
[INFO] [stdout]    3:     0x5d6d071548d9 - <unknown>
[INFO] [stdout]    4:     0x5d6d0715455a - <unknown>
[INFO] [stdout]    5:     0x5d6d0715408b - <unknown>
[INFO] [stdout]    6:     0x5d6d07179ee1 - <unknown>
[INFO] [stdout]    7:     0x5d6d07179e99 - <unknown>
[INFO] [stdout]    8:     0x5d6d0717a38c - <unknown>
[INFO] [stdout]    9:     0x5d6d07137dbb - <unknown>
[INFO] [stdout]   10:     0x5d6d07133d24 - <unknown>
[INFO] [stdout]   11:     0x5d6d07133cc2 - <unknown>
[INFO] [stdout]   12:     0x5d6d07137a28 - <unknown>
[INFO] [stdout]   13:     0x5d6d07137c07 - <unknown>
[INFO] [stdout]   14:     0x5d6d07130203 - <unknown>
[INFO] [stdout]   15:     0x5d6d071964bb - <unknown>
[INFO] [stdout]   16:     0x5d6d071921f6 - <unknown>
[INFO] [stdout]   17:     0x5d6d0719195c - <unknown>
[INFO] [stdout]   18:     0x5d6d071afd5c - <unknown>
[INFO] [stdout]   19:     0x5d6d0717bfb8 - <unknown>
[INFO] [stdout]   20:     0x70206b8c1dfa - <unknown>
[INFO] [stdout]   21:     0x70206b9553d4 - clone
[INFO] [stdout]   22:                0x0 - <unknown>
[INFO] [stdout] 
[INFO] [stdout] ---- integration::diff_test::diff_go_fail_on_new_edge stdout ----
[INFO] [stdout] 
[INFO] [stdout] thread 'integration::diff_test::diff_go_fail_on_new_edge' (3911) panicked at /rustc/e3feeb59cd1bdd011a2bfcc0747b55125d9b8527/library/core/src/ops/function.rs:250:5:
[INFO] [stdout] Unexpected stdout, failed var.contains("verdict": "fail")
[INFO] [stdout] ├── var: 
[INFO] [stdout] └── var as str: 
[INFO] [stdout] 
[INFO] [stdout] command=`cd "tests/fixtures/go/diff_repo" && "/opt/rustwide/target/release/untangle" "diff" "--base" "HEAD~1" "--head" "HEAD" "--lang" "go" "--fail-on" "new-edge" "--quiet"`
[INFO] [stdout] code=1
[INFO] [stdout] stdout=""
[INFO] [stdout] stderr=```
[INFO] [stdout] Error:   × could not find repository at \'/opt/rustwide/workdir/tests/fixtures/go/
[INFO] [stdout]   │ diff_repo\'; class=Repository (6); code=NotFound (-3)
[INFO] [stdout] 
[INFO] [stdout] ```
[INFO] [stdout] 
[INFO] [stdout] 
[INFO] [stdout] stack backtrace:
[INFO] [stdout]    0:     0x5d6d07155635 - <unknown>
[INFO] [stdout]    1:     0x5d6d07137f24 - <unknown>
[INFO] [stdout]    2:     0x5d6d07154cdb - <unknown>
[INFO] [stdout]    3:     0x5d6d071548d9 - <unknown>
[INFO] [stdout]    4:     0x5d6d0715455a - <unknown>
[INFO] [stdout]    5:     0x5d6d0715408b - <unknown>
[INFO] [stdout]    6:     0x5d6d07179ee1 - <unknown>
[INFO] [stdout]    7:     0x5d6d07179e99 - <unknown>
[INFO] [stdout]    8:     0x5d6d0717a38c - <unknown>
[INFO] [stdout]    9:     0x5d6d07137dbb - <unknown>
[INFO] [stdout]   10:     0x5d6d07133d24 - <unknown>
[INFO] [stdout]   11:     0x5d6d07133cc2 - <unknown>
[INFO] [stdout]   12:     0x5d6d07137a28 - <unknown>
[INFO] [stdout]   13:     0x5d6d07129a47 - <unknown>
[INFO] [stdout]   14:     0x5d6d0713044d - <unknown>
[INFO] [stdout]   15:     0x5d6d071964bb - <unknown>
[INFO] [stdout]   16:     0x5d6d071921f6 - <unknown>
[INFO] [stdout]   17:     0x5d6d0719195c - <unknown>
[INFO] [stdout]   18:     0x5d6d071afd5c - <unknown>
[INFO] [stdout]   19:     0x5d6d0717bfb8 - <unknown>
[INFO] [stdout]   20:     0x70206b8c1dfa - <unknown>
[INFO] [stdout]   21:     0x70206b9553d4 - clone
[INFO] [stdout]   22:                0x0 - <unknown>
[INFO] [stdout] 
[INFO] [stdout] ---- integration::diff_test::diff_go_pass_without_fail_on stdout ----
[INFO] [stdout] 
[INFO] [stdout] thread 'integration::diff_test::diff_go_pass_without_fail_on' (3918) panicked at /rustc/e3feeb59cd1bdd011a2bfcc0747b55125d9b8527/library/core/src/ops/function.rs:250:5:
[INFO] [stdout] Unexpected failure.
[INFO] [stdout] code=1
[INFO] [stdout] stderr=``````
[INFO] [stdout] Error:   × could not find repository at \'/opt/rustwide/workdir/tests/fixtures/go/
[INFO] [stdout]   │ diff_repo\'; class=Repository (6); code=NotFound (-3)
[INFO] [stdout] 
[INFO] [stdout] ```
[INFO] [stdout] ```
[INFO] [stdout] command=`cd "tests/fixtures/go/diff_repo" && "/opt/rustwide/target/release/untangle" "diff" "--base" "HEAD~1" "--head" "HEAD" "--lang" "go" "--quiet"`
[INFO] [stdout] code=1
[INFO] [stdout] stdout=""
[INFO] [stdout] stderr=```
[INFO] [stdout] Error:   × could not find repository at \'/opt/rustwide/workdir/tests/fixtures/go/
[INFO] [stdout]   │ diff_repo\'; class=Repository (6); code=NotFound (-3)
[INFO] [stdout] 
[INFO] [stdout] ```
[INFO] [stdout] 
[INFO] [stdout] 
[INFO] [stdout] stack backtrace:
[INFO] [stdout]    0:     0x5d6d07155635 - <unknown>
[INFO] [stdout]    1:     0x5d6d07137f24 - <unknown>
[INFO] [stdout]    2:     0x5d6d07154cdb - <unknown>
[INFO] [stdout]    3:     0x5d6d071548d9 - <unknown>
[INFO] [stdout]    4:     0x5d6d0715455a - <unknown>
[INFO] [stdout]    5:     0x5d6d0715408b - <unknown>
[INFO] [stdout]    6:     0x5d6d07179ee1 - <unknown>
[INFO] [stdout]    7:     0x5d6d07179e99 - <unknown>
[INFO] [stdout]    8:     0x5d6d0717a38c - <unknown>
[INFO] [stdout]    9:     0x5d6d07137dbb - <unknown>
[INFO] [stdout]   10:     0x5d6d07133d24 - <unknown>
[INFO] [stdout]   11:     0x5d6d07133cc2 - <unknown>
[INFO] [stdout]   12:     0x5d6d07137a28 - <unknown>
[INFO] [stdout]   13:     0x5d6d07137c07 - <unknown>
[INFO] [stdout]   14:     0x5d6d0713061a - <unknown>
[INFO] [stdout]   15:     0x5d6d071964bb - <unknown>
[INFO] [stdout]   16:     0x5d6d071921f6 - <unknown>
[INFO] [stdout]   17:     0x5d6d0719195c - <unknown>
[INFO] [stdout]   18:     0x5d6d071afd5c - <unknown>
[INFO] [stdout]   19:     0x5d6d0717bfb8 - <unknown>
[INFO] [stdout]   20:     0x70206b8c1dfa - <unknown>
[INFO] [stdout]   21:     0x70206b9553d4 - clone
[INFO] [stdout]   22:                0x0 - <unknown>
[INFO] [stdout] 
[INFO] [stdout] 
[INFO] [stdout] failures:
[INFO] [stdout]     integration::analyze_test::analyze_rust_simple_crate_json
[INFO] [stdout]     integration::ci_exit_codes_test::exit_code_0_on_pass
[INFO] [stdout]     integration::diff_test::diff_go_fail_on_new_edge
[INFO] [stdout]     integration::diff_test::diff_go_pass_without_fail_on
[INFO] [stdout]     integration::diff_test::diff_go_shows_changes
[INFO] [stdout] 
[INFO] [stdout] test result: FAILED. 23 passed; 5 failed; 0 ignored; 0 measured; 0 filtered out; finished in 0.08s
[INFO] [stdout] 
[INFO] [stderr] error: test failed, to rerun pass `--test integration`
[INFO] running `Command { std: "docker" "inspect" "51420ffd8b2223d2f730242f8cfd4ac3890842074ead862b946321de1e438130", kill_on_drop: false }`
[INFO] running `Command { std: "docker" "rm" "-f" "51420ffd8b2223d2f730242f8cfd4ac3890842074ead862b946321de1e438130", kill_on_drop: false }`
[INFO] [stdout] 51420ffd8b2223d2f730242f8cfd4ac3890842074ead862b946321de1e438130
