[INFO] fetching crate tp-nav 0.1.1...
[INFO] testing tp-nav-0.1.1 against 1.100.0-beta.1+cargoflags=--release for beta-release-1.100-3
[INFO] extracting crate tp-nav 0.1.1 into /workspace/builds/worker-3-tc2/source
[INFO] started tweaking crates.io crate tp-nav 0.1.1
[INFO] removed 0 missing tests
[INFO] finished tweaking crates.io crate tp-nav 0.1.1
[INFO] tweaked toml for crates.io crate tp-nav 0.1.1 written to /workspace/builds/worker-3-tc2/source/Cargo.toml
[INFO] validating manifest of crates.io crate tp-nav 0.1.1 on toolchain 1.100.0-beta.1
[INFO] running `Command { std: CARGO_HOME="/workspace/cargo-home" RUSTUP_HOME="/workspace/rustup-home" "/workspace/cargo-home/bin/cargo" "+1.100.0-beta.1" "metadata" "--manifest-path" "Cargo.toml" "--no-deps", kill_on_drop: false }`
[INFO] crate crates.io crate tp-nav 0.1.1 already has a lockfile, it will not be regenerated
[INFO] running `Command { std: CARGO_HOME="/workspace/cargo-home" RUSTUP_HOME="/workspace/rustup-home" "/workspace/cargo-home/bin/cargo" "+1.100.0-beta.1" "fetch" "--manifest-path" "Cargo.toml", kill_on_drop: false }`
[INFO] [stderr] warning: `package.homepage` is redundant with `package.repository`
[INFO] [stderr]   --> Cargo.toml:73:12
[INFO] [stderr]    |
[INFO] [stderr] 73 | homepage = "https://github.com/pattynextdoor/tp"
[INFO] [stderr]    |            ^^^^^^^^^^^^^^^^^^^^^^^^^^^^^^^^^^^^^
[INFO] [stderr] ...
[INFO] [stderr] 78 | repository = "https://github.com/pattynextdoor/tp"
[INFO] [stderr]    |              -------------------------------------
[INFO] [stderr]    |
[INFO] [stderr]    = note: `cargo::redundant_homepage` is set to `warn` by default
[INFO] [stderr] help: consider removing `package.homepage`
[INFO] [stderr] warning: `tp-nav` (manifest) generated 1 warning
[INFO] running `Command { std: "docker" "create" "-v" "/var/lib/crater-agent-workspace/builds/worker-3-tc2/source:/opt/rustwide/workdir:ro,Z" "-v" "/var/lib/crater-agent-workspace/builds/worker-3-tc2/target:/opt/rustwide/target:rw,Z" "-v" "/var/lib/crater-agent-workspace/cargo-home:/opt/rustwide/cargo-home:ro,Z" "-v" "/var/lib/crater-agent-workspace/rustup-home:/opt/rustwide/rustup-home:ro,Z" "-m" "1610612736" "--network" "none" "ghcr.io/rust-lang/crates-build-env/linux@sha256:77db811e55d90add9212f6832c23229e3de5f1c1f9905e8cb07319ea15df73ac" "sleep" "infinity", kill_on_drop: false }`
[INFO] [stdout] 3d860b633470177b5673f427ba174f628b2db695896f9b298cf6c501f48d3632
[INFO] running `Command { std: "docker" "start" "3d860b633470177b5673f427ba174f628b2db695896f9b298cf6c501f48d3632", kill_on_drop: false }`
[INFO] running `Command { std: "docker" "inspect" "3d860b633470177b5673f427ba174f628b2db695896f9b298cf6c501f48d3632", kill_on_drop: false }`
[INFO] running `Command { std: "docker" "exec" "-e" "SOURCE_DIR=/opt/rustwide/workdir" "-e" "CARGO_HOME=/opt/rustwide/cargo-home" "-e" "RUSTUP_HOME=/opt/rustwide/rustup-home" "-e" "CARGO_TARGET_DIR=/opt/rustwide/target" "-w" "/opt/rustwide/workdir" "--user" "0:0" "3d860b633470177b5673f427ba174f628b2db695896f9b298cf6c501f48d3632" "/opt/rustwide/cargo-home/bin/cargo" "+1.100.0-beta.1" "metadata" "--no-deps" "--format-version=1", kill_on_drop: false }`
[INFO] running `Command { std: "docker" "inspect" "3d860b633470177b5673f427ba174f628b2db695896f9b298cf6c501f48d3632", kill_on_drop: false }`
[INFO] running `Command { std: "docker" "exec" "-e" "SOURCE_DIR=/opt/rustwide/workdir" "-e" "CARGO_HOME=/opt/rustwide/cargo-home" "-e" "RUSTUP_HOME=/opt/rustwide/rustup-home" "-e" "CARGO_TARGET_DIR=/opt/rustwide/target" "-e" "CARGO_INCREMENTAL=0" "-e" "RUST_BACKTRACE=full" "-e" "RUSTFLAGS=--cap-lints=warn" "-e" "RUSTDOCFLAGS=--cap-lints=warn" "-w" "/opt/rustwide/workdir" "--user" "0:0" "3d860b633470177b5673f427ba174f628b2db695896f9b298cf6c501f48d3632" "/opt/rustwide/cargo-home/bin/cargo" "+1.100.0-beta.1" "build" "--frozen" "--message-format=json" "--release", kill_on_drop: false }`
[INFO] [stderr] warning: `package.homepage` is redundant with `package.repository`
[INFO] [stderr]   --> Cargo.toml:73:12
[INFO] [stderr]    |
[INFO] [stderr] 73 | homepage = "https://github.com/pattynextdoor/tp"
[INFO] [stderr]    |            ^^^^^^^^^^^^^^^^^^^^^^^^^^^^^^^^^^^^^
[INFO] [stderr] ...
[INFO] [stderr] 78 | repository = "https://github.com/pattynextdoor/tp"
[INFO] [stderr]    |              -------------------------------------
[INFO] [stderr]    |
[INFO] [stderr]    = note: `cargo::redundant_homepage` is set to `warn` by default
[INFO] [stderr] help: consider removing `package.homepage`
[INFO] [stderr] warning: `tp-nav` (manifest) generated 1 warning
[INFO] [stderr]    Compiling quote v1.0.44
[INFO] [stderr]    Compiling libc v0.2.182
[INFO] [stderr]    Compiling find-msvc-tools v0.1.9
[INFO] [stderr]    Compiling shlex v1.3.0
[INFO] [stderr]    Compiling smallvec v1.15.1
[INFO] [stderr]    Compiling itoa v1.0.17
[INFO] [stderr]    Compiling once_cell v1.21.3
[INFO] [stderr]    Compiling futures-sink v0.3.32
[INFO] [stderr]    Compiling zeroize v1.8.2
[INFO] [stderr]    Compiling http v1.4.0
[INFO] [stderr]    Compiling rustversion v1.0.22
[INFO] [stderr]    Compiling syn v2.0.117
[INFO] [stderr]    Compiling rustls-pki-types v1.14.0
[INFO] [stderr]    Compiling untrusted v0.9.0
[INFO] [stderr]    Compiling cc v1.2.56
[INFO] [stderr]    Compiling zerocopy v0.8.40
[INFO] [stderr]    Compiling futures-util v0.3.32
[INFO] [stderr]    Compiling ahash v0.8.12
[INFO] [stderr]    Compiling strsim v0.11.1
[INFO] [stderr]    Compiling signal-hook v0.3.18
[INFO] [stderr]    Compiling option-ext v0.2.0
[INFO] [stderr]    Compiling try-lock v0.2.5
[INFO] [stderr]    Compiling rustls v0.23.37
[INFO] [stderr]    Compiling ident_case v1.0.1
[INFO] [stderr]    Compiling anstyle-parse v0.2.7
[INFO] [stderr]    Compiling mio v1.1.1
[INFO] [stderr]    Compiling socket2 v0.6.2
[INFO] [stderr]    Compiling getrandom v0.2.17
[INFO] [stderr]    Compiling http-body v1.0.1
[INFO] [stderr]    Compiling errno v0.3.14
[INFO] [stderr]    Compiling signal-hook-registry v1.4.8
[INFO] [stderr]    Compiling want v0.3.1
[INFO] [stderr]    Compiling ring v0.17.14
[INFO] [stderr]    Compiling tracing-core v0.1.36
[INFO] [stderr]    Compiling futures-channel v0.3.32
[INFO] [stderr]    Compiling tokio v1.49.0
[INFO] [stderr]    Compiling colorchoice v1.0.4
[INFO] [stderr]    Compiling anstyle v1.0.13
[INFO] [stderr]    Compiling rustix v0.38.44
[INFO] [stderr]    Compiling vcpkg v0.2.15
[INFO] [stderr]    Compiling subtle v2.6.1
[INFO] [stderr]    Compiling pkg-config v0.3.32
[INFO] [stderr]    Compiling anstream v0.6.21
[INFO] [stderr]    Compiling libsqlite3-sys v0.28.0
[INFO] [stderr]    Compiling tracing v0.1.44
[INFO] [stderr]    Compiling parking_lot_core v0.9.12
[INFO] [stderr]    Compiling form_urlencoded v1.2.2
[INFO] [stderr]    Compiling sync_wrapper v1.0.2
[INFO] [stderr]    Compiling clap_lex v1.0.0
[INFO] [stderr]    Compiling foldhash v0.1.5
[INFO] [stderr]    Compiling allocator-api2 v0.2.21
[INFO] [stderr]    Compiling either v1.15.0
[INFO] [stderr]    Compiling instability v0.3.11
[INFO] [stderr]    Compiling ipnet v2.11.0
[INFO] [stderr]    Compiling paste v1.0.15
[INFO] [stderr]    Compiling linux-raw-sys v0.4.15
[INFO] [stderr]    Compiling itertools v0.13.0
[INFO] [stderr]    Compiling synstructure v0.13.2
[INFO] [stderr]    Compiling darling_core v0.23.0
[INFO] [stderr]    Compiling hashbrown v0.15.5
[INFO] [stderr]    Compiling clap_builder v4.5.60
[INFO] [stderr]    Compiling parking_lot v0.12.5
[INFO] [stderr]    Compiling zerofrom-derive v0.1.6
[INFO] [stderr]    Compiling yoke-derive v0.8.1
[INFO] [stderr]    Compiling zerovec-derive v0.11.2
[INFO] [stderr]    Compiling displaydoc v0.2.5
[INFO] [stderr]    Compiling hyper v1.8.1
[INFO] [stderr]    Compiling zerofrom v0.1.6
[INFO] [stderr]    Compiling serde_derive v1.0.228
[INFO] [stderr]    Compiling yoke v0.8.1
[INFO] [stderr]    Compiling hashbrown v0.14.5
[INFO] [stderr]    Compiling zerovec v0.11.5
[INFO] [stderr]    Compiling zerotrie v0.2.3
[INFO] [stderr]    Compiling darling_macro v0.23.0
[INFO] [stderr]    Compiling tinystr v0.8.2
[INFO] [stderr]    Compiling potential_utf v0.1.4
[INFO] [stderr]    Compiling icu_collections v2.1.1
[INFO] [stderr]    Compiling darling v0.23.0
[INFO] [stderr]    Compiling hyper-util v0.1.20
[INFO] [stderr]    Compiling icu_locale_core v2.1.1
[INFO] [stderr]    Compiling tower v0.5.3
[INFO] [stderr]    Compiling icu_provider v2.1.1
[INFO] [stderr]    Compiling icu_properties v2.1.2
[INFO] [stderr]    Compiling icu_normalizer v2.1.1
[INFO] [stderr]    Compiling serde v1.0.228
[INFO] [stderr]    Compiling clap_derive v4.5.55
[INFO] [stderr]    Compiling strum_macros v0.26.4
[INFO] [stderr]    Compiling idna_adapter v1.2.1
[INFO] [stderr]    Compiling idna v1.1.0
[INFO] [stderr]    Compiling signal-hook-mio v0.2.5
[INFO] [stderr]    Compiling dirs-sys v0.5.0
[INFO] [stderr]    Compiling castaway v0.2.4
[INFO] [stderr]    Compiling webpki-roots v1.0.6
[INFO] [stderr]    Compiling static_assertions v1.1.0
[INFO] [stderr]    Compiling unicode-segmentation v1.12.0
[INFO] [stderr]    Compiling rustls-webpki v0.103.9
[INFO] [stderr]    Compiling indoc v2.0.7
[INFO] [stderr]    Compiling iri-string v0.7.10
[INFO] [stderr]    Compiling strum v0.26.3
[INFO] [stderr]    Compiling clap v4.5.60
[INFO] [stderr]    Compiling unicode-truncate v1.1.0
[INFO] [stderr]    Compiling compact_str v0.8.1
[INFO] [stderr]    Compiling dirs v6.0.0
[INFO] [stderr]    Compiling serde_json v1.0.149
[INFO] [stderr]    Compiling tower-http v0.6.8
[INFO] [stderr]    Compiling url v2.5.8
[INFO] [stderr]    Compiling crossterm v0.28.1
[INFO] [stderr]    Compiling serde_urlencoded v0.7.1
[INFO] [stderr]    Compiling hashlink v0.9.1
[INFO] [stderr]    Compiling thiserror-impl v1.0.69
[INFO] [stderr]    Compiling lru v0.12.5
[INFO] [stderr]    Compiling http-body-util v0.1.3
[INFO] [stderr]    Compiling tokio-rustls v0.26.4
[INFO] [stderr]    Compiling dirs-sys v0.4.1
[INFO] [stderr]    Compiling fallible-iterator v0.3.0
[INFO] [stderr]    Compiling hyper-rustls v0.27.7
[INFO] [stderr]    Compiling cassowary v0.3.0
[INFO] [stderr]    Compiling fallible-streaming-iterator v0.1.9
[INFO] [stderr]    Compiling reqwest v0.12.28
[INFO] [stderr]    Compiling dirs v5.0.1
[INFO] [stderr]    Compiling thiserror v1.0.69
[INFO] [stderr]    Compiling ratatui v0.28.1
[INFO] [stderr]    Compiling shellexpand v3.1.2
[INFO] [stderr]    Compiling clap_complete v4.5.66
[INFO] [stderr]    Compiling rusqlite v0.31.0
[INFO] [stderr]    Compiling tp-nav v0.1.1 (/opt/rustwide/workdir)
[INFO] [stderr] warning: unused dependency `thiserror`
[INFO] [stderr]   --> Cargo.toml:52:15
[INFO] [stderr]    |
[INFO] [stderr] 52 | [dependencies.thiserror]
[INFO] [stderr]    |               ^^^^^^^^^^
[INFO] [stderr]    |
[INFO] [stderr]    = note: `cargo::unused_dependencies` is set to `warn` by default
[INFO] [stderr] help: consider removing the dependency on `thiserror`
[INFO] [stderr] warning: `tp-nav` (manifest) generated 1 warning
[INFO] [stderr]     Finished `release` profile [optimized] target(s) in 1m 23s
[INFO] running `Command { std: "docker" "inspect" "3d860b633470177b5673f427ba174f628b2db695896f9b298cf6c501f48d3632", kill_on_drop: false }`
[INFO] running `Command { std: "docker" "exec" "-e" "SOURCE_DIR=/opt/rustwide/workdir" "-e" "CARGO_HOME=/opt/rustwide/cargo-home" "-e" "RUSTUP_HOME=/opt/rustwide/rustup-home" "-e" "CARGO_TARGET_DIR=/opt/rustwide/target" "-e" "CARGO_INCREMENTAL=0" "-e" "RUST_BACKTRACE=full" "-e" "RUSTFLAGS=--cap-lints=warn" "-e" "RUSTDOCFLAGS=--cap-lints=warn" "-w" "/opt/rustwide/workdir" "--user" "0:0" "3d860b633470177b5673f427ba174f628b2db695896f9b298cf6c501f48d3632" "/opt/rustwide/cargo-home/bin/cargo" "+1.100.0-beta.1" "test" "--frozen" "--no-run" "--message-format=json" "--release", kill_on_drop: false }`
[INFO] [stderr] warning: `package.homepage` is redundant with `package.repository`
[INFO] [stderr]   --> Cargo.toml:73:12
[INFO] [stderr]    |
[INFO] [stderr] 73 | homepage = "https://github.com/pattynextdoor/tp"
[INFO] [stderr]    |            ^^^^^^^^^^^^^^^^^^^^^^^^^^^^^^^^^^^^^
[INFO] [stderr] ...
[INFO] [stderr] 78 | repository = "https://github.com/pattynextdoor/tp"
[INFO] [stderr]    |              -------------------------------------
[INFO] [stderr]    |
[INFO] [stderr]    = note: `cargo::redundant_homepage` is set to `warn` by default
[INFO] [stderr] help: consider removing `package.homepage`
[INFO] [stderr] warning: `tp-nav` (manifest) generated 1 warning
[INFO] [stderr]    Compiling getrandom v0.4.1
[INFO] [stderr]    Compiling tempfile v3.26.0
[INFO] [stderr]    Compiling tp-nav v0.1.1 (/opt/rustwide/workdir)
[INFO] [stderr]     Finished `release` profile [optimized] target(s) in 3.17s
[INFO] running `Command { std: "docker" "inspect" "3d860b633470177b5673f427ba174f628b2db695896f9b298cf6c501f48d3632", kill_on_drop: false }`
[INFO] running `Command { std: "docker" "exec" "-e" "SOURCE_DIR=/opt/rustwide/workdir" "-e" "CARGO_HOME=/opt/rustwide/cargo-home" "-e" "RUSTUP_HOME=/opt/rustwide/rustup-home" "-e" "CARGO_TARGET_DIR=/opt/rustwide/target" "-e" "CARGO_INCREMENTAL=0" "-e" "RUST_BACKTRACE=full" "-e" "RUSTFLAGS=--cap-lints=warn" "-e" "RUSTDOCFLAGS=--cap-lints=warn" "-w" "/opt/rustwide/workdir" "--user" "0:0" "3d860b633470177b5673f427ba174f628b2db695896f9b298cf6c501f48d3632" "/opt/rustwide/cargo-home/bin/cargo" "+1.100.0-beta.1" "test" "--frozen" "--release", kill_on_drop: false }`
[INFO] [stderr] warning: `package.homepage` is redundant with `package.repository`
[INFO] [stderr]   --> Cargo.toml:73:12
[INFO] [stderr]    |
[INFO] [stderr] 73 | homepage = "https://github.com/pattynextdoor/tp"
[INFO] [stderr]    |            ^^^^^^^^^^^^^^^^^^^^^^^^^^^^^^^^^^^^^
[INFO] [stderr] ...
[INFO] [stderr] 78 | repository = "https://github.com/pattynextdoor/tp"
[INFO] [stderr]    |              -------------------------------------
[INFO] [stderr]    |
[INFO] [stderr]    = note: `cargo::redundant_homepage` is set to `warn` by default
[INFO] [stderr] help: consider removing `package.homepage`
[INFO] [stderr] warning: `tp-nav` (manifest) generated 1 warning
[INFO] [stderr]     Finished `release` profile [optimized] target(s) in 0.11s
[INFO] [stderr]      Running unittests src/main.rs (/opt/rustwide/target/release/build/tp-nav/81820311890af6af/out/tp-81820311890af6af)
[INFO] [stdout] 
[INFO] [stdout] running 158 tests
[INFO] [stdout] test ai::cache::tests::test_make_key_deterministic ... ok
[INFO] [stdout] test ai::cache::tests::test_make_key_varies_with_query ... ok
[INFO] [stdout] test ai::index::tests::test_parse_gitignore_simple ... ok
[INFO] [stdout] test ai::cache::tests::test_cache_miss ... ok
[INFO] [stdout] test ai::index::tests::test_parse_gitignore_slashes ... ok
[INFO] [stdout] test ai::index::tests::test_build_index_prompt ... ok
[INFO] [stdout] test ai::index::tests::test_parse_index_response_invalid ... ok
[INFO] [stdout] test ai::index::tests::test_parse_gitignore_skips_nested ... ok
[INFO] [stdout] test ai::index::tests::test_parse_index_response_clean_json ... ok
[INFO] [stdout] test ai::index::tests::test_parse_index_response_with_code_fences ... ok
[INFO] [stdout] test ai::cache::tests::test_cache_roundtrip ... ok
[INFO] [stdout] test ai::index::tests::test_walk_tree_respects_extra_ignores ... ok
[INFO] [stdout] test ai::index::tests::test_walk_tree_depth_limit ... ok
[INFO] [stdout] test ai::index::tests::test_walk_tree ... ok
[INFO] [stdout] test ai::index::tests::test_save_index ... ok
[INFO] [stdout] test ai::index::tests::test_save_index_replaces_previous ... ok
[INFO] [stdout] test ai::semantic::tests::test_check_staleness_fresh ... ok
[INFO] [stdout] test ai::recall::tests::test_session_recall_stub ... ok
[INFO] [stdout] test ai::recall::tests::test_gather_session_stats_empty ... ok
[INFO] [stdout] test ai::semantic::tests::test_check_staleness_no_project ... ok
[INFO] [stdout] test ai::semantic::tests::test_check_staleness_old ... ok
[INFO] [stdout] test ai::recall::tests::test_gather_session_stats_with_visits ... ok
[INFO] [stdout] test ai::semantic::tests::test_has_index_false ... ok
[INFO] [stdout] test ai::tests::test_build_rerank_prompt ... ok
[INFO] [stdout] test ai::tests::test_build_rerank_prompt_no_cwd ... ok
[INFO] [stdout] test ai::tests::test_detect_api_key_none ... ok
[INFO] [stdout] test ai::tests::test_rerank_returns_none ... ok
[INFO] [stdout] test ai::tests::test_rerank_returns_none_with_candidates ... ok
[INFO] [stdout] test ai::tests::test_setup_key_runs ... ok
[INFO] [stdout] test ai::semantic::tests::test_has_index_true ... ok
[INFO] [stdout] test ai::semantic::tests::test_keyword_search_builds_full_path ... ok
[INFO] [stdout] test bootstrap::tests::test_extract_cd_chained ... ok
[INFO] [stdout] test bootstrap::tests::test_extract_cd_fish ... ok
[INFO] [stdout] test bootstrap::tests::test_extract_cd_quoted ... ok
[INFO] [stdout] test bootstrap::tests::test_extract_cd_simple ... ok
[INFO] [stdout] test bootstrap::tests::test_extract_cd_skip_bare ... ok
[INFO] [stdout] test bootstrap::tests::test_extract_cd_skip_dash ... ok
[INFO] [stdout] test ai::semantic::tests::test_keyword_search_multiple_terms ... ok
[INFO] [stdout] test bootstrap::tests::test_extract_cd_skip_relative ... ok
[INFO] [stdout] test bootstrap::tests::test_extract_cd_tilde ... ok
[INFO] [stdout] test ai::semantic::tests::test_keyword_search_ranked_by_score ... ok
[INFO] [stdout] test bootstrap::tests::test_extract_cd_zsh_extended ... ok
[INFO] [stdout] test ai::semantic::tests::test_keyword_search_case_insensitive ... ok
[INFO] [stdout] test bootstrap::tests::test_extract_not_cd ... ok
[INFO] [stdout] test ai::semantic::tests::test_keyword_search_single_term ... ok
[INFO] [stdout] test ai::semantic::tests::test_keyword_search_no_match ... ok
[INFO] [stdout] test bootstrap::tests::test_auto_bootstrap_empty_db ... ok
[INFO] [stdout] test bootstrap::tests::test_auto_bootstrap_nonempty_db ... ok
[INFO] [stdout] test db::schema::tests::directory_path_is_unique ... ok
[INFO] [stdout] test db::schema::tests::insert_directory ... ok
[INFO] [stdout] test db::schema::tests::insert_waypoint ... ok
[INFO] [stdout] test db::schema::tests::insert_project_dir ... ok
[INFO] [stdout] test bootstrap::tests::test_force_bootstrap_runs_on_nonempty_db ... ok
[INFO] [stdout] test db::schema::tests::migrate_is_idempotent ... ok
[INFO] [stdout] test db::schema::tests::project_dir_unique_constraint ... ok
[INFO] [stdout] test db::schema::tests::project_dirs_table_exists ... ok
[INFO] [stdout] test nav::frecency::tests::test_calculate_frecency ... ok
[INFO] [stdout] test nav::frecency::tests::test_excluded_prefixes_empty ... ok
[INFO] [stdout] test nav::frecency::tests::test_excluded_prefixes_parses ... ok
[INFO] [stdout] test nav::frecency::tests::test_is_excluded ... ok
[INFO] [stdout] test db::schema::tests::tables_exist_after_migration ... ok
[INFO] [stdout] test db::tests::open_memory_succeeds ... ok
[INFO] [stdout] test import::tests::test_import_zoxide_empty_input ... ok
[INFO] [stdout] test import::tests::test_import_zoxide_basic ... ok
[INFO] [stdout] test import::tests::test_import_zoxide_deduplicates ... ok
[INFO] [stdout] test import::tests::test_import_zoxide_skips_blank_lines ... ok
[INFO] [stdout] test nav::frecency::tests::test_time_weight ... ok
[INFO] [stdout] test nav::matching::tests::test_fuzzy_case_insensitive ... ok
[INFO] [stdout] test nav::matching::tests::test_fuzzy_empty_query ... ok
[INFO] [stdout] test nav::matching::tests::test_fuzzy_exact_component ... ok
[INFO] [stdout] test nav::matching::tests::test_fuzzy_multiword ... ok
[INFO] [stdout] test nav::matching::tests::test_fuzzy_no_match ... ok
[INFO] [stdout] test nav::matching::tests::test_fuzzy_root_path ... ok
[INFO] [stdout] test nav::matching::tests::test_fuzzy_substring ... ok
[INFO] [stdout] test nav::matching::tests::test_literal_absolute ... ok
[INFO] [stdout] test nav::matching::tests::test_literal_dash ... ok
[INFO] [stdout] test nav::matching::tests::test_fuzzy_suffix ... ok
[INFO] [stdout] test nav::matching::tests::test_literal_dot ... ok
[INFO] [stdout] test nav::matching::tests::test_literal_dotdot ... ok
[INFO] [stdout] test nav::matching::tests::test_literal_home ... ok
[INFO] [stdout] test nav::matching::tests::test_literal_relative ... ok
[INFO] [stdout] test nav::matching::tests::test_literal_existing_relative_dir ... ok
[INFO] [stdout] test nav::matching::tests::test_literal_tilde ... ok
[INFO] [stdout] test nav::matching::tests::test_typo_case_insensitive ... ok
[INFO] [stdout] test nav::matching::tests::test_not_literal ... ok
[INFO] [stdout] test nav::matching::tests::test_typo_deletion ... ok
[INFO] [stdout] test nav::matching::tests::test_typo_exact_match_still_works ... ok
[INFO] [stdout] test nav::matching::tests::test_typo_insertion ... ok
[INFO] [stdout] test nav::matching::tests::test_typo_long_query_allows_two_edits ... ok
[INFO] [stdout] test nav::matching::tests::test_typo_short_query_rejected ... ok
[INFO] [stdout] test nav::matching::tests::test_typo_substitution ... ok
[INFO] [stdout] test nav::matching::tests::test_typo_too_many_edits ... ok
[INFO] [stdout] test nav::frecency::tests::test_query_frecency_excludes ... ok
[INFO] [stdout] test nav::matching::tests::test_typo_transposition ... ok
[INFO] [stdout] test nav::suggest::tests::generate_name::keeps_meaningful_last_component ... ok
[INFO] [stdout] test nav::suggest::tests::generate_name::prefixes_generic_lib_with_parent ... ok
[INFO] [stdout] test nav::suggest::tests::generate_name::prefixes_generic_app_with_parent ... ok
[INFO] [stdout] test nav::frecency::tests::test_record_visit ... ok
[INFO] [stdout] test nav::suggest::tests::generate_name::prefixes_generic_src_with_parent ... ok
[INFO] [stdout] test nav::suggest::tests::generate_name::returns_project_basename_when_path_is_root ... ok
[INFO] [stdout] test nav::suggest::tests::normalize_name::collapses_consecutive_separators ... ok
[INFO] [stdout] test nav::suggest::tests::normalize_name::lowercases_all_caps ... ok
[INFO] [stdout] test nav::suggest::tests::normalize_name::preserves_simple_lowercase ... ok
[INFO] [stdout] test nav::suggest::tests::normalize_name::lowercases_and_hyphenates_spaces ... ok
[INFO] [stdout] test nav::frecency::tests::test_record_visit_excludes ... ok
[INFO] [stdout] test nav::frecency::tests::test_query_frecency ... ok
[INFO] [stdout] test nav::suggest::tests::normalize_name::replaces_special_chars_with_hyphens ... ok
[INFO] [stdout] test nav::suggest::tests::normalize_name::trims_and_collapses_leading_trailing_hyphens ... ok
[INFO] [stdout] test nav::frecency::tests::test_remove_path ... ok
[INFO] [stdout] test nav::suggest::tests::test_generate_suggestions_empty_db ... ok
[INFO] [stdout] test nav::tests::test_navigate_back_empty_history ... ok
[INFO] [stdout] test nav::suggest::tests::test_suggestion_count ... ok
[INFO] [stdout] test nav::tests::test_navigate_back_one_step ... ok
[INFO] [stdout] test nav::tests::test_navigate_back_deduplicates ... ok
[INFO] [stdout] test nav::suggest::tests::test_generate_suggestions_filters_existing_waypoints ... ok
[INFO] [stdout] test nav::tests::test_navigate_back_skips_dead_paths ... ok
[INFO] [stdout] test nav::suggest::tests::test_generate_suggestions_collision_resolution ... ok
[INFO] [stdout] test nav::tests::test_navigate_back_two_steps ... ok
[INFO] [stdout] test nav::tests::test_navigate_empty_query ... ok
[INFO] [stdout] test nav::tests::test_navigate_frecency ... ok
[INFO] [stdout] test nav::tests::test_navigate_literal_path ... ok
[INFO] [stdout] test nav::tests::test_navigate_no_match ... ok
[INFO] [stdout] test nav::tests::test_navigate_project ... ok
[INFO] [stdout] test nav::frecency::tests::test_aging ... ok
[INFO] [stdout] test nav::waypoints::tests::test_add_and_resolve_waypoint ... ok
[INFO] [stdout] test nav::tests::test_navigate_typo_fallback ... ok
[INFO] [stdout] test nav::tests::test_navigate_waypoint ... ok
[INFO] [stdout] test nav::tests::test_navigate_project_scoped ... ok
[INFO] [stdout] test nav::tests::test_semantic_index_integration ... ok
[INFO] [stdout] test nav::tests::test_navigate_typo_short_query_no_fallback ... ok
[INFO] [stdout] test project::tests::test_detect_node_project ... ok
[INFO] [stdout] test project::tests::test_detect_cargo_project ... ok
[INFO] [stdout] test project::tests::test_git_takes_priority ... ok
[INFO] [stdout] test project::tests::test_detect_git_project ... ok
[INFO] [stdout] test project::tests::test_project_kind_node ... ok
[INFO] [stdout] test project::tests::test_project_kind_none ... ok
[INFO] [stdout] test nav::waypoints::tests::test_waypoint_replace ... ok
[INFO] [stdout] test nav::waypoints::tests::test_list_waypoints_empty ... ok
[INFO] [stdout] test project::tests::test_no_project_in_empty_dir ... ok
[INFO] [stdout] test project::tests::test_project_name_root ... ok
[INFO] [stdout] test shell::tests::test_generate_bash ... ok
[INFO] [stdout] test nav::waypoints::tests::test_remove_waypoint ... ok
[INFO] [stdout] test shell::tests::test_custom_command_name ... ok
[INFO] [stdout] test project::tests::test_project_kind_rust ... ok
[INFO] [stdout] test shell::tests::test_generate_nushell ... ok
[INFO] [stdout] test project::tests::test_project_name ... ok
[INFO] [stdout] test nav::waypoints::tests::test_remove_nonexistent_waypoint ... ok
[INFO] [stdout] test shell::tests::test_generate_elvish ... ok
[INFO] [stdout] test shell::tests::test_generate_powershell ... ok
[INFO] [stdout] test shell::tests::test_generate_zsh ... ok
[INFO] [stdout] test shell::tests::test_generate_fish ... ok
[INFO] [stdout] test shell::tests::test_pwsh_alias ... ok
[INFO] [stdout] test shell::tests::test_nu_alias ... ok
[INFO] [stdout] test shell::tests::test_unsupported_shell ... ok
[INFO] [stdout] test tui::tests::test_app_filtering ... ok
[INFO] [stdout] test tui::tests::test_app_navigation ... ok
[INFO] [stdout] test tui::tests::test_format_relative_time ... ok
[INFO] [stdout] test tui::tests::test_pick_empty ... ok
[INFO] [stdout] 
[INFO] [stdout] test result: ok. 158 passed; 0 failed; 0 ignored; 0 measured; 0 filtered out; finished in 0.04s
[INFO] [stdout] 
[INFO] [stderr]      Running tests/integration.rs (/opt/rustwide/target/release/build/tp-nav/724dc858352421f0/out/integration-724dc858352421f0)
[INFO] [stdout] 
[INFO] [stdout] running 30 tests
[INFO] [stdout] test test_help ... ok
[INFO] [stdout] test test_analyze_stub ... ok
[INFO] [stdout] test test_import_unsupported_tool ... ok
[INFO] [stdout] test test_init_bash ... ok
[INFO] [stdout] test test_init_fish ... ok
[INFO] [stdout] test test_init_invalid_shell ... ok
[INFO] [stdout] test test_init_zsh ... ok
[INFO] [stdout] test test_back_empty_history ... ok
[INFO] [stdout] test test_doctor_no_api_key ... ok
[INFO] [stdout] test test_index_stub ... FAILED
[INFO] [stdout] test test_index_with_path ... FAILED
[INFO] [stdout] test test_doctor ... ok
[INFO] [stdout] test test_add_and_query_roundtrip ... ok
[INFO] [stdout] test test_ls_empty_db ... ok
[INFO] [stdout] test test_exclude_dirs_filtering ... ok
[INFO] [stdout] test test_setup_ai_no_key ... ok
[INFO] [stdout] test test_ls_shows_entries ... ok
[INFO] [stdout] test test_query_nonexistent_exits_1 ... ok
[INFO] [stdout] test test_query_with_score ... ok
[INFO] [stdout] test test_recall_no_api_key ... ok
[INFO] [stdout] test test_sync_stub ... ok
[INFO] [stdout] test test_version ... ok
[INFO] [stdout] test test_remove_nonexistent_prints_not_found ... ok
[INFO] [stdout] test test_short_typo_no_false_match ... ok
[INFO] [stdout] test test_remove_and_verify ... ok
[INFO] [stdout] test test_query_typo_fallback ... ok
[INFO] [stdout] test test_suggest_ai_flag_without_key ... ok
[INFO] [stdout] test test_suggest_no_api_key ... ok
[INFO] [stdout] test test_waypoint_lifecycle ... ok
[INFO] [stdout] test test_suggest_after_visits ... ok
[INFO] [stdout] 
[INFO] [stdout] failures:
[INFO] [stdout] 
[INFO] [stdout] ---- test_index_stub stdout ----
[INFO] [stdout] 
[INFO] [stdout] thread 'test_index_stub' (2557) panicked at tests/integration.rs:400:5:
[INFO] [stdout] assertion `left == right` failed
[INFO] [stdout]   left: 1
[INFO] [stdout]  right: 0
[INFO] [stdout] stack backtrace:
[INFO] [stdout]    0:     0x5bc9389a6b01 - <<std[617be2ca0a6fd877]::sys::backtrace::BacktraceLock>::print::DisplayBacktrace as core[a373ad73a504971]::fmt::Display>::fmt
[INFO] [stdout]    1:     0x5bc9389bad2a - core[a373ad73a504971]::fmt::write
[INFO] [stdout]    2:     0x5bc9389aaf7c - <alloc[2e1b2a31b91974c5]::vec::Vec<u8> as core[a373ad73a504971]::io::write::Write>::write_fmt
[INFO] [stdout]    3:     0x5bc938981536 - std[617be2ca0a6fd877]::panicking::default_hook::{closure#0}
[INFO] [stdout]    4:     0x5bc93899ea79 - std[617be2ca0a6fd877]::panicking::default_hook
[INFO] [stdout]    5:     0x5bc938939420 - test[aada8e7e76ba119b]::test_main_inner::{closure#0}
[INFO] [stdout]    6:     0x5bc93899ec32 - std[617be2ca0a6fd877]::panicking::panic_with_hook
[INFO] [stdout]    7:     0x5bc9389815e2 - std[617be2ca0a6fd877]::panicking::panic_handler::{closure#0}
[INFO] [stdout]    8:     0x5bc93897a1d9 - std[617be2ca0a6fd877]::sys::backtrace::__rust_end_short_backtrace::<std[617be2ca0a6fd877]::panicking::panic_handler::{closure#0}, !>
[INFO] [stdout]    9:     0x5bc9389821ed - __rustc[ea4f61d10b84890b]::rust_begin_unwind
[INFO] [stdout]   10:     0x5bc9389bb45c - core[a373ad73a504971]::panicking::panic_fmt
[INFO] [stdout]   11:     0x5bc9389bb373 - core[a373ad73a504971]::panicking::assert_failed_inner
[INFO] [stdout]   12:     0x5bc938979d75 - core[a373ad73a504971]::panicking::assert_failed::<i32, i32>
[INFO] [stdout]   13:     0x5bc938926872 - <integration[ff982fa9a5da52b8]::test_index_stub::{closure#0} as core[a373ad73a504971]::ops::function::FnOnce<()>>::call_once
[INFO] [stdout]   14:     0x5bc93892c86b - test[aada8e7e76ba119b]::__rust_begin_short_backtrace::<core[a373ad73a504971]::result::Result<(), alloc[2e1b2a31b91974c5]::string::String>, fn() -> core[a373ad73a504971]::result::Result<(), alloc[2e1b2a31b91974c5]::string::String>>
[INFO] [stdout]   15:     0x5bc938939a45 - test[aada8e7e76ba119b]::run_test::{closure#0}
[INFO] [stdout]   16:     0x5bc938933334 - std[617be2ca0a6fd877]::sys::backtrace::__rust_begin_short_backtrace::<test[aada8e7e76ba119b]::run_test::{closure#1}, ()>
[INFO] [stdout]   17:     0x5bc93893cad2 - <std[617be2ca0a6fd877]::thread::lifecycle::spawn_unchecked<test[aada8e7e76ba119b]::run_test::{closure#1}, ()>::{closure#1} as core[a373ad73a504971]::ops::function::FnOnce<()>>::call_once::{shim:vtable#0}
[INFO] [stdout]   18:     0x5bc9389a635f - <std[617be2ca0a6fd877]::sys::thread::unix::Thread>::new::thread_start
[INFO] [stdout]   19:     0x742e1277edfa - <unknown>
[INFO] [stdout]   20:     0x742e128123d4 - clone
[INFO] [stdout]   21:                0x0 - <unknown>
[INFO] [stdout] 
[INFO] [stdout] ---- test_index_with_path stdout ----
[INFO] [stdout] 
[INFO] [stdout] thread 'test_index_with_path' (2558) panicked at tests/integration.rs:416:5:
[INFO] [stdout] assertion `left == right` failed
[INFO] [stdout]   left: 1
[INFO] [stdout]  right: 0
[INFO] [stdout] stack backtrace:
[INFO] [stdout]    0:     0x5bc9389a6b01 - <<std[617be2ca0a6fd877]::sys::backtrace::BacktraceLock>::print::DisplayBacktrace as core[a373ad73a504971]::fmt::Display>::fmt
[INFO] [stdout]    1:     0x5bc9389bad2a - core[a373ad73a504971]::fmt::write
[INFO] [stdout]    2:     0x5bc9389aaf7c - <alloc[2e1b2a31b91974c5]::vec::Vec<u8> as core[a373ad73a504971]::io::write::Write>::write_fmt
[INFO] [stdout]    3:     0x5bc938981536 - std[617be2ca0a6fd877]::panicking::default_hook::{closure#0}
[INFO] [stdout]    4:     0x5bc93899ea79 - std[617be2ca0a6fd877]::panicking::default_hook
[INFO] [stdout]    5:     0x5bc938939420 - test[aada8e7e76ba119b]::test_main_inner::{closure#0}
[INFO] [stdout]    6:     0x5bc93899ec32 - std[617be2ca0a6fd877]::panicking::panic_with_hook
[INFO] [stdout]    7:     0x5bc9389815e2 - std[617be2ca0a6fd877]::panicking::panic_handler::{closure#0}
[INFO] [stdout]    8:     0x5bc93897a1d9 - std[617be2ca0a6fd877]::sys::backtrace::__rust_end_short_backtrace::<std[617be2ca0a6fd877]::panicking::panic_handler::{closure#0}, !>
[INFO] [stdout]    9:     0x5bc9389821ed - __rustc[ea4f61d10b84890b]::rust_begin_unwind
[INFO] [stdout]   10:     0x5bc9389bb45c - core[a373ad73a504971]::panicking::panic_fmt
[INFO] [stdout]   11:     0x5bc9389bb373 - core[a373ad73a504971]::panicking::assert_failed_inner
[INFO] [stdout]   12:     0x5bc938979d75 - core[a373ad73a504971]::panicking::assert_failed::<i32, i32>
[INFO] [stdout]   13:     0x5bc938926fd7 - <integration[ff982fa9a5da52b8]::test_index_with_path::{closure#0} as core[a373ad73a504971]::ops::function::FnOnce<()>>::call_once
[INFO] [stdout]   14:     0x5bc93892c86b - test[aada8e7e76ba119b]::__rust_begin_short_backtrace::<core[a373ad73a504971]::result::Result<(), alloc[2e1b2a31b91974c5]::string::String>, fn() -> core[a373ad73a504971]::result::Result<(), alloc[2e1b2a31b91974c5]::string::String>>
[INFO] [stdout]   15:     0x5bc938939a45 - test[aada8e7e76ba119b]::run_test::{closure#0}
[INFO] [stdout]   16:     0x5bc938933334 - std[617be2ca0a6fd877]::sys::backtrace::__rust_begin_short_backtrace::<test[aada8e7e76ba119b]::run_test::{closure#1}, ()>
[INFO] [stdout]   17:     0x5bc93893cad2 - <std[617be2ca0a6fd877]::thread::lifecycle::spawn_unchecked<test[aada8e7e76ba119b]::run_test::{closure#1}, ()>::{closure#1} as core[a373ad73a504971]::ops::function::FnOnce<()>>::call_once::{shim:vtable#0}
[INFO] [stdout]   18:     0x5bc9389a635f - <std[617be2ca0a6fd877]::sys::thread::unix::Thread>::new::thread_start
[INFO] [stdout]   19:     0x742e1277edfa - <unknown>
[INFO] [stdout]   20:     0x742e128123d4 - clone
[INFO] [stdout]   21:                0x0 - <unknown>
[INFO] [stdout] 
[INFO] [stdout] 
[INFO] [stdout] failures:
[INFO] [stdout]     test_index_stub
[INFO] [stdout]     test_index_with_path
[INFO] [stdout] 
[INFO] [stdout] test result: FAILED. 28 passed; 2 failed; 0 ignored; 0 measured; 0 filtered out; finished in 0.08s
[INFO] [stdout] 
[INFO] [stderr] error: test failed, to rerun pass `--test integration`
[INFO] running `Command { std: "docker" "inspect" "3d860b633470177b5673f427ba174f628b2db695896f9b298cf6c501f48d3632", kill_on_drop: false }`
[INFO] running `Command { std: "docker" "rm" "-f" "3d860b633470177b5673f427ba174f628b2db695896f9b298cf6c501f48d3632", kill_on_drop: false }`
[INFO] [stdout] 3d860b633470177b5673f427ba174f628b2db695896f9b298cf6c501f48d3632
