[INFO] fetching crate templatry 0.2.1...
[INFO] testing templatry-0.2.1 against 1.100.0-beta.1+cargoflags=--release for beta-release-1.100-3
[INFO] extracting crate templatry 0.2.1 into /workspace/builds/worker-6-tc2/source
[INFO] started tweaking crates.io crate templatry 0.2.1
[INFO] removed 0 missing tests
[INFO] finished tweaking crates.io crate templatry 0.2.1
[INFO] tweaked toml for crates.io crate templatry 0.2.1 written to /workspace/builds/worker-6-tc2/source/Cargo.toml
[INFO] validating manifest of crates.io crate templatry 0.2.1 on toolchain 1.100.0-beta.1
[INFO] running `Command { std: CARGO_HOME="/workspace/cargo-home" RUSTUP_HOME="/workspace/rustup-home" "/workspace/cargo-home/bin/cargo" "+1.100.0-beta.1" "metadata" "--manifest-path" "Cargo.toml" "--no-deps", kill_on_drop: false }`
[INFO] crate crates.io crate templatry 0.2.1 already has a lockfile, it will not be regenerated
[INFO] running `Command { std: CARGO_HOME="/workspace/cargo-home" RUSTUP_HOME="/workspace/rustup-home" "/workspace/cargo-home/bin/cargo" "+1.100.0-beta.1" "fetch" "--manifest-path" "Cargo.toml", kill_on_drop: false }`
[INFO] running `Command { std: "docker" "create" "-v" "/var/lib/crater-agent-workspace/builds/worker-6-tc2/source:/opt/rustwide/workdir:ro,Z" "-v" "/var/lib/crater-agent-workspace/builds/worker-6-tc2/target:/opt/rustwide/target:rw,Z" "-v" "/var/lib/crater-agent-workspace/cargo-home:/opt/rustwide/cargo-home:ro,Z" "-v" "/var/lib/crater-agent-workspace/rustup-home:/opt/rustwide/rustup-home:ro,Z" "-m" "1610612736" "--network" "none" "ghcr.io/rust-lang/crates-build-env/linux@sha256:77db811e55d90add9212f6832c23229e3de5f1c1f9905e8cb07319ea15df73ac" "sleep" "infinity", kill_on_drop: false }`
[INFO] [stdout] 51bfb480d7ccc26cc5df328274206c678c7912611eb3aac672d55c1524fc427f
[INFO] running `Command { std: "docker" "start" "51bfb480d7ccc26cc5df328274206c678c7912611eb3aac672d55c1524fc427f", kill_on_drop: false }`
[INFO] running `Command { std: "docker" "inspect" "51bfb480d7ccc26cc5df328274206c678c7912611eb3aac672d55c1524fc427f", kill_on_drop: false }`
[INFO] running `Command { std: "docker" "exec" "-e" "SOURCE_DIR=/opt/rustwide/workdir" "-e" "CARGO_HOME=/opt/rustwide/cargo-home" "-e" "RUSTUP_HOME=/opt/rustwide/rustup-home" "-e" "CARGO_TARGET_DIR=/opt/rustwide/target" "-w" "/opt/rustwide/workdir" "--user" "0:0" "51bfb480d7ccc26cc5df328274206c678c7912611eb3aac672d55c1524fc427f" "/opt/rustwide/cargo-home/bin/cargo" "+1.100.0-beta.1" "metadata" "--no-deps" "--format-version=1", kill_on_drop: false }`
[INFO] running `Command { std: "docker" "inspect" "51bfb480d7ccc26cc5df328274206c678c7912611eb3aac672d55c1524fc427f", kill_on_drop: false }`
[INFO] running `Command { std: "docker" "exec" "-e" "SOURCE_DIR=/opt/rustwide/workdir" "-e" "CARGO_HOME=/opt/rustwide/cargo-home" "-e" "RUSTUP_HOME=/opt/rustwide/rustup-home" "-e" "CARGO_TARGET_DIR=/opt/rustwide/target" "-e" "CARGO_INCREMENTAL=0" "-e" "RUST_BACKTRACE=full" "-e" "RUSTFLAGS=--cap-lints=warn" "-e" "RUSTDOCFLAGS=--cap-lints=warn" "-w" "/opt/rustwide/workdir" "--user" "0:0" "51bfb480d7ccc26cc5df328274206c678c7912611eb3aac672d55c1524fc427f" "/opt/rustwide/cargo-home/bin/cargo" "+1.100.0-beta.1" "build" "--frozen" "--message-format=json" "--release", kill_on_drop: false }`
[INFO] [stderr]    Compiling proc-macro2 v1.0.107
[INFO] [stderr]    Compiling quote v1.0.47
[INFO] [stderr]    Compiling unicode-ident v1.0.26
[INFO] [stderr]    Compiling libc v0.2.190
[INFO] [stderr]    Compiling cfg-if v1.0.5
[INFO] [stderr]    Compiling smallvec v1.16.2
[INFO] [stderr]    Compiling stable_deref_trait v1.2.1
[INFO] [stderr]    Compiling log v0.4.34
[INFO] [stderr]    Compiling memchr v2.8.3
[INFO] [stderr]    Compiling pin-project-lite v0.2.17
[INFO] [stderr]    Compiling writeable v0.6.4
[INFO] [stderr]    Compiling bitflags v2.13.2
[INFO] [stderr]    Compiling litemap v0.8.3
[INFO] [stderr]    Compiling futures-core v0.3.34
[INFO] [stderr]    Compiling utf8_iter v1.0.4
[INFO] [stderr]    Compiling bytes v1.12.1
[INFO] [stderr]    Compiling parking_lot_core v0.9.12
[INFO] [stderr]    Compiling once_cell v1.21.4
[INFO] [stderr]    Compiling find-msvc-tools v0.1.14
[INFO] [stderr]    Compiling futures-sink v0.3.34
[INFO] [stderr]    Compiling shlex v2.0.1
[INFO] [stderr]    Compiling scopeguard v1.2.0
[INFO] [stderr]    Compiling futures-channel v0.3.34
[INFO] [stderr]    Compiling lock_api v0.4.14
[INFO] [stderr]    Compiling pkg-config v0.3.34
[INFO] [stderr]    Compiling fs_extra v1.3.0
[INFO] [stderr]    Compiling dunce v1.0.5
[INFO] [stderr]    Compiling syn v3.0.6
[INFO] [stderr]    Compiling syn v2.0.119
[INFO] [stderr]    Compiling futures-task v0.3.34
[INFO] [stderr]    Compiling slab v0.4.12
[INFO] [stderr]    Compiling rustix v1.1.5
[INFO] [stderr]    Compiling adler2 v2.0.1
[INFO] [stderr]    Compiling futures-io v0.3.34
[INFO] [stderr]    Compiling icu_locale_fallback_data v2.3.0
[INFO] [stderr]    Compiling itoa v1.0.18
[INFO] [stderr]    Compiling linux-raw-sys v0.12.1
[INFO] [stderr]    Compiling tracing-core v0.1.36
[INFO] [stderr]    Compiling zeroize v1.9.0
[INFO] [stderr]    Compiling serde_core v1.0.229
[INFO] [stderr]    Compiling object v0.37.3
[INFO] [stderr]    Compiling icu_segmenter_data v2.3.0
[INFO] [stderr]    Compiling jobserver v0.1.35
[INFO] [stderr]    Compiling aws-lc-rs v1.18.1
[INFO] [stderr]    Compiling icu_properties_data v2.3.0
[INFO] [stderr]    Compiling cc v1.6.0
[INFO] [stderr]    Compiling gimli v0.32.3
[INFO] [stderr]    Compiling cfg_aliases v0.2.2
[INFO] [stderr]    Compiling icu_normalizer_data v2.3.0
[INFO] [stderr]    Compiling nix v0.31.3
[INFO] [stderr]    Compiling errno v0.3.14
[INFO] [stderr]    Compiling mio v1.2.4
[INFO] [stderr]    Compiling parking_lot v0.12.5
[INFO] [stderr]    Compiling cmake v0.1.58
[INFO] [stderr]    Compiling signal-hook-registry v1.4.8
[INFO] [stderr]    Compiling socket2 v0.6.5
[INFO] [stderr]    Compiling aws-lc-sys v0.45.0
[INFO] [stderr]    Compiling rustls-pki-types v1.15.1
[INFO] [stderr]    Compiling synstructure v0.14.0
[INFO] [stderr]    Compiling addr2line v0.25.1
[INFO] [stderr]    Compiling http v1.5.0
[INFO] [stderr]    Compiling miniz_oxide v0.8.9
[INFO] [stderr]    Compiling rustc-demangle v0.1.28
[INFO] [stderr]    Compiling hashbrown v0.17.1
[INFO] [stderr]    Compiling is_ci v1.2.0
[INFO] [stderr]    Compiling httparse v1.10.1
[INFO] [stderr]    Compiling http-body v1.1.0
[INFO] [stderr]    Compiling untrusted v0.9.0
[INFO] [stderr]    Compiling percent-encoding v2.3.2
[INFO] [stderr]    Compiling crossbeam-utils v0.8.23
[INFO] [stderr]    Compiling tracing-attributes v0.1.31
[INFO] [stderr]    Compiling thiserror v2.0.21
[INFO] [stderr]    Compiling rustls v0.23.45
[INFO] [stderr]    Compiling unicode-width v0.2.2
[INFO] [stderr]    Compiling equivalent v1.0.2
[INFO] [stderr]    Compiling indexmap v2.14.2
[INFO] [stderr]    Compiling miette-derive v7.6.0
[INFO] [stderr]    Compiling supports-color v3.0.2
[INFO] [stderr]    Compiling zerofrom-derive v0.1.8
[INFO] [stderr]    Compiling yoke-derive v0.8.4
[INFO] [stderr]    Compiling zerovec-derive v0.11.6
[INFO] [stderr]    Compiling displaydoc v0.2.7
[INFO] [stderr]    Compiling tokio-macros v2.7.2
[INFO] [stderr]    Compiling futures-macro v0.3.34
[INFO] [stderr]    Compiling zerofrom v0.1.8
[INFO] [stderr]    Compiling tracing v0.1.44
[INFO] [stderr]    Compiling yoke v0.8.3
[INFO] [stderr]    Compiling backtrace v0.3.76
[INFO] [stderr]    Compiling zerotrie v0.2.5
[INFO] [stderr]    Compiling thiserror-impl v2.0.21
[INFO] [stderr]    Compiling tokio v1.53.2
[INFO] [stderr]    Compiling futures-util v0.3.34
[INFO] [stderr]    Compiling zerovec v0.11.8
[INFO] [stderr]    Compiling backtrace-ext v0.2.1
[INFO] [stderr]    Compiling terminal_size v0.4.4
[INFO] [stderr]    Compiling unicode-width v0.1.14
[INFO] [stderr]    Compiling subtle v2.6.1
[INFO] [stderr]    Compiling owo-colors v4.4.0
[INFO] [stderr]    Compiling typenum v1.20.1
[INFO] [stderr]    Compiling inotify-sys v0.1.8
[INFO] [stderr]    Compiling crc32fast v1.5.2
[INFO] [stderr]    Compiling tinystr v0.8.4
[INFO] [stderr]    Compiling potential_utf v0.1.6
[INFO] [stderr]    Compiling icu_collections v2.3.0
[INFO] [stderr]    Compiling icu_locale_core v2.3.0
[INFO] [stderr]    Compiling supports-hyperlinks v3.2.0
[INFO] [stderr]    Compiling try-lock v0.2.5
[INFO] [stderr]    Compiling supports-unicode v3.0.0
[INFO] [stderr]    Compiling tower-service v0.3.3
[INFO] [stderr]    Compiling want v0.3.1
[INFO] [stderr]    Compiling hybrid-array v0.4.15
[INFO] [stderr]    Compiling notify-types v2.1.0
[INFO] [stderr]    Compiling simd-adler32 v0.3.10
[INFO] [stderr]    Compiling utf8parse v0.2.2
[INFO] [stderr]    Compiling zmij v1.0.23
[INFO] [stderr]    Compiling serde v1.0.229
[INFO] [stderr]    Compiling atomic-waker v1.1.2
[INFO] [stderr]    Compiling anstyle-parse v1.0.0
[INFO] [stderr]    Compiling concurrent-queue v2.5.0
[INFO] [stderr]    Compiling serde_derive v1.0.229
[INFO] [stderr]    Compiling icu_provider v2.3.1
[INFO] [stderr]    Compiling futures-executor v0.3.34
[INFO] [stderr]    Compiling form_urlencoded v1.2.2
[INFO] [stderr]    Compiling futures v0.3.34
[INFO] [stderr]    Compiling sync_wrapper v1.0.2
[INFO] [stderr]    Compiling openssl-probe v0.2.1
[INFO] [stderr]    Compiling icu_locale_fallback v2.3.0
[INFO] [stderr]    Compiling icu_normalizer v2.3.0
[INFO] [stderr]    Compiling icu_properties v2.3.0
[INFO] [stderr]    Compiling icu_segmenter v2.3.0
[INFO] [stderr]    Compiling getrandom v0.4.3
[INFO] [stderr]    Compiling colorchoice v1.0.5
[INFO] [stderr]    Compiling tower-layer v0.3.3
[INFO] [stderr]    Compiling regex-syntax v0.8.11
[INFO] [stderr]    Compiling parking v2.2.1
[INFO] [stderr]    Compiling textwrap v0.16.4
[INFO] [stderr]    Compiling miette v7.6.0
[INFO] [stderr]    Compiling base64 v0.23.1
[INFO] [stderr]    Compiling idna_adapter v1.2.2
[INFO] [stderr]    Compiling idna v1.1.0
[INFO] [stderr]    Compiling is_terminal_polyfill v1.70.2
[INFO] [stderr]    Compiling ipnet v2.12.2
[INFO] [stderr]    Compiling hyper v1.11.1
[INFO] [stderr]    Compiling watchexec-signals v5.1.1
[INFO] [stderr]    Compiling anstyle v1.0.14
[INFO] [stderr]    Compiling same-file v1.0.6
[INFO] [stderr]    Compiling anstyle-query v1.1.5
[INFO] [stderr]    Compiling serde_json v1.0.151
[INFO] [stderr]    Compiling anstream v1.0.0
[INFO] [stderr]    Compiling hyper-util v0.1.21
[INFO] [stderr]    Compiling walkdir v2.5.0
[INFO] [stderr]    Compiling watchexec-events v6.1.3
[INFO] [stderr]    Compiling url v2.5.8
[INFO] [stderr]    Compiling regex-automata v0.4.18
[INFO] [stderr]    Compiling tower v0.5.3
[INFO] [stderr]    Compiling process-wrap v9.1.1
[INFO] [stderr]    Compiling event-listener v4.0.3
[INFO] [stderr]    Compiling rustls-native-certs v0.8.4
[INFO] [stderr]    Compiling inotify v0.11.5
[INFO] [stderr]    Compiling crypto-common v0.2.2
[INFO] [stderr]    Compiling block-buffer v0.12.1
[INFO] [stderr]    Compiling miniz_oxide v0.9.1
[INFO] [stderr]    Compiling lazy_static v1.5.1
[INFO] [stderr]    Compiling clap_lex v1.1.1
[INFO] [stderr]    Compiling bumpalo v3.20.3
[INFO] [stderr]    Compiling option-ext v0.2.0
[INFO] [stderr]    Compiling winnow v1.0.4
[INFO] [stderr]    Compiling strsim v0.11.1
[INFO] [stderr]    Compiling zlib-rs v0.6.8
[INFO] [stderr]    Compiling const-oid v0.10.2
[INFO] [stderr]    Compiling heck v0.5.0
[INFO] [stderr]    Compiling digest v0.11.3
[INFO] [stderr]    Compiling clap_derive v4.6.7
[INFO] [stderr]    Compiling toml_parser v1.1.3+spec-1.1.0
[INFO] [stderr]    Compiling matchers v0.2.0
[INFO] [stderr]    Compiling clap_builder v4.6.7
[INFO] [stderr]    Compiling zopfli v0.8.3
[INFO] [stderr]    Compiling dirs-sys v0.5.0
[INFO] [stderr]    Compiling sharded-slab v0.1.7
[INFO] [stderr]    Compiling notify v8.2.0
[INFO] [stderr]    Compiling tower-http v0.6.11
[INFO] [stderr]    Compiling watchexec-supervisor v5.4.1
[INFO] [stderr]    Compiling async-priority-channel v0.2.0
[INFO] [stderr]    Compiling tokio-util v0.7.19
[INFO] [stderr]    Compiling http-body-util v0.1.5
[INFO] [stderr]    Compiling flate2 v1.1.10
[INFO] [stderr]    Compiling serde_spanned v1.1.1
[INFO] [stderr]    Compiling toml_datetime v1.1.1+spec-1.1.0
[INFO] [stderr]    Compiling xattr v1.6.1
[INFO] [stderr]    Compiling filetime v0.2.29
[INFO] [stderr]    Compiling tracing-log v0.2.0
[INFO] [stderr]    Compiling thread_local v1.1.10
[INFO] [stderr]    Compiling toml_writer v1.1.2+spec-1.1.0
[INFO] [stderr]    Compiling normalize-path v0.2.2
[INFO] [stderr]    Compiling cpufeatures v0.3.1
[INFO] [stderr]    Compiling libyaml-rs v0.3.0
[INFO] [stderr]    Compiling ryu v1.0.23
[INFO] [stderr]    Compiling fastrand v2.5.0
[INFO] [stderr]    Compiling nu-ansi-term v0.50.3
[INFO] [stderr]    Compiling atomic-take v1.1.0
[INFO] [stderr]    Compiling typed-path v0.12.3
[INFO] [stderr]    Compiling watchexec v8.4.3
[INFO] [stderr]    Compiling tracing-subscriber v0.3.23
[INFO] [stderr]    Compiling tempfile v3.27.0
[INFO] [stderr]    Compiling yaml_serde v0.10.7
[INFO] [stderr]    Compiling toml v1.1.6+spec-1.1.0
[INFO] [stderr]    Compiling zip v8.6.0
[INFO] [stderr]    Compiling sha2 v0.11.0
[INFO] [stderr]    Compiling tar v0.4.46
[INFO] [stderr]    Compiling clap v4.6.7
[INFO] [stderr]    Compiling dirs v7.0.0
[INFO] [stderr]    Compiling json-strip-comments v3.1.2
[INFO] [stderr]    Compiling glob v0.3.4
[INFO] [stderr]    Compiling similar v3.2.0
[INFO] [stderr]    Compiling hex v0.4.3
[INFO] [stderr]    Compiling rustls-webpki v0.103.15
[INFO] [stderr]    Compiling tokio-rustls v0.26.6
[INFO] [stderr]    Compiling rustls-platform-verifier v0.7.1
[INFO] [stderr]    Compiling hyper-rustls v0.27.10
[INFO] [stderr]    Compiling reqwest v0.13.5
[INFO] [stderr]    Compiling templatry v0.2.1 (/opt/rustwide/workdir)
[INFO] [stderr] warning: unused dependency `similar`
[INFO] [stderr]   --> Cargo.toml:43:15
[INFO] [stderr]    |
[INFO] [stderr] 43 | [dependencies.similar]
[INFO] [stderr]    |               ^^^^^^^^
[INFO] [stderr]    |
[INFO] [stderr]    = note: `cargo::unused_dependencies` is set to `warn` by default
[INFO] [stderr] help: consider removing the dependency on `similar`
[INFO] [stderr] warning: `templatry` (manifest) generated 1 warning
[INFO] [stderr]     Finished `release` profile [optimized] target(s) in 1m 05s
[INFO] running `Command { std: "docker" "inspect" "51bfb480d7ccc26cc5df328274206c678c7912611eb3aac672d55c1524fc427f", kill_on_drop: false }`
[INFO] running `Command { std: "docker" "exec" "-e" "SOURCE_DIR=/opt/rustwide/workdir" "-e" "CARGO_HOME=/opt/rustwide/cargo-home" "-e" "RUSTUP_HOME=/opt/rustwide/rustup-home" "-e" "CARGO_TARGET_DIR=/opt/rustwide/target" "-e" "CARGO_INCREMENTAL=0" "-e" "RUST_BACKTRACE=full" "-e" "RUSTFLAGS=--cap-lints=warn" "-e" "RUSTDOCFLAGS=--cap-lints=warn" "-w" "/opt/rustwide/workdir" "--user" "0:0" "51bfb480d7ccc26cc5df328274206c678c7912611eb3aac672d55c1524fc427f" "/opt/rustwide/cargo-home/bin/cargo" "+1.100.0-beta.1" "test" "--frozen" "--no-run" "--message-format=json" "--release", kill_on_drop: false }`
[INFO] [stderr]    Compiling templatry v0.2.1 (/opt/rustwide/workdir)
[INFO] [stderr] warning: unused dependency `similar`
[INFO] [stderr]   --> Cargo.toml:43:15
[INFO] [stderr]    |
[INFO] [stderr] 43 | [dependencies.similar]
[INFO] [stderr]    |               ^^^^^^^^
[INFO] [stderr]    |
[INFO] [stderr]    = note: `cargo::unused_dependencies` is set to `warn` by default
[INFO] [stderr] help: consider removing the dependency on `similar`
[INFO] [stderr] warning: `templatry` (manifest) generated 1 warning
[INFO] [stderr]     Finished `release` profile [optimized] target(s) in 56.13s
[INFO] running `Command { std: "docker" "inspect" "51bfb480d7ccc26cc5df328274206c678c7912611eb3aac672d55c1524fc427f", kill_on_drop: false }`
[INFO] running `Command { std: "docker" "exec" "-e" "SOURCE_DIR=/opt/rustwide/workdir" "-e" "CARGO_HOME=/opt/rustwide/cargo-home" "-e" "RUSTUP_HOME=/opt/rustwide/rustup-home" "-e" "CARGO_TARGET_DIR=/opt/rustwide/target" "-e" "CARGO_INCREMENTAL=0" "-e" "RUST_BACKTRACE=full" "-e" "RUSTFLAGS=--cap-lints=warn" "-e" "RUSTDOCFLAGS=--cap-lints=warn" "-w" "/opt/rustwide/workdir" "--user" "0:0" "51bfb480d7ccc26cc5df328274206c678c7912611eb3aac672d55c1524fc427f" "/opt/rustwide/cargo-home/bin/cargo" "+1.100.0-beta.1" "test" "--frozen" "--release", kill_on_drop: false }`
[INFO] [stderr] warning: unused dependency `similar`
[INFO] [stderr]   --> Cargo.toml:43:15
[INFO] [stderr]    |
[INFO] [stderr] 43 | [dependencies.similar]
[INFO] [stderr]    |               ^^^^^^^^
[INFO] [stderr]    |
[INFO] [stderr]    = note: `cargo::unused_dependencies` is set to `warn` by default
[INFO] [stderr] help: consider removing the dependency on `similar`
[INFO] [stderr] warning: `templatry` (manifest) generated 1 warning
[INFO] [stderr]     Finished `release` profile [optimized] target(s) in 0.24s
[INFO] [stderr]      Running unittests src/lib.rs (/opt/rustwide/target/release/build/templatry/fe7ac9eb5256b2e0/out/templatry-fe7ac9eb5256b2e0)
[INFO] [stdout] 
[INFO] [stdout] running 135 tests
[INFO] [stdout] test backprop::tests::added_key_folds_into_override ... ok
[INFO] [stdout] test backprop::tests::append_reverts_to_empty_round_trip ... ok
[INFO] [stdout] test backprop::tests::append_local_region_edit_fails ... ok
[INFO] [stdout] test backprop::tests::append_three_layer_fold_recovers_middle ... ok
[INFO] [stdout] test backprop::tests::deleted_override_key_leaves_the_override ... ok
[INFO] [stdout] test backprop::tests::deleted_template_key_becomes_marker ... ok
[INFO] [stdout] test backprop::tests::array_edit_under_union_fails_loudly ... ok
[INFO] [stdout] test backprop::tests::flat_dotted_ignored_key_stays_maintained ... ok
[INFO] [stdout] test backprop::tests::identical_text_different_files_stay_ambiguous ... ok
[INFO] [stdout] test backprop::tests::identical_writes_to_a_shared_override_collapse ... ok
[INFO] [stdout] test backprop::tests::delete_local_held_key_fails_loudly ... ok
[INFO] [stdout] test backprop::tests::identical_edits_are_ambiguous ... ok
[INFO] [stdout] test backprop::tests::edit_to_local_pinned_key_fails_loudly ... ok
[INFO] [stdout] test backprop::tests::ignore_patterns_match_flat_dotted_keys ... ok
[INFO] [stdout] test backprop::tests::ignore_patterns_match_paths_and_subtrees ... ok
[INFO] [stdout] test backprop::tests::ignore_patterns_reject_bad_syntax ... ok
[INFO] [stdout] test backprop::tests::ignored_only_edit_without_override_applies ... ok
[INFO] [stdout] test backprop::tests::local_layer_flows_into_safety_replay ... ok
[INFO] [stdout] test backprop::tests::masked_compare_skips_ignored_state ... ok
[INFO] [stdout] test backprop::tests::no_change_and_no_candidates ... ok
[INFO] [stdout] test backprop::tests::no_writes_anywhere_collapses_regardless_of_paths ... ok
[INFO] [stdout] test backprop::tests::none_strategy_has_no_override_to_fold_into ... ok
[INFO] [stdout] test backprop::tests::replace_round_trip ... ok
[INFO] [stdout] test backprop::tests::reapply_with_local_survives_template_bump ... ok
[INFO] [stdout] test backprop::tests::restore_maintains_disk_state ... ok
[INFO] [stdout] test backprop::tests::reapply_survives_a_template_bump ... ok
[INFO] [stdout] test backprop::tests::revert_to_template_value_cleans_the_override ... ok
[INFO] [stdout] test backprop::tests::scalar_change_folds_into_override ... ok
[INFO] [stdout] test backprop::tests::revert_to_local_value_cleans_override ... ok
[INFO] [stdout] test backprop::tests::shared_override_revert_empties_the_file ... ok
[INFO] [stdout] test backprop::tests::op_filtering_respects_both_lists ... ok
[INFO] [stdout] test backprop::tests::shared_edit_scopes_to_the_right_contributor ... ok
[INFO] [stdout] test backprop::tests::shared_local_scopes_to_its_contributor ... ok
[INFO] [stdout] test backprop::tests::shared_override_revert_prefers_pin_removal ... ok
[INFO] [stdout] test backprop::tests::text_append_round_trip ... ok
[INFO] [stdout] test backprop::tests::text_template_region_edit_fails ... ok
[INFO] [stdout] test backprop::tests::snapshot_file_is_written ... ok
[INFO] [stdout] test config::tests::all_strategy_values_parse ... ok
[INFO] [stdout] test config::tests::empty_and_scalar_source_entries_rejected ... ok
[INFO] [stdout] test config::tests::empty_include_disables_everything ... ok
[INFO] [stdout] test config::tests::empty_include_templates_disables_everything ... ok
[INFO] [stdout] test config::tests::empty_templates_rejected ... ok
[INFO] [stdout] test config::tests::exclude_templates_wins_all_ties ... ok
[INFO] [stdout] test config::tests::backpropagate_none_rejected ... ok
[INFO] [stdout] test config::tests::exclude_removes_matching_templates ... ok
[INFO] [stdout] test config::tests::extends_backpropagate_prefers_explicit ... ok
[INFO] [stdout] test config::tests::extends_merges_concrete_over_abstract ... ok
[INFO] [stdout] test config::tests::extends_unknown_abstract_lists_available ... ok
[INFO] [stdout] test config::tests::extends_empty_string_means_absent ... ok
[INFO] [stdout] test config::tests::extends_unknown_abstract_rejected ... ok
[INFO] [stdout] test config::tests::extends_in_abstract_rejected_at_parse ... ok
[INFO] [stdout] test config::tests::extends_labels_union_resolves ... ok
[INFO] [stdout] test config::tests::filenames_default_to_template_basename ... ok
[INFO] [stdout] test config::tests::extends_template_default_used ... ok
[INFO] [stdout] test config::tests::full_template_entry_parses ... ok
[INFO] [stdout] test config::tests::extends_missing_template_rejected_at_validate ... ok
[INFO] [stdout] test config::tests::git_kind_rules ... ok
[INFO] [stdout] test config::tests::github_kind_rules ... ok
[INFO] [stdout] test config::tests::include_templates_restricts_to_listed ... ok
[INFO] [stdout] test config::tests::kind_count_and_use_https_rules ... ok
[INFO] [stdout] test config::tests::include_selects_matching_templates ... ok
[INFO] [stdout] test config::tests::local_kind_rules ... ok
[INFO] [stdout] test config::tests::include_exclude_mutex_rejected ... ok
[INFO] [stdout] test config::tests::merge_active_silent_when_all_disabled ... ok
[INFO] [stdout] test config::tests::merged_destinations_cross_backprop_rejected ... ok
[INFO] [stdout] test config::tests::merge_active_conflict_errors_when_both_enabled ... ok
[INFO] [stdout] test config::tests::merged_destinations_compatible_union_passes ... ok
[INFO] [stdout] test config::tests::minimal_source_applies_defaults ... ok
[INFO] [stdout] test config::tests::plural_sources_parse_named ... ok
[INFO] [stdout] test config::tests::merge_active_shadow_warns_when_one_enabled ... ok
[INFO] [stdout] test config::tests::merge_active_orders_by_source_then_template ... ok
[INFO] [stdout] test config::tests::qualified_name_bare_for_singular ... ok
[INFO] [stdout] test config::tests::mixed_source_forms_rejected ... ok
[INFO] [stdout] test config::tests::no_rules_enables_everything ... ok
[INFO] [stdout] test config::tests::project_enable_adds_and_disable_wins ... ok
[INFO] [stdout] test config::tests::unknown_fields_and_strategies_rejected ... ok
[INFO] [stdout] test config::tests::shared_merge_destination_allowed ... ok
[INFO] [stdout] test config::tests::unknown_project_label_rejected ... ok
[INFO] [stdout] test config::tests::singular_source_stays_singular ... ok
[INFO] [stdout] test config::tests::shared_replace_destination_rejected ... ok
[INFO] [stdout] test config::tests::shared_text_backprop_rejected ... ok
[INFO] [stdout] test config::tests::template_path_rules ... ok
[INFO] [stdout] test generate::tests::append_orders_segments_by_precedence ... ok
[INFO] [stdout] test config::tests::unknown_default_label_rejected ... ok
[INFO] [stdout] test generate::tests::structured_local_wins_over_override_wins_over_template ... ok
[INFO] [stdout] test config::tests::unknown_template_name_rejected ... ok
[INFO] [stdout] test generate::tests::replace_and_none_ignore_local ... ok
[INFO] [stdout] test merge::tests::array_policies ... ok
[INFO] [stdout] test config::tests::url_kind_rules ... ok
[INFO] [stdout] test generate::tests::structured_layers_skip_missing ... ok
[INFO] [stdout] test merge::tests::deep_merge_objects_scalars_and_mismatches ... ok
[INFO] [stdout] test merge::tests::deletion_marker_removes_keys ... ok
[INFO] [stdout] test merge::tests::deletion_marker_misuse_errors ... ok
[INFO] [stdout] test merge::tests::family_classification ... ok
[INFO] [stdout] test merge::tests::format_detection ... ok
[INFO] [stdout] test merge::tests::raw_copies_combine_only_when_identical ... ok
[INFO] [stdout] test generate::tests::none_strategy_copies_raw_bytes_and_mode ... ok
[INFO] [stdout] test merge::tests::format_bridges_parse ... ok
[INFO] [stdout] test merge::tests::group_combination_dispatch ... ok
[INFO] [stdout] test merge::tests::shared_arrays_union ... ok
[INFO] [stdout] test merge::tests::serialization_is_sorted_stable_and_null_free ... ok
[INFO] [stdout] test merge::tests::shared_combination_unions_and_dedups ... ok
[INFO] [stdout] test merge::tests::shared_conflicts_name_path_templates_and_values ... ok
[INFO] [stdout] test merge::tests::strategy_resolution ... ok
[INFO] [stdout] test merge::tests::text_combination_is_name_ordered ... ok
[INFO] [stdout] test merge::tests::toml_datetimes_rejected_with_path ... ok
[INFO] [stdout] test merge::tests::toml_integers_and_ranges ... ok
[INFO] [stdout] test source::tests::archive_format_detection ... ok
[INFO] [stdout] test source::tests::asset_selection_single_zero_multi ... ok
[INFO] [stdout] test source::tests::default_archive_uses_tarball_url ... ok
[INFO] [stdout] test source::tests::entry_provenance_describes_sources ... ok
[INFO] [stdout] test source::tests::cache_clear_handles_present_and_missing ... ok
[INFO] [stdout] test source::tests::path_segment_encoding ... ok
[INFO] [stdout] test source::tests::local_source_resolves_without_cache ... ok
[INFO] [stdout] test source::tests::offline_miss_names_the_source ... ok
[INFO] [stdout] test source::tests::release_assets_parse_and_reject ... ok
[INFO] [stdout] test source::tests::cache_list_reports_entries_newest_first ... ok
[INFO] [stdout] test source::tests::source_id_is_stable_and_unique ... ok
[INFO] [stdout] test source::tests::token_precedence_prefers_explicit_override ... ok
[INFO] [stdout] test source::tests::sidecar_roundtrips_provenance ... ok
[INFO] [stdout] test source::tests::source_id_normalizes_equivalent_configs ... ok
[INFO] [stdout] test tests::line_column_counts_from_one ... ok
[INFO] [stdout] test tests::unimplemented_error_names_the_area ... ok
[INFO] [stdout] test source::tests::cache_hit_serves_without_fetch ... ok
[INFO] [stdout] test source::tests::sidecar_freshness_and_prune ... ok
[INFO] [stdout] test watch::tests::guard_window_zero_never_matches ... ok
[INFO] [stdout] test source::tests::extraction_roundtrips_archives ... ok
[INFO] [stdout] test watch::tests::dispatch_config_changes_reload ... ok
[INFO] [stdout] test watch::tests::dispatch_generated_folds_back ... ok
[INFO] [stdout] test watch::tests::dispatch_override_regenerates_forward ... ok
[INFO] [stdout] test source::tests::single_top_level_directory_lifts ... ok
[INFO] [stdout] test watch::tests::dispatch_ignores_unknown_and_self_writes ... ok
[INFO] [stdout] test watch::tests::capture_pending_collects_only_known_backprop_edits ... ok
[INFO] [stdout] test watch::tests::same_file_survives_symlinks ... ok
[INFO] [stdout] test watch::tests::reapply_pending_reproduces_hand_edit_after_bump ... ok
[INFO] [stdout] 
[INFO] [stdout] test result: ok. 135 passed; 0 failed; 0 ignored; 0 measured; 0 filtered out; finished in 0.01s
[INFO] [stdout] 
[INFO] [stderr]      Running unittests src/main.rs (/opt/rustwide/target/release/build/templatry/a202c5013490c9d5/out/templatry-a202c5013490c9d5)
[INFO] [stdout] 
[INFO] [stdout] running 2 tests
[INFO] [stdout] test tests::no_color_flag_or_env_disables_color ... ok
[INFO] [stdout] test tests::raw_args_scan_finds_no_color_anywhere ... ok
[INFO] [stdout] 
[INFO] [stdout] test result: ok. 2 passed; 0 failed; 0 ignored; 0 measured; 0 filtered out; finished in 0.00s
[INFO] [stdout] 
[INFO] [stderr]      Running tests/generate.rs (/opt/rustwide/target/release/build/templatry/40bf0db0ef3d9756/out/generate-40bf0db0ef3d9756)
[INFO] [stdout] 
[INFO] [stdout] running 22 tests
[INFO] [stdout] test all_generate_fixtures_are_known ... ok
[INFO] [stdout] test check_flow ... FAILED
[INFO] [stdout] test golden_json_merge ... FAILED
[INFO] [stdout] test golden_local_chain ... FAILED
[INFO] [stdout] test golden_labels ... FAILED
[INFO] [stdout] test golden_merge_formats ... FAILED
[INFO] [stdout] test dry_run_writes_nothing ... FAILED
[INFO] [stdout] test golden_extends_basic ... FAILED
[INFO] [stdout] test golden_multi_source_abstract_scope ... FAILED
[INFO] [stdout] test golden_preserve_ignore ... FAILED
[INFO] [stdout] test golden_multi_source_basic ... FAILED
[INFO] [stdout] test golden_multi_source_shared ... FAILED
[INFO] [stdout] test golden_shared_arrays ... FAILED
[INFO] [stdout] test golden_shared_destination ... FAILED
[INFO] [stdout] test golden_multi_source_shadowed ... FAILED
[INFO] [stdout] test multi_source_conflict_names_qualified_templates ... FAILED
[INFO] [stdout] test golden_template_select ... FAILED
[INFO] [stdout] test multi_source_samename_errors_when_both_active ... FAILED
[INFO] [stdout] test none_strategy_copies_bytes_and_permissions ... FAILED
[INFO] [stdout] test replace_missing_override_errors ... FAILED
[INFO] [stdout] test golden_strategies ... FAILED
[INFO] [stdout] test shared_conflict_errors ... FAILED
[INFO] [stdout] 
[INFO] [stdout] failures:
[INFO] [stdout] 
[INFO] [stdout] ---- check_flow stdout ----
[INFO] [stdout] 
[INFO] [stdout] thread 'check_flow' (8305) panicked at tests/generate.rs:247:10:
[INFO] [stdout] generate: Invalid { path: "/tmp/.tmp9YiIwJ/json-merge/.config/templatry.toml", message: "project config does not exist" }
[INFO] [stdout] stack backtrace:
[INFO] [stdout]    0:     0x5e182d306fc6 - <unknown>
[INFO] [stdout]    1:     0x5e182d094a2a - <unknown>
[INFO] [stdout]    2:     0x5e182d30d2ec - <unknown>
[INFO] [stdout]    3:     0x5e182d2de752 - <unknown>
[INFO] [stdout]    4:     0x5e182d2fb751 - <unknown>
[INFO] [stdout]    5:     0x5e182d2fbb92 - <unknown>
[INFO] [stdout]    6:     0x5e182d2de802 - <unknown>
[INFO] [stdout]    7:     0x5e182d2d70e9 - <unknown>
[INFO] [stdout]    8:     0x5e182d2dfbfd - <unknown>
[INFO] [stdout]    9:     0x5e182d09518c - <unknown>
[INFO] [stdout]   10:     0x5e182d094f62 - <unknown>
[INFO] [stdout]   11:     0x5e182d0a8093 - <unknown>
[INFO] [stdout]   12:     0x5e182d109204 - <unknown>
[INFO] [stdout]   13:     0x5e182d104f78 - <unknown>
[INFO] [stdout]   14:     0x5e182d1094f2 - <unknown>
[INFO] [stdout]   15:     0x5e182d0f101b - <unknown>
[INFO] [stdout]   16:     0x5e182d109073 - <unknown>
[INFO] [stdout]   17:     0x5e182d0be56f - <unknown>
[INFO] [stdout]   18:     0x5e182d3ca99b - <unknown>
[INFO] [stdout]   19:     0x5e182d3d8844 - <unknown>
[INFO] [stdout]   20:     0x5e182d3d1f74 - <unknown>
[INFO] [stdout]   21:     0x5e182d3dc602 - <unknown>
[INFO] [stdout]   22:     0x5e182d305d14 - <unknown>
[INFO] [stdout]   23:     0x79d8c748cdfa - <unknown>
[INFO] [stdout]   24:     0x79d8c75203d4 - clone
[INFO] [stdout]   25:                0x0 - <unknown>
[INFO] [stdout] 
[INFO] [stdout] ---- golden_json_merge stdout ----
[INFO] [stdout] 
[INFO] [stdout] thread 'golden_json_merge' (8308) panicked at tests/generate.rs:74:10:
[INFO] [stdout] generate: Invalid { path: "/tmp/.tmptKLVnU/json-merge/.config/templatry.toml", message: "project config does not exist" }
[INFO] [stdout] stack backtrace:
[INFO] [stdout]    0:     0x5e182d306fc6 - <unknown>
[INFO] [stdout]    1:     0x5e182d094a2a - <unknown>
[INFO] [stdout]    2:     0x5e182d30d2ec - <unknown>
[INFO] [stdout]    3:     0x5e182d2de752 - <unknown>
[INFO] [stdout]    4:     0x5e182d2fb751 - <unknown>
[INFO] [stdout]    5:     0x5e182d2fbb92 - <unknown>
[INFO] [stdout]    6:     0x5e182d2de802 - <unknown>
[INFO] [stdout]    7:     0x5e182d2d70e9 - <unknown>
[INFO] [stderr] error: test failed, to rerun pass `--test generate`
[INFO] [stdout]    8:     0x5e182d2dfbfd - <unknown>
[INFO] [stdout]    9:     0x5e182d09518c - <unknown>
[INFO] [stdout]   10:     0x5e182d094f62 - <unknown>
[INFO] [stdout]   11:     0x5e182d0a8c41 - <unknown>
[INFO] [stdout]   12:     0x5e182d109204 - <unknown>
[INFO] [stdout]   13:     0x5e182d104f78 - <unknown>
[INFO] [stdout]   14:     0x5e182d1094f2 - <unknown>
[INFO] [stdout]   15:     0x5e182d0f101b - <unknown>
[INFO] [stdout]   16:     0x5e182d109073 - <unknown>
[INFO] [stdout]   17:     0x5e182d0be84f - <unknown>
[INFO] [stdout]   18:     0x5e182d3ca99b - <unknown>
[INFO] [stdout]   19:     0x5e182d3d8844 - <unknown>
[INFO] [stdout]   20:     0x5e182d3d1f74 - <unknown>
[INFO] [stdout]   21:     0x5e182d3dc602 - <unknown>
[INFO] [stdout]   22:     0x5e182d305d14 - <unknown>
[INFO] [stdout]   23:     0x79d8c748cdfa - <unknown>
[INFO] [stdout]   24:     0x79d8c75203d4 - clone
[INFO] [stdout]   25:                0x0 - <unknown>
[INFO] [stdout] 
[INFO] [stdout] ---- golden_local_chain stdout ----
[INFO] [stdout] 
[INFO] [stdout] thread 'golden_local_chain' (8310) panicked at tests/generate.rs:277:10:
[INFO] [stdout] generate: Invalid { path: "/tmp/.tmpUHsgNM/local-chain/.config/templatry.toml", message: "project config does not exist" }
[INFO] [stdout] stack backtrace:
[INFO] [stdout]    0:     0x5e182d306fc6 - <unknown>
[INFO] [stdout]    1:     0x5e182d094a2a - <unknown>
[INFO] [stdout]    2:     0x5e182d30d2ec - <unknown>
[INFO] [stdout]    3:     0x5e182d2de752 - <unknown>
[INFO] [stdout]    4:     0x5e182d2fb751 - <unknown>
[INFO] [stdout]    5:     0x5e182d2fbb92 - <unknown>
[INFO] [stdout]    6:     0x5e182d2de802 - <unknown>
[INFO] [stdout]    7:     0x5e182d2d70e9 - <unknown>
[INFO] [stdout]    8:     0x5e182d2dfbfd - <unknown>
[INFO] [stdout]    9:     0x5e182d09518c - <unknown>
[INFO] [stdout]   10:     0x5e182d094f62 - <unknown>
[INFO] [stdout]   11:     0x5e182d0a9621 - <unknown>
[INFO] [stdout]   12:     0x5e182d109204 - <unknown>
[INFO] [stdout]   13:     0x5e182d104f78 - <unknown>
[INFO] [stdout]   14:     0x5e182d1094f2 - <unknown>
[INFO] [stdout]   15:     0x5e182d0f101b - <unknown>
[INFO] [stdout]   16:     0x5e182d109073 - <unknown>
[INFO] [stdout]   17:     0x5e182d0beb2f - <unknown>
[INFO] [stdout]   18:     0x5e182d3ca99b - <unknown>
[INFO] [stdout]   19:     0x5e182d3d8844 - <unknown>
[INFO] [stdout]   20:     0x5e182d3d1f74 - <unknown>
[INFO] [stdout]   21:     0x5e182d3dc602 - <unknown>
[INFO] [stdout]   22:     0x5e182d305d14 - <unknown>
[INFO] [stdout]   23:     0x79d8c748cdfa - <unknown>
[INFO] [stdout]   24:     0x79d8c75203d4 - clone
[INFO] [stdout]   25:                0x0 - <unknown>
[INFO] [stdout] 
[INFO] [stdout] ---- golden_labels stdout ----
[INFO] [stdout] 
[INFO] [stdout] thread 'golden_labels' (8309) panicked at tests/generate.rs:92:10:
[INFO] [stdout] generate: Invalid { path: "/tmp/.tmpMPg4JO/labels/.config/templatry.toml", message: "project config does not exist" }
[INFO] [stdout] stack backtrace:
[INFO] [stdout]    0:     0x5e182d306fc6 - <unknown>
[INFO] [stdout]    1:     0x5e182d094a2a - <unknown>
[INFO] [stdout]    2:     0x5e182d30d2ec - <unknown>
[INFO] [stdout]    3:     0x5e182d2de752 - <unknown>
[INFO] [stdout]    4:     0x5e182d2fb751 - <unknown>
[INFO] [stdout]    5:     0x5e182d2fbb92 - <unknown>
[INFO] [stdout]    6:     0x5e182d2de802 - <unknown>
[INFO] [stdout]    7:     0x5e182d2d70e9 - <unknown>
[INFO] [stdout]    8:     0x5e182d2dfbfd - <unknown>
[INFO] [stdout]    9:     0x5e182d09518c - <unknown>
[INFO] [stdout]   10:     0x5e182d094f62 - <unknown>
[INFO] [stdout]   11:     0x5e182d0a8761 - <unknown>
[INFO] [stdout]   12:     0x5e182d109204 - <unknown>
[INFO] [stdout]   13:     0x5e182d104f78 - <unknown>
[INFO] [stdout]   14:     0x5e182d1094f2 - <unknown>
[INFO] [stdout]   15:     0x5e182d0f101b - <unknown>
[INFO] [stdout]   16:     0x5e182d109073 - <unknown>
[INFO] [stdout]   17:     0x5e182d0be6df - <unknown>
[INFO] [stdout]   18:     0x5e182d3ca99b - <unknown>
[INFO] [stdout]   19:     0x5e182d3d8844 - <unknown>
[INFO] [stdout]   20:     0x5e182d3d1f74 - <unknown>
[INFO] [stdout]   21:     0x5e182d3dc602 - <unknown>
[INFO] [stdout]   22:     0x5e182d305d14 - <unknown>
[INFO] [stdout]   23:     0x79d8c748cdfa - <unknown>
[INFO] [stdout]   24:     0x79d8c75203d4 - clone
[INFO] [stdout]   25:                0x0 - <unknown>
[INFO] [stdout] 
[INFO] [stdout] ---- golden_merge_formats stdout ----
[INFO] [stdout] 
[INFO] [stdout] thread 'golden_merge_formats' (8311) panicked at tests/generate.rs:295:10:
[INFO] [stdout] generate: Invalid { path: "/tmp/.tmpyYf6Xe/merge-formats/.config/templatry.toml", message: "project config does not exist" }
[INFO] [stdout] stack backtrace:
[INFO] [stdout]    0:     0x5e182d306fc6 - <unknown>
[INFO] [stdout]    1:     0x5e182d094a2a - <unknown>
[INFO] [stdout]    2:     0x5e182d30d2ec - <unknown>
[INFO] [stdout]    3:     0x5e182d2de752 - <unknown>
[INFO] [stdout]    4:     0x5e182d2fb751 - <unknown>
[INFO] [stdout]    5:     0x5e182d2fbb92 - <unknown>
[INFO] [stdout]    6:     0x5e182d2de802 - <unknown>
[INFO] [stdout]    7:     0x5e182d2d70e9 - <unknown>
[INFO] [stdout]    8:     0x5e182d2dfbfd - <unknown>
[INFO] [stdout]    9:     0x5e182d09518c - <unknown>
[INFO] [stdout]   10:     0x5e182d094f62 - <unknown>
[INFO] [stdout]   11:     0x5e182d0aa001 - <unknown>
[INFO] [stdout]   12:     0x5e182d109204 - <unknown>
[INFO] [stdout]   13:     0x5e182d104f78 - <unknown>
[INFO] [stdout]   14:     0x5e182d1094f2 - <unknown>
[INFO] [stdout]   15:     0x5e182d0f101b - <unknown>
[INFO] [stdout]   16:     0x5e182d109073 - <unknown>
[INFO] [stdout]   17:     0x5e182d0bee0f - <unknown>
[INFO] [stdout]   18:     0x5e182d3ca99b - <unknown>
[INFO] [stdout]   19:     0x5e182d3d8844 - <unknown>
[INFO] [stdout]   20:     0x5e182d3d1f74 - <unknown>
[INFO] [stdout]   21:     0x5e182d3dc602 - <unknown>
[INFO] [stdout]   22:     0x5e182d305d14 - <unknown>
[INFO] [stdout]   23:     0x79d8c748cdfa - <unknown>
[INFO] [stdout]   24:     0x79d8c75203d4 - clone
[INFO] [stdout]   25:                0x0 - <unknown>
[INFO] [stdout] 
[INFO] [stdout] ---- dry_run_writes_nothing stdout ----
[INFO] [stdout] 
[INFO] [stdout] thread 'dry_run_writes_nothing' (8306) panicked at tests/generate.rs:268:10:
[INFO] [stdout] dry run: Invalid { path: "/tmp/.tmpihZEGj/json-merge/.config/templatry.toml", message: "project config does not exist" }
[INFO] [stdout] stack backtrace:
[INFO] [stdout]    0:     0x5e182d306fc6 - <unknown>
[INFO] [stdout]    1:     0x5e182d094a2a - <unknown>
[INFO] [stdout]    2:     0x5e182d30d2ec - <unknown>
[INFO] [stdout]    3:     0x5e182d2de752 - <unknown>
[INFO] [stdout]    4:     0x5e182d2fb751 - <unknown>
[INFO] [stdout]    5:     0x5e182d2fbb92 - <unknown>
[INFO] [stdout]    6:     0x5e182d2de802 - <unknown>
[INFO] [stdout]    7:     0x5e182d2d70e9 - <unknown>
[INFO] [stdout]    8:     0x5e182d2dfbfd - <unknown>
[INFO] [stdout]    9:     0x5e182d09518c - <unknown>
[INFO] [stdout]   10:     0x5e182d094f62 - <unknown>
[INFO] [stdout]   11:     0x5e182d0aa9b4 - <unknown>
[INFO] [stdout]   12:     0x5e182d109204 - <unknown>
[INFO] [stdout]   13:     0x5e182d104f78 - <unknown>
[INFO] [stdout]   14:     0x5e182d1094f2 - <unknown>
[INFO] [stdout]   15:     0x5e182d0f101b - <unknown>
[INFO] [stdout]   16:     0x5e182d109073 - <unknown>
[INFO] [stdout]   17:     0x5e182d0bf0ef - <unknown>
[INFO] [stdout]   18:     0x5e182d3ca99b - <unknown>
[INFO] [stdout]   19:     0x5e182d3d8844 - <unknown>
[INFO] [stdout]   20:     0x5e182d3d1f74 - <unknown>
[INFO] [stdout]   21:     0x5e182d3dc602 - <unknown>
[INFO] [stdout]   22:     0x5e182d305d14 - <unknown>
[INFO] [stdout]   23:     0x79d8c748cdfa - <unknown>
[INFO] [stdout]   24:     0x79d8c75203d4 - clone
[INFO] [stdout]   25:                0x0 - <unknown>
[INFO] [stdout] 
[INFO] [stdout] ---- golden_extends_basic stdout ----
[INFO] [stdout] 
[INFO] [stdout] thread 'golden_extends_basic' (8307) panicked at tests/generate.rs:286:10:
[INFO] [stdout] generate: Invalid { path: "/tmp/.tmp6PnSPL/extends-basic/.config/templatry.toml", message: "project config does not exist" }
[INFO] [stdout] stack backtrace:
[INFO] [stdout]    0:     0x5e182d306fc6 - <unknown>
[INFO] [stdout]    1:     0x5e182d094a2a - <unknown>
[INFO] [stdout]    2:     0x5e182d30d2ec - <unknown>
[INFO] [stdout]    3:     0x5e182d2de752 - <unknown>
[INFO] [stdout]    4:     0x5e182d2fb751 - <unknown>
[INFO] [stdout]    5:     0x5e182d2fbb92 - <unknown>
[INFO] [stdout]    6:     0x5e182d2de802 - <unknown>
[INFO] [stdout]    7:     0x5e182d2d70e9 - <unknown>
[INFO] [stdout]    8:     0x5e182d2dfbfd - <unknown>
[INFO] [stdout]    9:     0x5e182d09518c - <unknown>
[INFO] [stdout]   10:     0x5e182d094f62 - <unknown>
[INFO] [stdout]   11:     0x5e182d0a9b11 - <unknown>
[INFO] [stdout]   12:     0x5e182d109204 - <unknown>
[INFO] [stdout]   13:     0x5e182d104f78 - <unknown>
[INFO] [stdout]   14:     0x5e182d1094f2 - <unknown>
[INFO] [stdout]   15:     0x5e182d0f101b - <unknown>
[INFO] [stdout]   16:     0x5e182d109073 - <unknown>
[INFO] [stdout]   17:     0x5e182d0bec9f - <unknown>
[INFO] [stdout]   18:     0x5e182d3ca99b - <unknown>
[INFO] [stdout]   19:     0x5e182d3d8844 - <unknown>
[INFO] [stdout]   20:     0x5e182d3d1f74 - <unknown>
[INFO] [stdout]   21:     0x5e182d3dc602 - <unknown>
[INFO] [stdout]   22:     0x5e182d305d14 - <unknown>
[INFO] [stdout]   23:     0x79d8c748cdfa - <unknown>
[INFO] [stdout]   24:     0x79d8c75203d4 - clone
[INFO] [stdout]   25:                0x0 - <unknown>
[INFO] [stdout] 
[INFO] [stdout] ---- golden_multi_source_abstract_scope stdout ----
[INFO] [stdout] 
[INFO] [stdout] thread 'golden_multi_source_abstract_scope' (8312) panicked at tests/generate.rs:223:10:
[INFO] [stdout] generate: Invalid { path: "/tmp/.tmppMbhmt/multi-source-abstract-scope/.config/templatry.toml", message: "project config does not exist" }
[INFO] [stdout] stack backtrace:
[INFO] [stdout]    0:     0x5e182d306fc6 - <unknown>
[INFO] [stdout]    1:     0x5e182d094a2a - <unknown>
[INFO] [stdout]    2:     0x5e182d30d2ec - <unknown>
[INFO] [stdout]    3:     0x5e182d2de752 - <unknown>
[INFO] [stdout]    4:     0x5e182d2fb751 - <unknown>
[INFO] [stdout]    5:     0x5e182d2fbb92 - <unknown>
[INFO] [stdout]    6:     0x5e182d2de802 - <unknown>
[INFO] [stdout]    7:     0x5e182d2d70e9 - <unknown>
[INFO] [stdout]    8:     0x5e182d2dfbfd - <unknown>
[INFO] [stdout]    9:     0x5e182d09518c - <unknown>
[INFO] [stdout]   10:     0x5e182d094f62 - <unknown>
[INFO] [stdout]   11:     0x5e182d0ada71 - <unknown>
[INFO] [stdout]   12:     0x5e182d109204 - <unknown>
[INFO] [stdout]   13:     0x5e182d104f78 - <unknown>
[INFO] [stdout]   14:     0x5e182d1094f2 - <unknown>
[INFO] [stdout]   15:     0x5e182d0f101b - <unknown>
[INFO] [stdout]   16:     0x5e182d109073 - <unknown>
[INFO] [stdout]   17:     0x5e182d0c04df - <unknown>
[INFO] [stdout]   18:     0x5e182d3ca99b - <unknown>
[INFO] [stdout]   19:     0x5e182d3d8844 - <unknown>
[INFO] [stdout]   20:     0x5e182d3d1f74 - <unknown>
[INFO] [stdout]   21:     0x5e182d3dc602 - <unknown>
[INFO] [stdout]   22:     0x5e182d305d14 - <unknown>
[INFO] [stdout]   23:     0x79d8c748cdfa - <unknown>
[INFO] [stdout]   24:     0x79d8c75203d4 - clone
[INFO] [stdout]   25:                0x0 - <unknown>
[INFO] [stdout] 
[INFO] [stdout] ---- golden_preserve_ignore stdout ----
[INFO] [stdout] 
[INFO] [stdout] thread 'golden_preserve_ignore' (8316) panicked at tests/generate.rs:133:10:
[INFO] [stdout] generate: Invalid { path: "/tmp/.tmpPJiTAc/preserve-ignore/.config/templatry.toml", message: "project config does not exist" }
[INFO] [stdout] stack backtrace:
[INFO] [stdout]    0:     0x5e182d306fc6 - <unknown>
[INFO] [stdout]    1:     0x5e182d094a2a - <unknown>
[INFO] [stdout]    2:     0x5e182d30d2ec - <unknown>
[INFO] [stdout]    3:     0x5e182d2de752 - <unknown>
[INFO] [stdout]    4:     0x5e182d2fb751 - <unknown>
[INFO] [stdout]    5:     0x5e182d2fbb92 - <unknown>
[INFO] [stdout]    6:     0x5e182d2de802 - <unknown>
[INFO] [stdout]    7:     0x5e182d2d70e9 - <unknown>
[INFO] [stdout]    8:     0x5e182d2dfbfd - <unknown>
[INFO] [stdout]    9:     0x5e182d09518c - <unknown>
[INFO] [stdout]   10:     0x5e182d094f62 - <unknown>
[INFO] [stdout]   11:     0x5e182d0aae91 - <unknown>
[INFO] [stdout]   12:     0x5e182d109204 - <unknown>
[INFO] [stdout]   13:     0x5e182d104f78 - <unknown>
[INFO] [stdout]   14:     0x5e182d1094f2 - <unknown>
[INFO] [stdout]   15:     0x5e182d0f101b - <unknown>
[INFO] [stdout]   16:     0x5e182d109073 - <unknown>
[INFO] [stdout]   17:     0x5e182d0bf25f - <unknown>
[INFO] [stdout]   18:     0x5e182d3ca99b - <unknown>
[INFO] [stdout]   19:     0x5e182d3d8844 - <unknown>
[INFO] [stdout]   20:     0x5e182d3d1f74 - <unknown>
[INFO] [stdout]   21:     0x5e182d3dc602 - <unknown>
[INFO] [stdout]   22:     0x5e182d305d14 - <unknown>
[INFO] [stdout]   23:     0x79d8c748cdfa - <unknown>
[INFO] [stdout]   24:     0x79d8c75203d4 - clone
[INFO] [stdout]   25:                0x0 - <unknown>
[INFO] [stdout] 
[INFO] [stdout] ---- golden_multi_source_basic stdout ----
[INFO] [stdout] 
[INFO] [stdout] thread 'golden_multi_source_basic' (8313) panicked at tests/generate.rs:154:10:
[INFO] [stdout] generate: Invalid { path: "/tmp/.tmpPdKljN/multi-source-basic/.config/templatry.toml", message: "project config does not exist" }
[INFO] [stdout] stack backtrace:
[INFO] [stdout]    0:     0x5e182d306fc6 - <unknown>
[INFO] [stdout]    1:     0x5e182d094a2a - <unknown>
[INFO] [stdout]    2:     0x5e182d30d2ec - <unknown>
[INFO] [stdout]    3:     0x5e182d2de752 - <unknown>
[INFO] [stdout]    4:     0x5e182d2fb751 - <unknown>
[INFO] [stdout]    5:     0x5e182d2fbb92 - <unknown>
[INFO] [stdout]    6:     0x5e182d2de802 - <unknown>
[INFO] [stdout]    7:     0x5e182d2d70e9 - <unknown>
[INFO] [stdout]    8:     0x5e182d2dfbfd - <unknown>
[INFO] [stdout]    9:     0x5e182d09518c - <unknown>
[INFO] [stdout]   10:     0x5e182d094f62 - <unknown>
[INFO] [stdout]   11:     0x5e182d0abe61 - <unknown>
[INFO] [stdout]   12:     0x5e182d109204 - <unknown>
[INFO] [stdout]   13:     0x5e182d104f78 - <unknown>
[INFO] [stdout]   14:     0x5e182d1094f2 - <unknown>
[INFO] [stdout]   15:     0x5e182d0f101b - <unknown>
[INFO] [stdout]   16:     0x5e182d109073 - <unknown>
[INFO] [stdout]   17:     0x5e182d0bf6af - <unknown>
[INFO] [stdout]   18:     0x5e182d3ca99b - <unknown>
[INFO] [stdout]   19:     0x5e182d3d8844 - <unknown>
[INFO] [stdout]   20:     0x5e182d3d1f74 - <unknown>
[INFO] [stdout]   21:     0x5e182d3dc602 - <unknown>
[INFO] [stdout]   22:     0x5e182d305d14 - <unknown>
[INFO] [stdout]   23:     0x79d8c748cdfa - <unknown>
[INFO] [stdout]   24:     0x79d8c75203d4 - clone
[INFO] [stdout]   25:                0x0 - <unknown>
[INFO] [stdout] 
[INFO] [stdout] ---- golden_multi_source_shared stdout ----
[INFO] [stdout] 
[INFO] [stdout] thread 'golden_multi_source_shared' (8315) panicked at tests/generate.rs:164:10:
[INFO] [stdout] generate: Invalid { path: "/tmp/.tmpWxUIDd/multi-source-shared/.config/templatry.toml", message: "project config does not exist" }
[INFO] [stdout] stack backtrace:
[INFO] [stdout]    0:     0x5e182d306fc6 - <unknown>
[INFO] [stdout]    1:     0x5e182d094a2a - <unknown>
[INFO] [stdout]    2:     0x5e182d30d2ec - <unknown>
[INFO] [stdout]    3:     0x5e182d2de752 - <unknown>
[INFO] [stdout]    4:     0x5e182d2fb751 - <unknown>
[INFO] [stdout]    5:     0x5e182d2fbb92 - <unknown>
[INFO] [stdout]    6:     0x5e182d2de802 - <unknown>
[INFO] [stdout]    7:     0x5e182d2d70e9 - <unknown>
[INFO] [stdout]    8:     0x5e182d2dfbfd - <unknown>
[INFO] [stdout]    9:     0x5e182d09518c - <unknown>
[INFO] [stdout]   10:     0x5e182d094f62 - <unknown>
[INFO] [stdout]   11:     0x5e182d0aca27 - <unknown>
[INFO] [stdout]   12:     0x5e182d109204 - <unknown>
[INFO] [stdout]   13:     0x5e182d104f78 - <unknown>
[INFO] [stdout]   14:     0x5e182d1094f2 - <unknown>
[INFO] [stdout]   15:     0x5e182d0f101b - <unknown>
[INFO] [stdout]   16:     0x5e182d109073 - <unknown>
[INFO] [stdout]   17:     0x5e182d0bf98f - <unknown>
[INFO] [stdout]   18:     0x5e182d3ca99b - <unknown>
[INFO] [stdout]   19:     0x5e182d3d8844 - <unknown>
[INFO] [stdout]   20:     0x5e182d3d1f74 - <unknown>
[INFO] [stdout]   21:     0x5e182d3dc602 - <unknown>
[INFO] [stdout]   22:     0x5e182d305d14 - <unknown>
[INFO] [stdout]   23:     0x79d8c748cdfa - <unknown>
[INFO] [stdout]   24:     0x79d8c75203d4 - clone
[INFO] [stdout]   25:                0x0 - <unknown>
[INFO] [stdout] 
[INFO] [stdout] ---- golden_shared_arrays stdout ----
[INFO] [stdout] 
[INFO] [stdout] thread 'golden_shared_arrays' (8317) panicked at tests/generate.rs:112:10:
[INFO] [stdout] generate: Invalid { path: "/tmp/.tmpIruyI8/shared-arrays/.config/templatry.toml", message: "project config does not exist" }
[INFO] [stdout] stack backtrace:
[INFO] [stdout]    0:     0x5e182d306fc6 - <unknown>
[INFO] [stdout]    1:     0x5e182d094a2a - <unknown>
[INFO] [stdout]    2:     0x5e182d30d2ec - <unknown>
[INFO] [stdout]    3:     0x5e182d2de752 - <unknown>
[INFO] [stdout]    4:     0x5e182d2fb751 - <unknown>
[INFO] [stdout]    5:     0x5e182d2fbb92 - <unknown>
[INFO] [stdout]    6:     0x5e182d2de802 - <unknown>
[INFO] [stdout]    7:     0x5e182d2d70e9 - <unknown>
[INFO] [stdout]    8:     0x5e182d2dfbfd - <unknown>
[INFO] [stdout]    9:     0x5e182d09518c - <unknown>
[INFO] [stdout]   10:     0x5e182d094f62 - <unknown>
[INFO] [stdout]   11:     0x5e182d0aa4f1 - <unknown>
[INFO] [stdout]   12:     0x5e182d109204 - <unknown>
[INFO] [stdout]   13:     0x5e182d104f78 - <unknown>
[INFO] [stdout]   14:     0x5e182d1094f2 - <unknown>
[INFO] [stdout]   15:     0x5e182d0f101b - <unknown>
[INFO] [stdout]   16:     0x5e182d109073 - <unknown>
[INFO] [stdout]   17:     0x5e182d0bef7f - <unknown>
[INFO] [stdout]   18:     0x5e182d3ca99b - <unknown>
[INFO] [stdout]   19:     0x5e182d3d8844 - <unknown>
[INFO] [stdout]   20:     0x5e182d3d1f74 - <unknown>
[INFO] [stdout]   21:     0x5e182d3dc602 - <unknown>
[INFO] [stdout]   22:     0x5e182d305d14 - <unknown>
[INFO] [stdout]   23:     0x79d8c748cdfa - <unknown>
[INFO] [stdout]   24:     0x79d8c75203d4 - clone
[INFO] [stdout]   25:                0x0 - <unknown>
[INFO] [stdout] 
[INFO] [stdout] ---- golden_shared_destination stdout ----
[INFO] [stdout] 
[INFO] [stdout] thread 'golden_shared_destination' (8318) panicked at tests/generate.rs:102:10:
[INFO] [stdout] generate: Invalid { path: "/tmp/.tmp1MLFpg/shared-destination/.config/templatry.toml", message: "project config does not exist" }
[INFO] [stdout] stack backtrace:
[INFO] [stdout]    0:     0x5e182d306fc6 - <unknown>
[INFO] [stdout]    1:     0x5e182d094a2a - <unknown>
[INFO] [stdout]    2:     0x5e182d30d2ec - <unknown>
[INFO] [stdout]    3:     0x5e182d2de752 - <unknown>
[INFO] [stdout]    4:     0x5e182d2fb751 - <unknown>
[INFO] [stdout]    5:     0x5e182d2fbb92 - <unknown>
[INFO] [stdout]    6:     0x5e182d2de802 - <unknown>
[INFO] [stdout]    7:     0x5e182d2d70e9 - <unknown>
[INFO] [stdout]    8:     0x5e182d2dfbfd - <unknown>
[INFO] [stdout]    9:     0x5e182d09518c - <unknown>
[INFO] [stdout]   10:     0x5e182d094f62 - <unknown>
[INFO] [stdout]   11:     0x5e182d0ac351 - <unknown>
[INFO] [stdout]   12:     0x5e182d109204 - <unknown>
[INFO] [stdout]   13:     0x5e182d104f78 - <unknown>
[INFO] [stdout]   14:     0x5e182d1094f2 - <unknown>
[INFO] [stdout]   15:     0x5e182d0f101b - <unknown>
[INFO] [stdout]   16:     0x5e182d109073 - <unknown>
[INFO] [stdout]   17:     0x5e182d0bf81f - <unknown>
[INFO] [stdout]   18:     0x5e182d3ca99b - <unknown>
[INFO] [stdout]   19:     0x5e182d3d8844 - <unknown>
[INFO] [stdout]   20:     0x5e182d3d1f74 - <unknown>
[INFO] [stdout]   21:     0x5e182d3dc602 - <unknown>
[INFO] [stdout]   22:     0x5e182d305d14 - <unknown>
[INFO] [stdout]   23:     0x79d8c748cdfa - <unknown>
[INFO] [stdout]   24:     0x79d8c75203d4 - clone
[INFO] [stdout]   25:                0x0 - <unknown>
[INFO] [stdout] 
[INFO] [stdout] ---- golden_multi_source_shadowed stdout ----
[INFO] [stdout] 
[INFO] [stdout] thread 'golden_multi_source_shadowed' (8314) panicked at tests/generate.rs:209:10:
[INFO] [stdout] generate: Invalid { path: "/tmp/.tmpICFmsr/multi-source-shadowed/.config/templatry.toml", message: "project config does not exist" }
[INFO] [stdout] stack backtrace:
[INFO] [stdout]    0:     0x5e182d306fc6 - <unknown>
[INFO] [stdout]    1:     0x5e182d094a2a - <unknown>
[INFO] [stdout]    2:     0x5e182d30d2ec - <unknown>
[INFO] [stdout]    3:     0x5e182d2de752 - <unknown>
[INFO] [stdout]    4:     0x5e182d2fb751 - <unknown>
[INFO] [stdout]    5:     0x5e182d2fbb92 - <unknown>
[INFO] [stdout]    6:     0x5e182d2de802 - <unknown>
[INFO] [stdout]    7:     0x5e182d2d70e9 - <unknown>
[INFO] [stdout]    8:     0x5e182d2dfbfd - <unknown>
[INFO] [stdout]    9:     0x5e182d09518c - <unknown>
[INFO] [stdout]   10:     0x5e182d094f62 - <unknown>
[INFO] [stdout]   11:     0x5e182d0ad041 - <unknown>
[INFO] [stdout]   12:     0x5e182d109204 - <unknown>
[INFO] [stdout]   13:     0x5e182d104f78 - <unknown>
[INFO] [stdout]   14:     0x5e182d1094f2 - <unknown>
[INFO] [stdout]   15:     0x5e182d0f101b - <unknown>
[INFO] [stdout]   16:     0x5e182d109073 - <unknown>
[INFO] [stdout]   17:     0x5e182d0bfaff - <unknown>
[INFO] [stdout]   18:     0x5e182d3ca99b - <unknown>
[INFO] [stdout]   19:     0x5e182d3d8844 - <unknown>
[INFO] [stdout]   20:     0x5e182d3d1f74 - <unknown>
[INFO] [stdout]   21:     0x5e182d3dc602 - <unknown>
[INFO] [stdout]   22:     0x5e182d305d14 - <unknown>
[INFO] [stdout]   23:     0x79d8c748cdfa - <unknown>
[INFO] [stdout]   24:     0x79d8c75203d4 - clone
[INFO] [stdout]   25:                0x0 - <unknown>
[INFO] [stdout] 
[INFO] [stdout] ---- multi_source_conflict_names_qualified_templates stdout ----
[INFO] [stdout] 
[INFO] [stdout] thread 'multi_source_conflict_names_qualified_templates' (8321) panicked at tests/generate.rs:185:5:
[INFO] [stdout] invalid configuration in /tmp/.tmpUAabgf/multi-source-conflict/.config/templatry.toml: project config does not exist
[INFO] [stdout] stack backtrace:
[INFO] [stdout]    0:     0x5e182d306fc6 - <unknown>
[INFO] [stdout]    1:     0x5e182d094a2a - <unknown>
[INFO] [stdout]    2:     0x5e182d30d2ec - <unknown>
[INFO] [stdout]    3:     0x5e182d2de752 - <unknown>
[INFO] [stdout]    4:     0x5e182d2fb751 - <unknown>
[INFO] [stdout]    5:     0x5e182d2fbb92 - <unknown>
[INFO] [stdout]    6:     0x5e182d2de802 - <unknown>
[INFO] [stdout]    7:     0x5e182d2d70e9 - <unknown>
[INFO] [stdout]    8:     0x5e182d2dfbfd - <unknown>
[INFO] [stdout]    9:     0x5e182d09518c - <unknown>
[INFO] [stdout]   10:     0x5e182d0aee4f - <unknown>
[INFO] [stdout]   11:     0x5e182d109204 - <unknown>
[INFO] [stdout]   12:     0x5e182d104f78 - <unknown>
[INFO] [stdout]   13:     0x5e182d1094f2 - <unknown>
[INFO] [stdout]   14:     0x5e182d0f101b - <unknown>
[INFO] [stdout]   15:     0x5e182d109073 - <unknown>
[INFO] [stdout]   16:     0x5e182d0c092f - <unknown>
[INFO] [stdout]   17:     0x5e182d3ca99b - <unknown>
[INFO] [stdout]   18:     0x5e182d3d8844 - <unknown>
[INFO] [stdout]   19:     0x5e182d3d1f74 - <unknown>
[INFO] [stdout]   20:     0x5e182d3dc602 - <unknown>
[INFO] [stdout]   21:     0x5e182d305d14 - <unknown>
[INFO] [stdout]   22:     0x79d8c748cdfa - <unknown>
[INFO] [stdout]   23:     0x79d8c75203d4 - clone
[INFO] [stdout]   24:                0x0 - <unknown>
[INFO] [stdout] 
[INFO] [stdout] ---- golden_template_select stdout ----
[INFO] [stdout] 
[INFO] [stdout] thread 'golden_template_select' (8320) panicked at tests/generate.rs:121:10:
[INFO] [stdout] generate: Invalid { path: "/tmp/.tmpftahas/template-select/.config/templatry.toml", message: "project config does not exist" }
[INFO] [stdout] stack backtrace:
[INFO] [stdout]    0:     0x5e182d306fc6 - <unknown>
[INFO] [stdout]    1:     0x5e182d094a2a - <unknown>
[INFO] [stdout]    2:     0x5e182d30d2ec - <unknown>
[INFO] [stdout]    3:     0x5e182d2de752 - <unknown>
[INFO] [stdout]    4:     0x5e182d2fb751 - <unknown>
[INFO] [stdout]    5:     0x5e182d2fbb92 - <unknown>
[INFO] [stdout]    6:     0x5e182d2de802 - <unknown>
[INFO] [stdout]    7:     0x5e182d2d70e9 - <unknown>
[INFO] [stdout]    8:     0x5e182d2dfbfd - <unknown>
[INFO] [stdout]    9:     0x5e182d09518c - <unknown>
[INFO] [stdout]   10:     0x5e182d094f62 - <unknown>
[INFO] [stdout]   11:     0x5e182d0ab3e1 - <unknown>
[INFO] [stdout]   12:     0x5e182d109204 - <unknown>
[INFO] [stdout]   13:     0x5e182d104f78 - <unknown>
[INFO] [stdout]   14:     0x5e182d1094f2 - <unknown>
[INFO] [stdout]   15:     0x5e182d0f101b - <unknown>
[INFO] [stdout]   16:     0x5e182d109073 - <unknown>
[INFO] [stdout]   17:     0x5e182d0bf3cf - <unknown>
[INFO] [stdout]   18:     0x5e182d3ca99b - <unknown>
[INFO] [stdout]   19:     0x5e182d3d8844 - <unknown>
[INFO] [stdout]   20:     0x5e182d3d1f74 - <unknown>
[INFO] [stdout]   21:     0x5e182d3dc602 - <unknown>
[INFO] [stdout]   22:     0x5e182d305d14 - <unknown>
[INFO] [stdout]   23:     0x79d8c748cdfa - <unknown>
[INFO] [stdout]   24:     0x79d8c75203d4 - clone
[INFO] [stdout]   25:                0x0 - <unknown>
[INFO] [stdout] 
[INFO] [stdout] ---- multi_source_samename_errors_when_both_active stdout ----
[INFO] [stdout] 
[INFO] [stdout] thread 'multi_source_samename_errors_when_both_active' (8322) panicked at tests/generate.rs:198:5:
[INFO] [stdout] invalid configuration in /tmp/.tmp4I6E5Q/multi-source-samename/.config/templatry.toml: project config does not exist
[INFO] [stdout] stack backtrace:
[INFO] [stdout]    0:     0x5e182d306fc6 - <unknown>
[INFO] [stdout]    1:     0x5e182d094a2a - <unknown>
[INFO] [stdout]    2:     0x5e182d30d2ec - <unknown>
[INFO] [stdout]    3:     0x5e182d2de752 - <unknown>
[INFO] [stdout]    4:     0x5e182d2fb751 - <unknown>
[INFO] [stdout]    5:     0x5e182d2fbb92 - <unknown>
[INFO] [stdout]    6:     0x5e182d2de802 - <unknown>
[INFO] [stdout]    7:     0x5e182d2d70e9 - <unknown>
[INFO] [stdout]    8:     0x5e182d2dfbfd - <unknown>
[INFO] [stdout]    9:     0x5e182d09518c - <unknown>
[INFO] [stdout]   10:     0x5e182d0ae88c - <unknown>
[INFO] [stdout]   11:     0x5e182d109204 - <unknown>
[INFO] [stdout]   12:     0x5e182d104f78 - <unknown>
[INFO] [stdout]   13:     0x5e182d1094f2 - <unknown>
[INFO] [stdout]   14:     0x5e182d0f101b - <unknown>
[INFO] [stdout]   15:     0x5e182d109073 - <unknown>
[INFO] [stdout]   16:     0x5e182d0c07bf - <unknown>
[INFO] [stdout]   17:     0x5e182d3ca99b - <unknown>
[INFO] [stdout]   18:     0x5e182d3d8844 - <unknown>
[INFO] [stdout]   19:     0x5e182d3d1f74 - <unknown>
[INFO] [stdout]   20:     0x5e182d3dc602 - <unknown>
[INFO] [stdout]   21:     0x5e182d305d14 - <unknown>
[INFO] [stdout]   22:     0x79d8c748cdfa - <unknown>
[INFO] [stdout]   23:     0x79d8c75203d4 - clone
[INFO] [stdout]   24:                0x0 - <unknown>
[INFO] [stdout] 
[INFO] [stdout] ---- none_strategy_copies_bytes_and_permissions stdout ----
[INFO] [stdout] 
[INFO] [stdout] thread 'none_strategy_copies_bytes_and_permissions' (8323) panicked at tests/generate.rs:306:10:
[INFO] [stdout] generate: Invalid { path: "/tmp/.tmpJDvcpH/none-copy/.config/templatry.toml", message: "project config does not exist" }
[INFO] [stdout] stack backtrace:
[INFO] [stdout]    0:     0x5e182d306fc6 - <unknown>
[INFO] [stdout]    1:     0x5e182d094a2a - <unknown>
[INFO] [stdout]    2:     0x5e182d30d2ec - <unknown>
[INFO] [stdout]    3:     0x5e182d2de752 - <unknown>
[INFO] [stdout]    4:     0x5e182d2fb751 - <unknown>
[INFO] [stdout]    5:     0x5e182d2fbb92 - <unknown>
[INFO] [stdout]    6:     0x5e182d2de802 - <unknown>
[INFO] [stdout]    7:     0x5e182d2d70e9 - <unknown>
[INFO] [stdout]    8:     0x5e182d2dfbfd - <unknown>
[INFO] [stdout]    9:     0x5e182d09518c - <unknown>
[INFO] [stdout]   10:     0x5e182d094f62 - <unknown>
[INFO] [stdout]   11:     0x5e182d0ae15a - <unknown>
[INFO] [stdout]   12:     0x5e182d109204 - <unknown>
[INFO] [stdout]   13:     0x5e182d104f78 - <unknown>
[INFO] [stdout]   14:     0x5e182d1094f2 - <unknown>
[INFO] [stdout]   15:     0x5e182d0f101b - <unknown>
[INFO] [stdout]   16:     0x5e182d109073 - <unknown>
[INFO] [stdout]   17:     0x5e182d0c064f - <unknown>
[INFO] [stdout]   18:     0x5e182d3ca99b - <unknown>
[INFO] [stdout]   19:     0x5e182d3d8844 - <unknown>
[INFO] [stdout]   20:     0x5e182d3d1f74 - <unknown>
[INFO] [stdout]   21:     0x5e182d3dc602 - <unknown>
[INFO] [stdout]   22:     0x5e182d305d14 - <unknown>
[INFO] [stdout]   23:     0x79d8c748cdfa - <unknown>
[INFO] [stdout]   24:     0x79d8c75203d4 - clone
[INFO] [stdout]   25:                0x0 - <unknown>
[INFO] [stdout] 
[INFO] [stdout] ---- replace_missing_override_errors stdout ----
[INFO] [stdout] 
[INFO] [stdout] thread 'replace_missing_override_errors' (8324) panicked at tests/generate.rs:236:5:
[INFO] [stdout] Invalid { path: "/tmp/.tmpi1bqhk/replace-missing/.config/templatry.toml", message: "project config does not exist" }
[INFO] [stdout] stack backtrace:
[INFO] [stdout]    0:     0x5e182d306fc6 - <unknown>
[INFO] [stdout]    1:     0x5e182d094a2a - <unknown>
[INFO] [stdout]    2:     0x5e182d30d2ec - <unknown>
[INFO] [stdout]    3:     0x5e182d2de752 - <unknown>
[INFO] [stdout]    4:     0x5e182d2fb751 - <unknown>
[INFO] [stdout]    5:     0x5e182d2fbb92 - <unknown>
[INFO] [stdout]    6:     0x5e182d2de802 - <unknown>
[INFO] [stdout]    7:     0x5e182d2d70e9 - <unknown>
[INFO] [stdout]    8:     0x5e182d2dfbfd - <unknown>
[INFO] [stdout]    9:     0x5e182d09518c - <unknown>
[INFO] [stdout]   10:     0x5e182d0ad5fa - <unknown>
[INFO] [stdout]   11:     0x5e182d109204 - <unknown>
[INFO] [stdout]   12:     0x5e182d104f78 - <unknown>
[INFO] [stdout]   13:     0x5e182d1094f2 - <unknown>
[INFO] [stdout]   14:     0x5e182d0f101b - <unknown>
[INFO] [stdout]   15:     0x5e182d109073 - <unknown>
[INFO] [stdout]   16:     0x5e182d0c036f - <unknown>
[INFO] [stdout]   17:     0x5e182d3ca99b - <unknown>
[INFO] [stdout]   18:     0x5e182d3d8844 - <unknown>
[INFO] [stdout]   19:     0x5e182d3d1f74 - <unknown>
[INFO] [stdout]   20:     0x5e182d3dc602 - <unknown>
[INFO] [stdout]   21:     0x5e182d305d14 - <unknown>
[INFO] [stdout]   22:     0x79d8c748cdfa - <unknown>
[INFO] [stdout]   23:     0x79d8c75203d4 - clone
[INFO] [stdout]   24:                0x0 - <unknown>
[INFO] [stdout] 
[INFO] [stdout] ---- golden_strategies stdout ----
[INFO] [stdout] 
[INFO] [stdout] thread 'golden_strategies' (8319) panicked at tests/generate.rs:83:10:
[INFO] [stdout] generate: Invalid { path: "/tmp/.tmpgi4oEL/strategies/.config/templatry.toml", message: "project config does not exist" }
[INFO] [stdout] stack backtrace:
[INFO] [stdout]    0:     0x5e182d306fc6 - <unknown>
[INFO] [stdout]    1:     0x5e182d094a2a - <unknown>
[INFO] [stdout]    2:     0x5e182d30d2ec - <unknown>
[INFO] [stdout]    3:     0x5e182d2de752 - <unknown>
[INFO] [stdout]    4:     0x5e182d2fb751 - <unknown>
[INFO] [stdout]    5:     0x5e182d2fbb92 - <unknown>
[INFO] [stdout]    6:     0x5e182d2de802 - <unknown>
[INFO] [stdout]    7:     0x5e182d2d70e9 - <unknown>
[INFO] [stdout]    8:     0x5e182d2dfbfd - <unknown>
[INFO] [stdout]    9:     0x5e182d09518c - <unknown>
[INFO] [stdout]   10:     0x5e182d094f62 - <unknown>
[INFO] [stdout]   11:     0x5e182d0a9131 - <unknown>
[INFO] [stdout]   12:     0x5e182d109204 - <unknown>
[INFO] [stdout]   13:     0x5e182d104f78 - <unknown>
[INFO] [stdout]   14:     0x5e182d1094f2 - <unknown>
[INFO] [stdout]   15:     0x5e182d0f101b - <unknown>
[INFO] [stdout]   16:     0x5e182d109073 - <unknown>
[INFO] [stdout]   17:     0x5e182d0be9bf - <unknown>
[INFO] [stdout]   18:     0x5e182d3ca99b - <unknown>
[INFO] [stdout]   19:     0x5e182d3d8844 - <unknown>
[INFO] [stdout]   20:     0x5e182d3d1f74 - <unknown>
[INFO] [stdout]   21:     0x5e182d3dc602 - <unknown>
[INFO] [stdout]   22:     0x5e182d305d14 - <unknown>
[INFO] [stdout]   23:     0x79d8c748cdfa - <unknown>
[INFO] [stdout]   24:     0x79d8c75203d4 - clone
[INFO] [stdout]   25:                0x0 - <unknown>
[INFO] [stdout] 
[INFO] [stdout] ---- shared_conflict_errors stdout ----
[INFO] [stdout] 
[INFO] [stdout] thread 'shared_conflict_errors' (8325) panicked at tests/generate.rs:144:5:
[INFO] [stdout] invalid configuration in /tmp/.tmp2xKLo4/shared-conflict/.config/templatry.toml: project config does not exist
[INFO] [stdout] stack backtrace:
[INFO] [stdout]    0:     0x5e182d306fc6 - <unknown>
[INFO] [stdout]    1:     0x5e182d094a2a - <unknown>
[INFO] [stdout]    2:     0x5e182d30d2ec - <unknown>
[INFO] [stdout]    3:     0x5e182d2de752 - <unknown>
[INFO] [stdout]    4:     0x5e182d2fb751 - <unknown>
[INFO] [stdout]    5:     0x5e182d2fbb92 - <unknown>
[INFO] [stdout]    6:     0x5e182d2de802 - <unknown>
[INFO] [stdout]    7:     0x5e182d2d70e9 - <unknown>
[INFO] [stdout]    8:     0x5e182d2dfbfd - <unknown>
[INFO] [stdout]    9:     0x5e182d09518c - <unknown>
[INFO] [stdout]   10:     0x5e182d0ab9ac - <unknown>
[INFO] [stdout]   11:     0x5e182d109204 - <unknown>
[INFO] [stdout]   12:     0x5e182d104f78 - <unknown>
[INFO] [stdout]   13:     0x5e182d1094f2 - <unknown>
[INFO] [stdout]   14:     0x5e182d0f101b - <unknown>
[INFO] [stdout]   15:     0x5e182d109073 - <unknown>
[INFO] [stdout]   16:     0x5e182d0bf53f - <unknown>
[INFO] [stdout]   17:     0x5e182d3ca99b - <unknown>
[INFO] [stdout]   18:     0x5e182d3d8844 - <unknown>
[INFO] [stdout]   19:     0x5e182d3d1f74 - <unknown>
[INFO] [stdout]   20:     0x5e182d3dc602 - <unknown>
[INFO] [stdout]   21:     0x5e182d305d14 - <unknown>
[INFO] [stdout]   22:     0x79d8c748cdfa - <unknown>
[INFO] [stdout]   23:     0x79d8c75203d4 - clone
[INFO] [stdout]   24:                0x0 - <unknown>
[INFO] [stdout] 
[INFO] [stdout] 
[INFO] [stdout] failures:
[INFO] [stdout]     check_flow
[INFO] [stdout]     dry_run_writes_nothing
[INFO] [stdout]     golden_extends_basic
[INFO] [stdout]     golden_json_merge
[INFO] [stdout]     golden_labels
[INFO] [stdout]     golden_local_chain
[INFO] [stdout]     golden_merge_formats
[INFO] [stdout]     golden_multi_source_abstract_scope
[INFO] [stdout]     golden_multi_source_basic
[INFO] [stdout]     golden_multi_source_shadowed
[INFO] [stdout]     golden_multi_source_shared
[INFO] [stdout]     golden_preserve_ignore
[INFO] [stdout]     golden_shared_arrays
[INFO] [stdout]     golden_shared_destination
[INFO] [stdout]     golden_strategies
[INFO] [stdout]     golden_template_select
[INFO] [stdout]     multi_source_conflict_names_qualified_templates
[INFO] [stdout]     multi_source_samename_errors_when_both_active
[INFO] [stdout]     none_strategy_copies_bytes_and_permissions
[INFO] [stdout]     replace_missing_override_errors
[INFO] [stdout]     shared_conflict_errors
[INFO] [stdout] 
[INFO] [stdout] test result: FAILED. 1 passed; 21 failed; 0 ignored; 0 measured; 0 filtered out; finished in 0.01s
[INFO] [stdout] 
[INFO] running `Command { std: "docker" "inspect" "51bfb480d7ccc26cc5df328274206c678c7912611eb3aac672d55c1524fc427f", kill_on_drop: false }`
[INFO] running `Command { std: "docker" "rm" "-f" "51bfb480d7ccc26cc5df328274206c678c7912611eb3aac672d55c1524fc427f", kill_on_drop: false }`
[INFO] [stdout] 51bfb480d7ccc26cc5df328274206c678c7912611eb3aac672d55c1524fc427f
