[INFO] fetching crate tasque 0.1.5...
[INFO] testing tasque-0.1.5 against 1.99.0-beta.8+cargoflags=--release for beta-release-1.100-3
[INFO] extracting crate tasque 0.1.5 into /workspace/builds/worker-6-tc1/source
[INFO] started tweaking crates.io crate tasque 0.1.5
[INFO] finished tweaking crates.io crate tasque 0.1.5
[INFO] tweaked toml for crates.io crate tasque 0.1.5 written to /workspace/builds/worker-6-tc1/source/Cargo.toml
[INFO] validating manifest of crates.io crate tasque 0.1.5 on toolchain 1.99.0-beta.8
[INFO] running `Command { std: CARGO_HOME="/workspace/cargo-home" RUSTUP_HOME="/workspace/rustup-home" "/workspace/cargo-home/bin/cargo" "+1.99.0-beta.8" "metadata" "--manifest-path" "Cargo.toml" "--no-deps", kill_on_drop: false }`
[INFO] crate crates.io crate tasque 0.1.5 already has a lockfile, it will not be regenerated
[INFO] running `Command { std: CARGO_HOME="/workspace/cargo-home" RUSTUP_HOME="/workspace/rustup-home" "/workspace/cargo-home/bin/cargo" "+1.99.0-beta.8" "fetch" "--manifest-path" "Cargo.toml", kill_on_drop: false }`
[INFO] [stderr] warning: Cargo.toml: `package.edition` is unspecified, defaulting to `2015` while the latest is `2024`
[INFO] [stderr] warning: `tasque` (manifest) generated 1 warning
[INFO] [stderr]     Updating crates.io index
[INFO] [stderr]  Downloading crates ...
[INFO] [stderr]   Downloaded procinfo v0.4.2
[INFO] [stderr]   Downloaded trackable v0.2.23
[INFO] [stderr]   Downloaded prometrics v0.1.12
[INFO] [stderr]   Downloaded trackable_derive v0.1.2
[INFO] [stderr]   Downloaded nom v2.2.1
[INFO] [stderr]   Downloaded lazy_static v1.3.0
[INFO] [stderr]   Downloaded atomic_immut v0.1.4
[INFO] [stderr]   Downloaded num_cpus v1.10.1
[INFO] [stderr]   Downloaded byteorder v1.3.2
[INFO] [stderr]   Downloaded libc v0.2.62
[INFO] running `Command { std: "docker" "create" "-v" "/var/lib/crater-agent-workspace/builds/worker-6-tc1/source:/opt/rustwide/workdir:ro,Z" "-v" "/var/lib/crater-agent-workspace/builds/worker-6-tc1/target:/opt/rustwide/target:rw,Z" "-v" "/var/lib/crater-agent-workspace/cargo-home:/opt/rustwide/cargo-home:ro,Z" "-v" "/var/lib/crater-agent-workspace/rustup-home:/opt/rustwide/rustup-home:ro,Z" "-m" "1610612736" "--network" "none" "ghcr.io/rust-lang/crates-build-env/linux@sha256:77db811e55d90add9212f6832c23229e3de5f1c1f9905e8cb07319ea15df73ac" "sleep" "infinity", kill_on_drop: false }`
[INFO] [stdout] 88acfd37b92e77e2073ad69490859d20ac968ed1819314858ed285315196fa77
[INFO] running `Command { std: "docker" "start" "88acfd37b92e77e2073ad69490859d20ac968ed1819314858ed285315196fa77", kill_on_drop: false }`
[INFO] running `Command { std: "docker" "inspect" "88acfd37b92e77e2073ad69490859d20ac968ed1819314858ed285315196fa77", kill_on_drop: false }`
[INFO] running `Command { std: "docker" "exec" "-e" "SOURCE_DIR=/opt/rustwide/workdir" "-e" "CARGO_HOME=/opt/rustwide/cargo-home" "-e" "RUSTUP_HOME=/opt/rustwide/rustup-home" "-e" "CARGO_TARGET_DIR=/opt/rustwide/target" "-w" "/opt/rustwide/workdir" "--user" "0:0" "88acfd37b92e77e2073ad69490859d20ac968ed1819314858ed285315196fa77" "/opt/rustwide/cargo-home/bin/cargo" "+1.99.0-beta.8" "metadata" "--no-deps" "--format-version=1", kill_on_drop: false }`
[INFO] running `Command { std: "docker" "inspect" "88acfd37b92e77e2073ad69490859d20ac968ed1819314858ed285315196fa77", kill_on_drop: false }`
[INFO] running `Command { std: "docker" "exec" "-e" "SOURCE_DIR=/opt/rustwide/workdir" "-e" "CARGO_HOME=/opt/rustwide/cargo-home" "-e" "RUSTUP_HOME=/opt/rustwide/rustup-home" "-e" "CARGO_TARGET_DIR=/opt/rustwide/target" "-e" "CARGO_INCREMENTAL=0" "-e" "RUST_BACKTRACE=full" "-e" "RUSTFLAGS=--cap-lints=warn" "-e" "RUSTDOCFLAGS=--cap-lints=warn" "-w" "/opt/rustwide/workdir" "--user" "0:0" "88acfd37b92e77e2073ad69490859d20ac968ed1819314858ed285315196fa77" "/opt/rustwide/cargo-home/bin/cargo" "+1.99.0-beta.8" "build" "--frozen" "--message-format=json" "--release", kill_on_drop: false }`
[INFO] [stderr] warning: Cargo.toml: `package.edition` is unspecified, defaulting to `2015` while the latest is `2024`
[INFO] [stderr] warning: `tasque` (manifest) generated 1 warning
[INFO] [stderr]    Compiling semver-parser v0.7.0
[INFO] [stderr]    Compiling libc v0.2.62
[INFO] [stderr]    Compiling byteorder v1.3.2
[INFO] [stderr]    Compiling nom v2.2.1
[INFO] [stderr]    Compiling lazy_static v1.3.0
[INFO] [stderr]    Compiling atomic_immut v0.1.4
[INFO] [stderr]    Compiling trackable_derive v0.1.2
[INFO] [stderr]    Compiling semver v0.9.0
[INFO] [stderr]    Compiling rustc_version v0.2.3
[INFO] [stderr]    Compiling num_cpus v1.10.1
[INFO] [stderr]    Compiling procinfo v0.4.2
[INFO] [stderr]    Compiling trackable v0.2.23
[INFO] [stderr]    Compiling prometrics v0.1.12
[INFO] [stderr]    Compiling tasque v0.1.5 (/opt/rustwide/workdir)
[INFO] [stderr]     Finished `release` profile [optimized] target(s) in 8.03s
[INFO] [stderr] warning: the following packages contain code that will be rejected by a future version of Rust: nom v2.2.1
[INFO] [stderr] note: to see what the problems were, use the option `--future-incompat-report`, or run `cargo report future-incompatibilities --id 5`
[INFO] running `Command { std: "docker" "inspect" "88acfd37b92e77e2073ad69490859d20ac968ed1819314858ed285315196fa77", kill_on_drop: false }`
[INFO] running `Command { std: "docker" "exec" "-e" "SOURCE_DIR=/opt/rustwide/workdir" "-e" "CARGO_HOME=/opt/rustwide/cargo-home" "-e" "RUSTUP_HOME=/opt/rustwide/rustup-home" "-e" "CARGO_TARGET_DIR=/opt/rustwide/target" "-e" "CARGO_INCREMENTAL=0" "-e" "RUST_BACKTRACE=full" "-e" "RUSTFLAGS=--cap-lints=warn" "-e" "RUSTDOCFLAGS=--cap-lints=warn" "-w" "/opt/rustwide/workdir" "--user" "0:0" "88acfd37b92e77e2073ad69490859d20ac968ed1819314858ed285315196fa77" "/opt/rustwide/cargo-home/bin/cargo" "+1.99.0-beta.8" "test" "--frozen" "--no-run" "--message-format=json" "--release", kill_on_drop: false }`
[INFO] [stderr] warning: Cargo.toml: `package.edition` is unspecified, defaulting to `2015` while the latest is `2024`
[INFO] [stderr] warning: `tasque` (manifest) generated 1 warning
[INFO] [stderr]    Compiling tasque v0.1.5 (/opt/rustwide/workdir)
[INFO] [stderr]     Finished `release` profile [optimized] target(s) in 1.81s
[INFO] [stderr] warning: the following packages contain code that will be rejected by a future version of Rust: nom v2.2.1
[INFO] [stderr] note: to see what the problems were, use the option `--future-incompat-report`, or run `cargo report future-incompatibilities --id 5`
[INFO] running `Command { std: "docker" "inspect" "88acfd37b92e77e2073ad69490859d20ac968ed1819314858ed285315196fa77", kill_on_drop: false }`
[INFO] running `Command { std: "docker" "exec" "-e" "SOURCE_DIR=/opt/rustwide/workdir" "-e" "CARGO_HOME=/opt/rustwide/cargo-home" "-e" "RUSTUP_HOME=/opt/rustwide/rustup-home" "-e" "CARGO_TARGET_DIR=/opt/rustwide/target" "-e" "CARGO_INCREMENTAL=0" "-e" "RUST_BACKTRACE=full" "-e" "RUSTFLAGS=--cap-lints=warn" "-e" "RUSTDOCFLAGS=--cap-lints=warn" "-w" "/opt/rustwide/workdir" "--user" "0:0" "88acfd37b92e77e2073ad69490859d20ac968ed1819314858ed285315196fa77" "/opt/rustwide/cargo-home/bin/cargo" "+1.99.0-beta.8" "test" "--frozen" "--release", kill_on_drop: false }`
[INFO] [stderr] warning: Cargo.toml: `package.edition` is unspecified, defaulting to `2015` while the latest is `2024`
[INFO] [stderr] warning: `tasque` (manifest) generated 1 warning
[INFO] [stderr]     Finished `release` profile [optimized] target(s) in 0.03s
[INFO] [stderr] warning: the following packages contain code that will be rejected by a future version of Rust: nom v2.2.1
[INFO] [stderr] note: to see what the problems were, use the option `--future-incompat-report`, or run `cargo report future-incompatibilities --id 5`
[INFO] [stderr]      Running unittests src/lib.rs (/opt/rustwide/target/release/deps/tasque-11586aa44cb96c90)
[INFO] [stdout] 
[INFO] [stdout] running 3 tests
[INFO] [stdout] test tests::worker_restart_works ... ok
[INFO] [stdout] test tests::multiple_workers_works ... FAILED
[INFO] [stdout] test tests::single_worker_works ... ok
[INFO] [stdout] 
[INFO] [stdout] failures:
[INFO] [stdout] 
[INFO] [stdout] ---- tests::multiple_workers_works stdout ----
[INFO] [stdout] 
[INFO] [stdout] thread 'tests::multiple_workers_works' (468) panicked at src/lib.rs:85:9:
[INFO] [stdout] assertion `left == right` failed
[INFO] [stdout]   left: Some(0)
[INFO] [stdout]  right: Some(1)
[INFO] [stdout] stack backtrace:
[INFO] [stdout]    0:     0x606d65b02a21 - <<std[70759c8f55707aa4]::sys::backtrace::BacktraceLock>::print::DisplayBacktrace as core[df12db4294e9bfd3]::fmt::Display>::fmt
[INFO] [stdout]    1:     0x606d65b16eca - core[df12db4294e9bfd3]::fmt::write
[INFO] [stdout]    2:     0x606d65b06f6c - <alloc[2182bb758b4b3781]::vec::Vec<u8> as core[df12db4294e9bfd3]::io::write::Write>::write_fmt
[INFO] [stdout]    3:     0x606d65adef66 - std[70759c8f55707aa4]::panicking::default_hook::{closure#0}
[INFO] [stdout]    4:     0x606d65afb0d9 - std[70759c8f55707aa4]::panicking::default_hook
[INFO] [stdout]    5:     0x606d65a85270 - test[9d35eded1c95d3be]::test_main_inner::<test[9d35eded1c95d3be]::test_main_static::{closure#0}>::{closure#0}
[INFO] [stdout]    6:     0x606d65afb292 - std[70759c8f55707aa4]::panicking::panic_with_hook
[INFO] [stdout]    7:     0x606d65adf012 - std[70759c8f55707aa4]::panicking::panic_handler::{closure#0}
[INFO] [stdout]    8:     0x606d65ad7d69 - std[70759c8f55707aa4]::sys::backtrace::__rust_end_short_backtrace::<std[70759c8f55707aa4]::panicking::panic_handler::{closure#0}, !>
[INFO] [stdout]    9:     0x606d65adfc0d - __rustc[8fa7c3cbc660c2b3]::rust_begin_unwind
[INFO] [stdout]   10:     0x606d65b175fc - core[df12db4294e9bfd3]::panicking::panic_fmt
[INFO] [stdout]   11:     0x606d65b17513 - core[df12db4294e9bfd3]::panicking::assert_failed_inner
[INFO] [stdout]   12:     0x606d65a74207 - core[df12db4294e9bfd3]::panicking::assert_failed::<core[df12db4294e9bfd3]::option::Option<u64>, core[df12db4294e9bfd3]::option::Option<u64>>
[INFO] [stdout]   13:     0x606d65a76e49 - tasque[e21c3bbed4292c0a]::tests::multiple_workers_works
[INFO] [stdout]   14:     0x606d65a784e9 - <tasque[e21c3bbed4292c0a]::tests::multiple_workers_works::{closure#0} as core[df12db4294e9bfd3]::ops::function::FnOnce<()>>::call_once
[INFO] [stdout]   15:     0x606d65a7855b - test[9d35eded1c95d3be]::__rust_begin_short_backtrace::<core[df12db4294e9bfd3]::result::Result<(), alloc[2182bb758b4b3781]::string::String>, fn() -> core[df12db4294e9bfd3]::result::Result<(), alloc[2182bb758b4b3781]::string::String>>
[INFO] [stdout]   16:     0x606d65a85bc5 - test[9d35eded1c95d3be]::run_test::{closure#0}
[INFO] [stdout]   17:     0x606d65a7f484 - std[70759c8f55707aa4]::sys::backtrace::__rust_begin_short_backtrace::<test[9d35eded1c95d3be]::run_test::{closure#1}, ()>
[INFO] [stdout]   18:     0x606d65a88d22 - <std[70759c8f55707aa4]::thread::lifecycle::spawn_unchecked<test[9d35eded1c95d3be]::run_test::{closure#1}, ()>::{closure#1} as core[df12db4294e9bfd3]::ops::function::FnOnce<()>>::call_once::{shim:vtable#0}
[INFO] [stdout]   19:     0x606d65b022f9 - <std[70759c8f55707aa4]::sys::thread::unix::Thread>::new::thread_start
[INFO] [stdout]   20:     0x7a5bb84c0dfa - <unknown>
[INFO] [stdout]   21:     0x7a5bb85543d4 - clone
[INFO] [stdout]   22:                0x0 - <unknown>
[INFO] [stdout] 
[INFO] [stdout] 
[INFO] [stdout] failures:
[INFO] [stdout]     tests::multiple_workers_works
[INFO] [stdout] 
[INFO] [stdout] test result: FAILED. 2 passed; 1 failed; 0 ignored; 0 measured; 0 filtered out; finished in 0.08s
[INFO] [stdout] 
[INFO] [stderr] error: test failed, to rerun pass `--lib`
[INFO] running `Command { std: "docker" "inspect" "88acfd37b92e77e2073ad69490859d20ac968ed1819314858ed285315196fa77", kill_on_drop: false }`
[INFO] running `Command { std: "docker" "rm" "-f" "88acfd37b92e77e2073ad69490859d20ac968ed1819314858ed285315196fa77", kill_on_drop: false }`
[INFO] [stdout] 88acfd37b92e77e2073ad69490859d20ac968ed1819314858ed285315196fa77
