[INFO] fetching crate stryke_web 0.1.0...
[INFO] testing stryke_web-0.1.0 against 1.100.0-beta.1+cargoflags=--release for beta-release-1.100-3
[INFO] extracting crate stryke_web 0.1.0 into /workspace/builds/worker-2-tc2/source
[INFO] started tweaking crates.io crate stryke_web 0.1.0
[INFO] finished tweaking crates.io crate stryke_web 0.1.0
[INFO] tweaked toml for crates.io crate stryke_web 0.1.0 written to /workspace/builds/worker-2-tc2/source/Cargo.toml
[INFO] validating manifest of crates.io crate stryke_web 0.1.0 on toolchain 1.100.0-beta.1
[INFO] running `Command { std: CARGO_HOME="/workspace/cargo-home" RUSTUP_HOME="/workspace/rustup-home" "/workspace/cargo-home/bin/cargo" "+1.100.0-beta.1" "metadata" "--manifest-path" "Cargo.toml" "--no-deps", kill_on_drop: false }`
[INFO] crate crates.io crate stryke_web 0.1.0 already has a lockfile, it will not be regenerated
[INFO] running `Command { std: CARGO_HOME="/workspace/cargo-home" RUSTUP_HOME="/workspace/rustup-home" "/workspace/cargo-home/bin/cargo" "+1.100.0-beta.1" "fetch" "--manifest-path" "Cargo.toml", kill_on_drop: false }`
[INFO] running `Command { std: "docker" "create" "-v" "/var/lib/crater-agent-workspace/builds/worker-2-tc2/source:/opt/rustwide/workdir:ro,Z" "-v" "/var/lib/crater-agent-workspace/builds/worker-2-tc2/target:/opt/rustwide/target:rw,Z" "-v" "/var/lib/crater-agent-workspace/cargo-home:/opt/rustwide/cargo-home:ro,Z" "-v" "/var/lib/crater-agent-workspace/rustup-home:/opt/rustwide/rustup-home:ro,Z" "-m" "1610612736" "--network" "none" "ghcr.io/rust-lang/crates-build-env/linux@sha256:77db811e55d90add9212f6832c23229e3de5f1c1f9905e8cb07319ea15df73ac" "sleep" "infinity", kill_on_drop: false }`
[INFO] [stdout] 06acbafc09d93606ac47f5aace5f18e1751d9464f4bb037e94fe971356f57b1c
[INFO] running `Command { std: "docker" "start" "06acbafc09d93606ac47f5aace5f18e1751d9464f4bb037e94fe971356f57b1c", kill_on_drop: false }`
[INFO] running `Command { std: "docker" "inspect" "06acbafc09d93606ac47f5aace5f18e1751d9464f4bb037e94fe971356f57b1c", kill_on_drop: false }`
[INFO] running `Command { std: "docker" "exec" "-e" "SOURCE_DIR=/opt/rustwide/workdir" "-e" "CARGO_HOME=/opt/rustwide/cargo-home" "-e" "RUSTUP_HOME=/opt/rustwide/rustup-home" "-e" "CARGO_TARGET_DIR=/opt/rustwide/target" "-w" "/opt/rustwide/workdir" "--user" "0:0" "06acbafc09d93606ac47f5aace5f18e1751d9464f4bb037e94fe971356f57b1c" "/opt/rustwide/cargo-home/bin/cargo" "+1.100.0-beta.1" "metadata" "--no-deps" "--format-version=1", kill_on_drop: false }`
[INFO] running `Command { std: "docker" "inspect" "06acbafc09d93606ac47f5aace5f18e1751d9464f4bb037e94fe971356f57b1c", kill_on_drop: false }`
[INFO] running `Command { std: "docker" "exec" "-e" "SOURCE_DIR=/opt/rustwide/workdir" "-e" "CARGO_HOME=/opt/rustwide/cargo-home" "-e" "RUSTUP_HOME=/opt/rustwide/rustup-home" "-e" "CARGO_TARGET_DIR=/opt/rustwide/target" "-e" "CARGO_INCREMENTAL=0" "-e" "RUST_BACKTRACE=full" "-e" "RUSTFLAGS=--cap-lints=warn" "-e" "RUSTDOCFLAGS=--cap-lints=warn" "-w" "/opt/rustwide/workdir" "--user" "0:0" "06acbafc09d93606ac47f5aace5f18e1751d9464f4bb037e94fe971356f57b1c" "/opt/rustwide/cargo-home/bin/cargo" "+1.100.0-beta.1" "build" "--frozen" "--message-format=json" "--release", kill_on_drop: false }`
[INFO] [stderr]    Compiling quote v1.0.45
[INFO] [stderr]    Compiling utf8parse v0.2.2
[INFO] [stderr]    Compiling anstyle v1.0.14
[INFO] [stderr]    Compiling anstyle-query v1.1.5
[INFO] [stderr]    Compiling colorchoice v1.0.5
[INFO] [stderr]    Compiling is_terminal_polyfill v1.70.2
[INFO] [stderr]    Compiling clap_lex v1.1.0
[INFO] [stderr]    Compiling heck v0.5.0
[INFO] [stderr]    Compiling anstyle-parse v1.0.0
[INFO] [stderr]    Compiling anstream v1.0.0
[INFO] [stderr]    Compiling syn v2.0.117
[INFO] [stderr]    Compiling clap_builder v4.6.0
[INFO] [stderr]    Compiling clap_derive v4.6.1
[INFO] [stderr]    Compiling clap v4.6.1
[INFO] [stderr]    Compiling stryke_web v0.1.0 (/opt/rustwide/workdir)
[INFO] [stderr]     Finished `release` profile [optimized] target(s) in 9.69s
[INFO] running `Command { std: "docker" "inspect" "06acbafc09d93606ac47f5aace5f18e1751d9464f4bb037e94fe971356f57b1c", kill_on_drop: false }`
[INFO] running `Command { std: "docker" "exec" "-e" "SOURCE_DIR=/opt/rustwide/workdir" "-e" "CARGO_HOME=/opt/rustwide/cargo-home" "-e" "RUSTUP_HOME=/opt/rustwide/rustup-home" "-e" "CARGO_TARGET_DIR=/opt/rustwide/target" "-e" "CARGO_INCREMENTAL=0" "-e" "RUST_BACKTRACE=full" "-e" "RUSTFLAGS=--cap-lints=warn" "-e" "RUSTDOCFLAGS=--cap-lints=warn" "-w" "/opt/rustwide/workdir" "--user" "0:0" "06acbafc09d93606ac47f5aace5f18e1751d9464f4bb037e94fe971356f57b1c" "/opt/rustwide/cargo-home/bin/cargo" "+1.100.0-beta.1" "test" "--frozen" "--no-run" "--message-format=json" "--release", kill_on_drop: false }`
[INFO] [stderr]    Compiling libc v0.2.186
[INFO] [stderr]    Compiling rustix v1.1.4
[INFO] [stderr]    Compiling bitflags v2.13.0
[INFO] [stderr]    Compiling linux-raw-sys v0.12.1
[INFO] [stderr]    Compiling once_cell v1.21.4
[INFO] [stderr]    Compiling fastrand v2.4.1
[INFO] [stderr]    Compiling getrandom v0.4.3
[INFO] [stderr]    Compiling tempfile v3.27.0
[INFO] [stderr]    Compiling stryke_web v0.1.0 (/opt/rustwide/workdir)
[INFO] [stderr]     Finished `release` profile [optimized] target(s) in 5.57s
[INFO] running `Command { std: "docker" "inspect" "06acbafc09d93606ac47f5aace5f18e1751d9464f4bb037e94fe971356f57b1c", kill_on_drop: false }`
[INFO] running `Command { std: "docker" "exec" "-e" "SOURCE_DIR=/opt/rustwide/workdir" "-e" "CARGO_HOME=/opt/rustwide/cargo-home" "-e" "RUSTUP_HOME=/opt/rustwide/rustup-home" "-e" "CARGO_TARGET_DIR=/opt/rustwide/target" "-e" "CARGO_INCREMENTAL=0" "-e" "RUST_BACKTRACE=full" "-e" "RUSTFLAGS=--cap-lints=warn" "-e" "RUSTDOCFLAGS=--cap-lints=warn" "-w" "/opt/rustwide/workdir" "--user" "0:0" "06acbafc09d93606ac47f5aace5f18e1751d9464f4bb037e94fe971356f57b1c" "/opt/rustwide/cargo-home/bin/cargo" "+1.100.0-beta.1" "test" "--frozen" "--release", kill_on_drop: false }`
[INFO] [stderr]     Finished `release` profile [optimized] target(s) in 0.05s
[INFO] [stderr]      Running unittests src/lib.rs (/opt/rustwide/target/release/build/stryke_web/cba29bbad9d7ace1/out/stryke_web-cba29bbad9d7ace1)
[INFO] [stdout] 
[INFO] [stdout] running 77 tests
[INFO] [stdout] test cmd_db::tests::boot_prelude_references_required_runtime_builtins ... ok
[INFO] [stdout] test cmd_extras::tests::apply_theme_rejects_unknown_theme_with_full_picker_list ... ok
[INFO] [stdout] test cmd_extras::tests::apply_theme_api_mode_is_noop ... ok
[INFO] [stdout] test cmd_db::tests::seed_errors_when_application_stk_missing ... ok
[INFO] [stdout] test cmd_db::tests::ensure_app_root_errors_with_helpful_message_outside_app_dir ... ok
[INFO] [stdout] test cmd_db::tests::ensure_app_root_succeeds_when_application_stk_present ... ok
[INFO] [stdout] test cmd_db::tests::reset_source_calls_migrate_before_seed ... ok
[INFO] [stdout] test cmd_extras::tests::append_routes_is_idempotent_for_same_line ... ok
[INFO] [stdout] test cmd_db::tests::reset_errors_when_application_stk_missing ... ok
[INFO] [stdout] test cmd_extras::tests::append_routes_errors_when_routes_file_missing ... ok
[INFO] [stdout] test cmd_extras::tests::admin_errors_outside_app_dir ... ok
[INFO] [stdout] test cmd_db::tests::migrate_errors_when_application_stk_missing ... ok
[INFO] [stdout] test cmd_extras::tests::api_errors_outside_app_dir ... ok
[INFO] [stdout] test cmd_db::tests::rollback_errors_when_application_stk_missing ... ok
[INFO] [stdout] test cmd_generate::tests::controller_file_stem_is_snake_plural ... ok
[INFO] [stdout] test cmd_extras::tests::append_routes_appends_to_existing_file ... ok
[INFO] [stdout] test cmd_generate::tests::controller_class_pluralizes_and_pascal_cases ... ok
[INFO] [stdout] test cmd_generate::tests::migration_command_writes_file_with_fields_in_body ... ok
[INFO] [stdout] test cmd_extras::tests::apply_theme_cyberpunk_uses_cyber_layout_not_plain ... ok
[INFO] [stdout] test cmd_extras::tests::auth_errors_outside_app_dir ... ok
[INFO] [stdout] test cmd_extras::tests::apply_theme_simple_writes_plain_layout_and_css ... ok
[INFO] [stdout] test cmd_extras::tests::ensure_app_root_succeeds_inside_app_dir ... ok
[INFO] [stdout] test cmd_extras::tests::docker_writes_dockerfile_and_dockerignore ... ok
[INFO] [stdout] test cmd_extras::tests::channel_errors_outside_app_dir ... ok
[INFO] [stdout] test cmd_generate::tests::stryke_type_for_and_sql_type_for_cover_same_string_family ... ok
[INFO] [stdout] test cmd_generate::tests::stryke_type_for_bool_aliases ... ok
[INFO] [stdout] test cmd_generate::tests::stryke_type_for_unknown_falls_back_to_any ... ok
[INFO] [stdout] test cmd_generate::tests::model_command_writes_both_model_and_migration ... ok
[INFO] [stdout] test cmd_generate::tests::stryke_type_for_and_sql_type_for_cover_same_int_family ... ok
[INFO] [stdout] test cmd_generate::tests::stryke_type_for_string_family ... ok
[INFO] [stdout] test cmd_generate::tests::write_migration_file_uses_timestamp_prefix_and_snake_table ... ok
[INFO] [stdout] test cmd_generate::tests::write_model_file_creates_expected_path ... ok
[INFO] [stdout] test cmd_generate::tests::stryke_type_for_float_decimal_to_float ... ok
[INFO] [stdout] test cmd_generate::tests::stryke_type_for_int_family_collapses_references ... ok
[INFO] [stdout] test cmd_extras::tests::apply_theme_writes_one_of_the_known_css_blobs ... FAILED
[INFO] [stdout] test cmd_extras::tests::ci_writes_workflow_yaml ... ok
[INFO] [stdout] test cmd_extras::tests::ensure_app_root_errors_outside_app_dir ... ok
[INFO] [stdout] test cmd_extras::tests::pwa_writes_manifest_and_service_worker ... ok
[INFO] [stdout] test cmd_extras::tests::job_errors_outside_app_dir ... ok
[INFO] [stdout] test presets::tests::every_resource_has_fields ... ok
[INFO] [stdout] test presets::tests::lookup_known_returns_some ... ok
[INFO] [stdout] test presets::tests::every_preset_has_resources ... ok
[INFO] [stdout] test util::tests::days_to_ymd_handles_leap_years ... ok
[INFO] [stdout] test util::tests::ends_with_vowel_y_basic ... ok
[INFO] [stdout] test util::tests::file_stem_is_snake_singular ... ok
[INFO] [stdout] test presets::tests::lookup_unknown_returns_none ... ok
[INFO] [stdout] test util::tests::days_to_ymd_epoch ... ok
[INFO] [stdout] test util::tests::ensure_dir_idempotent ... ok
[INFO] [stdout] test cmd_generate::tests::write_model_file_pluralizes_path_irregulars ... ok
[INFO] [stdout] test presets::tests::every_field_spec_has_colon_separator ... ok
[INFO] [stdout] test presets::tests::preset_names_are_unique ... ok
[INFO] [stdout] test presets::tests::everything_resources_dedupes_by_name ... ok
[INFO] [stdout] test util::tests::migration_timestamp_is_14_digits ... ok
[INFO] [stdout] test util::tests::days_to_ymd_known_anchors ... ok
[INFO] [stdout] test util::tests::migration_timestamp_is_monotonic_within_a_second ... ok
[INFO] [stdout] test util::tests::pluralize_y_to_s_vowel ... ok
[INFO] [stdout] test util::tests::force_write_overwrites ... ok
[INFO] [stdout] test util::tests::pluralize_accepts_pascal_case_input ... ok
[INFO] [stdout] test util::tests::pluralize_y_to_ies_consonant ... ok
[INFO] [stdout] test util::tests::parse_field_default_type_is_string ... ok
[INFO] [stdout] test util::tests::plural_snake_for_table_names ... ok
[INFO] [stdout] test util::tests::pluralize_irregulars ... ok
[INFO] [stdout] test util::tests::pluralize_ss_ch_sh_x_z_to_es ... ok
[INFO] [stdout] test util::tests::parse_field_snake_cases_name ... ok
[INFO] [stdout] test util::tests::pluralize_simple_s ... ok
[INFO] [stdout] test util::tests::parse_field_with_explicit_type ... ok
[INFO] [stdout] test util::tests::singularize_ies_to_y ... ok
[INFO] [stdout] test presets::tests::everything_resources_covers_blog_preset ... ok
[INFO] [stdout] test util::tests::class_name_pascalizes_singular ... ok
[INFO] [stdout] test util::tests::singularize_pluralize_roundtrip ... ok
[INFO] [stdout] test util::tests::singularize_strip_trailing_s ... ok
[INFO] [stdout] test util::tests::singularize_irregulars ... ok
[INFO] [stdout] test util::tests::singularize_keeps_ss_words ... ok
[INFO] [stdout] test util::tests::sql_type_for_unknown_falls_back_to_text ... ok
[INFO] [stdout] test util::tests::sql_type_for_known_types ... ok
[INFO] [stdout] test util::tests::write_file_creates_and_skips_identical ... ok
[INFO] [stdout] test cmd_extras::tests::mailer_errors_outside_app_dir ... ok
[INFO] [stdout] 
[INFO] [stdout] failures:
[INFO] [stdout] 
[INFO] [stdout] ---- cmd_extras::tests::apply_theme_writes_one_of_the_known_css_blobs stdout ----
[INFO] [stdout]        force  public/assets/application.css
[INFO] [stdout]        force  app/views/layouts/application.html.erb
[INFO] [stdout] Theme: simple
[INFO] [stdout]        force  public/assets/application.css
[INFO] [stdout] 
[INFO] [stdout] thread 'cmd_extras::tests::apply_theme_writes_one_of_the_known_css_blobs' (650) panicked at src/cmd_extras.rs:589:62:
[INFO] [stdout] dark: No such file or directory (os error 2)
[INFO] [stdout] stack backtrace:
[INFO] [stdout]    0:     0x637714e6ddc1 - <<std[617be2ca0a6fd877]::sys::backtrace::BacktraceLock>::print::DisplayBacktrace as core[a373ad73a504971]::fmt::Display>::fmt
[INFO] [stdout]    1:     0x637714e8273a - core[a373ad73a504971]::fmt::write
[INFO] [stdout]    2:     0x637714e724bc - <alloc[2e1b2a31b91974c5]::vec::Vec<u8> as core[a373ad73a504971]::io::write::Write>::write_fmt
[INFO] [stdout]    3:     0x637714e48116 - std[617be2ca0a6fd877]::panicking::default_hook::{closure#0}
[INFO] [stdout]    4:     0x637714e65419 - std[617be2ca0a6fd877]::panicking::default_hook
[INFO] [stdout]    5:     0x637714dfe980 - test[aada8e7e76ba119b]::test_main_inner::{closure#0}
[INFO] [stdout]    6:     0x637714e655d2 - std[617be2ca0a6fd877]::panicking::panic_with_hook
[INFO] [stdout]    7:     0x637714e481c2 - std[617be2ca0a6fd877]::panicking::panic_handler::{closure#0}
[INFO] [stdout]    8:     0x637714e40af9 - std[617be2ca0a6fd877]::sys::backtrace::__rust_end_short_backtrace::<std[617be2ca0a6fd877]::panicking::panic_handler::{closure#0}, !>
[INFO] [stdout]    9:     0x637714e48dcd - __rustc[ea4f61d10b84890b]::rust_begin_unwind
[INFO] [stdout]   10:     0x637714e82e6c - core[a373ad73a504971]::panicking::panic_fmt
[INFO] [stdout]   11:     0x637714dd4de0 - stryke_web[1e2d8e21560bec11]::cmd_extras::tests::apply_theme_writes_one_of_the_known_css_blobs::{closure#0}::{closure#0}
[INFO] [stdout]   12:     0x637714ddb125 - <stryke_web[1e2d8e21560bec11]::cmd_extras::tests::apply_theme_writes_one_of_the_known_css_blobs::{closure#0} as core[a373ad73a504971]::ops::function::FnOnce<()>>::call_once
[INFO] [stdout]   13:     0x637714df1dcb - test[aada8e7e76ba119b]::__rust_begin_short_backtrace::<core[a373ad73a504971]::result::Result<(), alloc[2e1b2a31b91974c5]::string::String>, fn() -> core[a373ad73a504971]::result::Result<(), alloc[2e1b2a31b91974c5]::string::String>>
[INFO] [stdout]   14:     0x637714dfefa5 - test[aada8e7e76ba119b]::run_test::{closure#0}
[INFO] [stdout]   15:     0x637714df8894 - std[617be2ca0a6fd877]::sys::backtrace::__rust_begin_short_backtrace::<test[aada8e7e76ba119b]::run_test::{closure#1}, ()>
[INFO] [stdout]   16:     0x637714e02032 - <std[617be2ca0a6fd877]::thread::lifecycle::spawn_unchecked<test[aada8e7e76ba119b]::run_test::{closure#1}, ()>::{closure#1} as core[a373ad73a504971]::ops::function::FnOnce<()>>::call_once::{shim:vtable#0}
[INFO] [stdout]   17:     0x637714e6d0df - <std[617be2ca0a6fd877]::sys::thread::unix::Thread>::new::thread_start
[INFO] [stdout]   18:     0x760238c27dfa - <unknown>
[INFO] [stdout]   19:     0x760238cbb3d4 - clone
[INFO] [stdout]   20:                0x0 - <unknown>
[INFO] [stdout] 
[INFO] [stdout] 
[INFO] [stdout] failures:
[INFO] [stdout]     cmd_extras::tests::apply_theme_writes_one_of_the_known_css_blobs
[INFO] [stdout] 
[INFO] [stdout] test result: FAILED. 76 passed; 1 failed; 0 ignored; 0 measured; 0 filtered out; finished in 0.10s
[INFO] [stderr] error: test failed, to rerun pass `--lib`
[INFO] [stdout] 
[INFO] running `Command { std: "docker" "inspect" "06acbafc09d93606ac47f5aace5f18e1751d9464f4bb037e94fe971356f57b1c", kill_on_drop: false }`
[INFO] running `Command { std: "docker" "rm" "-f" "06acbafc09d93606ac47f5aace5f18e1751d9464f4bb037e94fe971356f57b1c", kill_on_drop: false }`
[INFO] [stdout] 06acbafc09d93606ac47f5aace5f18e1751d9464f4bb037e94fe971356f57b1c
