[INFO] fetching crate skani 0.4.0...
[INFO] testing skani-0.4.0 against 1.100.0-beta.1+cargoflags=--release for beta-release-1.100-3
[INFO] extracting crate skani 0.4.0 into /workspace/builds/worker-7-tc2/source
[INFO] started tweaking crates.io crate skani 0.4.0
[INFO] removed 0 missing tests
[INFO] finished tweaking crates.io crate skani 0.4.0
[INFO] tweaked toml for crates.io crate skani 0.4.0 written to /workspace/builds/worker-7-tc2/source/Cargo.toml
[INFO] validating manifest of crates.io crate skani 0.4.0 on toolchain 1.100.0-beta.1
[INFO] running `Command { std: CARGO_HOME="/workspace/cargo-home" RUSTUP_HOME="/workspace/rustup-home" "/workspace/cargo-home/bin/cargo" "+1.100.0-beta.1" "metadata" "--manifest-path" "Cargo.toml" "--no-deps", kill_on_drop: false }`
[INFO] crate crates.io crate skani 0.4.0 already has a lockfile, it will not be regenerated
[INFO] running `Command { std: CARGO_HOME="/workspace/cargo-home" RUSTUP_HOME="/workspace/rustup-home" "/workspace/cargo-home/bin/cargo" "+1.100.0-beta.1" "fetch" "--manifest-path" "Cargo.toml", kill_on_drop: false }`
[INFO] [stderr] warning: `package.homepage` is redundant with `package.repository`
[INFO] [stderr]    --> Cargo.toml:106:12
[INFO] [stderr]     |
[INFO] [stderr] 106 | homepage = "https://github.com/bluenote-1577/skani"
[INFO] [stderr]     |            ^^^^^^^^^^^^^^^^^^^^^^^^^^^^^^^^^^^^^^^^
[INFO] [stderr] ...
[INFO] [stderr] 110 | repository = "https://github.com/bluenote-1577/skani"
[INFO] [stderr]     |              ----------------------------------------
[INFO] [stderr]     |
[INFO] [stderr]     = note: `cargo::redundant_homepage` is set to `warn` by default
[INFO] [stderr] help: consider removing `package.homepage`
[INFO] [stderr] warning: `skani` (manifest) generated 1 warning
[INFO] running `Command { std: "docker" "create" "-v" "/var/lib/crater-agent-workspace/builds/worker-7-tc2/source:/opt/rustwide/workdir:ro,Z" "-v" "/var/lib/crater-agent-workspace/builds/worker-7-tc2/target:/opt/rustwide/target:rw,Z" "-v" "/var/lib/crater-agent-workspace/cargo-home:/opt/rustwide/cargo-home:ro,Z" "-v" "/var/lib/crater-agent-workspace/rustup-home:/opt/rustwide/rustup-home:ro,Z" "-m" "1610612736" "--network" "none" "ghcr.io/rust-lang/crates-build-env/linux@sha256:77db811e55d90add9212f6832c23229e3de5f1c1f9905e8cb07319ea15df73ac" "sleep" "infinity", kill_on_drop: false }`
[INFO] [stdout] df912468511e54335f97fd691b7d2243e4c33456fc6a29ceba64b5e2e51be416
[INFO] running `Command { std: "docker" "start" "df912468511e54335f97fd691b7d2243e4c33456fc6a29ceba64b5e2e51be416", kill_on_drop: false }`
[INFO] running `Command { std: "docker" "inspect" "df912468511e54335f97fd691b7d2243e4c33456fc6a29ceba64b5e2e51be416", kill_on_drop: false }`
[INFO] running `Command { std: "docker" "exec" "-e" "SOURCE_DIR=/opt/rustwide/workdir" "-e" "CARGO_HOME=/opt/rustwide/cargo-home" "-e" "RUSTUP_HOME=/opt/rustwide/rustup-home" "-e" "CARGO_TARGET_DIR=/opt/rustwide/target" "-w" "/opt/rustwide/workdir" "--user" "0:0" "df912468511e54335f97fd691b7d2243e4c33456fc6a29ceba64b5e2e51be416" "/opt/rustwide/cargo-home/bin/cargo" "+1.100.0-beta.1" "metadata" "--no-deps" "--format-version=1", kill_on_drop: false }`
[INFO] running `Command { std: "docker" "inspect" "df912468511e54335f97fd691b7d2243e4c33456fc6a29ceba64b5e2e51be416", kill_on_drop: false }`
[INFO] running `Command { std: "docker" "exec" "-e" "SOURCE_DIR=/opt/rustwide/workdir" "-e" "CARGO_HOME=/opt/rustwide/cargo-home" "-e" "RUSTUP_HOME=/opt/rustwide/rustup-home" "-e" "CARGO_TARGET_DIR=/opt/rustwide/target" "-e" "CARGO_INCREMENTAL=0" "-e" "RUST_BACKTRACE=full" "-e" "RUSTFLAGS=--cap-lints=warn" "-e" "RUSTDOCFLAGS=--cap-lints=warn" "-w" "/opt/rustwide/workdir" "--user" "0:0" "df912468511e54335f97fd691b7d2243e4c33456fc6a29ceba64b5e2e51be416" "/opt/rustwide/cargo-home/bin/cargo" "+1.100.0-beta.1" "build" "--frozen" "--message-format=json" "--release", kill_on_drop: false }`
[INFO] [stderr] warning: `package.homepage` is redundant with `package.repository`
[INFO] [stderr]    --> Cargo.toml:106:12
[INFO] [stderr]     |
[INFO] [stderr] 106 | homepage = "https://github.com/bluenote-1577/skani"
[INFO] [stderr]     |            ^^^^^^^^^^^^^^^^^^^^^^^^^^^^^^^^^^^^^^^^
[INFO] [stderr] ...
[INFO] [stderr] 110 | repository = "https://github.com/bluenote-1577/skani"
[INFO] [stderr]     |              ----------------------------------------
[INFO] [stderr]     |
[INFO] [stderr]     = note: `cargo::redundant_homepage` is set to `warn` by default
[INFO] [stderr] help: consider removing `package.homepage`
[INFO] [stderr] warning: `skani` (manifest) generated 1 warning
[INFO] [stderr]    Compiling autocfg v1.1.0
[INFO] [stderr]    Compiling proc-macro2 v1.0.69
[INFO] [stderr]    Compiling unicode-ident v1.0.12
[INFO] [stderr]    Compiling libc v0.2.174
[INFO] [stderr]    Compiling libm v0.2.8
[INFO] [stderr]    Compiling cfg-if v1.0.0
[INFO] [stderr]    Compiling syn v1.0.109
[INFO] [stderr]    Compiling serde v1.0.188
[INFO] [stderr]    Compiling version_check v0.9.4
[INFO] [stderr]    Compiling autocfg v0.1.8
[INFO] [stderr]    Compiling memchr v2.6.4
[INFO] [stderr]    Compiling num-traits v0.2.17
[INFO] [stderr]    Compiling rand_core v0.4.2
[INFO] [stderr]    Compiling num-integer v0.1.45
[INFO] [stderr]    Compiling pkg-config v0.3.27
[INFO] [stderr]    Compiling quote v1.0.33
[INFO] [stderr]    Compiling proc-macro-error-attr v1.0.4
[INFO] [stderr]    Compiling syn v2.0.38
[INFO] [stderr]    Compiling rand_core v0.3.1
[INFO] [stderr]    Compiling proc-macro-error v1.0.4
[INFO] [stderr]    Compiling matrixmultiply v0.3.8
[INFO] [stderr]    Compiling cc v1.0.83
[INFO] [stderr]    Compiling memoffset v0.9.0
[INFO] [stderr]    Compiling bytemuck v1.14.0
[INFO] [stderr]    Compiling getrandom v0.2.10
[INFO] [stderr]    Compiling crossbeam-utils v0.8.16
[INFO] [stderr]    Compiling paste v1.0.14
[INFO] [stderr]    Compiling rand_core v0.6.4
[INFO] [stderr]    Compiling ppv-lite86 v0.2.17
[INFO] [stderr]    Compiling safe_arch v0.7.1
[INFO] [stderr]    Compiling num-complex v0.4.4
[INFO] [stderr]    Compiling rand_chacha v0.3.1
[INFO] [stderr]    Compiling aho-corasick v1.1.2
[INFO] [stderr]    Compiling crossbeam-epoch v0.9.15
[INFO] [stderr]    Compiling num-rational v0.4.1
[INFO] [stderr]    Compiling rustversion v1.0.14
[INFO] [stderr]    Compiling typenum v1.17.0
[INFO] [stderr]    Compiling semver v0.1.20
[INFO] [stderr]    Compiling regex-syntax v0.8.0
[INFO] [stderr]    Compiling rawpointer v0.2.1
[INFO] [stderr]    Compiling heck v0.4.1
[INFO] [stderr]    Compiling rustc_version v0.1.7
[INFO] [stderr]    Compiling bzip2-sys v0.1.11+1.0.8
[INFO] [stderr]    Compiling lzma-sys v0.1.20
[INFO] [stderr]    Compiling rand v0.8.5
[INFO] [stderr]    Compiling wide v0.7.12
[INFO] [stderr]    Compiling approx v0.5.1
[INFO] [stderr]    Compiling rand_pcg v0.1.2
[INFO] [stderr]    Compiling regex-automata v0.4.1
[INFO] [stderr]    Compiling rand_chacha v0.1.1
[INFO] [stderr]    Compiling bit-vec v0.6.3
[INFO] [stderr]    Compiling serde_derive v1.0.188
[INFO] [stderr]    Compiling itoa v1.0.9
[INFO] [stderr]    Compiling thiserror v1.0.49
[INFO] [stderr]    Compiling feature-probe v0.1.1
[INFO] [stderr]    Compiling crc32fast v1.3.2
[INFO] [stderr]    Compiling lazy_static v1.4.0
[INFO] [stderr]    Compiling ryu v1.0.15
[INFO] [stderr]    Compiling scopeguard v1.2.0
[INFO] [stderr]    Compiling bv v0.11.1
[INFO] [stderr]    Compiling nalgebra-macros v0.1.0
[INFO] [stderr]    Compiling simba v0.6.0
[INFO] [stderr]    Compiling bit-set v0.5.3
[INFO] [stderr]    Compiling thiserror-impl v1.0.49
[INFO] [stderr]    Compiling rand_distr v0.4.3
[INFO] [stderr]    Compiling newtype_derive v0.1.6
[INFO] [stderr]    Compiling rand v0.6.5
[INFO] [stderr]    Compiling indexmap v1.9.3
[INFO] [stderr]    Compiling regex v1.10.0
[INFO] [stderr]    Compiling rayon-core v1.12.0
[INFO] [stderr]    Compiling equivalent v1.0.1
[INFO] [stderr]    Compiling hashbrown v0.14.1
[INFO] [stderr]    Compiling either v1.9.0
[INFO] [stderr]    Compiling anyhow v1.0.75
[INFO] [stderr]    Compiling adler v1.0.2
[INFO] [stderr]    Compiling serde_json v1.0.107
[INFO] [stderr]    Compiling miniz_oxide v0.7.1
[INFO] [stderr]    Compiling indexmap v2.0.2
[INFO] [stderr]    Compiling strum_macros v0.25.2
[INFO] [stderr]    Compiling crossbeam-deque v0.8.3
[INFO] [stderr]    Compiling derive-new v0.5.9
[INFO] [stderr]    Compiling enum-map-derive v0.6.0
[INFO] [stderr]    Compiling rand_os v0.1.3
[INFO] [stderr]    Compiling rand_hc v0.1.0
[INFO] [stderr]    Compiling rand_isaac v0.1.1
[INFO] [stderr]    Compiling rand_xorshift v0.1.1
[INFO] [stderr]    Compiling csv-core v0.1.11
[INFO] [stderr]    Compiling rand_jitter v0.1.4
[INFO] [stderr]    Compiling trilean v1.1.0
[INFO] [stderr]    Compiling hashbrown v0.12.3
[INFO] [stderr]    Compiling bytecount v0.6.4
[INFO] [stderr]    Compiling byteorder v1.5.0
[INFO] [stderr]    Compiling os_str_bytes v6.5.1
[INFO] [stderr]    Compiling fixedbitset v0.4.2
[INFO] [stderr]    Compiling safemem v0.3.3
[INFO] [stderr]    Compiling petgraph v0.6.4
[INFO] [stderr]    Compiling fxhash v0.2.1
[INFO] [stderr]    Compiling buffer-redux v1.0.0
[INFO] [stderr]    Compiling clap_lex v0.2.4
[INFO] [stderr]    Compiling nalgebra v0.29.0
[INFO] [stderr]    Compiling bio-types v1.0.1
[INFO] [stderr]    Compiling gcollections v1.5.0
[INFO] [stderr]    Compiling enum-map v1.1.1
[INFO] [stderr]    Compiling multimap v0.8.3
[INFO] [stderr]    Compiling csv v1.3.0
[INFO] [stderr]    Compiling vec_map v0.8.2
[INFO] [stderr]    Compiling flate2 v1.0.27
[INFO] [stderr]    Compiling xz2 v0.1.7
[INFO] [stderr]    Compiling bzip2 v0.4.4
[INFO] [stderr]    Compiling itertools v0.11.0
[INFO] [stderr]    Compiling getset v0.1.2
[INFO] [stderr]    Compiling clap_derive v3.2.25
[INFO] [stderr]    Compiling ndarray v0.15.6
[INFO] [stderr]    Compiling itertools-num v0.1.3
[INFO] [stderr]    Compiling ordered-float v3.9.1
[INFO] [stderr]    Compiling thread-id v3.3.0
[INFO] [stderr]    Compiling atty v0.2.14
[INFO] [stderr]    Compiling termcolor v1.3.0
[INFO] [stderr]    Compiling log v0.4.20
[INFO] [stderr]    Compiling textwrap v0.16.0
[INFO] [stderr]    Compiling strum v0.25.0
[INFO] [stderr]    Compiling cfg-if v0.1.10
[INFO] [stderr]    Compiling triple_accel v0.4.0
[INFO] [stderr]    Compiling once_cell v1.18.0
[INFO] [stderr]    Compiling custom_derive v0.1.7
[INFO] [stderr]    Compiling bitflags v1.3.2
[INFO] [stderr]    Compiling strsim v0.10.0
[INFO] [stderr]    Compiling editdistancek v1.0.2
[INFO] [stderr]    Compiling simple-logging v2.0.2
[INFO] [stderr]    Compiling needletail v0.5.1
[INFO] [stderr]    Compiling rayon v1.8.0
[INFO] [stderr]    Compiling clap v3.2.25
[INFO] [stderr]    Compiling intervallum v1.4.0
[INFO] [stderr]    Compiling smallvec v1.15.1
[INFO] [stderr]    Compiling bincode v1.3.3
[INFO] [stderr]    Compiling rust-lapper v1.1.0
[INFO] [stderr]    Compiling memmap2 v0.9.7
[INFO] [stderr]    Compiling fastrand v1.9.0
[INFO] [stderr]    Compiling gbdt v0.1.1
[INFO] [stderr]    Compiling statrs v0.16.0
[INFO] [stderr]    Compiling bio v1.4.0
[INFO] [stderr]    Compiling skani v0.4.0 (/opt/rustwide/workdir)
[INFO] [stdout] warning: variable `cloned_int` is assigned to, but never used
[INFO] [stdout]     --> src/chain.rs:1404:17
[INFO] [stdout]      |
[INFO] [stdout] 1404 |             let mut cloned_int = int.clone();
[INFO] [stdout]      |                 ^^^^^^^^^^^^^^
[INFO] [stdout]      |
[INFO] [stdout]      = note: consider using `_cloned_int` instead
[INFO] [stdout]      = note: `#[warn(unused_variables)]` (part of `#[warn(unused)]`) on by default
[INFO] [stdout] 
[INFO] [stdout] 
[INFO] [stdout] warning: value assigned to `cloned_int` is never read
[INFO] [stdout]     --> src/chain.rs:1405:13
[INFO] [stdout]      |
[INFO] [stdout] 1405 |             cloned_int.overlap = sum_overlaps_query;
[INFO] [stdout]      |             ^^^^^^^^^^^^^^^^^^^^^^^^^^^^^^^^^^^^^^^
[INFO] [stdout]      |
[INFO] [stdout]      = help: maybe it is overwritten before being read?
[INFO] [stdout]      = note: `#[warn(unused_assignments)]` (part of `#[warn(unused)]`) on by default
[INFO] [stdout] 
[INFO] [stdout] 
[INFO] [stderr]     Finished `release` profile [optimized] target(s) in 57.42s
[INFO] running `Command { std: "docker" "inspect" "df912468511e54335f97fd691b7d2243e4c33456fc6a29ceba64b5e2e51be416", kill_on_drop: false }`
[INFO] running `Command { std: "docker" "exec" "-e" "SOURCE_DIR=/opt/rustwide/workdir" "-e" "CARGO_HOME=/opt/rustwide/cargo-home" "-e" "RUSTUP_HOME=/opt/rustwide/rustup-home" "-e" "CARGO_TARGET_DIR=/opt/rustwide/target" "-e" "CARGO_INCREMENTAL=0" "-e" "RUST_BACKTRACE=full" "-e" "RUSTFLAGS=--cap-lints=warn" "-e" "RUSTDOCFLAGS=--cap-lints=warn" "-w" "/opt/rustwide/workdir" "--user" "0:0" "df912468511e54335f97fd691b7d2243e4c33456fc6a29ceba64b5e2e51be416" "/opt/rustwide/cargo-home/bin/cargo" "+1.100.0-beta.1" "test" "--frozen" "--no-run" "--message-format=json" "--release", kill_on_drop: false }`
[INFO] [stderr] warning: `package.homepage` is redundant with `package.repository`
[INFO] [stderr]    --> Cargo.toml:106:12
[INFO] [stderr]     |
[INFO] [stderr] 106 | homepage = "https://github.com/bluenote-1577/skani"
[INFO] [stderr]     |            ^^^^^^^^^^^^^^^^^^^^^^^^^^^^^^^^^^^^^^^^
[INFO] [stderr] ...
[INFO] [stderr] 110 | repository = "https://github.com/bluenote-1577/skani"
[INFO] [stderr]     |              ----------------------------------------
[INFO] [stderr]     |
[INFO] [stderr]     = note: `cargo::redundant_homepage` is set to `warn` by default
[INFO] [stderr] help: consider removing `package.homepage`
[INFO] [stderr] warning: `skani` (manifest) generated 1 warning
[INFO] [stderr]    Compiling cfg-if v1.0.0
[INFO] [stderr]    Compiling libc v0.2.174
[INFO] [stderr]    Compiling libm v0.2.8
[INFO] [stderr]    Compiling memchr v2.6.4
[INFO] [stderr]    Compiling serde v1.0.188
[INFO] [stderr]    Compiling rand_core v0.4.2
[INFO] [stderr]    Compiling scopeguard v1.2.0
[INFO] [stderr]    Compiling lazy_static v1.4.0
[INFO] [stderr]    Compiling ppv-lite86 v0.2.17
[INFO] [stderr]    Compiling futures-core v0.3.28
[INFO] [stderr]    Compiling regex-syntax v0.8.0
[INFO] [stderr]    Compiling rand_core v0.3.1
[INFO] [stderr]    Compiling either v1.9.0
[INFO] [stderr]    Compiling bytemuck v1.14.0
[INFO] [stderr]    Compiling safe_arch v0.7.1
[INFO] [stderr]    Compiling slab v0.4.9
[INFO] [stderr]    Compiling futures-channel v0.3.28
[INFO] [stderr]    Compiling rawpointer v0.2.1
[INFO] [stderr]    Compiling unicode-xid v0.1.0
[INFO] [stderr]    Compiling futures-task v0.3.28
[INFO] [stderr]    Compiling num-traits v0.2.17
[INFO] [stderr]    Compiling hashbrown v0.14.1
[INFO] [stderr]    Compiling aho-corasick v1.1.2
[INFO] [stderr]    Compiling wide v0.7.12
[INFO] [stderr]    Compiling getrandom v0.2.10
[INFO] [stderr]    Compiling proc-macro2 v0.2.3
[INFO] [stderr]    Compiling rand_core v0.6.4
[INFO] [stderr]    Compiling num-integer v0.1.45
[INFO] [stderr]    Compiling rand_chacha v0.3.1
[INFO] [stderr]    Compiling num-complex v0.4.4
[INFO] [stderr]    Compiling approx v0.5.1
[INFO] [stderr]    Compiling rand v0.8.5
[INFO] [stderr]    Compiling matrixmultiply v0.3.8
[INFO] [stderr]    Compiling crossbeam-utils v0.8.16
[INFO] [stderr]    Compiling memoffset v0.9.0
[INFO] [stderr]    Compiling lock_api v0.4.10
[INFO] [stderr]    Compiling ryu v1.0.15
[INFO] [stderr]    Compiling parking_lot_core v0.9.8
[INFO] [stderr]    Compiling futures-sink v0.3.28
[INFO] [stderr]    Compiling regex-automata v0.4.1
[INFO] [stderr]    Compiling bit-vec v0.6.3
[INFO] [stderr]    Compiling futures-util v0.3.28
[INFO] [stderr]    Compiling itoa v1.0.9
[INFO] [stderr]    Compiling bit-set v0.5.3
[INFO] [stderr]    Compiling simba v0.6.0
[INFO] [stderr]    Compiling rand_distr v0.4.3
[INFO] [stderr]    Compiling crossbeam-epoch v0.9.15
[INFO] [stderr]    Compiling smallvec v1.15.1
[INFO] [stderr]    Compiling num-rational v0.4.1
[INFO] [stderr]    Compiling quote v0.4.2
[INFO] [stderr]    Compiling typenum v1.17.0
[INFO] [stderr]    Compiling equivalent v1.0.1
[INFO] [stderr]    Compiling pin-project-lite v0.2.13
[INFO] [stderr]    Compiling predicates-core v1.0.6
[INFO] [stderr]    Compiling futures-io v0.3.28
[INFO] [stderr]    Compiling pin-utils v0.1.0
[INFO] [stderr]    Compiling once_cell v1.18.0
[INFO] [stderr]    Compiling adler v1.0.2
[INFO] [stderr]    Compiling miniz_oxide v0.7.1
[INFO] [stderr]    Compiling indexmap v2.0.2
[INFO] [stderr]    Compiling syn v0.12.15
[INFO] [stderr]    Compiling crossbeam-deque v0.8.3
[INFO] [stderr]    Compiling regex v1.10.0
[INFO] [stderr]    Compiling rand_os v0.1.3
[INFO] [stderr]    Compiling lzma-sys v0.1.20
[INFO] [stderr]    Compiling bzip2-sys v0.1.11+1.0.8
[INFO] [stderr]    Compiling csv-core v0.1.11
[INFO] [stderr]    Compiling rand_isaac v0.1.1
[INFO] [stderr]    Compiling rand_xorshift v0.1.1
[INFO] [stderr]    Compiling rand_hc v0.1.0
[INFO] [stderr]    Compiling rand_chacha v0.1.1
[INFO] [stderr]    Compiling rand_pcg v0.1.2
[INFO] [stderr]    Compiling rand_jitter v0.1.4
[INFO] [stderr]    Compiling crc32fast v1.3.2
[INFO] [stderr]    Compiling thiserror v1.0.49
[INFO] [stderr]    Compiling os_str_bytes v6.5.1
[INFO] [stderr]    Compiling trilean v1.1.0
[INFO] [stderr]    Compiling byteorder v1.5.0
[INFO] [stderr]    Compiling nalgebra v0.29.0
[INFO] [stderr]    Compiling safemem v0.3.3
[INFO] [stderr]    Compiling indexed v0.1.1
[INFO] [stderr]    Compiling fixedbitset v0.4.2
[INFO] [stderr]    Compiling bytecount v0.6.4
[INFO] [stderr]    Compiling hashbrown v0.12.3
[INFO] [stderr]    Compiling log v0.4.20
[INFO] [stderr]    Compiling doc-comment v0.3.3
[INFO] [stderr]    Compiling petgraph v0.6.4
[INFO] [stderr]    Compiling trees v0.2.1
[INFO] [stderr]    Compiling buffer-redux v1.0.0
[INFO] [stderr]    Compiling indexmap v1.9.3
[INFO] [stderr]    Compiling fxhash v0.2.1
[INFO] [stderr]    Compiling clap_lex v0.2.4
[INFO] [stderr]    Compiling gcollections v1.5.0
[INFO] [stderr]    Compiling futures-executor v0.3.28
[INFO] [stderr]    Compiling bio-types v1.0.1
[INFO] [stderr]    Compiling flate2 v1.0.27
[INFO] [stderr]    Compiling rand v0.6.5
[INFO] [stderr]    Compiling csv v1.3.0
[INFO] [stderr]    Compiling bzip2 v0.4.4
[INFO] [stderr]    Compiling xz2 v0.1.7
[INFO] [stderr]    Compiling rayon-core v1.12.0
[INFO] [stderr]    Compiling serde_derive_internals v0.21.0
[INFO] [stderr]    Compiling serde_json v1.0.107
[INFO] [stderr]    Compiling multimap v0.8.3
[INFO] [stderr]    Compiling bv v0.11.1
[INFO] [stderr]    Compiling vec_map v0.8.2
[INFO] [stderr]    Compiling ndarray v0.15.6
[INFO] [stderr]    Compiling itertools-num v0.1.3
[INFO] [stderr]    Compiling ordered-float v3.9.1
[INFO] [stderr]    Compiling atty v0.2.14
[INFO] [stderr]    Compiling thread-id v3.3.0
[INFO] [stderr]    Compiling itertools v0.10.5
[INFO] [stderr]    Compiling itertools v0.11.0
[INFO] [stderr]    Compiling enum-map v1.1.1
[INFO] [stderr]    Compiling newtype_derive v0.1.6
[INFO] [stderr]    Compiling anyhow v1.0.75
[INFO] [stderr]    Compiling strum v0.25.0
[INFO] [stderr]    Compiling strsim v0.10.0
[INFO] [stderr]    Compiling custom_derive v0.1.7
[INFO] [stderr]    Compiling termcolor v1.3.0
[INFO] [stderr]    Compiling bitflags v1.3.2
[INFO] [stderr]    Compiling editdistancek v1.0.2
[INFO] [stderr]    Compiling textwrap v0.16.0
[INFO] [stderr]    Compiling difflib v0.4.0
[INFO] [stderr]    Compiling cfg-if v0.1.10
[INFO] [stderr]    Compiling triple_accel v0.4.0
[INFO] [stderr]    Compiling regex-automata v0.1.10
[INFO] [stderr]    Compiling termtree v0.4.1
[INFO] [stderr]    Compiling predicates-tree v1.0.9
[INFO] [stderr]    Compiling bstr v0.2.17
[INFO] [stderr]    Compiling predicates v2.1.5
[INFO] [stderr]    Compiling clap v3.2.25
[INFO] [stderr]    Compiling simple-logging v2.0.2
[INFO] [stderr]    Compiling reflection_derive v0.1.1
[INFO] [stderr]    Compiling rayon v1.8.0
[INFO] [stderr]    Compiling needletail v0.5.1
[INFO] [stderr]    Compiling reflection v0.1.3
[INFO] [stderr]    Compiling intervallum v1.4.0
[INFO] [stderr]    Compiling futures v0.3.28
[INFO] [stderr]    Compiling parking_lot v0.12.1
[INFO] [stderr]    Compiling dashmap v5.5.3
[INFO] [stderr]    Compiling bincode v1.3.3
[INFO] [stderr]    Compiling rust-lapper v1.1.0
[INFO] [stderr]    Compiling float-cmp v0.8.0
[INFO] [stderr]    Compiling wait-timeout v0.2.0
[INFO] [stderr]    Compiling memmap2 v0.9.7
[INFO] [stderr]    Compiling serial_test_derive v0.10.0
[INFO] [stderr]    Compiling normalize-line-endings v0.3.0
[INFO] [stderr]    Compiling difference v2.0.0
[INFO] [stderr]    Compiling fastrand v1.9.0
[INFO] [stderr]    Compiling serial_test v0.10.0
[INFO] [stderr]    Compiling predicates v1.0.8
[INFO] [stderr]    Compiling assert_cmd v1.0.8
[INFO] [stderr]    Compiling tsv v0.1.1
[INFO] [stdout] warning: variable `cloned_int` is assigned to, but never used
[INFO] [stdout]     --> src/chain.rs:1404:17
[INFO] [stdout]      |
[INFO] [stdout] 1404 |             let mut cloned_int = int.clone();
[INFO] [stdout]      |                 ^^^^^^^^^^^^^^
[INFO] [stdout]      |
[INFO] [stdout]      = note: consider using `_cloned_int` instead
[INFO] [stdout]      = note: `#[warn(unused_variables)]` (part of `#[warn(unused)]`) on by default
[INFO] [stdout] 
[INFO] [stdout] 
[INFO] [stdout] warning: value assigned to `cloned_int` is never read
[INFO] [stdout]     --> src/chain.rs:1405:13
[INFO] [stdout]      |
[INFO] [stdout] 1405 |             cloned_int.overlap = sum_overlaps_query;
[INFO] [stdout]      |             ^^^^^^^^^^^^^^^^^^^^^^^^^^^^^^^^^^^^^^^
[INFO] [stdout]      |
[INFO] [stdout]      = help: maybe it is overwritten before being read?
[INFO] [stdout]      = note: `#[warn(unused_assignments)]` (part of `#[warn(unused)]`) on by default
[INFO] [stdout] 
[INFO] [stdout] 
[INFO] [stderr]    Compiling statrs v0.16.0
[INFO] [stderr]    Compiling gbdt v0.1.1
[INFO] [stderr]    Compiling bio v1.4.0
[INFO] [stderr]    Compiling skani v0.4.0 (/opt/rustwide/workdir)
[INFO] [stdout] warning: variable `cloned_int` is assigned to, but never used
[INFO] [stdout]     --> src/chain.rs:1404:17
[INFO] [stdout]      |
[INFO] [stdout] 1404 |             let mut cloned_int = int.clone();
[INFO] [stdout]      |                 ^^^^^^^^^^^^^^
[INFO] [stdout]      |
[INFO] [stdout]      = note: consider using `_cloned_int` instead
[INFO] [stdout]      = note: `#[warn(unused_variables)]` (part of `#[warn(unused)]`) on by default
[INFO] [stdout] 
[INFO] [stdout] 
[INFO] [stdout] warning: value assigned to `cloned_int` is never read
[INFO] [stdout]     --> src/chain.rs:1405:13
[INFO] [stdout]      |
[INFO] [stdout] 1405 |             cloned_int.overlap = sum_overlaps_query;
[INFO] [stdout]      |             ^^^^^^^^^^^^^^^^^^^^^^^^^^^^^^^^^^^^^^^
[INFO] [stdout]      |
[INFO] [stdout]      = help: maybe it is overwritten before being read?
[INFO] [stdout]      = note: `#[warn(unused_assignments)]` (part of `#[warn(unused)]`) on by default
[INFO] [stdout] 
[INFO] [stdout] 
[INFO] [stdout] warning: variable `cloned_int` is assigned to, but never used
[INFO] [stdout]     --> src/chain.rs:1404:17
[INFO] [stdout]      |
[INFO] [stdout] 1404 |             let mut cloned_int = int.clone();
[INFO] [stdout]      |                 ^^^^^^^^^^^^^^
[INFO] [stdout]      |
[INFO] [stdout]      = note: consider using `_cloned_int` instead
[INFO] [stdout]      = note: `#[warn(unused_variables)]` (part of `#[warn(unused)]`) on by default
[INFO] [stdout] 
[INFO] [stdout] 
[INFO] [stdout] warning: value assigned to `cloned_int` is never read
[INFO] [stdout]     --> src/chain.rs:1405:13
[INFO] [stdout]      |
[INFO] [stdout] 1405 |             cloned_int.overlap = sum_overlaps_query;
[INFO] [stdout]      |             ^^^^^^^^^^^^^^^^^^^^^^^^^^^^^^^^^^^^^^^
[INFO] [stdout]      |
[INFO] [stdout]      = help: maybe it is overwritten before being read?
[INFO] [stdout]      = note: `#[warn(unused_assignments)]` (part of `#[warn(unused)]`) on by default
[INFO] [stdout] 
[INFO] [stdout] 
[INFO] [stdout] warning: unused import: `tsv::*`
[INFO] [stdout]  --> tests/integration_test.rs:2:5
[INFO] [stdout]   |
[INFO] [stdout] 2 | use tsv::*;
[INFO] [stdout]   |     ^^^^^^
[INFO] [stdout]   |
[INFO] [stdout]   = note: `#[warn(unused_imports)]` (part of `#[warn(unused)]`) on by default
[INFO] [stdout] 
[INFO] [stdout] 
[INFO] [stdout] warning: unused import: `reflection::Reflection`
[INFO] [stdout]  --> tests/int_test_new.rs:2:5
[INFO] [stdout]   |
[INFO] [stdout] 2 | use reflection::Reflection;
[INFO] [stdout]   |     ^^^^^^^^^^^^^^^^^^^^^^
[INFO] [stdout]   |
[INFO] [stdout]   = note: `#[warn(unused_imports)]` (part of `#[warn(unused)]`) on by default
[INFO] [stdout] 
[INFO] [stdout] 
[INFO] [stdout] warning: unused import: `std::collections::HashMap`
[INFO] [stdout]  --> tests/int_test_new.rs:3:5
[INFO] [stdout]   |
[INFO] [stdout] 3 | use std::collections::HashMap;
[INFO] [stdout]   |     ^^^^^^^^^^^^^^^^^^^^^^^^^
[INFO] [stdout] 
[INFO] [stdout] 
[INFO] [stdout] warning: unused import: `tsv::*`
[INFO] [stdout]  --> tests/int_test_new.rs:4:5
[INFO] [stdout]   |
[INFO] [stdout] 4 | use tsv::*;
[INFO] [stdout]   |     ^^^^^^
[INFO] [stdout] 
[INFO] [stdout] 
[INFO] [stdout] warning: unused import: `serial_test::serial`
[INFO] [stdout]  --> tests/int_test_new.rs:6:5
[INFO] [stdout]   |
[INFO] [stdout] 6 | use serial_test::serial;
[INFO] [stdout]   |     ^^^^^^^^^^^^^^^^^^^
[INFO] [stdout] 
[INFO] [stdout] 
[INFO] [stdout] warning: function `fast_ecoli_plasmid_test` is never used
[INFO] [stdout]   --> tests/tests.rs:62:4
[INFO] [stdout]    |
[INFO] [stdout] 62 | fn fast_ecoli_plasmid_test() {
[INFO] [stdout]    |    ^^^^^^^^^^^^^^^^^^^^^^^
[INFO] [stdout]    |
[INFO] [stdout]    = note: `#[warn(dead_code)]` (part of `#[warn(unused)]`) on by default
[INFO] [stdout] 
[INFO] [stdout] 
[INFO] [stdout] warning: function `fast_NNN_test_code` should have a snake case name
[INFO] [stdout]    --> tests/tests.rs:156:4
[INFO] [stdout]     |
[INFO] [stdout] 156 | fn fast_NNN_test_code(){
[INFO] [stdout]     |    ^^^^^^^^^^^^^^^^^^ help: convert the identifier to snake case: `fast_nnn_test_code`
[INFO] [stdout]     |
[INFO] [stdout]     = note: `#[warn(non_snake_case)]` (part of `#[warn(nonstandard_style)]`) on by default
[INFO] [stdout] 
[INFO] [stdout] 
[INFO] [stdout] warning: unused variable: `out`
[INFO] [stdout]    --> tests/integration_test.rs:575:9
[INFO] [stdout]     |
[INFO] [stdout] 575 |     let out = cmd
[INFO] [stdout]     |         ^^^ help: if this is intentional, prefix it with an underscore: `_out`
[INFO] [stdout]     |
[INFO] [stdout]     = note: `#[warn(unused_variables)]` (part of `#[warn(unused)]`) on by default
[INFO] [stdout] 
[INFO] [stdout] 
[INFO] [stdout] warning: unused `Result` that must be used
[INFO] [stdout]   --> tests/integration_test.rs:8:5
[INFO] [stdout]    |
[INFO] [stdout]  8 | /     Command::new("rm")
[INFO] [stdout]  9 | |         .arg("-rf")
[INFO] [stdout] 10 | |         .args(["./tests/results/test_sketch_dir2", 
[INFO] [stdout] 11 | |         "./tests/results/test_sketch_dir1",
[INFO] [stdout] 12 | |         "./tests/results/test_sketch_dir3", 
[INFO] [stdout] 13 | |         "./tests/results/test_sketch_dir", 
[INFO] [stdout] 14 | |         "./tests/results/test_sketch_dir_aai"]).spawn();
[INFO] [stdout]    | |_______________________________________________________^
[INFO] [stdout]    |
[INFO] [stdout]    = note: this `Result` may be an `Err` variant, which should be handled
[INFO] [stdout]    = note: `#[warn(unused_must_use)]` (part of `#[warn(unused)]`) on by default
[INFO] [stdout] help: use `let _ = ...` to ignore the resulting value
[INFO] [stdout]    |
[INFO] [stdout]  8 |     let _ = Command::new("rm")
[INFO] [stdout]    |     +++++++
[INFO] [stdout] 
[INFO] [stdout] 
[INFO] [stdout] warning: unused `Result` that must be used
[INFO] [stdout]    --> tests/integration_test.rs:425:5
[INFO] [stdout]     |
[INFO] [stdout] 425 | /     Command::new("mkdir")
[INFO] [stdout] 426 | |         .args(["./tests/results/"])
[INFO] [stdout] 427 | |         .spawn();
[INFO] [stdout]     | |________________^
[INFO] [stdout]     |
[INFO] [stdout]     = note: this `Result` may be an `Err` variant, which should be handled
[INFO] [stdout] help: use `let _ = ...` to ignore the resulting value
[INFO] [stdout]     |
[INFO] [stdout] 425 |     let _ = Command::new("mkdir")
[INFO] [stdout]     |     +++++++
[INFO] [stdout] 
[INFO] [stdout] 
[INFO] [stdout] warning: unused `Result` that must be used
[INFO] [stdout]    --> tests/integration_test.rs:605:5
[INFO] [stdout]     |
[INFO] [stdout] 605 | /     Command::new("rm")
[INFO] [stdout] 606 | |         .arg("-rf")
[INFO] [stdout] 607 | |         .args(["./tests/results/test_consolidated_db", "./tests/results/test_separate_db"])
[INFO] [stdout] 608 | |         .spawn();
[INFO] [stdout]     | |________________^
[INFO] [stdout]     |
[INFO] [stdout]     = note: this `Result` may be an `Err` variant, which should be handled
[INFO] [stdout] help: use `let _ = ...` to ignore the resulting value
[INFO] [stdout]     |
[INFO] [stdout] 605 |     let _ = Command::new("rm")
[INFO] [stdout]     |     +++++++
[INFO] [stdout] 
[INFO] [stdout] 
[INFO] [stdout] warning: unused `Result` that must be used
[INFO] [stdout]    --> tests/integration_test.rs:701:5
[INFO] [stdout]     |
[INFO] [stdout] 701 | /     Command::new("rm")
[INFO] [stdout] 702 | |         .arg("-rf")
[INFO] [stdout] 703 | |         .args(["./tests/results/test_consolidated_db", "./tests/results/test_separate_db"])
[INFO] [stdout] 704 | |         .spawn();
[INFO] [stdout]     | |________________^
[INFO] [stdout]     |
[INFO] [stdout]     = note: this `Result` may be an `Err` variant, which should be handled
[INFO] [stdout] help: use `let _ = ...` to ignore the resulting value
[INFO] [stdout]     |
[INFO] [stdout] 701 |     let _ = Command::new("rm")
[INFO] [stdout]     |     +++++++
[INFO] [stdout] 
[INFO] [stdout] 
[INFO] [stdout] warning: unused `Result` that must be used
[INFO] [stdout]    --> tests/integration_test.rs:710:5
[INFO] [stdout]     |
[INFO] [stdout] 710 | /     Command::new("rm")
[INFO] [stdout] 711 | |         .arg("-rf")
[INFO] [stdout] 712 | |         .arg("./tests/results/test_multi_consolidated_db")
[INFO] [stdout] 713 | |         .spawn();
[INFO] [stdout]     | |________________^
[INFO] [stdout]     |
[INFO] [stdout]     = note: this `Result` may be an `Err` variant, which should be handled
[INFO] [stdout] help: use `let _ = ...` to ignore the resulting value
[INFO] [stdout]     |
[INFO] [stdout] 710 |     let _ = Command::new("rm")
[INFO] [stdout]     |     +++++++
[INFO] [stdout] 
[INFO] [stdout] 
[INFO] [stdout] warning: unused `Result` that must be used
[INFO] [stdout]    --> tests/integration_test.rs:762:5
[INFO] [stdout]     |
[INFO] [stdout] 762 | /     Command::new("rm")
[INFO] [stdout] 763 | |         .arg("-rf")
[INFO] [stdout] 764 | |         .arg("./tests/results/test_multi_consolidated_db")
[INFO] [stdout] 765 | |         .spawn();
[INFO] [stdout]     | |________________^
[INFO] [stdout]     |
[INFO] [stdout]     = note: this `Result` may be an `Err` variant, which should be handled
[INFO] [stdout] help: use `let _ = ...` to ignore the resulting value
[INFO] [stdout]     |
[INFO] [stdout] 762 |     let _ = Command::new("rm")
[INFO] [stdout]     |     +++++++
[INFO] [stdout] 
[INFO] [stdout] 
[INFO] [stdout] warning: unused `Result` that must be used
[INFO] [stdout]    --> tests/integration_test.rs:890:5
[INFO] [stdout]     |
[INFO] [stdout] 890 | /     Command::new("rm")
[INFO] [stdout] 891 | |         .arg("-rf")
[INFO] [stdout] 892 | |         .arg(sketch_dir)
[INFO] [stdout] 893 | |         .spawn();
[INFO] [stdout]     | |________________^
[INFO] [stdout]     |
[INFO] [stdout]     = note: this `Result` may be an `Err` variant, which should be handled
[INFO] [stdout] help: use `let _ = ...` to ignore the resulting value
[INFO] [stdout]     |
[INFO] [stdout] 890 |     let _ = Command::new("rm")
[INFO] [stdout]     |     +++++++
[INFO] [stdout] 
[INFO] [stdout] 
[INFO] [stdout] warning: unused `Result` that must be used
[INFO] [stdout]    --> tests/integration_test.rs:977:5
[INFO] [stdout]     |
[INFO] [stdout] 977 | /     Command::new("rm")
[INFO] [stdout] 978 | |         .arg("-rf")
[INFO] [stdout] 979 | |         .arg(sketch_dir)
[INFO] [stdout] 980 | |         .arg(incompatible_sketch_dir)
[INFO] [stdout] 981 | |         .spawn();
[INFO] [stdout]     | |________________^
[INFO] [stdout]     |
[INFO] [stdout]     = note: this `Result` may be an `Err` variant, which should be handled
[INFO] [stdout] help: use `let _ = ...` to ignore the resulting value
[INFO] [stdout]     |
[INFO] [stdout] 977 |     let _ = Command::new("rm")
[INFO] [stdout]     |     +++++++
[INFO] [stdout] 
[INFO] [stdout] 
[INFO] [stderr]     Finished `release` profile [optimized] target(s) in 39.92s
[INFO] [stderr] warning: the following packages contain code that will be rejected by a future version of Rust: syn v0.12.15
[INFO] [stderr] note: to see what the problems were, use the option `--future-incompat-report`, or run `cargo report future-incompatibilities --id 1`
[INFO] running `Command { std: "docker" "inspect" "df912468511e54335f97fd691b7d2243e4c33456fc6a29ceba64b5e2e51be416", kill_on_drop: false }`
[INFO] running `Command { std: "docker" "exec" "-e" "SOURCE_DIR=/opt/rustwide/workdir" "-e" "CARGO_HOME=/opt/rustwide/cargo-home" "-e" "RUSTUP_HOME=/opt/rustwide/rustup-home" "-e" "CARGO_TARGET_DIR=/opt/rustwide/target" "-e" "CARGO_INCREMENTAL=0" "-e" "RUST_BACKTRACE=full" "-e" "RUSTFLAGS=--cap-lints=warn" "-e" "RUSTDOCFLAGS=--cap-lints=warn" "-w" "/opt/rustwide/workdir" "--user" "0:0" "df912468511e54335f97fd691b7d2243e4c33456fc6a29ceba64b5e2e51be416" "/opt/rustwide/cargo-home/bin/cargo" "+1.100.0-beta.1" "test" "--frozen" "--release", kill_on_drop: false }`
[INFO] [stderr] warning: `package.homepage` is redundant with `package.repository`
[INFO] [stderr]    --> Cargo.toml:106:12
[INFO] [stderr]     |
[INFO] [stderr] 106 | homepage = "https://github.com/bluenote-1577/skani"
[INFO] [stderr]     |            ^^^^^^^^^^^^^^^^^^^^^^^^^^^^^^^^^^^^^^^^
[INFO] [stderr] ...
[INFO] [stderr] 110 | repository = "https://github.com/bluenote-1577/skani"
[INFO] [stderr]     |              ----------------------------------------
[INFO] [stderr]     |
[INFO] [stderr]     = note: `cargo::redundant_homepage` is set to `warn` by default
[INFO] [stderr] help: consider removing `package.homepage`
[INFO] [stderr] warning: `skani` (manifest) generated 1 warning
[INFO] [stderr] warning: variable `cloned_int` is assigned to, but never used
[INFO] [stderr]     --> src/chain.rs:1404:17
[INFO] [stderr]      |
[INFO] [stderr] 1404 |             let mut cloned_int = int.clone();
[INFO] [stderr]      |                 ^^^^^^^^^^^^^^
[INFO] [stderr]      |
[INFO] [stderr]      = note: consider using `_cloned_int` instead
[INFO] [stderr]      = note: `#[warn(unused_variables)]` (part of `#[warn(unused)]`) on by default
[INFO] [stderr] 
[INFO] [stderr] warning: value assigned to `cloned_int` is never read
[INFO] [stderr]     --> src/chain.rs:1405:13
[INFO] [stderr]      |
[INFO] [stderr] 1405 |             cloned_int.overlap = sum_overlaps_query;
[INFO] [stderr]      |             ^^^^^^^^^^^^^^^^^^^^^^^^^^^^^^^^^^^^^^^
[INFO] [stderr]      |
[INFO] [stderr]      = help: maybe it is overwritten before being read?
[INFO] [stderr]      = note: `#[warn(unused_assignments)]` (part of `#[warn(unused)]`) on by default
[INFO] [stderr] 
[INFO] [stderr] warning: `skani` (lib) generated 2 warnings
[INFO] [stderr] warning: `skani` (lib test) generated 2 warnings (2 duplicates)
[INFO] [stderr] warning: `skani` (lib) generated 2 warnings (2 duplicates)
[INFO] [stderr] warning: unused import: `reflection::Reflection`
[INFO] [stderr]  --> tests/int_test_new.rs:2:5
[INFO] [stderr]   |
[INFO] [stderr] 2 | use reflection::Reflection;
[INFO] [stderr]   |     ^^^^^^^^^^^^^^^^^^^^^^
[INFO] [stderr]   |
[INFO] [stderr]   = note: `#[warn(unused_imports)]` (part of `#[warn(unused)]`) on by default
[INFO] [stderr] 
[INFO] [stderr] warning: unused import: `std::collections::HashMap`
[INFO] [stderr]  --> tests/int_test_new.rs:3:5
[INFO] [stderr]   |
[INFO] [stderr] 3 | use std::collections::HashMap;
[INFO] [stderr]   |     ^^^^^^^^^^^^^^^^^^^^^^^^^
[INFO] [stderr] 
[INFO] [stderr] warning: unused import: `tsv::*`
[INFO] [stderr]  --> tests/int_test_new.rs:4:5
[INFO] [stderr]   |
[INFO] [stderr] 4 | use tsv::*;
[INFO] [stderr]   |     ^^^^^^
[INFO] [stderr] 
[INFO] [stderr] warning: unused import: `serial_test::serial`
[INFO] [stderr]  --> tests/int_test_new.rs:6:5
[INFO] [stderr]   |
[INFO] [stderr] 6 | use serial_test::serial;
[INFO] [stderr]   |     ^^^^^^^^^^^^^^^^^^^
[INFO] [stderr] 
[INFO] [stderr] warning: unused import: `tsv::*`
[INFO] [stderr]  --> tests/integration_test.rs:2:5
[INFO] [stderr]   |
[INFO] [stderr] 2 | use tsv::*;
[INFO] [stderr]   |     ^^^^^^
[INFO] [stderr]   |
[INFO] [stderr]   = note: `#[warn(unused_imports)]` (part of `#[warn(unused)]`) on by default
[INFO] [stderr] 
[INFO] [stderr] warning: unused variable: `out`
[INFO] [stderr]    --> tests/integration_test.rs:575:9
[INFO] [stderr]     |
[INFO] [stderr] 575 |     let out = cmd
[INFO] [stderr]     |         ^^^ help: if this is intentional, prefix it with an underscore: `_out`
[INFO] [stderr]     |
[INFO] [stderr]     = note: `#[warn(unused_variables)]` (part of `#[warn(unused)]`) on by default
[INFO] [stderr] 
[INFO] [stderr] warning: unused `Result` that must be used
[INFO] [stderr]   --> tests/integration_test.rs:8:5
[INFO] [stderr]    |
[INFO] [stderr]  8 | /     Command::new("rm")
[INFO] [stderr]  9 | |         .arg("-rf")
[INFO] [stderr] 10 | |         .args(["./tests/results/test_sketch_dir2", 
[INFO] [stderr] 11 | |         "./tests/results/test_sketch_dir1",
[INFO] [stderr] 12 | |         "./tests/results/test_sketch_dir3", 
[INFO] [stderr] 13 | |         "./tests/results/test_sketch_dir", 
[INFO] [stderr] 14 | |         "./tests/results/test_sketch_dir_aai"]).spawn();
[INFO] [stderr]    | |_______________________________________________________^
[INFO] [stderr]    |
[INFO] [stderr]    = note: this `Result` may be an `Err` variant, which should be handled
[INFO] [stderr]    = note: `#[warn(unused_must_use)]` (part of `#[warn(unused)]`) on by default
[INFO] [stderr] help: use `let _ = ...` to ignore the resulting value
[INFO] [stderr]    |
[INFO] [stderr]  8 |     let _ = Command::new("rm")
[INFO] [stderr]    |     +++++++
[INFO] [stderr] 
[INFO] [stderr] warning: unused `Result` that must be used
[INFO] [stderr]    --> tests/integration_test.rs:425:5
[INFO] [stderr]     |
[INFO] [stderr] 425 | /     Command::new("mkdir")
[INFO] [stderr] 426 | |         .args(["./tests/results/"])
[INFO] [stderr] 427 | |         .spawn();
[INFO] [stderr]     | |________________^
[INFO] [stderr]     |
[INFO] [stderr]     = note: this `Result` may be an `Err` variant, which should be handled
[INFO] [stderr] help: use `let _ = ...` to ignore the resulting value
[INFO] [stderr]     |
[INFO] [stderr] 425 |     let _ = Command::new("mkdir")
[INFO] [stderr]     |     +++++++
[INFO] [stderr] 
[INFO] [stderr] warning: unused `Result` that must be used
[INFO] [stderr]    --> tests/integration_test.rs:605:5
[INFO] [stderr]     |
[INFO] [stderr] 605 | /     Command::new("rm")
[INFO] [stderr] 606 | |         .arg("-rf")
[INFO] [stderr] 607 | |         .args(["./tests/results/test_consolidated_db", "./tests/results/test_separate_db"])
[INFO] [stderr] 608 | |         .spawn();
[INFO] [stderr]     | |________________^
[INFO] [stderr]     |
[INFO] [stderr]     = note: this `Result` may be an `Err` variant, which should be handled
[INFO] [stderr] help: use `let _ = ...` to ignore the resulting value
[INFO] [stderr]     |
[INFO] [stderr] 605 |     let _ = Command::new("rm")
[INFO] [stderr]     |     +++++++
[INFO] [stderr] 
[INFO] [stderr] warning: unused `Result` that must be used
[INFO] [stderr]    --> tests/integration_test.rs:701:5
[INFO] [stderr]     |
[INFO] [stderr] 701 | /     Command::new("rm")
[INFO] [stderr] 702 | |         .arg("-rf")
[INFO] [stderr] 703 | |         .args(["./tests/results/test_consolidated_db", "./tests/results/test_separate_db"])
[INFO] [stderr] 704 | |         .spawn();
[INFO] [stderr]     | |________________^
[INFO] [stderr]     |
[INFO] [stderr]     = note: this `Result` may be an `Err` variant, which should be handled
[INFO] [stderr] help: use `let _ = ...` to ignore the resulting value
[INFO] [stderr]     |
[INFO] [stderr] 701 |     let _ = Command::new("rm")
[INFO] [stderr]     |     +++++++
[INFO] [stderr] 
[INFO] [stderr] warning: unused `Result` that must be used
[INFO] [stderr]    --> tests/integration_test.rs:710:5
[INFO] [stderr]     |
[INFO] [stderr] 710 | /     Command::new("rm")
[INFO] [stderr] 711 | |         .arg("-rf")
[INFO] [stderr] 712 | |         .arg("./tests/results/test_multi_consolidated_db")
[INFO] [stderr] 713 | |         .spawn();
[INFO] [stderr]     | |________________^
[INFO] [stderr]     |
[INFO] [stderr]     = note: this `Result` may be an `Err` variant, which should be handled
[INFO] [stderr] help: use `let _ = ...` to ignore the resulting value
[INFO] [stderr]     |
[INFO] [stderr] 710 |     let _ = Command::new("rm")
[INFO] [stderr]     |     +++++++
[INFO] [stderr] 
[INFO] [stderr] warning: unused `Result` that must be used
[INFO] [stderr]    --> tests/integration_test.rs:762:5
[INFO] [stderr]     |
[INFO] [stderr] 762 | /     Command::new("rm")
[INFO] [stderr] 763 | |         .arg("-rf")
[INFO] [stderr] 764 | |         .arg("./tests/results/test_multi_consolidated_db")
[INFO] [stderr] 765 | |         .spawn();
[INFO] [stderr]     | |________________^
[INFO] [stderr]     |
[INFO] [stderr]     = note: this `Result` may be an `Err` variant, which should be handled
[INFO] [stderr] help: use `let _ = ...` to ignore the resulting value
[INFO] [stderr]     |
[INFO] [stderr] 762 |     let _ = Command::new("rm")
[INFO] [stderr]     |     +++++++
[INFO] [stderr] 
[INFO] [stderr] warning: unused `Result` that must be used
[INFO] [stderr]    --> tests/integration_test.rs:890:5
[INFO] [stderr]     |
[INFO] [stderr] 890 | /     Command::new("rm")
[INFO] [stderr] 891 | |         .arg("-rf")
[INFO] [stderr] 892 | |         .arg(sketch_dir)
[INFO] [stderr] 893 | |         .spawn();
[INFO] [stderr]     | |________________^
[INFO] [stderr]     |
[INFO] [stderr]     = note: this `Result` may be an `Err` variant, which should be handled
[INFO] [stderr] help: use `let _ = ...` to ignore the resulting value
[INFO] [stderr]     |
[INFO] [stderr] 890 |     let _ = Command::new("rm")
[INFO] [stderr]     |     +++++++
[INFO] [stderr] 
[INFO] [stderr] warning: unused `Result` that must be used
[INFO] [stderr]    --> tests/integration_test.rs:977:5
[INFO] [stderr]     |
[INFO] [stderr] 977 | /     Command::new("rm")
[INFO] [stderr] 978 | |         .arg("-rf")
[INFO] [stderr] 979 | |         .arg(sketch_dir)
[INFO] [stderr] 980 | |         .arg(incompatible_sketch_dir)
[INFO] [stderr] 981 | |         .spawn();
[INFO] [stderr]     | |________________^
[INFO] [stderr]     |
[INFO] [stderr]     = note: this `Result` may be an `Err` variant, which should be handled
[INFO] [stderr] help: use `let _ = ...` to ignore the resulting value
[INFO] [stderr]     |
[INFO] [stderr] 977 |     let _ = Command::new("rm")
[INFO] [stderr]     |     +++++++
[INFO] [stderr] 
[INFO] [stderr] warning: function `fast_ecoli_plasmid_test` is never used
[INFO] [stderr]   --> tests/tests.rs:62:4
[INFO] [stderr]    |
[INFO] [stderr] 62 | fn fast_ecoli_plasmid_test() {
[INFO] [stderr]    |    ^^^^^^^^^^^^^^^^^^^^^^^
[INFO] [stderr]    |
[INFO] [stderr]    = note: `#[warn(dead_code)]` (part of `#[warn(unused)]`) on by default
[INFO] [stderr] 
[INFO] [stderr] warning: function `fast_NNN_test_code` should have a snake case name
[INFO] [stderr]    --> tests/tests.rs:156:4
[INFO] [stderr]     |
[INFO] [stderr] 156 | fn fast_NNN_test_code(){
[INFO] [stderr]     |    ^^^^^^^^^^^^^^^^^^ help: convert the identifier to snake case: `fast_nnn_test_code`
[INFO] [stderr]     |
[INFO] [stderr]     = note: `#[warn(non_snake_case)]` (part of `#[warn(nonstandard_style)]`) on by default
[INFO] [stderr] 
[INFO] [stderr] warning: `skani` (test "int_test_new") generated 4 warnings (run `cargo fix --test "int_test_new" -p skani` to apply 4 suggestions)
[INFO] [stderr] warning: `skani` (test "integration_test") generated 10 warnings (run `cargo fix --test "integration_test" -p skani` to apply 2 suggestions)
[INFO] [stderr] warning: `skani` (test "tests") generated 2 warnings
[INFO] [stderr]     Finished `release` profile [optimized] target(s) in 0.26s
[INFO] [stderr] warning: the following packages contain code that will be rejected by a future version of Rust: syn v0.12.15
[INFO] [stderr] note: to see what the problems were, use the option `--future-incompat-report`, or run `cargo report future-incompatibilities --id 1`
[INFO] [stderr]      Running unittests src/lib.rs (/opt/rustwide/target/release/build/skani/358f24517f6ece7f/out/skani-358f24517f6ece7f)
[INFO] [stdout] 
[INFO] [stdout] running 10 tests
[INFO] [stdout] test types::sketch_format_tests::header_is_written_and_recognised ... ok
[INFO] [stdout] test types::sketch_format_tests::legacy_bytes_are_not_silently_decoded_as_native ... ok
[INFO] [stdout] test types::sketch_format_tests::marker_only_and_empty_index_stay_distinct ... ok
[INFO] [stdout] test types::sketch_format_tests::native_round_trip_preserves_the_seed_index ... ok
[INFO] [stdout] test types::sketch_format_tests::no_plausible_legacy_c_can_look_native ... ok
[INFO] [stdout] test types::sketch_format_tests::truncated_and_future_headers_are_not_mistaken_for_either_format ... ok
[INFO] [stdout] test radix_sort::tests::radix_position_sort_matches_sort_unstable ... ok
[INFO] [stdout] test radix_sort::tests::radix_anchor_sort_matches_sort_unstable ... ok
[INFO] [stdout] test chain::seed_search_tests::seed_search_matches_reference ... ok
[INFO] [stdout] test chain::avx2_chaining_tests::avx2_chaining_matches_scalar ... ok
[INFO] [stdout] 
[INFO] [stdout] test result: ok. 10 passed; 0 failed; 0 ignored; 0 measured; 0 filtered out; finished in 0.06s
[INFO] [stdout] 
[INFO] [stderr]      Running unittests src/main.rs (/opt/rustwide/target/release/build/skani/b7aec868c096da3b/out/skani-b7aec868c096da3b)
[INFO] [stdout] 
[INFO] [stdout] running 0 tests
[INFO] [stdout] 
[INFO] [stdout] test result: ok. 0 passed; 0 failed; 0 ignored; 0 measured; 0 filtered out; finished in 0.00s
[INFO] [stdout] 
[INFO] [stderr]      Running tests/int_test_new.rs (/opt/rustwide/target/release/build/skani/815b8136c92700f8/out/int_test_new-815b8136c92700f8)
[INFO] [stdout] 
[INFO] [stdout] running 4 tests
[INFO] [stdout] test fast_test_small_genomes ... FAILED
[INFO] [stdout] test test_diag_triangle ... FAILED
[INFO] [stdout] test fast_test_screen ... FAILED
[INFO] [stdout] test fast_show_degenerate_inputs ... ok
[INFO] [stdout] 
[INFO] [stdout] failures:
[INFO] [stdout] 
[INFO] [stdout] ---- fast_test_small_genomes stdout ----
[INFO] [stdout] 
[INFO] [stdout] thread 'fast_test_small_genomes' (4247) panicked at tests/int_test_new.rs:38:23:
[INFO] [stdout] range start index 1 out of range for slice of length 0
[INFO] [stdout] stack backtrace:
[INFO] [stdout]    0:     0x56c4f1a1bd97 - <<std[617be2ca0a6fd877]::sys::backtrace::BacktraceLock>::print::DisplayBacktrace as core[a373ad73a504971]::fmt::Display>::fmt
[INFO] [stdout]    1:     0x56c4f19fd27a - core[a373ad73a504971]::fmt::write
[INFO] [stdout]    2:     0x56c4f1a1b34b - <alloc[2e1b2a31b91974c5]::vec::Vec<u8> as core[a373ad73a504971]::io::write::Write>::write_fmt
[INFO] [stdout]    3:     0x56c4f1a1ae2f - std[617be2ca0a6fd877]::panicking::default_hook::{closure#0}
[INFO] [stdout]    4:     0x56c4f1a1aa5a - std[617be2ca0a6fd877]::panicking::default_hook
[INFO] [stdout]    5:     0x56c4f1a1a595 - std[617be2ca0a6fd877]::panicking::panic_with_hook
[INFO] [stdout]    6:     0x56c4f1a41341 - std[617be2ca0a6fd877]::panicking::panic_handler::{closure#0}
[INFO] [stdout]    7:     0x56c4f1a412f9 - std[617be2ca0a6fd877]::sys::backtrace::__rust_end_short_backtrace::<std[617be2ca0a6fd877]::panicking::panic_handler::{closure#0}, !>
[INFO] [stdout]    8:     0x56c4f1a417fc - __rustc[ea4f61d10b84890b]::rust_begin_unwind
[INFO] [stdout]    9:     0x56c4f19fd10b - core[a373ad73a504971]::panicking::panic_fmt
[INFO] [stdout]   10:     0x56c4f19fe7c7 - core[a373ad73a504971]::slice::index::slice_index_fail
[INFO] [stdout]   11:     0x56c4f1a0eccb - int_test_new[a0c689c5106b1af]::get_result_from_out
[INFO] [stdout]   12:     0x56c4f1a0f811 - <int_test_new[a0c689c5106b1af]::fast_test_small_genomes::{closure#0} as core[a373ad73a504971]::ops::function::FnOnce<()>>::call_once
[INFO] [stdout]   13:     0x56c4f1a59c4b - test[aada8e7e76ba119b]::__rust_begin_short_backtrace::<core[a373ad73a504971]::result::Result<(), alloc[2e1b2a31b91974c5]::string::String>, fn() -> core[a373ad73a504971]::result::Result<(), alloc[2e1b2a31b91974c5]::string::String>>
[INFO] [stdout]   14:     0x56c4f1a55bf1 - test[aada8e7e76ba119b]::run_test::{closure#0}
[INFO] [stdout]   15:     0x56c4f1a553dc - std[617be2ca0a6fd877]::sys::backtrace::__rust_begin_short_backtrace::<test[aada8e7e76ba119b]::run_test::{closure#1}, ()>
[INFO] [stdout]   16:     0x56c4f1a74dcc - <std[617be2ca0a6fd877]::thread::lifecycle::spawn_unchecked<test[aada8e7e76ba119b]::run_test::{closure#1}, ()>::{closure#1} as core[a373ad73a504971]::ops::function::FnOnce<()>>::call_once::{shim:vtable#0}
[INFO] [stdout]   17:     0x56c4f1a42fd4 - <std[617be2ca0a6fd877]::sys::thread::unix::Thread>::new::thread_start
[INFO] [stdout]   18:     0x71ee94edadfa - <unknown>
[INFO] [stdout]   19:     0x71ee94f6e3d4 - clone
[INFO] [stdout]   20:                0x0 - <unknown>
[INFO] [stdout] 
[INFO] [stdout] ---- test_diag_triangle stdout ----
[INFO] [stdout] 
[INFO] [stdout] thread 'test_diag_triangle' (4248) panicked at tests/int_test_new.rs:38:23:
[INFO] [stdout] range start index 1 out of range for slice of length 0
[INFO] [stdout] stack backtrace:
[INFO] [stdout]    0:     0x56c4f1a1bd97 - <<std[617be2ca0a6fd877]::sys::backtrace::BacktraceLock>::print::DisplayBacktrace as core[a373ad73a504971]::fmt::Display>::fmt
[INFO] [stdout]    1:     0x56c4f19fd27a - core[a373ad73a504971]::fmt::write
[INFO] [stdout]    2:     0x56c4f1a1b34b - <alloc[2e1b2a31b91974c5]::vec::Vec<u8> as core[a373ad73a504971]::io::write::Write>::write_fmt
[INFO] [stdout]    3:     0x56c4f1a1ae2f - std[617be2ca0a6fd877]::panicking::default_hook::{closure#0}
[INFO] [stdout]    4:     0x56c4f1a1aa5a - std[617be2ca0a6fd877]::panicking::default_hook
[INFO] [stdout]    5:     0x56c4f1a1a595 - std[617be2ca0a6fd877]::panicking::panic_with_hook
[INFO] [stdout]    6:     0x56c4f1a41341 - std[617be2ca0a6fd877]::panicking::panic_handler::{closure#0}
[INFO] [stdout]    7:     0x56c4f1a412f9 - std[617be2ca0a6fd877]::sys::backtrace::__rust_end_short_backtrace::<std[617be2ca0a6fd877]::panicking::panic_handler::{closure#0}, !>
[INFO] [stdout]    8:     0x56c4f1a417fc - __rustc[ea4f61d10b84890b]::rust_begin_unwind
[INFO] [stdout]    9:     0x56c4f19fd10b - core[a373ad73a504971]::panicking::panic_fmt
[INFO] [stdout]   10:     0x56c4f19fe7c7 - core[a373ad73a504971]::slice::index::slice_index_fail
[INFO] [stdout]   11:     0x56c4f1a0eccb - int_test_new[a0c689c5106b1af]::get_result_from_out
[INFO] [stdout]   12:     0x56c4f1a0d1d2 - <int_test_new[a0c689c5106b1af]::test_diag_triangle::{closure#0} as core[a373ad73a504971]::ops::function::FnOnce<()>>::call_once
[INFO] [stdout]   13:     0x56c4f1a59c4b - test[aada8e7e76ba119b]::__rust_begin_short_backtrace::<core[a373ad73a504971]::result::Result<(), alloc[2e1b2a31b91974c5]::string::String>, fn() -> core[a373ad73a504971]::result::Result<(), alloc[2e1b2a31b91974c5]::string::String>>
[INFO] [stdout]   14:     0x56c4f1a55bf1 - test[aada8e7e76ba119b]::run_test::{closure#0}
[INFO] [stdout]   15:     0x56c4f1a553dc - std[617be2ca0a6fd877]::sys::backtrace::__rust_begin_short_backtrace::<test[aada8e7e76ba119b]::run_test::{closure#1}, ()>
[INFO] [stdout]   16:     0x56c4f1a74dcc - <std[617be2ca0a6fd877]::thread::lifecycle::spawn_unchecked<test[aada8e7e76ba119b]::run_test::{closure#1}, ()>::{closure#1} as core[a373ad73a504971]::ops::function::FnOnce<()>>::call_once::{shim:vtable#0}
[INFO] [stdout]   17:     0x56c4f1a42fd4 - <std[617be2ca0a6fd877]::sys::thread::unix::Thread>::new::thread_start
[INFO] [stdout]   18:     0x71ee94edadfa - <unknown>
[INFO] [stdout]   19:     0x71ee94f6e3d4 - clone
[INFO] [stdout]   20:                0x0 - <unknown>
[INFO] [stdout] 
[INFO] [stdout] ---- fast_test_screen stdout ----
[INFO] [stdout] 
[INFO] [stdout] thread 'fast_test_screen' (4246) panicked at tests/int_test_new.rs:38:23:
[INFO] [stdout] range start index 1 out of range for slice of length 0
[INFO] [stdout] stack backtrace:
[INFO] [stdout]    0:     0x56c4f1a1bd97 - <<std[617be2ca0a6fd877]::sys::backtrace::BacktraceLock>::print::DisplayBacktrace as core[a373ad73a504971]::fmt::Display>::fmt
[INFO] [stdout]    1:     0x56c4f19fd27a - core[a373ad73a504971]::fmt::write
[INFO] [stdout]    2:     0x56c4f1a1b34b - <alloc[2e1b2a31b91974c5]::vec::Vec<u8> as core[a373ad73a504971]::io::write::Write>::write_fmt
[INFO] [stdout]    3:     0x56c4f1a1ae2f - std[617be2ca0a6fd877]::panicking::default_hook::{closure#0}
[INFO] [stdout]    4:     0x56c4f1a1aa5a - std[617be2ca0a6fd877]::panicking::default_hook
[INFO] [stdout]    5:     0x56c4f1a1a595 - std[617be2ca0a6fd877]::panicking::panic_with_hook
[INFO] [stdout]    6:     0x56c4f1a41341 - std[617be2ca0a6fd877]::panicking::panic_handler::{closure#0}
[INFO] [stdout]    7:     0x56c4f1a412f9 - std[617be2ca0a6fd877]::sys::backtrace::__rust_end_short_backtrace::<std[617be2ca0a6fd877]::panicking::panic_handler::{closure#0}, !>
[INFO] [stdout]    8:     0x56c4f1a417fc - __rustc[ea4f61d10b84890b]::rust_begin_unwind
[INFO] [stdout]    9:     0x56c4f19fd10b - core[a373ad73a504971]::panicking::panic_fmt
[INFO] [stdout]   10:     0x56c4f19fe7c7 - core[a373ad73a504971]::slice::index::slice_index_fail
[INFO] [stdout]   11:     0x56c4f1a0eccb - int_test_new[a0c689c5106b1af]::get_result_from_out
[INFO] [stdout]   12:     0x56c4f1a1045e - <int_test_new[a0c689c5106b1af]::fast_test_screen::{closure#0} as core[a373ad73a504971]::ops::function::FnOnce<()>>::call_once
[INFO] [stdout]   13:     0x56c4f1a59c4b - test[aada8e7e76ba119b]::__rust_begin_short_backtrace::<core[a373ad73a504971]::result::Result<(), alloc[2e1b2a31b91974c5]::string::String>, fn() -> core[a373ad73a504971]::result::Result<(), alloc[2e1b2a31b91974c5]::string::String>>
[INFO] [stdout]   14:     0x56c4f1a55bf1 - test[aada8e7e76ba119b]::run_test::{closure#0}
[INFO] [stdout]   15:     0x56c4f1a553dc - std[617be2ca0a6fd877]::sys::backtrace::__rust_begin_short_backtrace::<test[aada8e7e76ba119b]::run_test::{closure#1}, ()>
[INFO] [stdout]   16:     0x56c4f1a74dcc - <std[617be2ca0a6fd877]::thread::lifecycle::spawn_unchecked<test[aada8e7e76ba119b]::run_test::{closure#1}, ()>::{closure#1} as core[a373ad73a504971]::ops::function::FnOnce<()>>::call_once::{shim:vtable#0}
[INFO] [stdout]   17:     0x56c4f1a42fd4 - <std[617be2ca0a6fd877]::sys::thread::unix::Thread>::new::thread_start
[INFO] [stdout]   18:     0x71ee94edadfa - <unknown>
[INFO] [stdout]   19:     0x71ee94f6e3d4 - clone
[INFO] [stdout]   20:                0x0 - <unknown>
[INFO] [stdout] 
[INFO] [stdout] 
[INFO] [stdout] failures:
[INFO] [stdout]     fast_test_screen
[INFO] [stdout]     fast_test_small_genomes
[INFO] [stdout]     test_diag_triangle
[INFO] [stdout] 
[INFO] [stdout] test result: FAILED. 1 passed; 3 failed; 0 ignored; 0 measured; 0 filtered out; finished in 0.01s
[INFO] [stdout] 
[INFO] [stderr] error: test failed, to rerun pass `--test int_test_new`
[INFO] running `Command { std: "docker" "inspect" "df912468511e54335f97fd691b7d2243e4c33456fc6a29ceba64b5e2e51be416", kill_on_drop: false }`
[INFO] running `Command { std: "docker" "rm" "-f" "df912468511e54335f97fd691b7d2243e4c33456fc6a29ceba64b5e2e51be416", kill_on_drop: false }`
[INFO] [stdout] df912468511e54335f97fd691b7d2243e4c33456fc6a29ceba64b5e2e51be416
