[INFO] fetching crate serde2file 0.6.9...
[INFO] testing serde2file-0.6.9 against 1.99.0-beta.8+cargoflags=--release for beta-release-1.100-3
[INFO] extracting crate serde2file 0.6.9 into /workspace/builds/worker-5-tc1/source
[INFO] started tweaking crates.io crate serde2file 0.6.9
[INFO] removed 0 missing tests
[INFO] finished tweaking crates.io crate serde2file 0.6.9
[INFO] tweaked toml for crates.io crate serde2file 0.6.9 written to /workspace/builds/worker-5-tc1/source/Cargo.toml
[INFO] validating manifest of crates.io crate serde2file 0.6.9 on toolchain 1.99.0-beta.8
[INFO] running `Command { std: CARGO_HOME="/workspace/cargo-home" RUSTUP_HOME="/workspace/rustup-home" "/workspace/cargo-home/bin/cargo" "+1.99.0-beta.8" "metadata" "--manifest-path" "Cargo.toml" "--no-deps", kill_on_drop: false }`
[INFO] crate crates.io crate serde2file 0.6.9 already has a lockfile, it will not be regenerated
[INFO] running `Command { std: CARGO_HOME="/workspace/cargo-home" RUSTUP_HOME="/workspace/rustup-home" "/workspace/cargo-home/bin/cargo" "+1.99.0-beta.8" "fetch" "--manifest-path" "Cargo.toml", kill_on_drop: false }`
[INFO] [stderr]     Updating crates.io index
[INFO] [stderr]  Downloading crates ...
[INFO] [stderr]   Downloaded serde2file_macro_derive v0.6.0
[INFO] [stderr]   Downloaded ghash v0.4.4
[INFO] [stderr]   Downloaded serde_json v1.0.92
[INFO] [stderr]   Downloaded universal-hash v0.4.1
[INFO] [stderr]   Downloaded polyval v0.5.3
[INFO] [stderr]   Downloaded ctr v0.8.0
[INFO] [stderr]   Downloaded cipher v0.3.0
[INFO] [stderr]   Downloaded aead v0.4.3
[INFO] [stderr]   Downloaded proc-macro2 v1.0.51
[INFO] [stderr]   Downloaded aes v0.7.5
[INFO] [stderr]   Downloaded aes-gcm v0.9.4
[INFO] [stderr]   Downloaded libc v0.2.139
[INFO] running `Command { std: "docker" "create" "-v" "/var/lib/crater-agent-workspace/builds/worker-5-tc1/source:/opt/rustwide/workdir:ro,Z" "-v" "/var/lib/crater-agent-workspace/builds/worker-5-tc1/target:/opt/rustwide/target:rw,Z" "-v" "/var/lib/crater-agent-workspace/cargo-home:/opt/rustwide/cargo-home:ro,Z" "-v" "/var/lib/crater-agent-workspace/rustup-home:/opt/rustwide/rustup-home:ro,Z" "-m" "1610612736" "--network" "none" "ghcr.io/rust-lang/crates-build-env/linux@sha256:77db811e55d90add9212f6832c23229e3de5f1c1f9905e8cb07319ea15df73ac" "sleep" "infinity", kill_on_drop: false }`
[INFO] [stdout] 6dcece7c91948cc0b5e8b1248e94c2349b93aa313f0e1f53b4620e3c8a79bb04
[INFO] running `Command { std: "docker" "start" "6dcece7c91948cc0b5e8b1248e94c2349b93aa313f0e1f53b4620e3c8a79bb04", kill_on_drop: false }`
[INFO] running `Command { std: "docker" "inspect" "6dcece7c91948cc0b5e8b1248e94c2349b93aa313f0e1f53b4620e3c8a79bb04", kill_on_drop: false }`
[INFO] running `Command { std: "docker" "exec" "-e" "SOURCE_DIR=/opt/rustwide/workdir" "-e" "CARGO_HOME=/opt/rustwide/cargo-home" "-e" "RUSTUP_HOME=/opt/rustwide/rustup-home" "-e" "CARGO_TARGET_DIR=/opt/rustwide/target" "-w" "/opt/rustwide/workdir" "--user" "0:0" "6dcece7c91948cc0b5e8b1248e94c2349b93aa313f0e1f53b4620e3c8a79bb04" "/opt/rustwide/cargo-home/bin/cargo" "+1.99.0-beta.8" "metadata" "--no-deps" "--format-version=1", kill_on_drop: false }`
[INFO] running `Command { std: "docker" "inspect" "6dcece7c91948cc0b5e8b1248e94c2349b93aa313f0e1f53b4620e3c8a79bb04", kill_on_drop: false }`
[INFO] running `Command { std: "docker" "exec" "-e" "SOURCE_DIR=/opt/rustwide/workdir" "-e" "CARGO_HOME=/opt/rustwide/cargo-home" "-e" "RUSTUP_HOME=/opt/rustwide/rustup-home" "-e" "CARGO_TARGET_DIR=/opt/rustwide/target" "-e" "CARGO_INCREMENTAL=0" "-e" "RUST_BACKTRACE=full" "-e" "RUSTFLAGS=--cap-lints=warn" "-e" "RUSTDOCFLAGS=--cap-lints=warn" "-w" "/opt/rustwide/workdir" "--user" "0:0" "6dcece7c91948cc0b5e8b1248e94c2349b93aa313f0e1f53b4620e3c8a79bb04" "/opt/rustwide/cargo-home/bin/cargo" "+1.99.0-beta.8" "build" "--frozen" "--message-format=json" "--release", kill_on_drop: false }`
[INFO] [stderr]    Compiling typenum v1.16.0
[INFO] [stderr]    Compiling proc-macro2 v1.0.51
[INFO] [stderr]    Compiling unicode-ident v1.0.6
[INFO] [stderr]    Compiling quote v1.0.23
[INFO] [stderr]    Compiling syn v1.0.107
[INFO] [stderr]    Compiling opaque-debug v0.3.0
[INFO] [stderr]    Compiling cpufeatures v0.2.5
[INFO] [stderr]    Compiling subtle v2.4.1
[INFO] [stderr]    Compiling serde_derive v1.0.152
[INFO] [stderr]    Compiling serde v1.0.152
[INFO] [stderr]    Compiling serde_json v1.0.92
[INFO] [stderr]    Compiling ryu v1.0.12
[INFO] [stderr]    Compiling generic-array v0.14.6
[INFO] [stderr]    Compiling indexmap v1.9.2
[INFO] [stderr]    Compiling itoa v1.0.5
[INFO] [stderr]    Compiling cipher v0.3.0
[INFO] [stderr]    Compiling universal-hash v0.4.1
[INFO] [stderr]    Compiling aead v0.4.3
[INFO] [stderr]    Compiling polyval v0.5.3
[INFO] [stderr]    Compiling ghash v0.4.4
[INFO] [stderr]    Compiling aes v0.7.5
[INFO] [stderr]    Compiling ctr v0.8.0
[INFO] [stderr]    Compiling aes-gcm v0.9.4
[INFO] [stderr]    Compiling serde2file_macro_derive v0.6.0
[INFO] [stderr]    Compiling serde2file v0.6.9 (/opt/rustwide/workdir)
[INFO] [stderr]     Finished `release` profile [optimized] target(s) in 13.68s
[INFO] running `Command { std: "docker" "inspect" "6dcece7c91948cc0b5e8b1248e94c2349b93aa313f0e1f53b4620e3c8a79bb04", kill_on_drop: false }`
[INFO] running `Command { std: "docker" "exec" "-e" "SOURCE_DIR=/opt/rustwide/workdir" "-e" "CARGO_HOME=/opt/rustwide/cargo-home" "-e" "RUSTUP_HOME=/opt/rustwide/rustup-home" "-e" "CARGO_TARGET_DIR=/opt/rustwide/target" "-e" "CARGO_INCREMENTAL=0" "-e" "RUST_BACKTRACE=full" "-e" "RUSTFLAGS=--cap-lints=warn" "-e" "RUSTDOCFLAGS=--cap-lints=warn" "-w" "/opt/rustwide/workdir" "--user" "0:0" "6dcece7c91948cc0b5e8b1248e94c2349b93aa313f0e1f53b4620e3c8a79bb04" "/opt/rustwide/cargo-home/bin/cargo" "+1.99.0-beta.8" "test" "--frozen" "--no-run" "--message-format=json" "--release", kill_on_drop: false }`
[INFO] [stderr]    Compiling serde2file v0.6.9 (/opt/rustwide/workdir)
[INFO] [stderr]     Finished `release` profile [optimized] target(s) in 2.00s
[INFO] running `Command { std: "docker" "inspect" "6dcece7c91948cc0b5e8b1248e94c2349b93aa313f0e1f53b4620e3c8a79bb04", kill_on_drop: false }`
[INFO] running `Command { std: "docker" "exec" "-e" "SOURCE_DIR=/opt/rustwide/workdir" "-e" "CARGO_HOME=/opt/rustwide/cargo-home" "-e" "RUSTUP_HOME=/opt/rustwide/rustup-home" "-e" "CARGO_TARGET_DIR=/opt/rustwide/target" "-e" "CARGO_INCREMENTAL=0" "-e" "RUST_BACKTRACE=full" "-e" "RUSTFLAGS=--cap-lints=warn" "-e" "RUSTDOCFLAGS=--cap-lints=warn" "-w" "/opt/rustwide/workdir" "--user" "0:0" "6dcece7c91948cc0b5e8b1248e94c2349b93aa313f0e1f53b4620e3c8a79bb04" "/opt/rustwide/cargo-home/bin/cargo" "+1.99.0-beta.8" "test" "--frozen" "--release", kill_on_drop: false }`
[INFO] [stderr]     Finished `release` profile [optimized] target(s) in 0.05s
[INFO] [stderr]      Running unittests src/lib.rs (/opt/rustwide/target/release/deps/serde2file-508dfcacb8726f48)
[INFO] [stdout] 
[INFO] [stdout] running 6 tests
[INFO] [stdout] test test::test_serde_file2 ... ok
[INFO] [stdout] test test::test_serde_file ... ok
[INFO] [stdout] test test::test_serde_file_extra2 ... ok
[INFO] [stderr]      Running tests/test_macro.rs (/opt/rustwide/target/release/deps/test_macro-70dc452c8f9bebd8)
[INFO] [stdout] test test::test_serde_file4 ... ok
[INFO] [stdout] test test::test_serde_file_extra ... ok
[INFO] [stdout] test test::test_serde_file3 ... ok
[INFO] [stdout] 
[INFO] [stdout] test result: ok. 6 passed; 0 failed; 0 ignored; 0 measured; 0 filtered out; finished in 0.01s
[INFO] [stdout] 
[INFO] [stdout] 
[INFO] [stdout] running 6 tests
[INFO] [stdout] test test_serde_file3 ... ok
[INFO] [stdout] test test_serde_file_extra ... ok
[INFO] [stdout] test test_serde_file2 ... ok
[INFO] [stdout] test test_serde_file ... FAILED
[INFO] [stdout] test test_serde_file_extra2 ... ok
[INFO] [stdout] test test_serde_file4 ... ok
[INFO] [stdout] 
[INFO] [stdout] failures:
[INFO] [stdout] 
[INFO] [stdout] ---- test_serde_file stdout ----
[INFO] [stdout] 
[INFO] [stdout] thread 'test_serde_file' (745) panicked at tests/test_macro.rs:56:51:
[INFO] [stdout] called `Result::unwrap()` on an `Err` value: DecryptError("decrypt data with key: *)_#@140600!$=_^20230208)leb*$xz nonce_str: abc$hy%95599 err : aead::Error")
[INFO] [stdout] stack backtrace:
[INFO] [stdout]    0:     0x629527357c11 - <<std[70759c8f55707aa4]::sys::backtrace::BacktraceLock>::print::DisplayBacktrace as core[df12db4294e9bfd3]::fmt::Display>::fmt
[INFO] [stdout]    1:     0x62952736bf0a - core[df12db4294e9bfd3]::fmt::write
[INFO] [stdout]    2:     0x62952735c0cc - <alloc[2182bb758b4b3781]::vec::Vec<u8> as core[df12db4294e9bfd3]::io::write::Write>::write_fmt
[INFO] [stdout]    3:     0x6295273333c6 - std[70759c8f55707aa4]::panicking::default_hook::{closure#0}
[INFO] [stdout]    4:     0x62952734fe69 - std[70759c8f55707aa4]::panicking::default_hook
[INFO] [stdout]    5:     0x6295272e5370 - test[9d35eded1c95d3be]::test_main_inner::<test[9d35eded1c95d3be]::test_main_static::{closure#0}>::{closure#0}
[INFO] [stdout]    6:     0x629527350022 - std[70759c8f55707aa4]::panicking::panic_with_hook
[INFO] [stdout]    7:     0x629527333472 - std[70759c8f55707aa4]::panicking::panic_handler::{closure#0}
[INFO] [stdout]    8:     0x62952732bf49 - std[70759c8f55707aa4]::sys::backtrace::__rust_end_short_backtrace::<std[70759c8f55707aa4]::panicking::panic_handler::{closure#0}, !>
[INFO] [stdout]    9:     0x62952733406d - __rustc[8fa7c3cbc660c2b3]::rust_begin_unwind
[INFO] [stdout]   10:     0x62952736c63c - core[df12db4294e9bfd3]::panicking::panic_fmt
[INFO] [stdout]   11:     0x62952736c412 - core[df12db4294e9bfd3]::result::unwrap_failed
[INFO] [stdout]   12:     0x6295272cf05d - <test_macro[f7f8d3df88c30c1d]::test_serde_file::{closure#0} as core[df12db4294e9bfd3]::ops::function::FnOnce<()>>::call_once
[INFO] [stdout]   13:     0x6295272d865b - test[9d35eded1c95d3be]::__rust_begin_short_backtrace::<core[df12db4294e9bfd3]::result::Result<(), alloc[2182bb758b4b3781]::string::String>, fn() -> core[df12db4294e9bfd3]::result::Result<(), alloc[2182bb758b4b3781]::string::String>>
[INFO] [stdout]   14:     0x6295272e5cc5 - test[9d35eded1c95d3be]::run_test::{closure#0}
[INFO] [stdout]   15:     0x6295272df584 - std[70759c8f55707aa4]::sys::backtrace::__rust_begin_short_backtrace::<test[9d35eded1c95d3be]::run_test::{closure#1}, ()>
[INFO] [stdout]   16:     0x6295272e8e22 - <std[70759c8f55707aa4]::thread::lifecycle::spawn_unchecked<test[9d35eded1c95d3be]::run_test::{closure#1}, ()>::{closure#1} as core[df12db4294e9bfd3]::ops::function::FnOnce<()>>::call_once::{shim:vtable#0}
[INFO] [stdout]   17:     0x629527356fd9 - <std[70759c8f55707aa4]::sys::thread::unix::Thread>::new::thread_start
[INFO] [stdout]   18:     0x70f3e12cadfa - <unknown>
[INFO] [stdout]   19:     0x70f3e135e3d4 - clone
[INFO] [stdout]   20:                0x0 - <unknown>
[INFO] [stdout] 
[INFO] [stdout] 
[INFO] [stdout] failures:
[INFO] [stdout]     test_serde_file
[INFO] [stdout] 
[INFO] [stdout] test result: FAILED. 5 passed; 1 failed; 0 ignored; 0 measured; 0 filtered out; finished in 0.01s
[INFO] [stdout] 
[INFO] [stderr] error: test failed, to rerun pass `--test test_macro`
[INFO] running `Command { std: "docker" "inspect" "6dcece7c91948cc0b5e8b1248e94c2349b93aa313f0e1f53b4620e3c8a79bb04", kill_on_drop: false }`
[INFO] running `Command { std: "docker" "rm" "-f" "6dcece7c91948cc0b5e8b1248e94c2349b93aa313f0e1f53b4620e3c8a79bb04", kill_on_drop: false }`
[INFO] [stdout] 6dcece7c91948cc0b5e8b1248e94c2349b93aa313f0e1f53b4620e3c8a79bb04
