[INFO] fetching crate rusty-sweeper 0.3.1...
[INFO] testing rusty-sweeper-0.3.1 against 1.99.0-beta.8+cargoflags=--release for beta-release-1.100-3
[INFO] extracting crate rusty-sweeper 0.3.1 into /workspace/builds/worker-5-tc1/source
[INFO] started tweaking crates.io crate rusty-sweeper 0.3.1
[INFO] removed 0 missing tests
[INFO] finished tweaking crates.io crate rusty-sweeper 0.3.1
[INFO] tweaked toml for crates.io crate rusty-sweeper 0.3.1 written to /workspace/builds/worker-5-tc1/source/Cargo.toml
[INFO] validating manifest of crates.io crate rusty-sweeper 0.3.1 on toolchain 1.99.0-beta.8
[INFO] running `Command { std: CARGO_HOME="/workspace/cargo-home" RUSTUP_HOME="/workspace/rustup-home" "/workspace/cargo-home/bin/cargo" "+1.99.0-beta.8" "metadata" "--manifest-path" "Cargo.toml" "--no-deps", kill_on_drop: false }`
[INFO] crate crates.io crate rusty-sweeper 0.3.1 already has a lockfile, it will not be regenerated
[INFO] running `Command { std: CARGO_HOME="/workspace/cargo-home" RUSTUP_HOME="/workspace/rustup-home" "/workspace/cargo-home/bin/cargo" "+1.99.0-beta.8" "fetch" "--manifest-path" "Cargo.toml", kill_on_drop: false }`
[INFO] [stderr]     Updating crates.io index
[INFO] [stderr]  Downloading crates ...
[INFO] [stderr]   Downloaded tracing-core v0.1.35
[INFO] [stderr]   Downloaded instability v0.3.10
[INFO] [stderr]   Downloaded tempfile v3.23.0
[INFO] [stderr]   Downloaded serde_repr v0.1.20
[INFO] [stderr]   Downloaded zvariant_derive v5.8.0
[INFO] [stderr]   Downloaded zvariant_utils v3.2.1
[INFO] [stderr]   Downloaded predicates-core v1.0.9
[INFO] [stderr]   Downloaded endi v1.1.1
[INFO] [stderr]   Downloaded piper v0.2.4
[INFO] [stderr]   Downloaded async-recursion v1.1.1
[INFO] [stderr]   Downloaded windows-numerics v0.2.0
[INFO] [stderr]   Downloaded windows-threading v0.1.0
[INFO] [stderr]   Downloaded windows-collections v0.2.0
[INFO] [stderr]   Downloaded mac-notification-sys v0.6.9
[INFO] [stderr]   Downloaded toml_datetime v0.7.3
[INFO] [stderr]   Downloaded uds_windows v1.1.0
[INFO] [stderr]   Downloaded ordered-stream v0.2.0
[INFO] [stderr]   Downloaded humansize v2.1.3
[INFO] [stderr]   Downloaded async-broadcast v0.7.2
[INFO] [stderr]   Downloaded predicates v3.1.3
[INFO] [stderr]   Downloaded zbus_names v4.2.0
[INFO] [stderr]   Downloaded async-process v2.5.0
[INFO] [stderr]   Downloaded async-signal v0.2.13
[INFO] [stderr]   Downloaded async-executor v1.13.3
[INFO] [stderr]   Downloaded windows-future v0.2.1
[INFO] [stderr]   Downloaded signal-hook-registry v1.4.7
[INFO] [stderr]   Downloaded toml_parser v1.0.4
[INFO] [stderr]   Downloaded zbus_macros v5.12.0
[INFO] [stderr]   Downloaded tauri-winrt-notification v0.7.2
[INFO] [stderr]   Downloaded dispatch2 v0.3.0
[INFO] [stderr]   Downloaded similar v2.7.0
[INFO] [stderr]   Downloaded tracing v0.1.43
[INFO] [stderr]   Downloaded toml_edit v0.23.9
[INFO] [stderr]   Downloaded notify-rust v4.11.7
[INFO] [stderr]   Downloaded zvariant v5.8.0
[INFO] [stderr]   Downloaded cc v1.2.49
[INFO] [stderr]   Downloaded insta v1.44.3
[INFO] [stderr]   Downloaded zbus v5.12.0
[INFO] [stderr]   Downloaded quick-xml v0.37.5
[INFO] [stderr]   Downloaded portable-atomic v1.11.1
[INFO] [stderr]   Downloaded objc2 v0.6.3
[INFO] [stderr]   Downloaded rustix v1.1.2
[INFO] [stderr]   Downloaded nix v0.30.1
[INFO] [stderr]   Downloaded clap v4.5.53
[INFO] [stderr]   Downloaded clap_builder v4.5.53
[INFO] [stderr]   Downloaded predicates-tree v1.0.12
[INFO] [stderr]   Downloaded assert_cmd v2.1.1
[INFO] [stderr]   Downloaded bstr v1.12.1
[INFO] [stderr]   Downloaded windows v0.61.3
[INFO] running `Command { std: "docker" "create" "-v" "/var/lib/crater-agent-workspace/builds/worker-5-tc1/source:/opt/rustwide/workdir:ro,Z" "-v" "/var/lib/crater-agent-workspace/builds/worker-5-tc1/target:/opt/rustwide/target:rw,Z" "-v" "/var/lib/crater-agent-workspace/cargo-home:/opt/rustwide/cargo-home:ro,Z" "-v" "/var/lib/crater-agent-workspace/rustup-home:/opt/rustwide/rustup-home:ro,Z" "-m" "1610612736" "--network" "none" "ghcr.io/rust-lang/crates-build-env/linux@sha256:77db811e55d90add9212f6832c23229e3de5f1c1f9905e8cb07319ea15df73ac" "sleep" "infinity", kill_on_drop: false }`
[INFO] [stdout] a29f23317d0126cc5e1b2ddd3faed953a81a28d9fbe989ac027280e71e84ea04
[INFO] running `Command { std: "docker" "start" "a29f23317d0126cc5e1b2ddd3faed953a81a28d9fbe989ac027280e71e84ea04", kill_on_drop: false }`
[INFO] running `Command { std: "docker" "inspect" "a29f23317d0126cc5e1b2ddd3faed953a81a28d9fbe989ac027280e71e84ea04", kill_on_drop: false }`
[INFO] running `Command { std: "docker" "exec" "-e" "SOURCE_DIR=/opt/rustwide/workdir" "-e" "CARGO_HOME=/opt/rustwide/cargo-home" "-e" "RUSTUP_HOME=/opt/rustwide/rustup-home" "-e" "CARGO_TARGET_DIR=/opt/rustwide/target" "-w" "/opt/rustwide/workdir" "--user" "0:0" "a29f23317d0126cc5e1b2ddd3faed953a81a28d9fbe989ac027280e71e84ea04" "/opt/rustwide/cargo-home/bin/cargo" "+1.99.0-beta.8" "metadata" "--no-deps" "--format-version=1", kill_on_drop: false }`
[INFO] running `Command { std: "docker" "inspect" "a29f23317d0126cc5e1b2ddd3faed953a81a28d9fbe989ac027280e71e84ea04", kill_on_drop: false }`
[INFO] running `Command { std: "docker" "exec" "-e" "SOURCE_DIR=/opt/rustwide/workdir" "-e" "CARGO_HOME=/opt/rustwide/cargo-home" "-e" "RUSTUP_HOME=/opt/rustwide/rustup-home" "-e" "CARGO_TARGET_DIR=/opt/rustwide/target" "-e" "CARGO_INCREMENTAL=0" "-e" "RUST_BACKTRACE=full" "-e" "RUSTFLAGS=--cap-lints=warn" "-e" "RUSTDOCFLAGS=--cap-lints=warn" "-w" "/opt/rustwide/workdir" "--user" "0:0" "a29f23317d0126cc5e1b2ddd3faed953a81a28d9fbe989ac027280e71e84ea04" "/opt/rustwide/cargo-home/bin/cargo" "+1.99.0-beta.8" "build" "--frozen" "--message-format=json" "--release", kill_on_drop: false }`
[INFO] [stderr]    Compiling syn v2.0.111
[INFO] [stderr]    Compiling libc v0.2.178
[INFO] [stderr]    Compiling crossbeam-utils v0.8.21
[INFO] [stderr]    Compiling serde_core v1.0.228
[INFO] [stderr]    Compiling parking v2.2.1
[INFO] [stderr]    Compiling bitflags v2.10.0
[INFO] [stderr]    Compiling toml_datetime v0.7.3
[INFO] [stderr]    Compiling serde v1.0.228
[INFO] [stderr]    Compiling toml_parser v1.0.4
[INFO] [stderr]    Compiling fastrand v2.3.0
[INFO] [stderr]    Compiling proc-macro2 v1.0.103
[INFO] [stderr]    Compiling rustix v1.1.2
[INFO] [stderr]    Compiling quote v1.0.42
[INFO] [stderr]    Compiling linux-raw-sys v0.11.0
[INFO] [stderr]    Compiling winnow v0.7.14
[INFO] [stderr]    Compiling async-io v2.6.0
[INFO] [stderr]    Compiling tracing-core v0.1.35
[INFO] [stderr]    Compiling memoffset v0.9.1
[INFO] [stderr]    Compiling signal-hook v0.3.18
[INFO] [stderr]    Compiling async-task v4.7.1
[INFO] [stderr]    Compiling endi v1.1.1
[INFO] [stderr]    Compiling smallvec v1.15.1
[INFO] [stderr]    Compiling nix v0.30.1
[INFO] [stderr]    Compiling static_assertions v1.1.0
[INFO] [stderr]    Compiling rustix v0.38.44
[INFO] [stderr]    Compiling anstyle-parse v0.2.7
[INFO] [stderr]    Compiling futures-lite v2.6.1
[INFO] [stderr]    Compiling piper v0.2.4
[INFO] [stderr]    Compiling portable-atomic v1.11.1
[INFO] [stderr]    Compiling anstyle-query v1.1.5
[INFO] [stderr]    Compiling instability v0.3.10
[INFO] [stderr]    Compiling rayon-core v1.13.0
[INFO] [stderr]    Compiling toml_edit v0.23.9
[INFO] [stderr]    Compiling anstyle v1.0.13
[INFO] [stderr]    Compiling linux-raw-sys v0.4.15
[INFO] [stderr]    Compiling is_terminal_polyfill v1.70.2
[INFO] [stderr]    Compiling foldhash v0.1.5
[INFO] [stderr]    Compiling concurrent-queue v2.5.0
[INFO] [stderr]    Compiling crossbeam-epoch v0.9.18
[INFO] [stderr]    Compiling colorchoice v1.0.4
[INFO] [stderr]    Compiling libm v0.2.15
[INFO] [stderr]    Compiling indexmap v2.12.1
[INFO] [stderr]    Compiling anstream v0.6.21
[INFO] [stderr]    Compiling regex-automata v0.4.13
[INFO] [stderr]    Compiling event-listener v5.4.1
[INFO] [stderr]    Compiling crossbeam-deque v0.8.6
[INFO] [stderr]    Compiling async-executor v1.13.3
[INFO] [stderr]    Compiling hashbrown v0.15.5
[INFO] [stderr]    Compiling itertools v0.13.0
[INFO] [stderr]    Compiling event-listener-strategy v0.5.4
[INFO] [stderr]    Compiling async-channel v2.5.0
[INFO] [stderr]    Compiling async-lock v3.4.1
[INFO] [stderr]    Compiling proc-macro-crate v3.4.0
[INFO] [stderr]    Compiling signal-hook-registry v1.4.7
[INFO] [stderr]    Compiling parking_lot_core v0.9.12
[INFO] [stderr]    Compiling mio v1.1.1
[INFO] [stderr]    Compiling parking_lot v0.12.5
[INFO] [stderr]    Compiling blocking v1.6.2
[INFO] [stderr]    Compiling async-broadcast v0.7.2
[INFO] [stderr]    Compiling castaway v0.2.4
[INFO] [stderr]    Compiling nix v0.29.0
[INFO] [stderr]    Compiling ordered-stream v0.2.0
[INFO] [stderr]    Compiling signal-hook-mio v0.2.5
[INFO] [stderr]    Compiling clap_lex v0.7.6
[INFO] [stderr]    Compiling unicode-width v0.1.14
[INFO] [stderr]    Compiling unicode-width v0.2.2
[INFO] [stderr]    Compiling anyhow v1.0.100
[INFO] [stderr]    Compiling serde_json v1.0.145
[INFO] [stderr]    Compiling toml_write v0.1.2
[INFO] [stderr]    Compiling option-ext v0.2.0
[INFO] [stderr]    Compiling unicode-segmentation v1.12.0
[INFO] [stderr]    Compiling indoc v2.0.7
[INFO] [stderr]    Compiling clap_builder v4.5.53
[INFO] [stderr]    Compiling dirs-sys v0.4.1
[INFO] [stderr]    Compiling console v0.15.11
[INFO] [stderr]    Compiling crossterm v0.28.1
[INFO] [stderr]    Compiling compact_str v0.8.1
[INFO] [stderr]    Compiling lru v0.12.5
[INFO] [stderr]    Compiling uuid v1.19.0
[INFO] [stderr]    Compiling unicode-truncate v1.1.0
[INFO] [stderr]    Compiling tracing-log v0.2.0
[INFO] [stderr]    Compiling same-file v1.0.6
[INFO] [stderr]    Compiling cassowary v0.3.0
[INFO] [stderr]    Compiling matchers v0.2.0
[INFO] [stderr]    Compiling number_prefix v0.4.0
[INFO] [stderr]    Compiling memchr v2.7.6
[INFO] [stderr]    Compiling walkdir v2.5.0
[INFO] [stderr]    Compiling dirs v5.0.1
[INFO] [stderr]    Compiling indicatif v0.17.11
[INFO] [stderr]    Compiling humansize v2.1.3
[INFO] [stderr]    Compiling darling_core v0.20.11
[INFO] [stderr]    Compiling rayon v1.11.0
[INFO] [stderr]    Compiling serde_derive v1.0.228
[INFO] [stderr]    Compiling enumflags2_derive v0.7.12
[INFO] [stderr]    Compiling tracing-attributes v0.1.31
[INFO] [stderr]    Compiling strum_macros v0.26.4
[INFO] [stderr]    Compiling async-trait v0.1.89
[INFO] [stderr]    Compiling serde_repr v0.1.20
[INFO] [stderr]    Compiling tracing v0.1.43
[INFO] [stderr]    Compiling clap_derive v4.5.49
[INFO] [stderr]    Compiling darling_macro v0.20.11
[INFO] [stderr]    Compiling thiserror-impl v1.0.69
[INFO] [stderr]    Compiling darling v0.20.11
[INFO] [stderr]    Compiling tracing-subscriber v0.3.22
[INFO] [stderr]    Compiling polling v3.11.0
[INFO] [stderr]    Compiling clap v4.5.53
[INFO] [stderr]    Compiling thiserror v1.0.69
[INFO] [stderr]    Compiling strum v0.26.3
[INFO] [stderr]    Compiling ratatui v0.28.1
[INFO] [stderr]    Compiling async-signal v0.2.13
[INFO] [stderr]    Compiling async-process v2.5.0
[INFO] [stderr]    Compiling zvariant_utils v3.2.1
[INFO] [stderr]    Compiling enumflags2 v0.7.12
[INFO] [stderr]    Compiling toml_datetime v0.6.11
[INFO] [stderr]    Compiling serde_spanned v0.6.9
[INFO] [stderr]    Compiling zvariant_derive v5.8.0
[INFO] [stderr]    Compiling toml_edit v0.22.27
[INFO] [stderr]    Compiling zvariant v5.8.0
[INFO] [stderr]    Compiling zbus_names v4.2.0
[INFO] [stderr]    Compiling toml v0.8.23
[INFO] [stderr]    Compiling zbus_macros v5.12.0
[INFO] [stderr]    Compiling zbus v5.12.0
[INFO] [stderr]    Compiling notify-rust v4.11.7
[INFO] [stderr]    Compiling rusty-sweeper v0.3.1 (/opt/rustwide/workdir)
[INFO] [stderr]     Finished `release` profile [optimized] target(s) in 1m 51s
[INFO] running `Command { std: "docker" "inspect" "a29f23317d0126cc5e1b2ddd3faed953a81a28d9fbe989ac027280e71e84ea04", kill_on_drop: false }`
[INFO] running `Command { std: "docker" "exec" "-e" "SOURCE_DIR=/opt/rustwide/workdir" "-e" "CARGO_HOME=/opt/rustwide/cargo-home" "-e" "RUSTUP_HOME=/opt/rustwide/rustup-home" "-e" "CARGO_TARGET_DIR=/opt/rustwide/target" "-e" "CARGO_INCREMENTAL=0" "-e" "RUST_BACKTRACE=full" "-e" "RUSTFLAGS=--cap-lints=warn" "-e" "RUSTDOCFLAGS=--cap-lints=warn" "-w" "/opt/rustwide/workdir" "--user" "0:0" "a29f23317d0126cc5e1b2ddd3faed953a81a28d9fbe989ac027280e71e84ea04" "/opt/rustwide/cargo-home/bin/cargo" "+1.99.0-beta.8" "test" "--frozen" "--no-run" "--message-format=json" "--release", kill_on_drop: false }`
[INFO] [stderr]    Compiling rustix v1.1.2
[INFO] [stderr]    Compiling aho-corasick v1.1.4
[INFO] [stderr]    Compiling regex-syntax v0.8.8
[INFO] [stderr]    Compiling serde v1.0.228
[INFO] [stderr]    Compiling num-traits v0.2.19
[INFO] [stderr]    Compiling zerocopy v0.8.31
[INFO] [stderr]    Compiling serde_json v1.0.145
[INFO] [stderr]    Compiling zerocopy-derive v0.8.31
[INFO] [stderr]    Compiling uuid v1.19.0
[INFO] [stderr]    Compiling predicates-core v1.0.9
[INFO] [stderr]    Compiling ciborium-io v0.2.2
[INFO] [stderr]    Compiling plotters-backend v0.3.7
[INFO] [stderr]    Compiling itertools v0.10.5
[INFO] [stderr]    Compiling termtree v0.5.1
[INFO] [stderr]    Compiling normalize-line-endings v0.3.0
[INFO] [stderr]    Compiling cast v0.3.0
[INFO] [stderr]    Compiling difflib v0.4.0
[INFO] [stderr]    Compiling assert_cmd v2.1.1
[INFO] [stderr]    Compiling getrandom v0.3.4
[INFO] [stderr]    Compiling predicates-tree v1.0.12
[INFO] [stderr]    Compiling wait-timeout v0.2.1
[INFO] [stderr]    Compiling is-terminal v0.4.17
[INFO] [stderr]    Compiling oorandom v11.1.5
[INFO] [stderr]    Compiling similar v2.7.0
[INFO] [stderr]    Compiling anes v0.1.6
[INFO] [stderr]    Compiling plotters-svg v0.3.7
[INFO] [stderr]    Compiling enumflags2 v0.7.12
[INFO] [stderr]    Compiling zvariant_utils v3.2.1
[INFO] [stderr]    Compiling toml_datetime v0.6.11
[INFO] [stderr]    Compiling serde_spanned v0.6.9
[INFO] [stderr]    Compiling toml_edit v0.22.27
[INFO] [stderr]    Compiling zvariant v5.8.0
[INFO] [stderr]    Compiling insta v1.44.3
[INFO] [stderr]    Compiling float-cmp v0.10.0
[INFO] [stderr]    Compiling tinytemplate v1.2.1
[INFO] [stderr]    Compiling plotters v0.3.7
[INFO] [stderr]    Compiling criterion-plot v0.5.0
[INFO] [stderr]    Compiling regex-automata v0.4.13
[INFO] [stderr]    Compiling half v2.7.1
[INFO] [stderr]    Compiling ciborium-ll v0.2.2
[INFO] [stderr]    Compiling ciborium v0.2.2
[INFO] [stderr]    Compiling zbus_names v4.2.0
[INFO] [stderr]    Compiling toml v0.8.23
[INFO] [stderr]    Compiling polling v3.11.0
[INFO] [stderr]    Compiling tempfile v3.23.0
[INFO] [stderr]    Compiling async-io v2.6.0
[INFO] [stderr]    Compiling async-signal v0.2.13
[INFO] [stderr]    Compiling async-process v2.5.0
[INFO] [stderr]    Compiling zbus v5.12.0
[INFO] [stderr]    Compiling matchers v0.2.0
[INFO] [stderr]    Compiling regex v1.12.2
[INFO] [stderr]    Compiling bstr v1.12.1
[INFO] [stderr]    Compiling tracing-subscriber v0.3.22
[INFO] [stderr]    Compiling predicates v3.1.3
[INFO] [stderr]    Compiling criterion v0.5.1
[INFO] [stderr]    Compiling notify-rust v4.11.7
[INFO] [stderr]    Compiling rusty-sweeper v0.3.1 (/opt/rustwide/workdir)
[INFO] [stdout] warning: use of deprecated associated function `assert_cmd::Command::cargo_bin`: incompatible with a custom cargo build-dir, see instead `cargo::cargo_bin_cmd!`
[INFO] [stdout]  --> tests/monitor_integration.rs:5:14
[INFO] [stdout]   |
[INFO] [stdout] 5 |     Command::cargo_bin("rusty-sweeper-monitor").unwrap()
[INFO] [stdout]   |              ^^^^^^^^^
[INFO] [stdout]   |
[INFO] [stdout]   = note: `#[warn(deprecated)]` on by default
[INFO] [stdout] 
[INFO] [stdout] 
[INFO] [stderr]     Finished `release` profile [optimized] target(s) in 1m 31s
[INFO] running `Command { std: "docker" "inspect" "a29f23317d0126cc5e1b2ddd3faed953a81a28d9fbe989ac027280e71e84ea04", kill_on_drop: false }`
[INFO] running `Command { std: "docker" "exec" "-e" "SOURCE_DIR=/opt/rustwide/workdir" "-e" "CARGO_HOME=/opt/rustwide/cargo-home" "-e" "RUSTUP_HOME=/opt/rustwide/rustup-home" "-e" "CARGO_TARGET_DIR=/opt/rustwide/target" "-e" "CARGO_INCREMENTAL=0" "-e" "RUST_BACKTRACE=full" "-e" "RUSTFLAGS=--cap-lints=warn" "-e" "RUSTDOCFLAGS=--cap-lints=warn" "-w" "/opt/rustwide/workdir" "--user" "0:0" "a29f23317d0126cc5e1b2ddd3faed953a81a28d9fbe989ac027280e71e84ea04" "/opt/rustwide/cargo-home/bin/cargo" "+1.99.0-beta.8" "test" "--frozen" "--release", kill_on_drop: false }`
[INFO] [stderr] warning: use of deprecated associated function `assert_cmd::Command::cargo_bin`: incompatible with a custom cargo build-dir, see instead `cargo::cargo_bin_cmd!`
[INFO] [stderr]  --> tests/monitor_integration.rs:5:14
[INFO] [stderr]   |
[INFO] [stderr] 5 |     Command::cargo_bin("rusty-sweeper-monitor").unwrap()
[INFO] [stderr]   |              ^^^^^^^^^
[INFO] [stderr]   |
[INFO] [stderr]   = note: `#[warn(deprecated)]` on by default
[INFO] [stderr] 
[INFO] [stderr] warning: `rusty-sweeper` (test "monitor_integration") generated 1 warning
[INFO] [stderr]     Finished `release` profile [optimized] target(s) in 0.28s
[INFO] [stderr]      Running unittests src/lib.rs (/opt/rustwide/target/release/deps/rusty_sweeper-d616a9f6ae81f47a)
[INFO] [stdout] 
[INFO] [stdout] running 353 tests
[INFO] [stdout] test cleaner::detector::tests::test_find_artifacts_existing ... ok
[INFO] [stdout] test cleaner::detector::tests::test_detector_trait_methods ... ok
[INFO] [stdout] test cleaner::detectors::bazel::tests::test_bazel_detector_properties ... ok
[INFO] [stdout] test cleaner::detector::tests::test_find_artifacts_none_exist ... ok
[INFO] [stdout] test cleaner::detectors::bazel::tests::test_bazel_no_detection ... ok
[INFO] [stdout] test cleaner::detectors::bazel::tests::test_bazel_detection_workspace_bazel ... ok
[INFO] [stdout] test cleaner::detectors::cargo::tests::test_cargo_detection_positive ... ok
[INFO] [stdout] test cleaner::detectors::cargo::tests::test_cargo_detector_properties ... ok
[INFO] [stdout] test cleaner::detectors::cmake::tests::test_cmake_detector_properties ... ok
[INFO] [stdout] test cleaner::detectors::cargo::tests::test_cargo_no_artifacts_without_target ... ok
[INFO] [stdout] test cleaner::detectors::dotnet::tests::test_dotnet_detection_csproj ... ok
[INFO] [stdout] test cleaner::detectors::cmake::tests::test_cmake_no_detection_without_build ... ok
[INFO] [stdout] test cleaner::detectors::cmake::tests::test_cmake_detection_with_build ... ok
[INFO] [stdout] test cleaner::detectors::dotnet::tests::test_dotnet_no_detection ... ok
[INFO] [stdout] test cleaner::detectors::dotnet::tests::test_dotnet_detection_sln ... ok
[INFO] [stdout] test cleaner::detector::tests::test_detect_without_file ... ok
[INFO] [stdout] test cleaner::detectors::dotnet::tests::test_dotnet_find_artifacts ... ok
[INFO] [stdout] test cleaner::detectors::cargo::tests::test_cargo_detection_negative ... ok
[INFO] [stdout] test cleaner::detectors::gradle::tests::test_gradle_detection_kotlin_dsl ... ok
[INFO] [stdout] test cleaner::detectors::cargo::tests::test_cargo_find_artifacts ... ok
[INFO] [stdout] test cleaner::detectors::dotnet::tests::test_dotnet_detector_properties ... ok
[INFO] [stdout] test cleaner::detector::tests::test_detect_with_existing_file ... ok
[INFO] [stdout] test cleaner::detectors::maven::tests::test_maven_detection ... ok
[INFO] [stdout] test cleaner::detectors::go::tests::test_go_no_local_artifacts ... ok
[INFO] [stdout] test cleaner::detectors::maven::tests::test_maven_detector_properties ... ok
[INFO] [stdout] test cleaner::detectors::maven::tests::test_maven_no_detection ... ok
[INFO] [stdout] test cleaner::detectors::go::tests::test_go_detector_properties ... ok
[INFO] [stdout] test cleaner::detectors::gradle::tests::test_gradle_detector_properties ... ok
[INFO] [stdout] test cleaner::detectors::gradle::tests::test_gradle_detection_gradlew ... ok
[INFO] [stdout] test cleaner::detectors::npm::tests::test_npm_find_artifacts ... ok
[INFO] [stdout] test cleaner::detectors::npm::tests::test_npm_detection ... ok
[INFO] [stdout] test cleaner::detectors::npm::tests::test_npm_detector_properties ... ok
[INFO] [stdout] test cleaner::detectors::gradle::tests::test_gradle_find_artifacts ... ok
[INFO] [stdout] test cleaner::detectors::python::tests::test_python_detection_dot_venv ... ok
[INFO] [stdout] test cleaner::detector::tests::test_detected_project_creation ... ok
[INFO] [stdout] test cleaner::detectors::python::tests::test_python_detection_venv ... ok
[INFO] [stdout] test cleaner::detectors::bazel::tests::test_bazel_detection_workspace ... ok
[INFO] [stdout] test cleaner::detectors::cmake::tests::test_cmake_no_detection_without_cmakelists ... ok
[INFO] [stdout] test cleaner::detectors::go::tests::test_go_detection ... ok
[INFO] [stdout] test cleaner::detectors::gradle::tests::test_gradle_detection_build_gradle ... ok
[INFO] [stdout] test cleaner::detectors::python::tests::test_python_detector_properties ... ok
[INFO] [stdout] test cleaner::docker::tests::test_parse_docker_size_invalid ... ok
[INFO] [stdout] test cleaner::detectors::python::tests::test_python_find_artifacts ... ok
[INFO] [stdout] test cleaner::docker::tests::test_parse_docker_size_bytes ... ok
[INFO] [stdout] test cleaner::docker::tests::test_parse_docker_size_empty ... ok
[INFO] [stdout] test cleaner::docker::tests::test_parse_docker_size_gigabytes ... ok
[INFO] [stdout] test cleaner::docker::tests::test_parse_docker_size_megabytes ... ok
[INFO] [stdout] test cleaner::docker::tests::test_parse_docker_size_kilobytes ... ok
[INFO] [stdout] test cleaner::docker::tests::test_parse_docker_size_terabytes ... ok
[INFO] [stdout] test cleaner::docker::tests::test_parse_system_df_output_empty ... ok
[INFO] [stdout] test cleaner::docker::tests::test_parse_system_df_output_full ... ok
[INFO] [stdout] test cleaner::docker::tests::test_parse_system_df_output_only_containers_and_volumes ... ok
[INFO] [stdout] test cleaner::docker::tests::test_parse_docker_size_with_percentage ... ok
[INFO] [stdout] test cleaner::docker::tests::test_parse_system_df_output_invalid_json ... ok
[INFO] [stdout] test cleaner::docker::tests::test_parse_system_df_output_zero_reclaimable ... ok
[INFO] [stdout] test cleaner::executor::tests::test_clean_result_variants ... ok
[INFO] [stdout] test cleaner::executor::tests::test_clean_multiple_artifacts ... ok
[INFO] [stdout] test cleaner::executor::tests::test_clean_nonexistent_artifacts ... ok
[INFO] [stdout] test cleaner::executor::tests::test_clean_reports_bytes_removed_before_failure ... ok
[INFO] [stdout] test cleaner::executor::tests::test_clean_continues_to_artifacts_after_failure ... ok
[INFO] [stdout] test cleaner::executor::tests::test_clean_direct_deletion ... ok
[INFO] [stdout] test cleaner::executor::tests::test_clean_dry_run ... ok
[INFO] [stdout] test cleaner::orchestrator::tests::test_progress_tracker ... ok
[INFO] [stdout] test cleaner::orchestrator::tests::test_add_system_result ... ok
[INFO] [stdout] test cleaner::orchestrator::tests::test_single_thread ... ok
[INFO] [stdout] test cleaner::orchestrator::tests::test_summarize ... ok
[INFO] [stdout] test cleaner::project_scanner::tests::test_filter_by_age_empty_list ... ok
[INFO] [stdout] test cleaner::executor::tests::test_clean_continues_past_unwritable_directory_without_following_symlinks ... FAILED
[INFO] [stdout] test cleaner::project_scanner::tests::test_scan_excludes_patterns ... ok
[INFO] [stdout] test cleaner::project_scanner::tests::test_scan_calculates_sizes ... ok
[INFO] [stdout] test cleaner::orchestrator::tests::test_clean_all_with_progress ... ok
[INFO] [stdout] test cleaner::orchestrator::tests::test_clean_all_cancellable_skips_when_cancelled ... ok
[INFO] [stdout] test cleaner::orchestrator::tests::test_clean_all_parallel ... ok
[INFO] [stdout] test cleaner::project_scanner::tests::test_project_last_modified_excludes_artifacts ... ok
[INFO] [stdout] test cleaner::project_scanner::tests::test_filter_by_age_recent_project ... ok
[INFO] [stdout] test cleaner::executor::tests::test_failed_native_clean_falls_back_to_deletion ... ok
[INFO] [stdout] test cleaner::executor::tests::test_native_failure_emits_no_terminal_logs_even_at_trace_level ... ok
[INFO] [stdout] test cleaner::project_scanner::tests::test_scan_normalizes_relative_root_paths ... ok
[INFO] [stdout] test cleaner::project_scanner::tests::test_scan_nested_project ... ok
[INFO] [stdout] test cleaner::project_scanner::tests::test_scan_fast_recognizes_project_without_artifact_size_walk ... ok
[INFO] [stdout] test cleaner::executor::tests::test_failed_fallback_preserves_native_error_and_artifact_path ... ok
[INFO] [stdout] test cleaner::project_scanner::tests::test_scan_reports_recognized_projects_without_artifacts ... ok
[INFO] [stdout] test cleaner::project_scanner::tests::test_scan_finds_projects ... ok
[INFO] [stdout] test cleaner::registry::tests::test_all_valid_type_ids ... ok
[INFO] [stdout] test cleaner::registry::tests::test_registry_default ... ok
[INFO] [stdout] test cleaner::registry::tests::test_registry_new_has_all_detectors ... ok
[INFO] [stdout] test cleaner::registry::tests::test_registry_with_empty_types ... ok
[INFO] [stdout] test cleaner::orchestrator::tests::test_empty_projects_list ... ok
[INFO] [stdout] test cleaner::registry::tests::test_registry_with_types ... ok
[INFO] [stdout] test cleaner::executor::tests::test_native_clean_reports_measured_bytes_freed ... ok
[INFO] [stdout] test cleaner::system_cleaner::tests::test_detected_system_resource_creation ... ok
[INFO] [stdout] test cleaner::system_registry::tests::test_registry_get_cleaner ... ok
[INFO] [stdout] test cleaner::system_cleaner::tests::test_system_clean_result_variants ... ok
[INFO] [stdout] test cleaner::system_registry::tests::test_registry_with_types_matching ... ok
[INFO] [stdout] test cleaner::system_registry::tests::test_registry_with_types_empty ... ok
[INFO] [stdout] test cleaner::system_registry::tests::test_registry_with_types_no_match ... ok
[INFO] [stdout] test cleaner::registry::tests::test_registry_get ... ok
[INFO] [stdout] test cleaner::registry::tests::test_registry_clone ... ok
[INFO] [stdout] test cleaner::executor::tests::test_native_partial_deletion_is_counted_after_fallback ... ok
[INFO] [stdout] test cleaner::registry::tests::test_registry_without_types ... ok
[INFO] [stdout] test cleaner::system_registry::tests::test_all_system_cleaner_ids ... ok
[INFO] [stdout] test cleaner::registry::tests::test_registry_len ... ok
[INFO] [stdout] test cleaner::system_registry::tests::test_registry_new ... ok
[INFO] [stdout] test commands::monitor::tests::test_parse_backend_notify_send ... ok
[INFO] [stdout] test cli::tests::parse_monitor_cli ... ok
[INFO] [stdout] test cli::tests::parse_main_cli_with_globals ... ok
[INFO] [stdout] test cli::tests::verify_cli_structure ... ok
[INFO] [stdout] test commands::monitor::tests::test_handle_status_not_running ... ok
[INFO] [stdout] test cleaner::project_scanner::tests::test_scan_with_filtered_registry ... ok
[INFO] [stdout] test config::tests::default_cleaner_has_common_project_types ... ok
[INFO] [stdout] test config::tests::default_config_is_valid ... ok
[INFO] [stdout] test config::tests::load_returns_defaults_when_no_file ... ok
[INFO] [stdout] test config::tests::default_thresholds_are_valid ... ok
[INFO] [stdout] test config::tests::load_fails_on_invalid_explicit_path ... ok
[INFO] [stdout] test commands::monitor::tests::test_handle_stop_not_running ... ok
[INFO] [stdout] test config::tests::config_serializes_to_toml ... ok
[INFO] [stdout] test config::tests::validate_catches_invalid_thresholds ... ok
[INFO] [stdout] test error::tests::exit_code_not_a_directory ... ok
[INFO] [stdout] test error::tests::exit_code_path_not_found ... ok
[INFO] [stdout] test commands::monitor::tests::test_parse_backend_auto ... ok
[INFO] [stdout] test error::tests::error_conversion ... ok
[INFO] [stdout] test error::tests::other_error_message ... ok
[INFO] [stdout] test cli::tests::global_verbose_flag ... ok
[INFO] [stdout] test commands::monitor::tests::test_parse_backend_stderr ... ok
[INFO] [stdout] test error::tests::exit_code_config_error ... ok
[INFO] [stdout] test cli::tests::parse_main_cli_with_starting_path ... ok
[INFO] [stdout] test error::tests::error_display_messages ... ok
[INFO] [stdout] test error::tests::not_a_directory_error_message ... ok
[INFO] [stdout] test monitor::daemon::tests::test_daemon_paths ... ok
[INFO] [stdout] test cleaner::project_scanner::tests::test_scan_respects_max_depth ... ok
[INFO] [stdout] test error::tests::exit_code_permission_denied ... ok
[INFO] [stdout] test monitor::daemon::tests::test_daemon_status_not_running ... ok
[INFO] [stderr] 
[INFO] [stdout] test monitor::disk::tests::test_virtual_fs_detection ... ok
[INFO] [stderr] [INFO] Test
[INFO] [stdout] test monitor::daemon::tests::test_process_identity_rejects_wrong_start_time ... ok
[INFO] [stderr] ------------------------------------------------------------
[INFO] [stdout] test monitor::disk::tests::test_check_all_mount_points ... ok
[INFO] [stderr]   Test body
[INFO] [stdout] test monitor::daemon::tests::test_cleanup_pid_file ... ok
[INFO] [stderr] 
[INFO] [stdout] test commands::monitor::tests::test_parse_backend_dbus ... ok
[INFO] [stderr] 
[INFO] [stdout] test monitor::daemon::tests::test_pid_file_operations ... ok
[INFO] [stderr] [CRITICAL] 🔴 Disk Usage Critical
[INFO] [stdout] test monitor::disk::tests::test_check_disk_usage_home ... ok
[INFO] [stderr] ------------------------------------------------------------
[INFO] [stdout] test commands::monitor::tests::test_parse_backend_invalid ... ok
[INFO] [stderr]   / is 90% full
[INFO] [stdout] test monitor::disk::tests::test_check_disk_usage_root ... ok
[INFO] [stderr]   Used: 90 B of 100 B
[INFO] [stdout] test monitor::disk::tests::test_check_mount_points_custom ... ok
[INFO] [stderr]   Available: 10 B
[INFO] [stdout] test monitor::disk::tests::test_decode_mount_field_unescapes_proc_mount_sequences ... ok
[INFO] [stderr] 
[INFO] [stdout] test monitor::notifier::tests::test_format_alert_title_normal ... ok
[INFO] [stdout] test monitor::disk::tests::test_get_mount_points ... FAILED
[INFO] [stdout] test monitor::notifiers::dbus::tests::test_dbus_availability_check ... ok
[INFO] [stdout] test monitor::notifier::tests::test_format_alert_body ... ok
[INFO] [stdout] test monitor::disk::tests::test_check_mount_points_rejects_unreadable_explicit_path ... ok
[INFO] [stdout] test cli::tests::parse_main_cli_without_subcommands ... ok
[INFO] [stdout] test monitor::daemon::tests::test_is_process_running ... ok
[INFO] [stdout] test monitor::notifiers::i3nagbar::tests::test_i3nagbar_availability ... ok
[INFO] [stdout] test monitor::notifiers::i3nagbar::tests::test_i3nagbar_name ... ok
[INFO] [stdout] test monitor::notifier::tests::test_format_alert_title ... ok
[INFO] [stdout] test monitor::notifiers::dbus::tests::test_dbus_notifier_creation ... ok
[INFO] [stdout] test monitor::notifiers::dbus::tests::test_urgency_mapping ... ok
[INFO] [stdout] test monitor::notifiers::stderr::tests::test_stderr_always_available ... ok
[INFO] [stdout] test monitor::notifiers::stderr::tests::test_stderr_name ... ok
[INFO] [stdout] test monitor::notifiers::stderr::tests::test_stderr_send ... ok
[INFO] [stdout] test monitor::notifiers::stderr::tests::test_stderr_send_alert ... ok
[INFO] [stdout] test monitor::notifiers::tests::test_explicit_dbus_selection ... ok
[INFO] [stdout] test monitor::notifiers::tests::test_explicit_stderr_selection ... ok
[INFO] [stdout] test monitor::notifiers::notify_send::tests::test_notify_send_name ... ok
[INFO] [stdout] test monitor::signals::tests::test_check_reload_false ... ok
[INFO] [stdout] test monitor::notifiers::tests::test_fallback_notifier_tries_next_backend_after_failure ... ok
[INFO] [stdout] test monitor::notifiers::tests::test_get_i3_notifier ... ok
[INFO] [stdout] test monitor::notifiers::i3nagbar::tests::test_i3nagbar_skips_non_critical ... ok
[INFO] [stdout] test monitor::signals::tests::test_check_reload_clears_flag ... ok
[INFO] [stdout] test monitor::types::tests::test_alert_level_from_percent ... ok
[INFO] [stdout] test monitor::signals::tests::test_install_signal_handlers ... ok
[INFO] [stdout] test monitor::types::tests::test_alert_level_ordering ... ok
[INFO] [stdout] test monitor::types::tests::test_custom_thresholds_above_95_remain_reachable ... ok
[INFO] [stdout] test monitor::types::tests::test_urgency_mapping ... ok
[INFO] [stdout] test scanner::entry::tests::test_new_dir ... ok
[INFO] [stdout] test scanner::entry::tests::test_new_error ... ok
[INFO] [stdout] test scanner::entry::tests::test_new_dir_root_path ... ok
[INFO] [stdout] test monitor::types::tests::test_default_monitor_options ... ok
[INFO] [stdout] test monitor::service::tests::test_failed_alert_is_retried_at_same_level ... ok
[INFO] [stdout] test scanner::entry::tests::test_dir_entry_creation ... ok
[INFO] [stdout] test scanner::entry::tests::test_total_entries ... ok
[INFO] [stdout] test scanner::entry::tests::test_total_entries_file ... ok
[INFO] [stdout] test scanner::entry::tests::test_sort_by_name ... ok
[INFO] [stdout] test scanner::entry::tests::test_sort_by_size ... ok
[INFO] [stdout] test scanner::entry::tests::test_new_file ... ok
[INFO] [stdout] test scanner::formatter::tests::test_format_json_pretty ... ok
[INFO] [stdout] test monitor::service::tests::test_monitor_stop ... ok
[INFO] [stdout] test monitor::service::tests::test_running_flag_shared ... ok
[INFO] [stdout] test scanner::formatter::tests::test_format_json ... ok
[INFO] [stdout] test scanner::formatter::tests::test_format_json_parseable ... ok
[INFO] [stdout] test scanner::entry::tests::test_recalculate_totals ... ok
[INFO] [stdout] test scanner::entry::tests::test_recalculate_totals_with_subdirs ... ok
[INFO] [stdout] test scanner::formatter::tests::test_format_table_basic ... ok
[INFO] [stdout] test scanner::formatter::tests::test_format_table_indentation ... ok
[INFO] [stdout] test scanner::formatter::tests::test_format_json_summary ... ok
[INFO] [stdout] test scanner::formatter::tests::test_format_tree_basic ... ok
[INFO] [stdout] test scanner::options::tests::test_default_options ... ok
[INFO] [stdout] test scanner::options::tests::test_is_linux_virtual_fs ... ok
[INFO] [stdout] test monitor::service::tests::test_monitor_service_creation ... ok
[INFO] [stdout] test scanner::options::tests::test_scan_options_exclude ... ok
[INFO] [stdout] test monitor::service::tests::test_monitor_once_mode ... ok
[INFO] [stdout] test scanner::options::tests::test_scan_options_builder ... ok
[INFO] [stdout] test scanner::options::tests::test_scan_options_chaining ... ok
[INFO] [stdout] test scanner::options::tests::test_scan_options_follow_symlinks ... ok
[INFO] [stdout] test scanner::size::tests::test_format_size_gigabytes ... ok
[INFO] [stdout] test scanner::options::tests::test_scan_options_threads ... ok
[INFO] [stdout] test scanner::size::tests::test_format_size_kilobytes ... ok
[INFO] [stdout] test scanner::formatter::tests::test_format_tree_with_counts ... ok
[INFO] [stdout] test scanner::size::tests::test_format_size_bytes ... ok
[INFO] [stdout] test scanner::formatter::tests::test_format_json_summary_structure ... ok
[INFO] [stdout] test scanner::formatter::tests::test_format_tree_contains_structure ... ok
[INFO] [stdout] test scanner::formatter::tests::test_format_tree_top_n ... ok
[INFO] [stdout] test scanner::size::tests::test_format_size_terabytes ... ok
[INFO] [stdout] test scanner::formatter::tests::test_format_tree_depth_limit ... ok
[INFO] [stdout] test scanner::size::tests::test_parse_size_plain_number ... ok
[INFO] [stdout] test scanner::size::tests::test_parse_size_decimal ... ok
[INFO] [stdout] test scanner::formatter::tests::test_format_tree_error_entry ... ok
[INFO] [stdout] test scanner::size::tests::test_parse_size_invalid ... ok
[INFO] [stdout] test scanner::size::tests::test_format_size_megabytes ... ok
[INFO] [stdout] test scanner::size::tests::test_parse_size_case_insensitive ... ok
[INFO] [stdout] test scanner::size::tests::test_parse_size_with_units ... ok
[INFO] [stdout] test scanner::size::tests::test_format_size_zero ... ok
[INFO] [stdout] test scanner::size::tests::test_parse_size_bytes_suffix ... ok
[INFO] [stdout] test scanner::walker::tests::test_parallel_scan_matches_sequential ... ok
[INFO] [stdout] test scanner::walker::tests::test_parallel_scanner_builds_configured_thread_pool ... ok
[INFO] [stdout] test scanner::walker::tests::test_parallel_scan_excludes_hidden ... ok
[INFO] [stdout] test scanner::walker::tests::test_parallel_scan_basic ... ok
[INFO] [stdout] test scanner::walker::tests::test_parallel_scan_does_not_follow_symlink_cycle_repeatedly ... ok
[INFO] [stdout] test scanner::walker::tests::test_scan_directory_basic ... ok
[INFO] [stdout] test scanner::walker::tests::test_progressive_scan_notifies_after_updates_are_available ... ok
[INFO] [stdout] test scanner::walker::tests::test_scan_cache_reuses_unchanged_file_metadata ... ok
[INFO] [stdout] test scanner::walker::tests::test_progressive_scan_sends_each_entry_as_a_delta ... ok
[INFO] [stdout] test scanner::walker::tests::test_parallel_scan_max_depth ... ok
[INFO] [stdout] test scanner::walker::tests::test_scan_counts_files_correctly ... ok
[INFO] [stdout] test scanner::walker::tests::test_scan_includes_hidden ... ok
[INFO] [stdout] test scanner::walker::tests::test_scanners_prune_configured_excluded_subtree ... ok
[INFO] [stdout] test scanner::walker::tests::test_scan_sorted_by_size ... ok
[INFO] [stdout] test scanner::walker::tests::test_scan_max_depth_one ... ok
[INFO] [stdout] test scanner::walker::tests::test_scan_nonexistent_path ... ok
[INFO] [stdout] test tui::app::tests::test_app_accepts_configured_scanner_threads ... ok
[INFO] [stdout] test scanner::walker::tests::test_scan_max_depth ... ok
[INFO] [stdout] test scanner::walker::tests::test_scanners_count_hard_link_storage_once ... ok
[INFO] [stdout] test scanner::walker::tests::test_scan_sizes_are_accumulated ... ok
[INFO] [stdout] test scanner::walker::tests::test_scan_excludes_hidden ... ok
[INFO] [stdout] test tui::app::tests::test_collapse_selected ... ok
[INFO] [stdout] test tui::app::tests::test_cycle_sort_order ... ok
[INFO] [stdout] test tui::app::tests::test_deferred_view_preserves_selection_as_scan_results_arrive ... ok
[INFO] [stdout] test tui::app::tests::test_app_new ... ok
[INFO] [stdout] test tui::app::tests::test_cancelled_scan_cannot_publish_into_a_new_scan ... ok
[INFO] [stdout] test tui::app::tests::test_delete_blocked_on_system_resource ... ok
[INFO] [stdout] test tui::app::tests::test_clean_selected_not_a_project ... ok
[INFO] [stdout] test tui::app::tests::test_clean_selected_no_entry ... ok
[INFO] [stdout] test tui::app::tests::test_clean_selected_no_artifacts ... ok
[INFO] [stdout] test tui::app::tests::test_app_selected_entry_empty ... ok
[INFO] [stdout] test tui::app::tests::test_dir_size_calculation ... ok
[INFO] [stdout] test tui::app::tests::test_delete_selected_runs_as_background_operation ... ok
[INFO] [stdout] test tui::app::tests::test_expand_noop_on_separator ... ok
[INFO] [stdout] test tui::app::tests::test_expand_selected ... ok
[INFO] [stdout] test tui::app::tests::test_flatten_collapsed_tree ... ok
[INFO] [stdout] test scanner::walker::tests::test_parallel_scan_large_structure ... ok
[INFO] [stdout] test tui::app::tests::test_disconnected_workers_leave_no_stuck_busy_state ... ok
[INFO] [stdout] test tui::app::tests::test_delete_path_directory ... ok
[INFO] [stdout] test tui::app::tests::test_flatten_empty_tree ... ok
[INFO] [stdout] test tui::app::tests::test_delete_path_file ... ok
[INFO] [stdout] test tui::app::tests::test_delete_failure_refreshes_only_affected_subtree ... FAILED
[INFO] [stdout] test tui::app::tests::test_flatten_deeply_expanded ... ok
[INFO] [stdout] test tui::app::tests::test_flatten_search_filter ... ok
[INFO] [stdout] test tui::app::tests::test_flatten_shows_hidden_when_enabled ... ok
[INFO] [stdout] test tui::app::tests::test_flatten_single_entry ... ok
[INFO] [stdout] test tui::app::tests::test_get_disk_usage ... ok
[INFO] [stdout] test tui::app::tests::test_get_disk_usage_nonexistent_path ... ok
[INFO] [stdout] test tui::app::tests::test_get_disk_usage_percent ... ok
[INFO] [stdout] test tui::app::tests::test_go_to_parent ... ok
[INFO] [stdout] test tui::app::tests::test_initial_background_scan_expands_relative_starting_directory ... FAILED
[INFO] [stdout] test tui::app::tests::test_initial_scan ... ok
[INFO] [stdout] test tui::app::tests::test_initial_scan_expands_symlink_starting_directory ... ok
[INFO] [stdout] test tui::app::tests::test_flatten_expanded_tree ... ok
[INFO] [stdout] test tui::app::tests::test_move_selection_clamps_upper ... ok
[INFO] [stdout] test tui::app::tests::test_move_selection_down ... ok
[INFO] [stdout] test tui::app::tests::test_non_permission_errors_and_failed_sudo_do_not_prompt ... ok
[INFO] [stdout] test tui::app::tests::test_mode_equality ... ok
[INFO] [stdout] test tui::app::tests::test_prepare_clean_preview_separator ... ok
[INFO] [stdout] test tui::app::tests::test_move_selection_clamps_lower ... ok
[INFO] [stdout] test tui::app::tests::test_project_scanner_results_are_cached_until_rescan ... ok
[INFO] [stdout] test tui::app::tests::test_rescan_nonexistent_directory ... ok
[INFO] [stdout] test tui::app::tests::test_rescan_preserves_expansion ... ok
[INFO] [stdout] test tui::app::tests::test_recursive_clean_reports_failed_project_and_error ... ok
[INFO] [stdout] test tui::app::tests::test_rescan_removes_deleted_expansion ... ok
[INFO] [stdout] test tui::app::tests::test_selected_is_project_false ... ok
[INFO] [stdout] test tui::app::tests::test_selected_is_project_separator ... ok
[INFO] [stdout] test tui::app::tests::test_selected_is_project_system_resource ... ok
[INFO] [stdout] test tui::app::tests::test_selected_is_project_true ... ok
[INFO] [stdout] test tui::app::tests::test_selection_clamps_on_rebuild ... ok
[INFO] [stdout] test tui::app::tests::test_sort_order_affects_display ... ok
[INFO] [stdout] test tui::app::tests::test_sort_order_default ... ok
[INFO] [stdout] test tui::app::tests::test_sudo_prompt_can_be_declined_without_requesting_privileges ... ok
[INFO] [stdout] test tui::app::tests::test_sudo_prompt_shows_failed_path_and_explicit_confirmation ... ok
[INFO] [stdout] test tui::app::tests::test_sudo_retry_stays_bound_to_failed_path_and_patches_success ... ok
[INFO] [stdout] test tui::app::tests::test_system_detection_starts_in_background ... ok
[INFO] [stdout] test tui::app::tests::test_system_resources_no_separator_without_tree ... ok
[INFO] [stdout] test tui::app::tests::test_system_resources_prepended_to_visible_entries ... ok
[INFO] [stdout] test tui::app::tests::test_toggle_expand ... ok
[INFO] [stdout] test tui::app::tests::test_toggle_noop_on_system_resource ... ok
[INFO] [stdout] test tui::app::tests::test_trigger_rescan ... ok
[INFO] [stdout] test tui::app::tests::test_visible_entries_do_not_clone_descendant_trees ... ok
[INFO] [stdout] test tui::app::tests::test_visible_entry_has_project_type ... ok
[INFO] [stdout] test tui::event::tests::test_confirm_mode_no ... ok
[INFO] [stdout] test tui::event::tests::test_confirm_mode_yes ... ok
[INFO] [stdout] test tui::event::tests::test_ctrl_c_works_in_any_mode ... ok
[INFO] [stdout] test tui::event::tests::test_enter_help_mode ... ok
[INFO] [stdout] test tui::event::tests::test_enter_search_mode ... ok
[INFO] [stdout] test tui::event::tests::test_escape_cancels_background_scan_before_quitting ... ok
[INFO] [stdout] test tui::event::tests::test_exit_help_mode ... ok
[INFO] [stdout] test tui::event::tests::test_quit_on_ctrl_c ... ok
[INFO] [stdout] test tui::event::tests::test_quit_on_esc ... ok
[INFO] [stdout] test tui::event::tests::test_quit_on_q ... ok
[INFO] [stdout] test tui::event::tests::test_resize_invalidates_frame_and_key_release_does_not_act ... ok
[INFO] [stdout] test tui::event::tests::test_search_mode_backspace ... ok
[INFO] [stdout] test tui::event::tests::test_search_mode_enter_keeps_query ... ok
[INFO] [stdout] test tui::event::tests::test_search_mode_escape_clears ... ok
[INFO] [stdout] test tui::event::tests::test_search_mode_typing ... ok
[INFO] [stdout] test tui::event::tests::test_toggle_hidden ... ok
[INFO] [stdout] test tui::runtime::tests::frames_are_coalesced_and_idle_never_redraws ... ok
[INFO] [stdout] test tui::runtime::tests::full_input_queue_does_not_block_shutdown ... ok
[INFO] [stdout] test tui::runtime::tests::input_errors_reach_the_ui ... ok
[INFO] [stdout] test tui::sudo::tests::rejects_root_relative_and_parent_traversal_paths ... ok
[INFO] [stdout] test tui::sudo::tests::sudo_receives_exact_path_without_shell_interpretation ... ok
[INFO] [stdout] test tui::tests::test_cleanup_runs_when_tui_loop_returns_error ... ok
[INFO] [stdout] [?1049l[?25htest tui::tests::test_restore_terminal_without_init_is_safe ... ok
[INFO] [stdout] test tui::ui::tests::test_calculate_scroll_offset ... ok
[INFO] [stdout] test tui::ui::tests::test_render_confirm_dialog ... ok
[INFO] [stdout] test tui::ui::tests::test_render_delete_dialog_with_long_unicode_path ... ok
[INFO] [stdout] test tui::ui::tests::test_render_does_not_panic ... ok
[INFO] [stdout] test tui::ui::tests::test_render_help_overlay ... ok
[INFO] [stdout] test tui::ui::tests::test_render_recursive_clean_dialog ... ok
[INFO] [stdout] test tui::ui::tests::test_render_search_overlay ... ok
[INFO] [stdout] test tui::ui::tests::test_render_with_tree ... ok
[INFO] [stdout] test tui::ui::tests::test_size_color_edge_cases ... ok
[INFO] [stdout] test tui::ui::tests::test_size_color_gradient ... ok
[INFO] [stdout] test tui::ui::tests::test_size_color_zero_max ... ok
[INFO] [stdout] test tui::app::tests::test_scan_backlog_is_batched_and_view_is_built_only_when_needed ... ok
[INFO] [stdout] test tui::app::tests::test_move_selection_empty_list ... ok
[INFO] [stdout] test monitor::notifiers::notify_send::tests::test_find_binary ... ok
[INFO] [stdout] test monitor::daemon::tests::test_pid_file_rejects_unsafe_pid_values ... ok
[INFO] [stdout] test monitor::notifiers::notify_send::tests::test_notify_send_availability ... ok
[INFO] [stdout] test monitor::notifiers::tests::test_auto_select_returns_notifier ... ok
[INFO] [stdout] test monitor::types::tests::test_disk_status_human_readable ... ok
[INFO] [stdout] test tui::app::tests::test_move_selection_skips_separator ... ok
[INFO] [stdout] test scanner::entry::tests::test_dir_entry_with_error ... ok
[INFO] [stdout] test tui::app::tests::test_delete_selected_no_entry ... ok
[INFO] [stdout] test tui::app::tests::test_move_selection_up ... ok
[INFO] [stdout] test tui::app::tests::test_prepare_clean_preview_system_resource ... ok
[INFO] [stdout] test tui::app::tests::test_delete_directory_preserves_unrelated_tree_and_disk_cache ... ok
[INFO] [stdout] test tui::app::tests::test_delete_during_scan_cannot_be_restored_by_stale_results ... ok
[INFO] [stdout] test tui::app::tests::test_clean_selected_cargo_project ... ok
[INFO] [stdout] 
[INFO] [stdout] failures:
[INFO] [stdout] 
[INFO] [stdout] ---- cleaner::executor::tests::test_clean_continues_past_unwritable_directory_without_following_symlinks stdout ----
[INFO] [stdout] 
[INFO] [stdout] thread 'cleaner::executor::tests::test_clean_continues_past_unwritable_directory_without_following_symlinks' (4339) panicked at src/cleaner/executor.rs:436:74:
[INFO] [stdout] called `Result::unwrap()` on an `Err` value: Os { code: 2, kind: NotFound, message: "No such file or directory" }
[INFO] [stdout] stack backtrace:
[INFO] [stdout]    0:     0x597dda1524c1 - <<std[70759c8f55707aa4]::sys::backtrace::BacktraceLock>::print::DisplayBacktrace as core[df12db4294e9bfd3]::fmt::Display>::fmt
[INFO] [stdout]    1:     0x597dda16c71a - core[df12db4294e9bfd3]::fmt::write
[INFO] [stdout]    2:     0x597dda15876c - <alloc[2182bb758b4b3781]::vec::Vec<u8> as core[df12db4294e9bfd3]::io::write::Write>::write_fmt
[INFO] [stdout]    3:     0x597dda128c56 - std[70759c8f55707aa4]::panicking::default_hook::{closure#0}
[INFO] [stdout]    4:     0x597dda148429 - std[70759c8f55707aa4]::panicking::default_hook
[INFO] [stdout]    5:     0x597dd9f09c10 - test[9d35eded1c95d3be]::test_main_inner::<test[9d35eded1c95d3be]::test_main_static::{closure#0}>::{closure#0}
[INFO] [stdout]    6:     0x597dda148752 - std[70759c8f55707aa4]::panicking::panic_with_hook
[INFO] [stdout]    7:     0x597dda128d02 - std[70759c8f55707aa4]::panicking::panic_handler::{closure#0}
[INFO] [stdout]    8:     0x597dda120f99 - std[70759c8f55707aa4]::sys::backtrace::__rust_end_short_backtrace::<std[70759c8f55707aa4]::panicking::panic_handler::{closure#0}, !>
[INFO] [stdout]    9:     0x597dda129f8d - __rustc[8fa7c3cbc660c2b3]::rust_begin_unwind
[INFO] [stdout]   10:     0x597dda16ce7c - core[df12db4294e9bfd3]::panicking::panic_fmt
[INFO] [stdout]   11:     0x597dda16cc52 - core[df12db4294e9bfd3]::result::unwrap_failed
[INFO] [stdout]   12:     0x597dd9e40b3a - rusty_sweeper[abb76fabed7eb043]::cleaner::executor::tests::test_clean_continues_past_unwritable_directory_without_following_symlinks
[INFO] [stdout]   13:     0x597dd9dd07a9 - <rusty_sweeper[abb76fabed7eb043]::cleaner::executor::tests::test_clean_continues_past_unwritable_directory_without_following_symlinks::{closure#0} as core[df12db4294e9bfd3]::ops::function::FnOnce<()>>::call_once
[INFO] [stdout]   14:     0x597dd9efcefb - test[9d35eded1c95d3be]::__rust_begin_short_backtrace::<core[df12db4294e9bfd3]::result::Result<(), alloc[2182bb758b4b3781]::string::String>, fn() -> core[df12db4294e9bfd3]::result::Result<(), alloc[2182bb758b4b3781]::string::String>>
[INFO] [stdout]   15:     0x597dd9f0a565 - test[9d35eded1c95d3be]::run_test::{closure#0}
[INFO] [stdout]   16:     0x597dd9f03e24 - std[70759c8f55707aa4]::sys::backtrace::__rust_begin_short_backtrace::<test[9d35eded1c95d3be]::run_test::{closure#1}, ()>
[INFO] [stdout]   17:     0x597dd9f0d6c2 - <std[70759c8f55707aa4]::thread::lifecycle::spawn_unchecked<test[9d35eded1c95d3be]::run_test::{closure#1}, ()>::{closure#1} as core[df12db4294e9bfd3]::ops::function::FnOnce<()>>::call_once::{shim:vtable#0}
[INFO] [stdout]   18:     0x597dda150d39 - <std[70759c8f55707aa4]::sys::thread::unix::Thread>::new::thread_start
[INFO] [stdout]   19:     0x7804c4f15dfa - <unknown>
[INFO] [stdout]   20:     0x7804c4fa93d4 - clone
[INFO] [stdout]   21:                0x0 - <unknown>
[INFO] [stdout] 
[INFO] [stdout] ---- monitor::disk::tests::test_get_mount_points stdout ----
[INFO] [stdout] 
[INFO] [stdout] thread 'monitor::disk::tests::test_get_mount_points' (4448) panicked at src/monitor/disk.rs:237:9:
[INFO] [stdout] assertion failed: mounts.iter().any(|m| m.path == PathBuf::from("/"))
[INFO] [stdout] stack backtrace:
[INFO] [stdout]    0:     0x597dda1524c1 - <<std[70759c8f55707aa4]::sys::backtrace::BacktraceLock>::print::DisplayBacktrace as core[df12db4294e9bfd3]::fmt::Display>::fmt
[INFO] [stdout]    1:     0x597dda16c71a - core[df12db4294e9bfd3]::fmt::write
[INFO] [stdout]    2:     0x597dda15876c - <alloc[2182bb758b4b3781]::vec::Vec<u8> as core[df12db4294e9bfd3]::io::write::Write>::write_fmt
[INFO] [stdout]    3:     0x597dda128c56 - std[70759c8f55707aa4]::panicking::default_hook::{closure#0}
[INFO] [stdout]    4:     0x597dda148429 - std[70759c8f55707aa4]::panicking::default_hook
[INFO] [stdout]    5:     0x597dd9f09c10 - test[9d35eded1c95d3be]::test_main_inner::<test[9d35eded1c95d3be]::test_main_static::{closure#0}>::{closure#0}
[INFO] [stdout]    6:     0x597dda148752 - std[70759c8f55707aa4]::panicking::panic_with_hook
[INFO] [stdout]    7:     0x597dda128d34 - std[70759c8f55707aa4]::panicking::panic_handler::{closure#0}
[INFO] [stdout]    8:     0x597dda120f99 - std[70759c8f55707aa4]::sys::backtrace::__rust_end_short_backtrace::<std[70759c8f55707aa4]::panicking::panic_handler::{closure#0}, !>
[INFO] [stdout]    9:     0x597dda129f8d - __rustc[8fa7c3cbc660c2b3]::rust_begin_unwind
[INFO] [stdout]   10:     0x597dda16ce7c - core[df12db4294e9bfd3]::panicking::panic_fmt
[INFO] [stdout]   11:     0x597dda16ce42 - core[df12db4294e9bfd3]::panicking::panic
[INFO] [stdout]   12:     0x597dd9da1dc7 - rusty_sweeper[abb76fabed7eb043]::monitor::disk::tests::test_get_mount_points
[INFO] [stdout]   13:     0x597dd9dd08e9 - <rusty_sweeper[abb76fabed7eb043]::monitor::disk::tests::test_get_mount_points::{closure#0} as core[df12db4294e9bfd3]::ops::function::FnOnce<()>>::call_once
[INFO] [stdout]   14:     0x597dd9efcefb - test[9d35eded1c95d3be]::__rust_begin_short_backtrace::<core[df12db4294e9bfd3]::result::Result<(), alloc[2182bb758b4b3781]::string::String>, fn() -> core[df12db4294e9bfd3]::result::Result<(), alloc[2182bb758b4b3781]::string::String>>
[INFO] [stdout]   15:     0x597dd9f0a565 - test[9d35eded1c95d3be]::run_test::{closure#0}
[INFO] [stdout]   16:     0x597dd9f03e24 - std[70759c8f55707aa4]::sys::backtrace::__rust_begin_short_backtrace::<test[9d35eded1c95d3be]::run_test::{closure#1}, ()>
[INFO] [stdout]   17:     0x597dd9f0d6c2 - <std[70759c8f55707aa4]::thread::lifecycle::spawn_unchecked<test[9d35eded1c95d3be]::run_test::{closure#1}, ()>::{closure#1} as core[df12db4294e9bfd3]::ops::function::FnOnce<()>>::call_once::{shim:vtable#0}
[INFO] [stdout]   18:     0x597dda150d39 - <std[70759c8f55707aa4]::sys::thread::unix::Thread>::new::thread_start
[INFO] [stdout]   19:     0x7804c4f15dfa - <unknown>
[INFO] [stdout]   20:     0x7804c4fa93d4 - clone
[INFO] [stdout]   21:                0x0 - <unknown>
[INFO] [stdout] 
[INFO] [stdout] ---- tui::app::tests::test_delete_failure_refreshes_only_affected_subtree stdout ----
[INFO] [stdout] 
[INFO] [stdout] thread 'tui::app::tests::test_delete_failure_refreshes_only_affected_subtree' (4589) panicked at src/tui/app.rs:2590:74:
[INFO] [stdout] called `Result::unwrap()` on an `Err` value: Os { code: 2, kind: NotFound, message: "No such file or directory" }
[INFO] [stdout] stack backtrace:
[INFO] [stdout]    0:     0x597dda1524c1 - <<std[70759c8f55707aa4]::sys::backtrace::BacktraceLock>::print::DisplayBacktrace as core[df12db4294e9bfd3]::fmt::Display>::fmt
[INFO] [stdout]    1:     0x597dda16c71a - core[df12db4294e9bfd3]::fmt::write
[INFO] [stdout]    2:     0x597dda15876c - <alloc[2182bb758b4b3781]::vec::Vec<u8> as core[df12db4294e9bfd3]::io::write::Write>::write_fmt
[INFO] [stdout]    3:     0x597dda128c56 - std[70759c8f55707aa4]::panicking::default_hook::{closure#0}
[INFO] [stdout]    4:     0x597dda148429 - std[70759c8f55707aa4]::panicking::default_hook
[INFO] [stdout]    5:     0x597dd9f09c10 - test[9d35eded1c95d3be]::test_main_inner::<test[9d35eded1c95d3be]::test_main_static::{closure#0}>::{closure#0}
[INFO] [stdout]    6:     0x597dda148752 - std[70759c8f55707aa4]::panicking::panic_with_hook
[INFO] [stdout]    7:     0x597dda128d02 - std[70759c8f55707aa4]::panicking::panic_handler::{closure#0}
[INFO] [stdout]    8:     0x597dda120f99 - std[70759c8f55707aa4]::sys::backtrace::__rust_end_short_backtrace::<std[70759c8f55707aa4]::panicking::panic_handler::{closure#0}, !>
[INFO] [stdout]    9:     0x597dda129f8d - __rustc[8fa7c3cbc660c2b3]::rust_begin_unwind
[INFO] [stdout]   10:     0x597dda16ce7c - core[df12db4294e9bfd3]::panicking::panic_fmt
[INFO] [stdout]   11:     0x597dda16cc52 - core[df12db4294e9bfd3]::result::unwrap_failed
[INFO] [stdout]   12:     0x597dd9e9f2c7 - rusty_sweeper[abb76fabed7eb043]::tui::app::tests::test_delete_failure_refreshes_only_affected_subtree
[INFO] [stdout]   13:     0x597dd9dcf0e9 - <rusty_sweeper[abb76fabed7eb043]::tui::app::tests::test_delete_failure_refreshes_only_affected_subtree::{closure#0} as core[df12db4294e9bfd3]::ops::function::FnOnce<()>>::call_once
[INFO] [stdout]   14:     0x597dd9efcefb - test[9d35eded1c95d3be]::__rust_begin_short_backtrace::<core[df12db4294e9bfd3]::result::Result<(), alloc[2182bb758b4b3781]::string::String>, fn() -> core[df12db4294e9bfd3]::result::Result<(), alloc[2182bb758b4b3781]::string::String>>
[INFO] [stdout]   15:     0x597dd9f0a565 - test[9d35eded1c95d3be]::run_test::{closure#0}
[INFO] [stdout]   16:     0x597dd9f03e24 - std[70759c8f55707aa4]::sys::backtrace::__rust_begin_short_backtrace::<test[9d35eded1c95d3be]::run_test::{closure#1}, ()>
[INFO] [stdout]   17:     0x597dd9f0d6c2 - <std[70759c8f55707aa4]::thread::lifecycle::spawn_unchecked<test[9d35eded1c95d3be]::run_test::{closure#1}, ()>::{closure#1} as core[df12db4294e9bfd3]::ops::function::FnOnce<()>>::call_once::{shim:vtable#0}
[INFO] [stdout]   18:     0x597dda150d39 - <std[70759c8f55707aa4]::sys::thread::unix::Thread>::new::thread_start
[INFO] [stdout]   19:     0x7804c4f15dfa - <unknown>
[INFO] [stdout]   20:     0x7804c4fa93d4 - clone
[INFO] [stdout]   21:                0x0 - <unknown>
[INFO] [stdout] 
[INFO] [stdout] ---- tui::app::tests::test_initial_background_scan_expands_relative_starting_directory stdout ----
[INFO] [stdout] 
[INFO] [stdout] thread 'tui::app::tests::test_initial_background_scan_expands_relative_starting_directory' (4618) panicked at src/tui/app.rs:1899:45:
[INFO] [stdout] called `Result::unwrap()` on an `Err` value: Custom { kind: ReadOnlyFilesystem, error: PathError { path: "/opt/rustwide/workdir/./.tmpdZwmAW", err: Os { code: 30, kind: ReadOnlyFilesystem, message: "Read-only file system" } } }
[INFO] [stdout] stack backtrace:
[INFO] [stdout]    0:     0x597dda1524c1 - <<std[70759c8f55707aa4]::sys::backtrace::BacktraceLock>::print::DisplayBacktrace as core[df12db4294e9bfd3]::fmt::Display>::fmt
[INFO] [stdout]    1:     0x597dda16c71a - core[df12db4294e9bfd3]::fmt::write
[INFO] [stdout]    2:     0x597dda15876c - <alloc[2182bb758b4b3781]::vec::Vec<u8> as core[df12db4294e9bfd3]::io::write::Write>::write_fmt
[INFO] [stdout]    3:     0x597dda128c56 - std[70759c8f55707aa4]::panicking::default_hook::{closure#0}
[INFO] [stdout]    4:     0x597dda148429 - std[70759c8f55707aa4]::panicking::default_hook
[INFO] [stdout]    5:     0x597dd9f09c10 - test[9d35eded1c95d3be]::test_main_inner::<test[9d35eded1c95d3be]::test_main_static::{closure#0}>::{closure#0}
[INFO] [stdout]    6:     0x597dda148752 - std[70759c8f55707aa4]::panicking::panic_with_hook
[INFO] [stdout]    7:     0x597dda128d02 - std[70759c8f55707aa4]::panicking::panic_handler::{closure#0}
[INFO] [stdout]    8:     0x597dda120f99 - std[70759c8f55707aa4]::sys::backtrace::__rust_end_short_backtrace::<std[70759c8f55707aa4]::panicking::panic_handler::{closure#0}, !>
[INFO] [stdout]    9:     0x597dda129f8d - __rustc[8fa7c3cbc660c2b3]::rust_begin_unwind
[INFO] [stdout]   10:     0x597dda16ce7c - core[df12db4294e9bfd3]::panicking::panic_fmt
[INFO] [stdout]   11:     0x597dda16cc52 - core[df12db4294e9bfd3]::result::unwrap_failed
[INFO] [stdout]   12:     0x597dd9ea70b5 - rusty_sweeper[abb76fabed7eb043]::tui::app::tests::test_initial_background_scan_expands_relative_starting_directory
[INFO] [stdout]   13:     0x597dd9dcf289 - <rusty_sweeper[abb76fabed7eb043]::tui::app::tests::test_initial_background_scan_expands_relative_starting_directory::{closure#0} as core[df12db4294e9bfd3]::ops::function::FnOnce<()>>::call_once
[INFO] [stdout]   14:     0x597dd9efcefb - test[9d35eded1c95d3be]::__rust_begin_short_backtrace::<core[df12db4294e9bfd3]::result::Result<(), alloc[2182bb758b4b3781]::string::String>, fn() -> core[df12db4294e9bfd3]::result::Result<(), alloc[2182bb758b4b3781]::string::String>>
[INFO] [stdout]   15:     0x597dd9f0a565 - test[9d35eded1c95d3be]::run_test::{closure#0}
[INFO] [stdout]   16:     0x597dd9f03e24 - std[70759c8f55707aa4]::sys::backtrace::__rust_begin_short_backtrace::<test[9d35eded1c95d3be]::run_test::{closure#1}, ()>
[INFO] [stdout]   17:     0x597dd9f0d6c2 - <std[70759c8f55707aa4]::thread::lifecycle::spawn_unchecked<test[9d35eded1c95d3be]::run_test::{closure#1}, ()>::{closure#1} as core[df12db4294e9bfd3]::ops::function::FnOnce<()>>::call_once::{shim:vtable#0}
[INFO] [stdout]   18:     0x597dda150d39 - <std[70759c8f55707aa4]::sys::thread::unix::Thread>::new::thread_start
[INFO] [stdout]   19:     0x7804c4f15dfa - <unknown>
[INFO] [stdout]   20:     0x7804c4fa93d4 - clone
[INFO] [stdout]   21:                0x0 - <unknown>
[INFO] [stdout] 
[INFO] [stdout] 
[INFO] [stdout] failures:
[INFO] [stdout]     cleaner::executor::tests::test_clean_continues_past_unwritable_directory_without_following_symlinks
[INFO] [stdout]     monitor::disk::tests::test_get_mount_points
[INFO] [stdout]     tui::app::tests::test_delete_failure_refreshes_only_affected_subtree
[INFO] [stdout]     tui::app::tests::test_initial_background_scan_expands_relative_starting_directory
[INFO] [stdout] 
[INFO] [stdout] test result: FAILED. 349 passed; 4 failed; 0 ignored; 0 measured; 0 filtered out; finished in 0.45s
[INFO] [stdout] 
[INFO] [stderr] error: test failed, to rerun pass `--lib`
[INFO] running `Command { std: "docker" "inspect" "a29f23317d0126cc5e1b2ddd3faed953a81a28d9fbe989ac027280e71e84ea04", kill_on_drop: false }`
[INFO] running `Command { std: "docker" "rm" "-f" "a29f23317d0126cc5e1b2ddd3faed953a81a28d9fbe989ac027280e71e84ea04", kill_on_drop: false }`
[INFO] [stdout] a29f23317d0126cc5e1b2ddd3faed953a81a28d9fbe989ac027280e71e84ea04
