[INFO] fetching crate rem-cli 0.2.3...
[INFO] testing rem-cli-0.2.3 against 1.99.0-beta.8+cargoflags=--release for beta-release-1.100-3
[INFO] extracting crate rem-cli 0.2.3 into /workspace/builds/worker-5-tc1/source
[INFO] started tweaking crates.io crate rem-cli 0.2.3
[INFO] finished tweaking crates.io crate rem-cli 0.2.3
[INFO] tweaked toml for crates.io crate rem-cli 0.2.3 written to /workspace/builds/worker-5-tc1/source/Cargo.toml
[INFO] validating manifest of crates.io crate rem-cli 0.2.3 on toolchain 1.99.0-beta.8
[INFO] running `Command { std: CARGO_HOME="/workspace/cargo-home" RUSTUP_HOME="/workspace/rustup-home" "/workspace/cargo-home/bin/cargo" "+1.99.0-beta.8" "metadata" "--manifest-path" "Cargo.toml" "--no-deps", kill_on_drop: false }`
[INFO] crate crates.io crate rem-cli 0.2.3 already has a lockfile, it will not be regenerated
[INFO] running `Command { std: CARGO_HOME="/workspace/cargo-home" RUSTUP_HOME="/workspace/rustup-home" "/workspace/cargo-home/bin/cargo" "+1.99.0-beta.8" "fetch" "--manifest-path" "Cargo.toml", kill_on_drop: false }`
[INFO] [stderr]  Downloading crates ...
[INFO] [stderr]   Downloaded redox_syscall v0.1.57
[INFO] [stderr]   Downloaded ppv-lite86 v0.2.10
[INFO] [stderr]   Downloaded tempfile v3.1.0
[INFO] [stderr]   Downloaded getrandom v0.1.15
[INFO] [stderr]   Downloaded linked-hash-map v0.5.3
[INFO] [stderr]   Downloaded unicode-xid v0.2.1
[INFO] [stderr]   Downloaded dtoa v0.4.6
[INFO] [stderr]   Downloaded unicode-width v0.1.8
[INFO] [stderr]   Downloaded hermit-abi v0.1.17
[INFO] [stderr]   Downloaded structopt-derive v0.4.13
[INFO] [stderr]   Downloaded serde_yaml v0.8.14
[INFO] [stderr]   Downloaded predicates v1.0.5
[INFO] [stderr]   Downloaded proc-macro2 v1.0.24
[INFO] [stderr]   Downloaded yaml-rust v0.4.4
[INFO] [stderr]   Downloaded serde_derive v1.0.117
[INFO] [stderr]   Downloaded structopt v0.3.20
[INFO] [stderr]   Downloaded serde v1.0.117
[INFO] [stderr]   Downloaded unicode-segmentation v1.7.0
[INFO] [stderr]   Downloaded clap v2.33.3
[INFO] [stderr]   Downloaded syn v1.0.48
[INFO] [stderr]   Downloaded libc v0.2.80
[INFO] running `Command { std: "docker" "create" "-v" "/var/lib/crater-agent-workspace/builds/worker-5-tc1/source:/opt/rustwide/workdir:ro,Z" "-v" "/var/lib/crater-agent-workspace/builds/worker-5-tc1/target:/opt/rustwide/target:rw,Z" "-v" "/var/lib/crater-agent-workspace/cargo-home:/opt/rustwide/cargo-home:ro,Z" "-v" "/var/lib/crater-agent-workspace/rustup-home:/opt/rustwide/rustup-home:ro,Z" "-m" "1610612736" "--network" "none" "ghcr.io/rust-lang/crates-build-env/linux@sha256:77db811e55d90add9212f6832c23229e3de5f1c1f9905e8cb07319ea15df73ac" "sleep" "infinity", kill_on_drop: false }`
[INFO] [stdout] dcc748258137e52d5a1262635a21634965e79eb6e5b6fa077b0c1765e8bfe11f
[INFO] running `Command { std: "docker" "start" "dcc748258137e52d5a1262635a21634965e79eb6e5b6fa077b0c1765e8bfe11f", kill_on_drop: false }`
[INFO] running `Command { std: "docker" "inspect" "dcc748258137e52d5a1262635a21634965e79eb6e5b6fa077b0c1765e8bfe11f", kill_on_drop: false }`
[INFO] running `Command { std: "docker" "exec" "-e" "SOURCE_DIR=/opt/rustwide/workdir" "-e" "CARGO_HOME=/opt/rustwide/cargo-home" "-e" "RUSTUP_HOME=/opt/rustwide/rustup-home" "-e" "CARGO_TARGET_DIR=/opt/rustwide/target" "-w" "/opt/rustwide/workdir" "--user" "0:0" "dcc748258137e52d5a1262635a21634965e79eb6e5b6fa077b0c1765e8bfe11f" "/opt/rustwide/cargo-home/bin/cargo" "+1.99.0-beta.8" "metadata" "--no-deps" "--format-version=1", kill_on_drop: false }`
[INFO] running `Command { std: "docker" "inspect" "dcc748258137e52d5a1262635a21634965e79eb6e5b6fa077b0c1765e8bfe11f", kill_on_drop: false }`
[INFO] running `Command { std: "docker" "exec" "-e" "SOURCE_DIR=/opt/rustwide/workdir" "-e" "CARGO_HOME=/opt/rustwide/cargo-home" "-e" "RUSTUP_HOME=/opt/rustwide/rustup-home" "-e" "CARGO_TARGET_DIR=/opt/rustwide/target" "-e" "CARGO_INCREMENTAL=0" "-e" "RUST_BACKTRACE=full" "-e" "RUSTFLAGS=--cap-lints=warn" "-e" "RUSTDOCFLAGS=--cap-lints=warn" "-w" "/opt/rustwide/workdir" "--user" "0:0" "dcc748258137e52d5a1262635a21634965e79eb6e5b6fa077b0c1765e8bfe11f" "/opt/rustwide/cargo-home/bin/cargo" "+1.99.0-beta.8" "build" "--frozen" "--message-format=json" "--release", kill_on_drop: false }`
[INFO] [stderr]    Compiling libc v0.2.80
[INFO] [stderr]    Compiling proc-macro2 v1.0.24
[INFO] [stderr]    Compiling unicode-xid v0.2.1
[INFO] [stderr]    Compiling version_check v0.9.2
[INFO] [stderr]    Compiling syn v1.0.48
[INFO] [stderr]    Compiling getrandom v0.1.15
[INFO] [stderr]    Compiling cfg-if v0.1.10
[INFO] [stderr]    Compiling bitflags v1.2.1
[INFO] [stderr]    Compiling serde_derive v1.0.117
[INFO] [stderr]    Compiling serde v1.0.117
[INFO] [stderr]    Compiling unicode-segmentation v1.7.0
[INFO] [stderr]    Compiling ppv-lite86 v0.2.10
[INFO] [stderr]    Compiling predicates-core v1.0.0
[INFO] [stderr]    Compiling doc-comment v0.3.3
[INFO] [stderr]    Compiling proc-macro-error-attr v1.0.4
[INFO] [stderr]    Compiling proc-macro-error v1.0.4
[INFO] [stderr]    Compiling unicode-width v0.1.8
[INFO] [stderr]    Compiling textwrap v0.11.0
[INFO] [stderr]    Compiling strsim v0.8.0
[INFO] [stderr]    Compiling difference v2.0.0
[INFO] [stderr]    Compiling treeline v0.1.0
[INFO] [stderr]    Compiling ansi_term v0.11.0
[INFO] [stderr]    Compiling heck v0.3.1
[INFO] [stderr]    Compiling atty v0.2.14
[INFO] [stderr]    Compiling quote v1.0.7
[INFO] [stderr]    Compiling rand_core v0.5.1
[INFO] [stderr]    Compiling linked-hash-map v0.5.3
[INFO] [stderr]    Compiling rand_chacha v0.2.2
[INFO] [stderr]    Compiling clap v2.33.3
[INFO] [stderr]    Compiling yaml-rust v0.4.4
[INFO] [stderr]    Compiling wait-timeout v0.2.0
[INFO] [stderr]    Compiling predicates v1.0.5
[INFO] [stderr]    Compiling rand v0.7.3
[INFO] [stderr]    Compiling predicates-tree v1.0.0
[INFO] [stderr]    Compiling remove_dir_all v0.5.3
[INFO] [stderr]    Compiling dtoa v0.4.6
[INFO] [stderr]    Compiling assert_cmd v1.0.1
[INFO] [stderr]    Compiling tempfile v3.1.0
[INFO] [stderr]    Compiling structopt-derive v0.4.13
[INFO] [stderr]    Compiling structopt v0.3.20
[INFO] [stderr]    Compiling serde_yaml v0.8.14
[INFO] [stderr]    Compiling rem-cli v0.2.3 (/opt/rustwide/workdir)
[INFO] [stdout] warning: associated function `new_with_path` is never used
[INFO] [stdout]   --> src/main.rs:45:8
[INFO] [stdout]    |
[INFO] [stdout] 38 | impl Rem {
[INFO] [stdout]    | -------- associated function in this implementation
[INFO] [stdout] ...
[INFO] [stdout] 45 |     fn new_with_path(path: String) -> Rem {
[INFO] [stdout]    |        ^^^^^^^^^^^^^
[INFO] [stdout]    |
[INFO] [stdout]    = note: `#[warn(dead_code)]` (part of `#[warn(unused)]`) on by default
[INFO] [stdout] 
[INFO] [stdout] 
[INFO] [stderr]     Finished `release` profile [optimized] target(s) in 34.31s
[INFO] running `Command { std: "docker" "inspect" "dcc748258137e52d5a1262635a21634965e79eb6e5b6fa077b0c1765e8bfe11f", kill_on_drop: false }`
[INFO] running `Command { std: "docker" "exec" "-e" "SOURCE_DIR=/opt/rustwide/workdir" "-e" "CARGO_HOME=/opt/rustwide/cargo-home" "-e" "RUSTUP_HOME=/opt/rustwide/rustup-home" "-e" "CARGO_TARGET_DIR=/opt/rustwide/target" "-e" "CARGO_INCREMENTAL=0" "-e" "RUST_BACKTRACE=full" "-e" "RUSTFLAGS=--cap-lints=warn" "-e" "RUSTDOCFLAGS=--cap-lints=warn" "-w" "/opt/rustwide/workdir" "--user" "0:0" "dcc748258137e52d5a1262635a21634965e79eb6e5b6fa077b0c1765e8bfe11f" "/opt/rustwide/cargo-home/bin/cargo" "+1.99.0-beta.8" "test" "--frozen" "--no-run" "--message-format=json" "--release", kill_on_drop: false }`
[INFO] [stdout] warning: associated function `new_with_path` is never used
[INFO] [stdout]   --> src/main.rs:45:8
[INFO] [stdout]    |
[INFO] [stdout] 38 | impl Rem {
[INFO] [stdout]    | -------- associated function in this implementation
[INFO] [stdout] ...
[INFO] [stdout] 45 |     fn new_with_path(path: String) -> Rem {
[INFO] [stdout]    |        ^^^^^^^^^^^^^
[INFO] [stdout]    |
[INFO] [stdout]    = note: `#[warn(dead_code)]` (part of `#[warn(unused)]`) on by default
[INFO] [stdout] 
[INFO] [stdout] 
[INFO] [stderr]    Compiling rem-cli v0.2.3 (/opt/rustwide/workdir)
[INFO] [stderr]     Finished `release` profile [optimized] target(s) in 3.31s
[INFO] running `Command { std: "docker" "inspect" "dcc748258137e52d5a1262635a21634965e79eb6e5b6fa077b0c1765e8bfe11f", kill_on_drop: false }`
[INFO] running `Command { std: "docker" "exec" "-e" "SOURCE_DIR=/opt/rustwide/workdir" "-e" "CARGO_HOME=/opt/rustwide/cargo-home" "-e" "RUSTUP_HOME=/opt/rustwide/rustup-home" "-e" "CARGO_TARGET_DIR=/opt/rustwide/target" "-e" "CARGO_INCREMENTAL=0" "-e" "RUST_BACKTRACE=full" "-e" "RUSTFLAGS=--cap-lints=warn" "-e" "RUSTDOCFLAGS=--cap-lints=warn" "-w" "/opt/rustwide/workdir" "--user" "0:0" "dcc748258137e52d5a1262635a21634965e79eb6e5b6fa077b0c1765e8bfe11f" "/opt/rustwide/cargo-home/bin/cargo" "+1.99.0-beta.8" "test" "--frozen" "--release", kill_on_drop: false }`
[INFO] [stderr] warning: associated function `new_with_path` is never used
[INFO] [stderr]   --> src/main.rs:45:8
[INFO] [stderr]    |
[INFO] [stderr] 38 | impl Rem {
[INFO] [stderr]    | -------- associated function in this implementation
[INFO] [stderr] ...
[INFO] [stderr] 45 |     fn new_with_path(path: String) -> Rem {
[INFO] [stderr]    |        ^^^^^^^^^^^^^
[INFO] [stderr]    |
[INFO] [stderr]    = note: `#[warn(dead_code)]` (part of `#[warn(unused)]`) on by default
[INFO] [stderr] 
[INFO] [stderr] warning: `rem-cli` (bin "rem-cli") generated 1 warning
[INFO] [stderr]     Finished `release` profile [optimized] target(s) in 0.06s
[INFO] [stderr]      Running unittests src/main.rs (/opt/rustwide/target/release/deps/rem_cli-40cf8f5adf6abf14)
[INFO] [stdout] 
[INFO] [stdout] running 14 tests
[INFO] [stdout] test tests::test_default_notes_location ... ok
[INFO] [stdout] test tests::test_rem_adds_multiple_notes ... ok
[INFO] [stdout] test tests::test_rem_formats_file_in_yaml_with_name_field ... ok
[INFO] [stdout] test tests::test_read_rem_notes_file ... ok
[INFO] [stdout] test tests::test_rem_deletes_from_empty_note ... ok
[INFO] [stdout] test tests::test_get_editor ... ok
[INFO] [stdout] test tests::test_rem_formats_file_in_yaml ... ok
[INFO] [stdout] test tests::test_rem_delete_skips_out_of_bounds ... ok
[INFO] [stdout] test tests::test_rem_rejects_whitespace_note ... ok
[INFO] [stdout] test tests::test_rem_rejects_empty_note ... ok
[INFO] [stdout] test tests::test_env_overrides_notes_location ... FAILED
[INFO] [stdout] test tests::test_rem_deletes_note ... ok
[INFO] [stdout] test tests::test_rem_writes_note ... ok
[INFO] [stderr] error: test failed, to rerun pass `--bin rem-cli`
[INFO] [stdout] test tests::test_rem_writes_note_with_name ... ok
[INFO] [stdout] 
[INFO] [stdout] failures:
[INFO] [stdout] 
[INFO] [stdout] ---- tests::test_env_overrides_notes_location stdout ----
[INFO] [stdout] 
[INFO] [stdout] thread 'tests::test_env_overrides_notes_location' (923) panicked at src/main.rs:274:9:
[INFO] [stdout] assertion `left == right` failed
[INFO] [stdout]   left: "/cloud_drive/rem_notes.txt"
[INFO] [stdout]  right: "/root/rem_notes.txt"
[INFO] [stdout] stack backtrace:
[INFO] [stdout]    0:     0x60c815338bb1 - <<std[70759c8f55707aa4]::sys::backtrace::BacktraceLock>::print::DisplayBacktrace as core[df12db4294e9bfd3]::fmt::Display>::fmt
[INFO] [stdout]    1:     0x60c81534f21a - core[df12db4294e9bfd3]::fmt::write
[INFO] [stdout]    2:     0x60c81533d0fc - <alloc[2182bb758b4b3781]::vec::Vec<u8> as core[df12db4294e9bfd3]::io::write::Write>::write_fmt
[INFO] [stdout]    3:     0x60c8153144a6 - std[70759c8f55707aa4]::panicking::default_hook::{closure#0}
[INFO] [stdout]    4:     0x60c815330ce9 - std[70759c8f55707aa4]::panicking::default_hook
[INFO] [stdout]    5:     0x60c8152c7e00 - test[9d35eded1c95d3be]::test_main_inner::<test[9d35eded1c95d3be]::test_main_static::{closure#0}>::{closure#0}
[INFO] [stdout]    6:     0x60c815330ea2 - std[70759c8f55707aa4]::panicking::panic_with_hook
[INFO] [stdout]    7:     0x60c815314552 - std[70759c8f55707aa4]::panicking::panic_handler::{closure#0}
[INFO] [stdout]    8:     0x60c81530ce59 - std[70759c8f55707aa4]::sys::backtrace::__rust_end_short_backtrace::<std[70759c8f55707aa4]::panicking::panic_handler::{closure#0}, !>
[INFO] [stdout]    9:     0x60c8153153ed - __rustc[8fa7c3cbc660c2b3]::rust_begin_unwind
[INFO] [stdout]   10:     0x60c81534f94c - core[df12db4294e9bfd3]::panicking::panic_fmt
[INFO] [stdout]   11:     0x60c81534f863 - core[df12db4294e9bfd3]::panicking::assert_failed_inner
[INFO] [stdout]   12:     0x60c8152a4893 - core[df12db4294e9bfd3]::panicking::assert_failed::<&str, alloc[2182bb758b4b3781]::string::String>
[INFO] [stdout]   13:     0x60c8152ad25f - rem_cli[e70fd5d6d8cc82e9]::tests::test_env_overrides_notes_location
[INFO] [stdout]   14:     0x60c8152a83f9 - <rem_cli[e70fd5d6d8cc82e9]::tests::test_env_overrides_notes_location::{closure#0} as core[df12db4294e9bfd3]::ops::function::FnOnce<()>>::call_once
[INFO] [stdout]   15:     0x60c8152bb0eb - test[9d35eded1c95d3be]::__rust_begin_short_backtrace::<core[df12db4294e9bfd3]::result::Result<(), alloc[2182bb758b4b3781]::string::String>, fn() -> core[df12db4294e9bfd3]::result::Result<(), alloc[2182bb758b4b3781]::string::String>>
[INFO] [stdout]   16:     0x60c8152c8755 - test[9d35eded1c95d3be]::run_test::{closure#0}
[INFO] [stdout]   17:     0x60c8152c2014 - std[70759c8f55707aa4]::sys::backtrace::__rust_begin_short_backtrace::<test[9d35eded1c95d3be]::run_test::{closure#1}, ()>
[INFO] [stdout]   18:     0x60c8152cb8b2 - <std[70759c8f55707aa4]::thread::lifecycle::spawn_unchecked<test[9d35eded1c95d3be]::run_test::{closure#1}, ()>::{closure#1} as core[df12db4294e9bfd3]::ops::function::FnOnce<()>>::call_once::{shim:vtable#0}
[INFO] [stdout]   19:     0x60c815338119 - <std[70759c8f55707aa4]::sys::thread::unix::Thread>::new::thread_start
[INFO] [stdout]   20:     0x73b720acbdfa - <unknown>
[INFO] [stdout]   21:     0x73b720b5f3d4 - clone
[INFO] [stdout]   22:                0x0 - <unknown>
[INFO] [stdout] 
[INFO] [stdout] 
[INFO] [stdout] failures:
[INFO] [stdout]     tests::test_env_overrides_notes_location
[INFO] [stdout] 
[INFO] [stdout] test result: FAILED. 13 passed; 1 failed; 0 ignored; 0 measured; 0 filtered out; finished in 0.01s
[INFO] [stdout] 
[INFO] running `Command { std: "docker" "inspect" "dcc748258137e52d5a1262635a21634965e79eb6e5b6fa077b0c1765e8bfe11f", kill_on_drop: false }`
[INFO] running `Command { std: "docker" "rm" "-f" "dcc748258137e52d5a1262635a21634965e79eb6e5b6fa077b0c1765e8bfe11f", kill_on_drop: false }`
[INFO] [stdout] dcc748258137e52d5a1262635a21634965e79eb6e5b6fa077b0c1765e8bfe11f
