[INFO] fetching crate r2d2 0.8.10...
[INFO] testing r2d2-0.8.10 against 1.100.0-beta.1+cargoflags=--release for beta-release-1.100-3
[INFO] extracting crate r2d2 0.8.10 into /workspace/builds/worker-6-tc2/source
[INFO] started tweaking crates.io crate r2d2 0.8.10
[INFO] finished tweaking crates.io crate r2d2 0.8.10
[INFO] tweaked toml for crates.io crate r2d2 0.8.10 written to /workspace/builds/worker-6-tc2/source/Cargo.toml
[INFO] validating manifest of crates.io crate r2d2 0.8.10 on toolchain 1.100.0-beta.1
[INFO] running `Command { std: CARGO_HOME="/workspace/cargo-home" RUSTUP_HOME="/workspace/rustup-home" "/workspace/cargo-home/bin/cargo" "+1.100.0-beta.1" "metadata" "--manifest-path" "Cargo.toml" "--no-deps", kill_on_drop: false }`
[INFO] running `Command { std: CARGO_HOME="/workspace/cargo-home" RUSTUP_HOME="/workspace/rustup-home" "/workspace/cargo-home/bin/cargo" "+1.100.0-beta.1" "generate-lockfile" "--manifest-path" "Cargo.toml", kill_on_drop: false }`
[INFO] [stderr]     Updating crates.io index
[INFO] [stderr]      Locking 12 packages to highest compatible versions
[INFO] running `Command { std: CARGO_HOME="/workspace/cargo-home" RUSTUP_HOME="/workspace/rustup-home" "/workspace/cargo-home/bin/cargo" "+1.100.0-beta.1" "fetch" "--manifest-path" "Cargo.toml", kill_on_drop: false }`
[INFO] running `Command { std: "docker" "create" "-v" "/var/lib/crater-agent-workspace/builds/worker-6-tc2/source:/opt/rustwide/workdir:ro,Z" "-v" "/var/lib/crater-agent-workspace/builds/worker-6-tc2/target:/opt/rustwide/target:rw,Z" "-v" "/var/lib/crater-agent-workspace/cargo-home:/opt/rustwide/cargo-home:ro,Z" "-v" "/var/lib/crater-agent-workspace/rustup-home:/opt/rustwide/rustup-home:ro,Z" "-m" "1610612736" "--network" "none" "ghcr.io/rust-lang/crates-build-env/linux@sha256:77db811e55d90add9212f6832c23229e3de5f1c1f9905e8cb07319ea15df73ac" "sleep" "infinity", kill_on_drop: false }`
[INFO] [stdout] da179593adc8ff2812bb981ef1126e549ae75ab83dd851aabbb762113ad876e7
[INFO] running `Command { std: "docker" "start" "da179593adc8ff2812bb981ef1126e549ae75ab83dd851aabbb762113ad876e7", kill_on_drop: false }`
[INFO] running `Command { std: "docker" "inspect" "da179593adc8ff2812bb981ef1126e549ae75ab83dd851aabbb762113ad876e7", kill_on_drop: false }`
[INFO] running `Command { std: "docker" "exec" "-e" "SOURCE_DIR=/opt/rustwide/workdir" "-e" "CARGO_HOME=/opt/rustwide/cargo-home" "-e" "RUSTUP_HOME=/opt/rustwide/rustup-home" "-e" "CARGO_TARGET_DIR=/opt/rustwide/target" "-w" "/opt/rustwide/workdir" "--user" "0:0" "da179593adc8ff2812bb981ef1126e549ae75ab83dd851aabbb762113ad876e7" "/opt/rustwide/cargo-home/bin/cargo" "+1.100.0-beta.1" "metadata" "--no-deps" "--format-version=1", kill_on_drop: false }`
[INFO] running `Command { std: "docker" "inspect" "da179593adc8ff2812bb981ef1126e549ae75ab83dd851aabbb762113ad876e7", kill_on_drop: false }`
[INFO] running `Command { std: "docker" "exec" "-e" "SOURCE_DIR=/opt/rustwide/workdir" "-e" "CARGO_HOME=/opt/rustwide/cargo-home" "-e" "RUSTUP_HOME=/opt/rustwide/rustup-home" "-e" "CARGO_TARGET_DIR=/opt/rustwide/target" "-e" "CARGO_INCREMENTAL=0" "-e" "RUST_BACKTRACE=full" "-e" "RUSTFLAGS=--cap-lints=warn" "-e" "RUSTDOCFLAGS=--cap-lints=warn" "-w" "/opt/rustwide/workdir" "--user" "0:0" "da179593adc8ff2812bb981ef1126e549ae75ab83dd851aabbb762113ad876e7" "/opt/rustwide/cargo-home/bin/cargo" "+1.100.0-beta.1" "build" "--frozen" "--message-format=json" "--release", kill_on_drop: false }`
[INFO] [stderr]    Compiling libc v0.2.191
[INFO] [stderr]    Compiling parking_lot_core v0.9.12
[INFO] [stderr]    Compiling cfg-if v1.0.5
[INFO] [stderr]    Compiling smallvec v1.16.3
[INFO] [stderr]    Compiling log v0.4.34
[INFO] [stderr]    Compiling lock_api v0.4.14
[INFO] [stderr]    Compiling parking_lot v0.12.5
[INFO] [stderr]    Compiling scheduled-thread-pool v0.2.7
[INFO] [stderr]    Compiling r2d2 v0.8.10 (/opt/rustwide/workdir)
[INFO] [stdout] warning: use of deprecated method `std::error::Error::description`: use the Display impl or to_string()
[INFO] [stdout]    --> src/lib.rs:559:37
[INFO] [stdout]     |
[INFO] [stdout] 559 |         fmt.write_str(error::Error::description(self))?;
[INFO] [stdout]     |                                     ^^^^^^^^^^^
[INFO] [stdout]     |
[INFO] [stdout]     = note: `#[warn(deprecated)]` on by default
[INFO] [stdout] 
[INFO] [stdout] 
[INFO] [stdout] warning: use of deprecated associated function `scheduled_thread_pool::ScheduledThreadPool::with_name`: use ScheduledThreadPool::builder
[INFO] [stdout]    --> src/config.rs:250:51
[INFO] [stdout]     |
[INFO] [stdout] 250 |             None => Arc::new(ScheduledThreadPool::with_name("r2d2-worker-{}", 3)),
[INFO] [stdout]     |                                                   ^^^^^^^^^
[INFO] [stdout] 
[INFO] [stdout] 
[INFO] [stderr]     Finished `release` profile [optimized] target(s) in 3.51s
[INFO] running `Command { std: "docker" "inspect" "da179593adc8ff2812bb981ef1126e549ae75ab83dd851aabbb762113ad876e7", kill_on_drop: false }`
[INFO] running `Command { std: "docker" "exec" "-e" "SOURCE_DIR=/opt/rustwide/workdir" "-e" "CARGO_HOME=/opt/rustwide/cargo-home" "-e" "RUSTUP_HOME=/opt/rustwide/rustup-home" "-e" "CARGO_TARGET_DIR=/opt/rustwide/target" "-e" "CARGO_INCREMENTAL=0" "-e" "RUST_BACKTRACE=full" "-e" "RUSTFLAGS=--cap-lints=warn" "-e" "RUSTDOCFLAGS=--cap-lints=warn" "-w" "/opt/rustwide/workdir" "--user" "0:0" "da179593adc8ff2812bb981ef1126e549ae75ab83dd851aabbb762113ad876e7" "/opt/rustwide/cargo-home/bin/cargo" "+1.100.0-beta.1" "test" "--frozen" "--no-run" "--message-format=json" "--release", kill_on_drop: false }`
[INFO] [stderr]    Compiling r2d2 v0.8.10 (/opt/rustwide/workdir)
[INFO] [stdout] warning: use of deprecated method `std::error::Error::description`: use the Display impl or to_string()
[INFO] [stdout]    --> src/lib.rs:559:37
[INFO] [stdout]     |
[INFO] [stdout] 559 |         fmt.write_str(error::Error::description(self))?;
[INFO] [stdout]     |                                     ^^^^^^^^^^^
[INFO] [stdout]     |
[INFO] [stdout]     = note: `#[warn(deprecated)]` on by default
[INFO] [stdout] 
[INFO] [stdout] 
[INFO] [stdout] warning: use of deprecated associated function `scheduled_thread_pool::ScheduledThreadPool::with_name`: use ScheduledThreadPool::builder
[INFO] [stdout]    --> src/config.rs:250:51
[INFO] [stdout]     |
[INFO] [stdout] 250 |             None => Arc::new(ScheduledThreadPool::with_name("r2d2-worker-{}", 3)),
[INFO] [stdout]     |                                                   ^^^^^^^^^
[INFO] [stdout] 
[INFO] [stdout] 
[INFO] [stdout] warning: use of deprecated method `std::error::Error::description`: use the Display impl or to_string()
[INFO] [stdout]    --> src/lib.rs:559:37
[INFO] [stdout]     |
[INFO] [stdout] 559 |         fmt.write_str(error::Error::description(self))?;
[INFO] [stdout]     |                                     ^^^^^^^^^^^
[INFO] [stdout]     |
[INFO] [stdout]     = note: `#[warn(deprecated)]` on by default
[INFO] [stdout] 
[INFO] [stdout] 
[INFO] [stdout] warning: use of deprecated associated function `scheduled_thread_pool::ScheduledThreadPool::with_name`: use ScheduledThreadPool::builder
[INFO] [stdout]    --> src/config.rs:250:51
[INFO] [stdout]     |
[INFO] [stdout] 250 |             None => Arc::new(ScheduledThreadPool::with_name("r2d2-worker-{}", 3)),
[INFO] [stdout]     |                                                   ^^^^^^^^^
[INFO] [stdout] 
[INFO] [stdout] 
[INFO] [stdout] warning: use of deprecated method `std::sync::atomic::Atomic::<bool>::compare_and_swap`: Use `compare_exchange` or `compare_exchange_weak` instead
[INFO] [stdout]    --> src/test.rs:167:27
[INFO] [stdout]     |
[INFO] [stdout] 167 |             if self.first.compare_and_swap(true, false, Ordering::SeqCst) {
[INFO] [stdout]     |                           ^^^^^^^^^^^^^^^^
[INFO] [stdout] 
[INFO] [stdout] 
[INFO] [stderr]     Finished `release` profile [optimized] target(s) in 3.93s
[INFO] running `Command { std: "docker" "inspect" "da179593adc8ff2812bb981ef1126e549ae75ab83dd851aabbb762113ad876e7", kill_on_drop: false }`
[INFO] running `Command { std: "docker" "exec" "-e" "SOURCE_DIR=/opt/rustwide/workdir" "-e" "CARGO_HOME=/opt/rustwide/cargo-home" "-e" "RUSTUP_HOME=/opt/rustwide/rustup-home" "-e" "CARGO_TARGET_DIR=/opt/rustwide/target" "-e" "CARGO_INCREMENTAL=0" "-e" "RUST_BACKTRACE=full" "-e" "RUSTFLAGS=--cap-lints=warn" "-e" "RUSTDOCFLAGS=--cap-lints=warn" "-w" "/opt/rustwide/workdir" "--user" "0:0" "da179593adc8ff2812bb981ef1126e549ae75ab83dd851aabbb762113ad876e7" "/opt/rustwide/cargo-home/bin/cargo" "+1.100.0-beta.1" "test" "--frozen" "--release", kill_on_drop: false }`
[INFO] [stderr] warning: use of deprecated method `std::error::Error::description`: use the Display impl or to_string()
[INFO] [stderr]    --> src/lib.rs:559:37
[INFO] [stderr]     |
[INFO] [stderr] 559 |         fmt.write_str(error::Error::description(self))?;
[INFO] [stderr]     |                                     ^^^^^^^^^^^
[INFO] [stderr]     |
[INFO] [stderr]     = note: `#[warn(deprecated)]` on by default
[INFO] [stderr] 
[INFO] [stderr] warning: use of deprecated associated function `scheduled_thread_pool::ScheduledThreadPool::with_name`: use ScheduledThreadPool::builder
[INFO] [stderr]    --> src/config.rs:250:51
[INFO] [stderr]     |
[INFO] [stderr] 250 |             None => Arc::new(ScheduledThreadPool::with_name("r2d2-worker-{}", 3)),
[INFO] [stderr]     |                                                   ^^^^^^^^^
[INFO] [stderr] 
[INFO] [stderr] warning: `r2d2` (lib) generated 2 warnings
[INFO] [stderr] warning: use of deprecated method `std::sync::atomic::Atomic::<bool>::compare_and_swap`: Use `compare_exchange` or `compare_exchange_weak` instead
[INFO] [stderr]    --> src/test.rs:167:27
[INFO] [stderr]     |
[INFO] [stderr] 167 |             if self.first.compare_and_swap(true, false, Ordering::SeqCst) {
[INFO] [stderr]     |                           ^^^^^^^^^^^^^^^^
[INFO] [stderr] 
[INFO] [stderr] warning: `r2d2` (lib test) generated 3 warnings (2 duplicates)
[INFO] [stderr]     Finished `release` profile [optimized] target(s) in 0.06s
[INFO] [stderr]      Running unittests src/lib.rs (/opt/rustwide/target/release/build/r2d2/e553a4d04db075c0/out/r2d2-e553a4d04db075c0)
[INFO] [stdout] 
[INFO] [stdout] running 18 tests
[INFO] [stdout] test test::extensions ... ok
[INFO] [stdout] test test::test_acquire_release ... ok
[INFO] [stdout] test test::test_drop_on_broken ... ok
[INFO] [stdout] test test::events ... FAILED
[INFO] [stdout] test test::get_timeout ... ok
[INFO] [stdout] test test::test_is_send_sync ... ok
[INFO] [stdout] test test::test_issue_2_unlocked_during_is_valid ... ok
[INFO] [stdout] test test::test_connection_customizer ... ok
[INFO] [stdout] test test::conns_drop_on_pool_drop ... ok
[INFO] [stdout] test test::test_max_size_ok ... ok
[INFO] [stdout] test test::try_get ... ok
[INFO] [stdout] test test::test_get_global_timeout ... ok
[INFO] [stdout] test test::test_initialization_failure ... ok
[INFO] [stdout] test test::test_lazy_initialization_failure ... ok
[INFO] [stdout] test test::min_idle ... ok
[INFO] [stdout] test test::idle_timeout_partial_use ... ok
[INFO] [stdout] test test::test_idle_timeout ... ok
[INFO] [stdout] test test::test_max_lifetime ... ok
[INFO] [stdout] 
[INFO] [stdout] failures:
[INFO] [stdout] 
[INFO] [stdout] ---- test::events stdout ----
[INFO] [stdout] 
[INFO] [stdout] thread 'test::events' (282) panicked at src/test.rs:695:14:
[INFO] [stdout] internal error: entered unreachable code
[INFO] [stdout] stack backtrace:
[INFO] [stdout]    0:     0x641ef7716621 - <<std[617be2ca0a6fd877]::sys::backtrace::BacktraceLock>::print::DisplayBacktrace as core[a373ad73a504971]::fmt::Display>::fmt
[INFO] [stdout]    1:     0x641ef772a7da - core[a373ad73a504971]::fmt::write
[INFO] [stdout]    2:     0x641ef771a8ec - <alloc[2e1b2a31b91974c5]::vec::Vec<u8> as core[a373ad73a504971]::io::write::Write>::write_fmt
[INFO] [stdout]    3:     0x641ef76f29c6 - std[617be2ca0a6fd877]::panicking::default_hook::{closure#0}
[INFO] [stdout]    4:     0x641ef770ebf9 - std[617be2ca0a6fd877]::panicking::default_hook
[INFO] [stdout]    5:     0x641ef76a5850 - test[aada8e7e76ba119b]::test_main_inner::{closure#0}
[INFO] [stdout]    6:     0x641ef770edb2 - std[617be2ca0a6fd877]::panicking::panic_with_hook
[INFO] [stdout]    7:     0x641ef76f2aa4 - std[617be2ca0a6fd877]::panicking::panic_handler::{closure#0}
[INFO] [stdout]    8:     0x641ef76eb759 - std[617be2ca0a6fd877]::sys::backtrace::__rust_end_short_backtrace::<std[617be2ca0a6fd877]::panicking::panic_handler::{closure#0}, !>
[INFO] [stdout]    9:     0x641ef76f367d - __rustc[ea4f61d10b84890b]::rust_begin_unwind
[INFO] [stdout]   10:     0x641ef772af0c - core[a373ad73a504971]::panicking::panic_fmt
[INFO] [stdout]   11:     0x641ef772aed2 - core[a373ad73a504971]::panicking::panic
[INFO] [stdout]   12:     0x641ef7688bc8 - <r2d2[fcf34db500d53aeb]::test::events::{closure#0} as core[a373ad73a504971]::ops::function::FnOnce<()>>::call_once
[INFO] [stdout]   13:     0x641ef7698c9b - test[aada8e7e76ba119b]::__rust_begin_short_backtrace::<core[a373ad73a504971]::result::Result<(), alloc[2e1b2a31b91974c5]::string::String>, fn() -> core[a373ad73a504971]::result::Result<(), alloc[2e1b2a31b91974c5]::string::String>>
[INFO] [stdout]   14:     0x641ef76a5e75 - test[aada8e7e76ba119b]::run_test::{closure#0}
[INFO] [stdout]   15:     0x641ef769f764 - std[617be2ca0a6fd877]::sys::backtrace::__rust_begin_short_backtrace::<test[aada8e7e76ba119b]::run_test::{closure#1}, ()>
[INFO] [stdout]   16:     0x641ef76a8f02 - <std[617be2ca0a6fd877]::thread::lifecycle::spawn_unchecked<test[aada8e7e76ba119b]::run_test::{closure#1}, ()>::{closure#1} as core[a373ad73a504971]::ops::function::FnOnce<()>>::call_once::{shim:vtable#0}
[INFO] [stdout]   17:     0x641ef7715e7f - <std[617be2ca0a6fd877]::sys::thread::unix::Thread>::new::thread_start
[INFO] [stdout]   18:     0x790884820dfa - <unknown>
[INFO] [stdout]   19:     0x7908848b43d4 - clone
[INFO] [stdout]   20:                0x0 - <unknown>
[INFO] [stdout] 
[INFO] [stdout] 
[INFO] [stdout] failures:
[INFO] [stdout]     test::events
[INFO] [stdout] 
[INFO] [stdout] test result: FAILED. 17 passed; 1 failed; 0 ignored; 0 measured; 0 filtered out; finished in 5.42s
[INFO] [stdout] 
[INFO] [stderr] error: test failed, to rerun pass `--lib`
[INFO] running `Command { std: "docker" "inspect" "da179593adc8ff2812bb981ef1126e549ae75ab83dd851aabbb762113ad876e7", kill_on_drop: false }`
[INFO] running `Command { std: "docker" "rm" "-f" "da179593adc8ff2812bb981ef1126e549ae75ab83dd851aabbb762113ad876e7", kill_on_drop: false }`
[INFO] [stdout] da179593adc8ff2812bb981ef1126e549ae75ab83dd851aabbb762113ad876e7
