[INFO] fetching crate pointlock-cli 0.1.10...
[INFO] testing pointlock-cli-0.1.10 against 1.100.0-beta.1+cargoflags=--release for beta-release-1.100-3
[INFO] extracting crate pointlock-cli 0.1.10 into /workspace/builds/worker-2-tc2/source
[INFO] started tweaking crates.io crate pointlock-cli 0.1.10
[INFO] removed 0 missing tests
[INFO] finished tweaking crates.io crate pointlock-cli 0.1.10
[INFO] tweaked toml for crates.io crate pointlock-cli 0.1.10 written to /workspace/builds/worker-2-tc2/source/Cargo.toml
[INFO] validating manifest of crates.io crate pointlock-cli 0.1.10 on toolchain 1.100.0-beta.1
[INFO] running `Command { std: CARGO_HOME="/workspace/cargo-home" RUSTUP_HOME="/workspace/rustup-home" "/workspace/cargo-home/bin/cargo" "+1.100.0-beta.1" "metadata" "--manifest-path" "Cargo.toml" "--no-deps", kill_on_drop: false }`
[INFO] crate crates.io crate pointlock-cli 0.1.10 already has a lockfile, it will not be regenerated
[INFO] running `Command { std: CARGO_HOME="/workspace/cargo-home" RUSTUP_HOME="/workspace/rustup-home" "/workspace/cargo-home/bin/cargo" "+1.100.0-beta.1" "fetch" "--manifest-path" "Cargo.toml", kill_on_drop: false }`
[INFO] [stderr] warning: `package.homepage` is redundant with `package.repository`
[INFO] [stderr]   --> Cargo.toml:78:12
[INFO] [stderr]    |
[INFO] [stderr] 78 | homepage = "https://github.com/wangweiwei/pointlock"
[INFO] [stderr]    |            ^^^^^^^^^^^^^^^^^^^^^^^^^^^^^^^^^^^^^^^^^
[INFO] [stderr] ...
[INFO] [stderr] 84 | repository = "https://github.com/wangweiwei/pointlock"
[INFO] [stderr]    |              -----------------------------------------
[INFO] [stderr]    |
[INFO] [stderr]    = note: `cargo::redundant_homepage` is set to `warn` by default
[INFO] [stderr] help: consider removing `package.homepage`
[INFO] [stderr] warning: `pointlock-cli` (manifest) generated 1 warning
[INFO] running `Command { std: "docker" "create" "-v" "/var/lib/crater-agent-workspace/builds/worker-2-tc2/source:/opt/rustwide/workdir:ro,Z" "-v" "/var/lib/crater-agent-workspace/builds/worker-2-tc2/target:/opt/rustwide/target:rw,Z" "-v" "/var/lib/crater-agent-workspace/cargo-home:/opt/rustwide/cargo-home:ro,Z" "-v" "/var/lib/crater-agent-workspace/rustup-home:/opt/rustwide/rustup-home:ro,Z" "-m" "1610612736" "--network" "none" "ghcr.io/rust-lang/crates-build-env/linux@sha256:77db811e55d90add9212f6832c23229e3de5f1c1f9905e8cb07319ea15df73ac" "sleep" "infinity", kill_on_drop: false }`
[INFO] [stdout] 3cf1acda81f9dc031e41a0694d6770d7fa51d89c00de1fb9d47f117ef73c6980
[INFO] running `Command { std: "docker" "start" "3cf1acda81f9dc031e41a0694d6770d7fa51d89c00de1fb9d47f117ef73c6980", kill_on_drop: false }`
[INFO] running `Command { std: "docker" "inspect" "3cf1acda81f9dc031e41a0694d6770d7fa51d89c00de1fb9d47f117ef73c6980", kill_on_drop: false }`
[INFO] running `Command { std: "docker" "exec" "-e" "SOURCE_DIR=/opt/rustwide/workdir" "-e" "CARGO_HOME=/opt/rustwide/cargo-home" "-e" "RUSTUP_HOME=/opt/rustwide/rustup-home" "-e" "CARGO_TARGET_DIR=/opt/rustwide/target" "-w" "/opt/rustwide/workdir" "--user" "0:0" "3cf1acda81f9dc031e41a0694d6770d7fa51d89c00de1fb9d47f117ef73c6980" "/opt/rustwide/cargo-home/bin/cargo" "+1.100.0-beta.1" "metadata" "--no-deps" "--format-version=1", kill_on_drop: false }`
[INFO] running `Command { std: "docker" "inspect" "3cf1acda81f9dc031e41a0694d6770d7fa51d89c00de1fb9d47f117ef73c6980", kill_on_drop: false }`
[INFO] running `Command { std: "docker" "exec" "-e" "SOURCE_DIR=/opt/rustwide/workdir" "-e" "CARGO_HOME=/opt/rustwide/cargo-home" "-e" "RUSTUP_HOME=/opt/rustwide/rustup-home" "-e" "CARGO_TARGET_DIR=/opt/rustwide/target" "-e" "CARGO_INCREMENTAL=0" "-e" "RUST_BACKTRACE=full" "-e" "RUSTFLAGS=--cap-lints=warn" "-e" "RUSTDOCFLAGS=--cap-lints=warn" "-w" "/opt/rustwide/workdir" "--user" "0:0" "3cf1acda81f9dc031e41a0694d6770d7fa51d89c00de1fb9d47f117ef73c6980" "/opt/rustwide/cargo-home/bin/cargo" "+1.100.0-beta.1" "build" "--frozen" "--message-format=json" "--release", kill_on_drop: false }`
[INFO] [stderr] warning: `package.homepage` is redundant with `package.repository`
[INFO] [stderr]   --> Cargo.toml:78:12
[INFO] [stderr]    |
[INFO] [stderr] 78 | homepage = "https://github.com/wangweiwei/pointlock"
[INFO] [stderr]    |            ^^^^^^^^^^^^^^^^^^^^^^^^^^^^^^^^^^^^^^^^^
[INFO] [stderr] ...
[INFO] [stderr] 84 | repository = "https://github.com/wangweiwei/pointlock"
[INFO] [stderr]    |              -----------------------------------------
[INFO] [stderr]    |
[INFO] [stderr]    = note: `cargo::redundant_homepage` is set to `warn` by default
[INFO] [stderr] help: consider removing `package.homepage`
[INFO] [stderr] warning: `pointlock-cli` (manifest) generated 1 warning
[INFO] [stderr]    Compiling proc-macro2 v1.0.106
[INFO] [stderr]    Compiling unicode-ident v1.0.24
[INFO] [stderr]    Compiling quote v1.0.46
[INFO] [stderr]    Compiling libc v0.2.186
[INFO] [stderr]    Compiling cfg-if v1.0.4
[INFO] [stderr]    Compiling memchr v2.8.3
[INFO] [stderr]    Compiling itoa v1.0.18
[INFO] [stderr]    Compiling serde_core v1.0.228
[INFO] [stderr]    Compiling serde v1.0.228
[INFO] [stderr]    Compiling stable_deref_trait v1.2.1
[INFO] [stderr]    Compiling bytes v1.12.1
[INFO] [stderr]    Compiling typenum v1.20.1
[INFO] [stderr]    Compiling pin-project-lite v0.2.17
[INFO] [stderr]    Compiling version_check v0.9.5
[INFO] [stderr]    Compiling smallvec v1.15.2
[INFO] [stderr]    Compiling futures-core v0.3.32
[INFO] [stderr]    Compiling zmij v1.0.23
[INFO] [stderr]    Compiling serde_json v1.0.150
[INFO] [stderr]    Compiling shlex v2.0.1
[INFO] [stderr]    Compiling find-msvc-tools v0.1.9
[INFO] [stderr]    Compiling cc v1.2.67
[INFO] [stderr]    Compiling syn v2.0.119
[INFO] [stderr]    Compiling futures-sink v0.3.32
[INFO] [stderr]    Compiling thiserror v2.0.18
[INFO] [stderr]    Compiling http v1.4.2
[INFO] [stderr]    Compiling litemap v0.8.2
[INFO] [stderr]    Compiling errno v0.3.14
[INFO] [stderr]    Compiling mio v1.2.2
[INFO] [stderr]    Compiling signal-hook-registry v1.4.8
[INFO] [stderr]    Compiling socket2 v0.6.5
[INFO] [stderr]    Compiling writeable v0.6.3
[INFO] [stderr]    Compiling subtle v2.6.1
[INFO] [stderr]    Compiling generic-array v0.14.7
[INFO] [stderr]    Compiling icu_normalizer_data v2.2.0
[INFO] [stderr]    Compiling futures-task v0.3.32
[INFO] [stderr]    Compiling rand_core v0.10.1
[INFO] [stderr]    Compiling slab v0.4.12
[INFO] [stderr]    Compiling icu_properties_data v2.2.0
[INFO] [stderr]    Compiling getrandom v0.4.3
[INFO] [stderr]    Compiling percent-encoding v2.3.2
[INFO] [stderr]    Compiling futures-io v0.3.32
[INFO] [stderr]    Compiling once_cell v1.21.4
[INFO] [stderr]    Compiling autocfg v1.5.1
[INFO] [stderr]    Compiling futures-util v0.3.32
[INFO] [stderr]    Compiling ref-cast v1.0.25
[INFO] [stderr]    Compiling num-traits v0.2.19
[INFO] [stderr]    Compiling ring v0.17.14
[INFO] [stderr]    Compiling zeroize v1.9.0
[INFO] [stderr]    Compiling rustls-pki-types v1.15.0
[INFO] [stderr]    Compiling block-buffer v0.10.4
[INFO] [stderr]    Compiling crypto-common v0.1.7
[INFO] [stderr]    Compiling form_urlencoded v1.2.2
[INFO] [stderr]    Compiling http-body v1.1.0
[INFO] [stderr]    Compiling getrandom v0.2.17
[INFO] [stderr]    Compiling log v0.4.33
[INFO] [stderr]    Compiling digest v0.10.7
[INFO] [stderr]    Compiling rustls v0.23.41
[INFO] [stderr]    Compiling bitflags v2.13.1
[INFO] [stderr]    Compiling num-integer v0.1.46
[INFO] [stderr]    Compiling uuid v1.24.0
[INFO] [stderr]    Compiling tracing-core v0.1.36
[INFO] [stderr]    Compiling futures-channel v0.3.32
[INFO] [stderr]    Compiling aho-corasick v1.1.4
[INFO] [stderr]    Compiling atomic-waker v1.1.2
[INFO] [stderr]    Compiling cpufeatures v0.2.17
[INFO] [stderr]    Compiling regex-syntax v0.8.11
[INFO] [stderr]    Compiling dyn-clone v1.0.20
[INFO] [stderr]    Compiling synstructure v0.13.2
[INFO] [stderr]    Compiling serde_derive_internals v0.29.1
[INFO] [stderr]    Compiling sha2 v0.10.9
[INFO] [stderr]    Compiling tracing v0.1.44
[INFO] [stderr]    Compiling sync_wrapper v1.0.2
[INFO] [stderr]    Compiling getrandom v0.3.4
[INFO] [stderr]    Compiling tower-layer v0.3.3
[INFO] [stderr]    Compiling base64 v0.22.1
[INFO] [stderr]    Compiling zerocopy v0.8.54
[INFO] [stderr]    Compiling ipnet v2.12.0
[INFO] [stderr]    Compiling parking_lot_core v0.9.12
[INFO] [stderr]    Compiling num-bigint v0.4.8
[INFO] [stderr]    Compiling webpki-roots v1.0.8
[INFO] [stderr]    Compiling hybrid-array v0.4.13
[INFO] [stderr]    Compiling zerofrom-derive v0.1.7
[INFO] [stderr]    Compiling serde_derive v1.0.228
[INFO] [stderr]    Compiling yoke-derive v0.8.2
[INFO] [stderr]    Compiling zerovec-derive v0.11.3
[INFO] [stderr]    Compiling zerofrom v0.1.8
[INFO] [stderr]    Compiling displaydoc v0.2.6
[INFO] [stderr]    Compiling yoke v0.8.3
[INFO] [stderr]    Compiling tokio-macros v2.7.0
[INFO] [stderr]    Compiling zerovec v0.11.6
[INFO] [stderr]    Compiling thiserror-impl v2.0.18
[INFO] [stderr]    Compiling tokio v1.52.4
[INFO] [stderr]    Compiling tinystr v0.8.3
[INFO] [stderr]    Compiling icu_locale_core v2.2.0
[INFO] [stderr]    Compiling potential_utf v0.1.5
[INFO] [stderr]    Compiling zerotrie v0.2.4
[INFO] [stderr]    Compiling icu_provider v2.2.0
[INFO] [stderr]    Compiling icu_collections v2.2.0
[INFO] [stderr]    Compiling ref-cast-impl v1.0.25
[INFO] [stderr]    Compiling schemars_derive v1.2.1
[INFO] [stderr]    Compiling regex-automata v0.4.16
[INFO] [stderr]    Compiling icu_properties v2.2.0
[INFO] [stderr]    Compiling icu_normalizer v2.2.0
[INFO] [stderr]    Compiling ahash v0.8.12
[INFO] [stderr]    Compiling ryu v1.0.23
[INFO] [stderr]    Compiling schemars v1.2.1
[INFO] [stderr]    Compiling idna_adapter v1.2.2
[INFO] [stderr]    Compiling idna v1.1.0
[INFO] [stderr]    Compiling lock_api v0.4.14
[INFO] [stderr]    Compiling serde_urlencoded v0.7.1
[INFO] [stderr]    Compiling url v2.5.8
[INFO] [stderr]    Compiling num-rational v0.4.2
[INFO] [stderr]    Compiling rustls-webpki v0.103.13
[INFO] [stderr]    Compiling hyper v1.10.1
[INFO] [stderr]    Compiling hyper-util v0.1.20
[INFO] [stderr]    Compiling pointlock-ir v0.1.10
[INFO] [stderr]    Compiling tower v0.5.3
[INFO] [stderr]    Compiling tower-http v0.6.11
[INFO] [stderr]    Compiling regex v1.13.1
[INFO] [stderr]    Compiling num-iter v0.1.46
[INFO] [stderr]    Compiling http-body-util v0.1.4
[INFO] [stderr]    Compiling num-complex v0.4.6
[INFO] [stderr]    Compiling bit-vec v0.8.0
[INFO] [stderr]    Compiling borrow-or-share v0.2.4
[INFO] [stderr]    Compiling cpufeatures v0.3.0
[INFO] [stderr]    Compiling pkg-config v0.3.33
[INFO] [stderr]    Compiling num v0.4.3
[INFO] [stderr]    Compiling fluent-uri v0.3.2
[INFO] [stderr]    Compiling libsqlite3-sys v0.35.0
[INFO] [stderr]    Compiling tokio-rustls v0.26.4
[INFO] [stderr]    Compiling bit-set v0.8.0
[INFO] [stderr]    Compiling parking_lot v0.12.5
[INFO] [stderr]    Compiling hyper-rustls v0.27.9
[INFO] [stderr]    Compiling crypto-common v0.2.2
[INFO] [stderr]    Compiling reqwest v0.12.28
[INFO] [stderr]    Compiling block-buffer v0.12.1
[INFO] [stderr]    Compiling foldhash v0.1.5
[INFO] [stderr]    Compiling inventory v0.3.24
[INFO] [stderr]    Compiling lazy_static v1.5.0
[INFO] [stderr]    Compiling vsimd v0.8.0
[INFO] [stderr]    Compiling outref v0.5.2
[INFO] [stderr]    Compiling const-oid v0.10.2
[INFO] [stderr]    Compiling fraction v0.15.4
[INFO] [stderr]    Compiling digest v0.11.3
[INFO] [stderr]    Compiling hashbrown v0.15.5
[INFO] [stderr]    Compiling uuid-simd v0.8.0
[INFO] [stderr]    Compiling serde_json_path_core v0.2.2
[INFO] [stderr]    Compiling referencing v0.33.0
[INFO] [stderr]    Compiling fancy-regex v0.16.2
[INFO] [stderr]    Compiling chacha20 v0.10.1
[INFO] [stderr]    Compiling email_address v0.2.9
[INFO] [stderr]    Compiling serde_json_path_macros_internal v0.1.2
[INFO] [stderr]    Compiling async-trait v0.1.89
[INFO] [stderr]    Compiling num-cmp v0.1.0
[INFO] [stderr]    Compiling bytecount v0.6.9
[INFO] [stderr]    Compiling nom v7.1.3
[INFO] [stderr]    Compiling serde_json_path_macros v0.1.6
[INFO] [stderr]    Compiling rand v0.10.2
[INFO] [stderr]    Compiling jsonschema v0.33.0
[INFO] [stderr]    Compiling hashlink v0.10.0
[INFO] [stderr]    Compiling sha1 v0.11.0
[INFO] [stderr]    Compiling tokio-util v0.7.18
[INFO] [stderr]    Compiling fallible-iterator v0.3.0
[INFO] [stderr]    Compiling utf8parse v0.2.2
[INFO] [stderr]    Compiling rustix v0.38.44
[INFO] [stderr]    Compiling data-encoding v2.11.0
[INFO] [stderr]    Compiling fallible-streaming-iterator v0.1.9
[INFO] [stderr]    Compiling tungstenite v0.30.0
[INFO] [stderr]    Compiling anstyle-parse v1.0.0
[INFO] [stderr]    Compiling pointlock-provider-kit v0.1.10
[INFO] [stderr]    Compiling serde_json_path v0.7.2
[INFO] [stderr]    Compiling fs2 v0.4.3
[INFO] [stderr]    Compiling anstyle-query v1.1.5
[INFO] [stderr]    Compiling colorchoice v1.0.5
[INFO] [stderr]    Compiling is_terminal_polyfill v1.70.2
[INFO] [stderr]    Compiling linux-raw-sys v0.4.15
[INFO] [stderr]    Compiling anstyle v1.0.14
[INFO] [stderr]    Compiling anstream v1.0.0
[INFO] [stderr]    Compiling pointlock-expr v0.1.10
[INFO] [stderr]    Compiling tokio-tungstenite v0.30.0
[INFO] [stderr]    Compiling devicerail-protocol v0.3.7
[INFO] [stderr]    Compiling strsim v0.11.1
[INFO] [stderr]    Compiling arraydeque v0.5.1
[INFO] [stderr]    Compiling clap_lex v1.1.0
[INFO] [stderr]    Compiling heck v0.5.0
[INFO] [stderr]    Compiling clap_builder v4.6.2
[INFO] [stderr]    Compiling saphyr-parser v0.0.11
[INFO] [stderr]    Compiling clap_derive v4.6.1
[INFO] [stderr]    Compiling gethostname v0.5.0
[INFO] [stderr]    Compiling pointlock-vision v0.1.10
[INFO] [stderr]    Compiling hmac v0.12.1
[INFO] [stderr]    Compiling ascii v1.1.0
[INFO] [stderr]    Compiling chunked_transfer v1.5.0
[INFO] [stderr]    Compiling tiny_http v0.12.0
[INFO] [stderr]    Compiling pointlock-compiler v0.1.10
[INFO] [stderr]    Compiling devicerail-client v0.3.7
[INFO] [stderr]    Compiling clap v4.6.2
[INFO] [stderr]    Compiling pointlock-provider-devicerail v0.1.10
[INFO] [stderr]    Compiling rusqlite v0.37.0
[INFO] [stderr]    Compiling pointlock-store v0.1.10
[INFO] [stderr]    Compiling pointlock-human-cli v0.1.10
[INFO] [stderr]    Compiling pointlock-runner v0.1.10
[INFO] [stderr]    Compiling pointlock-cli v0.1.10 (/opt/rustwide/workdir)
[INFO] [stderr]     Finished `release` profile [optimized] target(s) in 1m 34s
[INFO] running `Command { std: "docker" "inspect" "3cf1acda81f9dc031e41a0694d6770d7fa51d89c00de1fb9d47f117ef73c6980", kill_on_drop: false }`
[INFO] running `Command { std: "docker" "exec" "-e" "SOURCE_DIR=/opt/rustwide/workdir" "-e" "CARGO_HOME=/opt/rustwide/cargo-home" "-e" "RUSTUP_HOME=/opt/rustwide/rustup-home" "-e" "CARGO_TARGET_DIR=/opt/rustwide/target" "-e" "CARGO_INCREMENTAL=0" "-e" "RUST_BACKTRACE=full" "-e" "RUSTFLAGS=--cap-lints=warn" "-e" "RUSTDOCFLAGS=--cap-lints=warn" "-w" "/opt/rustwide/workdir" "--user" "0:0" "3cf1acda81f9dc031e41a0694d6770d7fa51d89c00de1fb9d47f117ef73c6980" "/opt/rustwide/cargo-home/bin/cargo" "+1.100.0-beta.1" "test" "--frozen" "--no-run" "--message-format=json" "--release", kill_on_drop: false }`
[INFO] [stderr] warning: `package.homepage` is redundant with `package.repository`
[INFO] [stderr]   --> Cargo.toml:78:12
[INFO] [stderr]    |
[INFO] [stderr] 78 | homepage = "https://github.com/wangweiwei/pointlock"
[INFO] [stderr]    |            ^^^^^^^^^^^^^^^^^^^^^^^^^^^^^^^^^^^^^^^^^
[INFO] [stderr] ...
[INFO] [stderr] 84 | repository = "https://github.com/wangweiwei/pointlock"
[INFO] [stderr]    |              -----------------------------------------
[INFO] [stderr]    |
[INFO] [stderr]    = note: `cargo::redundant_homepage` is set to `warn` by default
[INFO] [stderr] help: consider removing `package.homepage`
[INFO] [stderr] warning: `pointlock-cli` (manifest) generated 1 warning
[INFO] [stderr]    Compiling pointlock-cli v0.1.10 (/opt/rustwide/workdir)
[INFO] [stderr]     Finished `release` profile [optimized] target(s) in 3.20s
[INFO] running `Command { std: "docker" "inspect" "3cf1acda81f9dc031e41a0694d6770d7fa51d89c00de1fb9d47f117ef73c6980", kill_on_drop: false }`
[INFO] running `Command { std: "docker" "exec" "-e" "SOURCE_DIR=/opt/rustwide/workdir" "-e" "CARGO_HOME=/opt/rustwide/cargo-home" "-e" "RUSTUP_HOME=/opt/rustwide/rustup-home" "-e" "CARGO_TARGET_DIR=/opt/rustwide/target" "-e" "CARGO_INCREMENTAL=0" "-e" "RUST_BACKTRACE=full" "-e" "RUSTFLAGS=--cap-lints=warn" "-e" "RUSTDOCFLAGS=--cap-lints=warn" "-w" "/opt/rustwide/workdir" "--user" "0:0" "3cf1acda81f9dc031e41a0694d6770d7fa51d89c00de1fb9d47f117ef73c6980" "/opt/rustwide/cargo-home/bin/cargo" "+1.100.0-beta.1" "test" "--frozen" "--release", kill_on_drop: false }`
[INFO] [stderr] warning: `package.homepage` is redundant with `package.repository`
[INFO] [stderr]   --> Cargo.toml:78:12
[INFO] [stderr]    |
[INFO] [stderr] 78 | homepage = "https://github.com/wangweiwei/pointlock"
[INFO] [stderr]    |            ^^^^^^^^^^^^^^^^^^^^^^^^^^^^^^^^^^^^^^^^^
[INFO] [stderr] ...
[INFO] [stderr] 84 | repository = "https://github.com/wangweiwei/pointlock"
[INFO] [stderr]    |              -----------------------------------------
[INFO] [stderr]    |
[INFO] [stderr]    = note: `cargo::redundant_homepage` is set to `warn` by default
[INFO] [stderr] help: consider removing `package.homepage`
[INFO] [stderr] warning: `pointlock-cli` (manifest) generated 1 warning
[INFO] [stderr]     Finished `release` profile [optimized] target(s) in 0.12s
[INFO] [stderr]      Running unittests src/main.rs (/opt/rustwide/target/release/build/pointlock-cli/810b0dcabeb74e28/out/pointlock-810b0dcabeb74e28)
[INFO] [stdout] 
[INFO] [stdout] running 9 tests
[INFO] [stdout] test report::tests::remote_archival_failures_are_tallied_across_both_carriers ... ok
[INFO] [stdout] test serve::tests::non_get_routes_answer_typed_refusals ... ok
[INFO] [stdout] test serve::tests::splits_urls_and_decodes ... ok
[INFO] [stdout] test serve::tests::static_file_refuses_targets_without_a_leading_slash ... ok
[INFO] [stdout] test tests::resume_timeout_rejects_zero ... ok
[INFO] [stdout] test commands::tests::write_json_replaces_the_artifact_whole_without_truncating_readers ... ok
[INFO] [stdout] test serve::tests::run_self_happy_path_returns_the_output ... ok
[INFO] [stdout] test serve::tests::run_self_kills_an_overlong_child_and_answers_504 ... ok
[INFO] [stdout] test serve::tests::kill_child_tree_empties_the_process_group ... FAILED
[INFO] [stdout] 
[INFO] [stdout] failures:
[INFO] [stdout] 
[INFO] [stdout] ---- serve::tests::kill_child_tree_empties_the_process_group stdout ----
[INFO] [stdout] 
[INFO] [stdout] thread 'serve::tests::kill_child_tree_empties_the_process_group' (3921) panicked at src/serve.rs:1487:13:
[INFO] [stdout] process group 3924 still has live members
[INFO] [stdout] stack backtrace:
[INFO] [stdout]    0:     0x63530f156161 - <<std[617be2ca0a6fd877]::sys::backtrace::BacktraceLock>::print::DisplayBacktrace as core[a373ad73a504971]::fmt::Display>::fmt
[INFO] [stdout]    1:     0x63530f16b17a - core[a373ad73a504971]::fmt::write
[INFO] [stdout]    2:     0x63530f15a69c - <alloc[2e1b2a31b91974c5]::vec::Vec<u8> as core[a373ad73a504971]::io::write::Write>::write_fmt
[INFO] [stdout]    3:     0x63530f12fc06 - std[617be2ca0a6fd877]::panicking::default_hook::{closure#0}
[INFO] [stdout]    4:     0x63530f14d3b9 - std[617be2ca0a6fd877]::panicking::default_hook
[INFO] [stdout]    5:     0x63530f095b90 - test[aada8e7e76ba119b]::test_main_inner::{closure#0}
[INFO] [stdout]    6:     0x63530f14d572 - std[617be2ca0a6fd877]::panicking::panic_with_hook
[INFO] [stdout]    7:     0x63530f12fcb2 - std[617be2ca0a6fd877]::panicking::panic_handler::{closure#0}
[INFO] [stdout]    8:     0x63530f128619 - std[617be2ca0a6fd877]::sys::backtrace::__rust_end_short_backtrace::<std[617be2ca0a6fd877]::panicking::panic_handler::{closure#0}, !>
[INFO] [stdout]    9:     0x63530f1309ad - __rustc[ea4f61d10b84890b]::rust_begin_unwind
[INFO] [stdout]   10:     0x63530f16b8ac - core[a373ad73a504971]::panicking::panic_fmt
[INFO] [stdout]   11:     0x63530f071c69 - <pointlock[5eb13f5451a6bf37]::serve::tests::kill_child_tree_empties_the_process_group::{closure#0} as core[a373ad73a504971]::ops::function::FnOnce<()>>::call_once
[INFO] [stdout]   12:     0x63530f088fdb - test[aada8e7e76ba119b]::__rust_begin_short_backtrace::<core[a373ad73a504971]::result::Result<(), alloc[2e1b2a31b91974c5]::string::String>, fn() -> core[a373ad73a504971]::result::Result<(), alloc[2e1b2a31b91974c5]::string::String>>
[INFO] [stdout]   13:     0x63530f0961b5 - test[aada8e7e76ba119b]::run_test::{closure#0}
[INFO] [stdout]   14:     0x63530f08faa4 - std[617be2ca0a6fd877]::sys::backtrace::__rust_begin_short_backtrace::<test[aada8e7e76ba119b]::run_test::{closure#1}, ()>
[INFO] [stdout]   15:     0x63530f099242 - <std[617be2ca0a6fd877]::thread::lifecycle::spawn_unchecked<test[aada8e7e76ba119b]::run_test::{closure#1}, ()>::{closure#1} as core[a373ad73a504971]::ops::function::FnOnce<()>>::call_once::{shim:vtable#0}
[INFO] [stdout]   16:     0x63530f15516f - <std[617be2ca0a6fd877]::sys::thread::unix::Thread>::new::thread_start
[INFO] [stdout]   17:     0x7a2727d15dfa - <unknown>
[INFO] [stdout]   18:     0x7a2727da93d4 - clone
[INFO] [stdout]   19:                0x0 - <unknown>
[INFO] [stdout] 
[INFO] [stdout] 
[INFO] [stdout] failures:
[INFO] [stdout]     serve::tests::kill_child_tree_empties_the_process_group
[INFO] [stdout] 
[INFO] [stdout] test result: FAILED. 8 passed; 1 failed; 0 ignored; 0 measured; 0 filtered out; finished in 5.31s
[INFO] [stdout] 
[INFO] [stderr] error: test failed, to rerun pass `--bin pointlock`
[INFO] running `Command { std: "docker" "inspect" "3cf1acda81f9dc031e41a0694d6770d7fa51d89c00de1fb9d47f117ef73c6980", kill_on_drop: false }`
[INFO] running `Command { std: "docker" "rm" "-f" "3cf1acda81f9dc031e41a0694d6770d7fa51d89c00de1fb9d47f117ef73c6980", kill_on_drop: false }`
[INFO] [stdout] 3cf1acda81f9dc031e41a0694d6770d7fa51d89c00de1fb9d47f117ef73c6980
