[INFO] fetching crate pgqueue 0.3.1...
[INFO] testing pgqueue-0.3.1 against 1.99.0-beta.8+cargoflags=--release for beta-release-1.100-3
[INFO] extracting crate pgqueue 0.3.1 into /workspace/builds/worker-0-tc1/source
[INFO] started tweaking crates.io crate pgqueue 0.3.1
[INFO] removed 0 missing examples
[INFO] finished tweaking crates.io crate pgqueue 0.3.1
[INFO] tweaked toml for crates.io crate pgqueue 0.3.1 written to /workspace/builds/worker-0-tc1/source/Cargo.toml
[INFO] validating manifest of crates.io crate pgqueue 0.3.1 on toolchain 1.99.0-beta.8
[INFO] running `Command { std: CARGO_HOME="/workspace/cargo-home" RUSTUP_HOME="/workspace/rustup-home" "/workspace/cargo-home/bin/cargo" "+1.99.0-beta.8" "metadata" "--manifest-path" "Cargo.toml" "--no-deps", kill_on_drop: false }`
[INFO] crate crates.io crate pgqueue 0.3.1 already has a lockfile, it will not be regenerated
[INFO] running `Command { std: CARGO_HOME="/workspace/cargo-home" RUSTUP_HOME="/workspace/rustup-home" "/workspace/cargo-home/bin/cargo" "+1.99.0-beta.8" "fetch" "--manifest-path" "Cargo.toml", kill_on_drop: false }`
[INFO] [stderr]     Updating crates.io index
[INFO] [stderr]  Downloading crates ...
[INFO] [stderr]   Downloaded wasm-bindgen v0.2.126
[INFO] [stderr]   Downloaded wasm-bindgen-shared v0.2.126
[INFO] [stderr]   Downloaded wasm-bindgen-macro v0.2.126
[INFO] [stderr]   Downloaded uuid v1.24.0
[INFO] [stderr]   Downloaded futures-macro v0.3.32
[INFO] [stderr]   Downloaded crc v3.4.0
[INFO] [stderr]   Downloaded serde_spanned v1.1.1
[INFO] [stderr]   Downloaded target-triple v1.0.0
[INFO] [stderr]   Downloaded futures-io v0.3.32
[INFO] [stderr]   Downloaded parking v2.2.1
[INFO] [stderr]   Downloaded toml_writer v1.1.1+spec-1.1.0
[INFO] [stderr]   Downloaded generic-array v0.14.9
[INFO] [stderr]   Downloaded defmt-parser v1.0.0
[INFO] [stderr]   Downloaded hashlink v0.11.1
[INFO] [stderr]   Downloaded crossbeam-queue v0.3.13
[INFO] [stderr]   Downloaded toml_datetime v1.1.1+spec-1.1.0
[INFO] [stderr]   Downloaded trybuild v1.0.120
[INFO] [stderr]   Downloaded displaydoc v0.2.6
[INFO] [stderr]   Downloaded block-buffer v0.12.1
[INFO] [stderr]   Downloaded cpufeatures v0.3.0
[INFO] [stderr]   Downloaded etcetera v0.11.0
[INFO] [stderr]   Downloaded sha1 v0.11.0
[INFO] [stderr]   Downloaded proc-macro-crate v3.5.0
[INFO] [stderr]   Downloaded jiff-tzdb-platform v0.1.3
[INFO] [stderr]   Downloaded jiff-static v0.2.35
[INFO] [stderr]   Downloaded http-body v1.0.1
[INFO] [stderr]   Downloaded crypto-common v0.2.2
[INFO] [stderr]   Downloaded rustls-pki-types v1.15.0
[INFO] [stderr]   Downloaded tokio-stream v0.1.18
[INFO] [stderr]   Downloaded event-listener v5.4.2
[INFO] [stderr]   Downloaded ctutils v0.4.2
[INFO] [stderr]   Downloaded matchit v0.8.4
[INFO] [stderr]   Downloaded axum-core v0.5.6
[INFO] [stderr]   Downloaded toml v1.1.2+spec-1.1.0
[INFO] [stderr]   Downloaded toml_parser v1.1.2+spec-1.1.0
[INFO] [stderr]   Downloaded icu_provider v2.1.1
[INFO] [stderr]   Downloaded futures-executor v0.3.32
[INFO] [stderr]   Downloaded stringprep v0.1.5
[INFO] [stderr]   Downloaded sqlx-macros v0.9.0
[INFO] [stderr]   Downloaded defmt-macros v1.1.1
[INFO] [stderr]   Downloaded jiff-sqlx v0.2.0
[INFO] [stderr]   Downloaded serde_path_to_error v0.1.20
[INFO] [stderr]   Downloaded http-body-util v0.1.3
[INFO] [stderr]   Downloaded bitflags v2.13.0
[INFO] [stderr]   Downloaded crossbeam-utils v0.8.22
[INFO] [stderr]   Downloaded crc-catalog v2.5.0
[INFO] [stderr]   Downloaded digest v0.11.3
[INFO] [stderr]   Downloaded cmov v0.5.4
[INFO] [stderr]   Downloaded hybrid-array v0.4.13
[INFO] [stderr]   Downloaded hmac v0.13.0
[INFO] [stderr]   Downloaded cronexpr v1.6.0
[INFO] [stderr]   Downloaded defmt v1.1.1
[INFO] [stderr]   Downloaded wasm-bindgen-macro-support v0.2.126
[INFO] [stderr]   Downloaded socket2 v0.6.4
[INFO] [stderr]   Downloaded icu_properties v2.1.2
[INFO] [stderr]   Downloaded icu_locale_core v2.1.1
[INFO] [stderr]   Downloaded icu_normalizer v2.1.1
[INFO] [stderr]   Downloaded icu_normalizer_data v2.1.1
[INFO] [stderr]   Downloaded futures-channel v0.3.32
[INFO] [stderr]   Downloaded spin v0.9.9
[INFO] [stderr]   Downloaded unicode-properties v0.1.4
[INFO] [stderr]   Downloaded tinyvec v1.11.0
[INFO] [stderr]   Downloaded unicode-bidi v0.3.18
[INFO] [stderr]   Downloaded sha2 v0.11.0
[INFO] [stderr]   Downloaded md-5 v0.11.0
[INFO] [stderr]   Downloaded pgqueue-macros v0.3.1
[INFO] [stderr]   Downloaded jiff-tzdb v0.1.8
[INFO] [stderr]   Downloaded cc v1.2.66
[INFO] [stderr]   Downloaded whoami v2.1.2
[INFO] [stderr]   Downloaded sqlx-macros-core v0.9.0
[INFO] [stderr]   Downloaded portable-atomic-util v0.2.7
[INFO] [stderr]   Downloaded sqlx-sqlite v0.9.0
[INFO] [stderr]   Downloaded flume v0.12.0
[INFO] [stderr]   Downloaded sqlx-mysql v0.9.0
[INFO] [stderr]   Downloaded toml_edit v0.25.12+spec-1.1.0
[INFO] [stderr]   Downloaded js-sys v0.3.103
[INFO] [stderr]   Downloaded mio v1.2.1
[INFO] [stderr]   Downloaded icu_collections v2.1.1
[INFO] [stderr]   Downloaded jiff-core v0.1.0
[INFO] [stderr]   Downloaded http v1.4.2
[INFO] [stderr]   Downloaded icu_properties_data v2.1.2
[INFO] [stderr]   Downloaded sqlx-core v0.9.0
[INFO] [stderr]   Downloaded hyper v1.10.1
[INFO] [stderr]   Downloaded axum v0.8.9
[INFO] [stderr]   Downloaded winnow v1.0.3
[INFO] [stderr]   Downloaded winnow v0.7.15
[INFO] [stderr]   Downloaded sqlx-postgres v0.9.0
[INFO] [stderr]   Downloaded hkdf v0.13.0
[INFO] [stderr]   Downloaded webpki-roots v1.0.8
[INFO] [stderr]   Downloaded portable-atomic v1.14.0
[INFO] [stderr]   Downloaded tracing-subscriber v0.3.23
[INFO] [stderr]   Downloaded sqlx v0.9.0
[INFO] [stderr]   Downloaded jiff v0.2.35
[INFO] [stderr]   Downloaded libsqlite3-sys v0.37.0
[INFO] running `Command { std: "docker" "create" "-v" "/var/lib/crater-agent-workspace/builds/worker-0-tc1/source:/opt/rustwide/workdir:ro,Z" "-v" "/var/lib/crater-agent-workspace/builds/worker-0-tc1/target:/opt/rustwide/target:rw,Z" "-v" "/var/lib/crater-agent-workspace/cargo-home:/opt/rustwide/cargo-home:ro,Z" "-v" "/var/lib/crater-agent-workspace/rustup-home:/opt/rustwide/rustup-home:ro,Z" "-m" "1610612736" "--network" "none" "ghcr.io/rust-lang/crates-build-env/linux@sha256:77db811e55d90add9212f6832c23229e3de5f1c1f9905e8cb07319ea15df73ac" "sleep" "infinity", kill_on_drop: false }`
[INFO] [stdout] f515dc16bc520c7d8ee19b741654401742c96f7c4d6610264941eb3af7925309
[INFO] running `Command { std: "docker" "start" "f515dc16bc520c7d8ee19b741654401742c96f7c4d6610264941eb3af7925309", kill_on_drop: false }`
[INFO] running `Command { std: "docker" "inspect" "f515dc16bc520c7d8ee19b741654401742c96f7c4d6610264941eb3af7925309", kill_on_drop: false }`
[INFO] running `Command { std: "docker" "exec" "-e" "SOURCE_DIR=/opt/rustwide/workdir" "-e" "CARGO_HOME=/opt/rustwide/cargo-home" "-e" "RUSTUP_HOME=/opt/rustwide/rustup-home" "-e" "CARGO_TARGET_DIR=/opt/rustwide/target" "-w" "/opt/rustwide/workdir" "--user" "0:0" "f515dc16bc520c7d8ee19b741654401742c96f7c4d6610264941eb3af7925309" "/opt/rustwide/cargo-home/bin/cargo" "+1.99.0-beta.8" "metadata" "--no-deps" "--format-version=1", kill_on_drop: false }`
[INFO] running `Command { std: "docker" "inspect" "f515dc16bc520c7d8ee19b741654401742c96f7c4d6610264941eb3af7925309", kill_on_drop: false }`
[INFO] running `Command { std: "docker" "exec" "-e" "SOURCE_DIR=/opt/rustwide/workdir" "-e" "CARGO_HOME=/opt/rustwide/cargo-home" "-e" "RUSTUP_HOME=/opt/rustwide/rustup-home" "-e" "CARGO_TARGET_DIR=/opt/rustwide/target" "-e" "CARGO_INCREMENTAL=0" "-e" "RUST_BACKTRACE=full" "-e" "RUSTFLAGS=--cap-lints=warn" "-e" "RUSTDOCFLAGS=--cap-lints=warn" "-w" "/opt/rustwide/workdir" "--user" "0:0" "f515dc16bc520c7d8ee19b741654401742c96f7c4d6610264941eb3af7925309" "/opt/rustwide/cargo-home/bin/cargo" "+1.99.0-beta.8" "build" "--frozen" "--message-format=json" "--release", kill_on_drop: false }`
[INFO] [stderr]    Compiling proc-macro2 v1.0.107
[INFO] [stderr]    Compiling quote v1.0.47
[INFO] [stderr]    Compiling unicode-ident v1.0.24
[INFO] [stderr]    Compiling serde_core v1.0.229
[INFO] [stderr]    Compiling libc v0.2.186
[INFO] [stderr]    Compiling serde v1.0.229
[INFO] [stderr]    Compiling version_check v0.9.5
[INFO] [stderr]    Compiling icu_normalizer_data v2.1.1
[INFO] [stderr]    Compiling icu_properties_data v2.1.2
[INFO] [stderr]    Compiling find-msvc-tools v0.1.9
[INFO] [stderr]    Compiling shlex v2.0.1
[INFO] [stderr]    Compiling cfg-if v1.0.4
[INFO] [stderr]    Compiling stable_deref_trait v1.2.1
[INFO] [stderr]    Compiling typenum v1.20.1
[INFO] [stderr]    Compiling parking_lot_core v0.9.12
[INFO] [stderr]    Compiling getrandom v0.4.3
[INFO] [stderr]    Compiling zmij v1.0.21
[INFO] [stderr]    Compiling crossbeam-utils v0.8.22
[INFO] [stderr]    Compiling equivalent v1.0.2
[INFO] [stderr]    Compiling litemap v0.8.2
[INFO] [stderr]    Compiling writeable v0.6.3
[INFO] [stderr]    Compiling autocfg v1.5.1
[INFO] [stderr]    Compiling cc v1.2.66
[INFO] [stderr]    Compiling rustls v0.23.46
[INFO] [stderr]    Compiling hashbrown v0.17.1
[INFO] [stderr]    Compiling cmov v0.5.4
[INFO] [stderr]    Compiling pin-project-lite v0.2.17
[INFO] [stderr]    Compiling generic-array v0.14.9
[INFO] [stderr]    Compiling ctutils v0.4.2
[INFO] [stderr]    Compiling zeroize v1.9.0
[INFO] [stderr]    Compiling num-traits v0.2.19
[INFO] [stderr]    Compiling futures-core v0.3.32
[INFO] [stderr]    Compiling scopeguard v1.2.0
[INFO] [stderr]    Compiling rustls-pki-types v1.15.0
[INFO] [stderr]    Compiling once_cell v1.21.4
[INFO] [stderr]    Compiling untrusted v0.9.0
[INFO] [stderr]    Compiling lock_api v0.4.14
[INFO] [stderr]    Compiling foldhash v0.2.0
[INFO] [stderr]    Compiling thiserror v2.0.20
[INFO] [stderr]    Compiling indexmap v2.14.0
[INFO] [stderr]    Compiling cpufeatures v0.3.0
[INFO] [stderr]    Compiling utf8_iter v1.0.4
[INFO] [stderr]    Compiling serde_json v1.0.151
[INFO] [stderr]    Compiling rand_core v0.10.1
[INFO] [stderr]    Compiling allocator-api2 v0.2.21
[INFO] [stderr]    Compiling syn v2.0.119
[INFO] [stderr]    Compiling syn v3.0.3
[INFO] [stderr]    Compiling percent-encoding v2.3.2
[INFO] [stderr]    Compiling memchr v2.8.3
[INFO] [stderr]    Compiling toml_write v0.1.2
[INFO] [stderr]    Compiling tinyvec_macros v0.1.1
[INFO] [stderr]    Compiling winnow v0.7.15
[INFO] [stderr]    Compiling bytes v1.12.1
[INFO] [stderr]    Compiling futures-sink v0.3.32
[INFO] [stderr]    Compiling tinyvec v1.11.0
[INFO] [stderr]    Compiling hashbrown v0.16.1
[INFO] [stderr]    Compiling hybrid-array v0.4.13
[INFO] [stderr]    Compiling getrandom v0.2.17
[INFO] [stderr]    Compiling socket2 v0.6.4
[INFO] [stderr]    Compiling ring v0.17.14
[INFO] [stderr]    Compiling mio v1.2.1
[INFO] [stderr]    Compiling form_urlencoded v1.2.2
[INFO] [stderr]    Compiling tracing-core v0.1.36
[INFO] [stderr]    Compiling errno v0.3.14
[INFO] [stderr]    Compiling signal-hook-registry v1.4.8
[INFO] [stderr]    Compiling crypto-common v0.2.2
[INFO] [stderr]    Compiling block-buffer v0.12.1
[INFO] [stderr]    Compiling tokio v1.53.1
[INFO] [stderr]    Compiling crypto-common v0.1.6
[INFO] [stderr]    Compiling block-buffer v0.10.4
[INFO] [stderr]    Compiling digest v0.10.7
[INFO] [stderr]    Compiling cpufeatures v0.2.17
[INFO] [stderr]    Compiling subtle v2.6.1
[INFO] [stderr]    Compiling parking v2.2.1
[INFO] [stderr]    Compiling futures-task v0.3.32
[INFO] [stderr]    Compiling crc-catalog v2.5.0
[INFO] [stderr]    Compiling futures-io v0.3.32
[INFO] [stderr]    Compiling log v0.4.33
[INFO] [stderr]    Compiling digest v0.11.3
[INFO] [stderr]    Compiling slab v0.4.12
[INFO] [stderr]    Compiling itoa v1.0.18
[INFO] [stderr]    Compiling hmac v0.13.0
[INFO] [stderr]    Compiling futures-util v0.3.32
[INFO] [stderr]    Compiling crc v3.4.0
[INFO] [stderr]    Compiling event-listener v5.4.2
[INFO] [stderr]    Compiling crossbeam-queue v0.3.13
[INFO] [stderr]    Compiling sha2 v0.10.9
[INFO] [stderr]    Compiling hashlink v0.11.1
[INFO] [stderr]    Compiling unicode-normalization v0.1.25
[INFO] [stderr]    Compiling chacha20 v0.10.2
[INFO] [stderr]    Compiling webpki-roots v1.0.8
[INFO] [stderr]    Compiling base64 v0.22.1
[INFO] [stderr]    Compiling unicode-properties v0.1.4
[INFO] [stderr]    Compiling unicode-bidi v0.3.18
[INFO] [stderr]    Compiling uuid v1.24.0
[INFO] [stderr]    Compiling stringprep v0.1.5
[INFO] [stderr]    Compiling rand v0.10.2
[INFO] [stderr]    Compiling atoi v2.0.0
[INFO] [stderr]    Compiling hkdf v0.13.0
[INFO] [stderr]    Compiling sha2 v0.11.0
[INFO] [stderr]    Compiling md-5 v0.11.0
[INFO] [stderr]    Compiling serde_derive v1.0.229
[INFO] [stderr]    Compiling thiserror-impl v2.0.20
[INFO] [stderr]    Compiling futures-channel v0.3.32
[INFO] [stderr]    Compiling dotenvy v0.15.7
[INFO] [stderr]    Compiling hex v0.4.3
[INFO] [stderr]    Compiling bitflags v2.13.0
[INFO] [stderr]    Compiling whoami v2.1.2
[INFO] [stderr]    Compiling byteorder v1.5.0
[INFO] [stderr]    Compiling synstructure v0.13.2
[INFO] [stderr]    Compiling heck v0.5.0
[INFO] [stderr]    Compiling winnow v1.0.3
[INFO] [stderr]    Compiling rustls-webpki v0.103.15
[INFO] [stderr]    Compiling toml_datetime v1.1.1+spec-1.1.0
[INFO] [stderr]    Compiling jiff-core v0.1.0
[INFO] [stderr]    Compiling anyhow v1.0.104
[INFO] [stderr]    Compiling toml_parser v1.1.2+spec-1.1.0
[INFO] [stderr]    Compiling pgqueue v0.3.1 (/opt/rustwide/workdir)
[INFO] [stderr]    Compiling zerofrom-derive v0.1.7
[INFO] [stderr]    Compiling yoke-derive v0.8.2
[INFO] [stderr]    Compiling zerovec-derive v0.11.3
[INFO] [stderr]    Compiling displaydoc v0.2.6
[INFO] [stderr]    Compiling tracing-attributes v0.1.31
[INFO] [stderr]    Compiling tokio-macros v2.7.0
[INFO] [stderr]    Compiling tokio-stream v0.1.18
[INFO] [stderr]    Compiling futures-macro v0.3.32
[INFO] [stderr]    Compiling jiff v0.2.35
[INFO] [stderr]    Compiling zerofrom v0.1.8
[INFO] [stderr]    Compiling yoke v0.8.3
[INFO] [stderr]    Compiling zerovec v0.11.6
[INFO] [stderr]    Compiling zerotrie v0.2.4
[INFO] [stderr]    Compiling smallvec v1.15.2
[INFO] [stderr]    Compiling toml_datetime v0.6.11
[INFO] [stderr]    Compiling serde_spanned v0.6.9
[INFO] [stderr]    Compiling tracing v0.1.44
[INFO] [stderr]    Compiling toml_edit v0.22.27
[INFO] [stderr]    Compiling either v1.16.0
[INFO] [stderr]    Compiling parking_lot v0.12.5
[INFO] [stderr]    Compiling tinystr v0.8.3
[INFO] [stderr]    Compiling potential_utf v0.1.5
[INFO] [stderr]    Compiling icu_collections v2.1.1
[INFO] [stderr]    Compiling toml_edit v0.25.12+spec-1.1.0
[INFO] [stderr]    Compiling icu_locale_core v2.1.1
[INFO] [stderr]    Compiling futures-intrusive v0.5.0
[INFO] [stderr]    Compiling proc-macro-crate v3.5.0
[INFO] [stderr]    Compiling icu_provider v2.1.1
[INFO] [stderr]    Compiling icu_normalizer v2.1.1
[INFO] [stderr]    Compiling icu_properties v2.1.2
[INFO] [stderr]    Compiling cronexpr v1.6.0
[INFO] [stderr]    Compiling toml v0.8.23
[INFO] [stderr]    Compiling idna_adapter v1.2.1
[INFO] [stderr]    Compiling idna v1.1.0
[INFO] [stderr]    Compiling pgqueue-macros v0.3.1
[INFO] [stderr]    Compiling url v2.5.8
[INFO] [stderr]    Compiling sqlx-core v0.9.0
[INFO] [stderr]    Compiling tokio-util v0.7.19
[INFO] [stderr]    Compiling sqlx-postgres v0.9.0
[INFO] [stderr]    Compiling sqlx-macros-core v0.9.0
[INFO] [stderr]    Compiling sqlx-macros v0.9.0
[INFO] [stderr]    Compiling sqlx v0.9.0
[INFO] [stderr]    Compiling jiff-sqlx v0.2.0
[INFO] [stderr]     Finished `release` profile [optimized] target(s) in 2m 35s
[INFO] running `Command { std: "docker" "inspect" "f515dc16bc520c7d8ee19b741654401742c96f7c4d6610264941eb3af7925309", kill_on_drop: false }`
[INFO] running `Command { std: "docker" "exec" "-e" "SOURCE_DIR=/opt/rustwide/workdir" "-e" "CARGO_HOME=/opt/rustwide/cargo-home" "-e" "RUSTUP_HOME=/opt/rustwide/rustup-home" "-e" "CARGO_TARGET_DIR=/opt/rustwide/target" "-e" "CARGO_INCREMENTAL=0" "-e" "RUST_BACKTRACE=full" "-e" "RUSTFLAGS=--cap-lints=warn" "-e" "RUSTDOCFLAGS=--cap-lints=warn" "-w" "/opt/rustwide/workdir" "--user" "0:0" "f515dc16bc520c7d8ee19b741654401742c96f7c4d6610264941eb3af7925309" "/opt/rustwide/cargo-home/bin/cargo" "+1.99.0-beta.8" "test" "--frozen" "--no-run" "--message-format=json" "--release", kill_on_drop: false }`
[INFO] [stderr]    Compiling tracing-core v0.1.36
[INFO] [stderr]    Compiling log v0.4.33
[INFO] [stderr]    Compiling serde_json v1.0.151
[INFO] [stderr]    Compiling tokio v1.53.1
[INFO] [stderr]    Compiling winnow v1.0.3
[INFO] [stderr]    Compiling regex-syntax v0.8.11
[INFO] [stderr]    Compiling target-triple v1.0.0
[INFO] [stderr]    Compiling toml_datetime v1.1.1+spec-1.1.0
[INFO] [stderr]    Compiling serde_spanned v1.1.1
[INFO] [stderr]    Compiling toml_writer v1.1.1+spec-1.1.0
[INFO] [stderr]    Compiling lazy_static v1.5.0
[INFO] [stderr]    Compiling thread_local v1.1.9
[INFO] [stderr]    Compiling termcolor v1.4.1
[INFO] [stderr]    Compiling glob v0.3.3
[INFO] [stderr]    Compiling nu-ansi-term v0.50.3
[INFO] [stderr]    Compiling sharded-slab v0.1.7
[INFO] [stderr]    Compiling toml_parser v1.1.2+spec-1.1.0
[INFO] [stderr]    Compiling tracing v0.1.44
[INFO] [stderr]    Compiling tracing-log v0.2.0
[INFO] [stderr]    Compiling toml v1.1.2+spec-1.1.0
[INFO] [stderr]    Compiling regex-automata v0.4.14
[INFO] [stderr]    Compiling trybuild v1.0.120
[INFO] [stderr]    Compiling matchers v0.2.0
[INFO] [stderr]    Compiling tracing-subscriber v0.3.23
[INFO] [stderr]    Compiling tokio-stream v0.1.18
[INFO] [stderr]    Compiling tokio-util v0.7.19
[INFO] [stderr]    Compiling sqlx-core v0.9.0
[INFO] [stderr]    Compiling sqlx-postgres v0.9.0
[INFO] [stderr]    Compiling sqlx v0.9.0
[INFO] [stderr]    Compiling jiff-sqlx v0.2.0
[INFO] [stderr]    Compiling pgqueue v0.3.1 (/opt/rustwide/workdir)
[INFO] [stderr]     Finished `release` profile [optimized] target(s) in 44.70s
[INFO] running `Command { std: "docker" "inspect" "f515dc16bc520c7d8ee19b741654401742c96f7c4d6610264941eb3af7925309", kill_on_drop: false }`
[INFO] running `Command { std: "docker" "exec" "-e" "SOURCE_DIR=/opt/rustwide/workdir" "-e" "CARGO_HOME=/opt/rustwide/cargo-home" "-e" "RUSTUP_HOME=/opt/rustwide/rustup-home" "-e" "CARGO_TARGET_DIR=/opt/rustwide/target" "-e" "CARGO_INCREMENTAL=0" "-e" "RUST_BACKTRACE=full" "-e" "RUSTFLAGS=--cap-lints=warn" "-e" "RUSTDOCFLAGS=--cap-lints=warn" "-w" "/opt/rustwide/workdir" "--user" "0:0" "f515dc16bc520c7d8ee19b741654401742c96f7c4d6610264941eb3af7925309" "/opt/rustwide/cargo-home/bin/cargo" "+1.99.0-beta.8" "test" "--frozen" "--release", kill_on_drop: false }`
[INFO] [stderr]     Finished `release` profile [optimized] target(s) in 0.24s
[INFO] [stderr]      Running unittests src/lib.rs (/opt/rustwide/target/release/deps/pgqueue-a110c1c9cbdcb4f8)
[INFO] [stdout] 
[INFO] [stdout] running 76 tests
[INFO] [stdout] test database::channel_name_tests::test_channel_name_differs_when_queue_name_embeds_done_suffix ... ok
[INFO] [stdout] test database::channel_name_tests::test_channel_name_stays_within_postgres_identifier_limit ... ok
[INFO] [stdout] test database::dequeue_probe_tests::test_resolve_post_commit_probe_preserves_successful_metadata ... ok
[INFO] [stdout] test database::dequeue_probe_tests::test_resolve_post_commit_probe_propagates_error_when_no_jobs_were_claimed ... ok
[INFO] [stdout] test database::dequeue_probe_tests::test_resolve_post_commit_probe_returns_conservative_metadata_when_jobs_were_claimed ... ok
[INFO] [stdout] test database::migration_attempt_tests::test_a_migration_attempt_never_outlasts_the_budget_or_reaches_zero ... ok
[INFO] [stdout] test database::migration_attempt_tests::test_a_migration_attempt_outlives_the_deadlock_check ... ok
[INFO] [stdout] test job::api_tests::test_new_job_bounds_an_absolute_schedule_time ... ok
[INFO] [stdout] test job::api_tests::test_new_job_rejects_a_nul_anywhere_in_the_payload_or_meta ... ok
[INFO] [stdout] test job::api_tests::test_new_job_rejects_an_oversized_dedupe_key ... ok
[INFO] [stdout] test job::api_tests::test_new_job_uses_expected_defaults ... ok
[INFO] [stdout] test job::api_tests::test_retention_decodes_a_negative_ttl_as_an_immediate_delete ... ok
[INFO] [stdout] test job::api_tests::test_resolve_deleted_preserves_failed_terminal_result ... ok
[INFO] [stdout] test job::api_tests::test_typed_encoding_refuses_non_finite_floats ... ok
[INFO] [stdout] test job::api_tests::test_typed_encoding_serializes_user_values_once ... ok
[INFO] [stdout] test job::config_tests::test_backoff_exponential_respects_bounds ... ok
[INFO] [stdout] test job::config_tests::test_backoff_serde_round_trip ... ok
[INFO] [stdout] test job::config_tests::test_backoff_none_is_flat ... ok
[INFO] [stdout] test job::config_tests::test_huge_backoff_durations_fail_instead_of_wrapping ... ok
[INFO] [stdout] test job::config_tests::test_job_config_defaults_match_documented_values ... ok
[INFO] [stdout] test job::config_tests::test_duration_to_ms_saturates ... ok
[INFO] [stdout] test job::config_tests::test_job_config_rejects_unrepresentable_values ... ok
[INFO] [stdout] test job::config_tests::test_retention_maps_to_result_ttl_ms ... ok
[INFO] [stdout] test job::context_tests::test_state_map_indexes_values_by_type ... ok
[INFO] [stdout] test job::config_tests::test_exponential_bound_keeps_growing_past_u32_multiplier_range ... ok
[INFO] [stdout] test job::cron_entry_tests::test_next_occurrence_is_identical_when_now_has_subseconds ... ok
[INFO] [stdout] test job::cron_entry_tests::test_publication_deadline_is_identical_when_graces_share_canonical_milliseconds ... ok
[INFO] [stdout] test job::cron_entry_tests::test_cron_misfire_policy_rejects_zero_grace ... ok
[INFO] [stdout] test job::cron_tests::test_cron_preserves_pre_epoch_fractional_boundaries ... ok
[INFO] [stdout] test job::cron_tests::test_cron_accepts_only_five_fields ... ok
[INFO] [stdout] test job::cron_tests::test_cron_refuses_a_lookup_too_close_to_the_timestamp_maximum ... ok
[INFO] [stdout] test job::cron_tests::test_cron_uses_standard_sunday_and_vixie_day_semantics ... ok
[INFO] [stdout] test job::cron_tests::test_derived_dedupe_key_is_validated ... ok
[INFO] [stdout] test job::cron_tests::test_entry_defaults_dedupe_key_and_schedules ... ok
[INFO] [stdout] test job::cron_tests::test_explicit_dedupe_key_is_preserved ... ok
[INFO] [stdout] test job::handler_tests::test_job_result_preserves_a_job_error_in_a_boxed_error ... ok
[INFO] [stdout] test job::handler_tests::test_job_results_normalize_successes_and_failures ... ok
[INFO] [stdout] test job::job_error_tests::test_job_error_display_includes_kind_and_message ... ok
[INFO] [stdout] test job::handler_tests::test_erased_handler_exposes_name_and_config ... ok
[INFO] [stdout] test job::job_status_tests::test_status_round_trips_and_classifies ... ok
[INFO] [stdout] test tests::test_private_helpers_round_trip_and_surface_errors ... ok
[INFO] [stdout] test job::job_error_tests::test_job_error_round_trips_through_json ... ok
[INFO] [stdout] test job::job_error_tests::test_job_error_round_trips_through_the_error_column ... ok
[INFO] [stdout] test worker::loop_tests::test_a_stalled_heartbeat_is_retried_before_its_lease_lapses ... ok
[INFO] [stdout] test worker::loop_tests::test_handler_error_loses_its_nul_on_every_route_into_finalization ... ok
[INFO] [stdout] test worker::loop_tests::test_cron_validity_grace_scales_with_the_period ... ok
[INFO] [stdout] test worker::loop_tests::test_previous_cron_occurrence_finds_boundary_within_lookback ... ok
[INFO] [stdout] test worker::loop_tests::test_the_bounded_depth_walk_runs_before_the_unbounded_ones ... ok
[INFO] [stdout] test job::cron_tests::test_cron_finds_previous_sparse_occurrence ... ok
[INFO] [stdout] test database::connection_guard_tests::test_completed_begin_preserves_transaction_outcomes_and_connection_reuse ... FAILED
[INFO] [stdout] test worker::loop_tests::test_wait_for_background_exit_reports_loop_name ... ok
[INFO] [stdout] test worker::loop_tests::test_wait_for_processors_allows_clean_exits_when_burst ... ok
[INFO] [stdout] test worker::loop_tests::test_wait_for_processors_rejects_clean_exit_when_continuous ... ok
[INFO] [stdout] test worker::loop_tests::test_previous_cron_occurrence_finds_sparse_boundary_without_scanning ... ok
[INFO] [stdout] test database::connection_guard_tests::test_cancelled_begin_preserves_autocommit_on_the_shared_pool ... FAILED
[INFO] [stdout] test worker::loop_tests::test_with_db_deadline_abandons_an_operation_that_never_answers ... ok
[INFO] [stdout] test database::lock_wait_bound_tests::test_a_keyed_enqueue_refused_its_lock_at_the_deadline_reports_a_wait_timeout ... FAILED
[INFO] [stdout] test worker::loop_tests::test_wait_for_processors_reports_a_burst_processor_error ... ok
[INFO] [stdout] test job::handler_tests::test_job_result_preserves_anyhow_cause_chain ... ok
[INFO] [stdout] test database::lock_wait_bound_tests::test_operator_actions_refused_their_lock_at_the_deadline_change_nothing ... FAILED
[INFO] [stdout] test job::handler_tests::test_job_result_preserves_job_error_wrapped_by_anyhow ... ok
[INFO] [stdout] test worker::worker_health_reporter_tests::test_worker_health_reports_failures_after_lock_poisoning ... ok
[INFO] [stdout] test worker::worker_intake_tests::test_a_burst_processor_does_not_drain_while_a_fetch_that_counted_it_is_in_flight ... ok
[INFO] [stdout] test worker::loop_tests::test_wait_for_processors_reports_panics ... ok
[INFO] [stdout] test worker::worker_intake_tests::test_a_continuous_fetch_wakes_one_idle_processor_per_row ... ok
[INFO] [stdout] test tests::test_sourced_error_variants_render_their_cause_once ... ok
[INFO] [stdout] test worker::worker_inflight_tests::test_worker_inflight_registry_survives_lock_poisoning ... ok
[INFO] [stdout] test worker::worker_intake_tests::test_a_burst_fetch_wakes_every_idle_processor_to_recheck_its_drain ... ok
[INFO] [stdout] test worker::worker_intake_tests::test_worker_intake_keeps_moving_jobs_after_lock_poisoning ... ok
[INFO] [stdout] test worker::loop_tests::test_schedule_interval_polls_within_a_quarter_of_the_tightest_misfire_grace ... ok
[INFO] [stdout] test job::job_error_tests::test_job_error_truncates_to_the_storage_limit_on_a_utf8_boundary ... ok
[INFO] [stdout] test job::cron_tests::test_impossible_schedule_surfaces_an_error ... ok
[INFO] [stdout] test worker::loop_tests::test_worker_health_reports_channel_close_once_without_spinning ... ok
[INFO] [stdout] test worker::loop_tests::test_worker_health_ignores_unchanged_snapshots ... ok
[INFO] [stdout] test worker::loop_tests::test_worker_health_emits_its_terminal_snapshot_once ... ok
[INFO] [stdout] test worker::worker_health_reporter_tests::test_worker_health_snapshot_agrees_with_the_failure_map_under_concurrent_reports ... ok
[INFO] [stdout] 
[INFO] [stdout] failures:
[INFO] [stdout] 
[INFO] [stdout] ---- database::connection_guard_tests::test_completed_begin_preserves_transaction_outcomes_and_connection_reuse stdout ----
[INFO] [stdout] 
[INFO] [stdout] thread 'database::connection_guard_tests::test_completed_begin_preserves_transaction_outcomes_and_connection_reuse' (5191) panicked at /opt/rustwide/cargo-home/registry/src/index.crates.io-1949cf8c6b5b557f/sqlx-postgres-0.9.0/src/testing/mod.rs:93:44:
[INFO] [stdout] DATABASE_URL must be set: EnvVar(NotPresent)
[INFO] [stdout] stack backtrace:
[INFO] [stdout]    0:     0x5962b287f911 - <<std[70759c8f55707aa4]::sys::backtrace::BacktraceLock>::print::DisplayBacktrace as core[df12db4294e9bfd3]::fmt::Display>::fmt
[INFO] [stdout]    1:     0x5962b289799a - core[df12db4294e9bfd3]::fmt::write
[INFO] [stdout]    2:     0x5962b2884bec - <alloc[2182bb758b4b3781]::vec::Vec<u8> as core[df12db4294e9bfd3]::io::write::Write>::write_fmt
[INFO] [stdout]    3:     0x5962b28597b6 - std[70759c8f55707aa4]::panicking::default_hook::{closure#0}
[INFO] [stdout]    4:     0x5962b28770c9 - std[70759c8f55707aa4]::panicking::default_hook
[INFO] [stdout]    5:     0x5962b25d78a0 - test[9d35eded1c95d3be]::test_main_inner::<test[9d35eded1c95d3be]::test_main_static::{closure#0}>::{closure#0}
[INFO] [stdout]    6:     0x5962b28773f2 - std[70759c8f55707aa4]::panicking::panic_with_hook
[INFO] [stdout]    7:     0x5962b2859862 - std[70759c8f55707aa4]::panicking::panic_handler::{closure#0}
[INFO] [stdout]    8:     0x5962b2851b09 - std[70759c8f55707aa4]::sys::backtrace::__rust_end_short_backtrace::<std[70759c8f55707aa4]::panicking::panic_handler::{closure#0}, !>
[INFO] [stdout]    9:     0x5962b285a7fd - __rustc[8fa7c3cbc660c2b3]::rust_begin_unwind
[INFO] [stdout]   10:     0x5962b289817c - core[df12db4294e9bfd3]::panicking::panic_fmt
[INFO] [stdout]   11:     0x5962b2897f52 - core[df12db4294e9bfd3]::result::unwrap_failed
[INFO] [stdout]   12:     0x5962b2405547 - sqlx_postgres[436875cd4b01c594]::testing::test_context::{closure#0}
[INFO] [stdout]   13:     0x5962b23e6a5d - sqlx_core[903917a4331ce8e3]::testing::run_test::<sqlx_postgres[436875cd4b01c594]::database::Postgres, sqlx_core[903917a4331ce8e3]::testing::run_test_with_pool<sqlx_postgres[436875cd4b01c594]::database::Postgres, fn(sqlx_core[903917a4331ce8e3]::pool::Pool<sqlx_postgres[436875cd4b01c594]::database::Postgres>) -> pgqueue[672a6ed12f37fa89]::database::connection_guard_tests::test_completed_begin_preserves_transaction_outcomes_and_connection_reuse::test_completed_begin_preserves_transaction_outcomes_and_connection_reuse::{closure#0}, pgqueue[672a6ed12f37fa89]::database::connection_guard_tests::test_completed_begin_preserves_transaction_outcomes_and_connection_reuse::test_completed_begin_preserves_transaction_outcomes_and_connection_reuse::{closure#0}>::{closure#0}, sqlx_core[903917a4331ce8e3]::testing::run_test_with_pool<sqlx_postgres[436875cd4b01c594]::database::Postgres, fn(sqlx_core[903917a4331ce8e3]::pool::Pool<sqlx_postgres[436875cd4b01c594]::database::Postgres>) -> pgqueue[672a6ed12f37fa89]::database::connection_guard_tests::test_completed_begin_preserves_transaction_outcomes_and_connection_reuse::test_completed_begin_preserves_transaction_outcomes_and_connection_reuse::{closure#0}, pgqueue[672a6ed12f37fa89]::database::connection_guard_tests::test_completed_begin_preserves_transaction_outcomes_and_connection_reuse::test_completed_begin_preserves_transaction_outcomes_and_connection_reuse::{closure#0}>::{closure#0}::{closure#0}>::{closure#0}
[INFO] [stdout]   14:     0x5962b2504425 - <tokio[78958bce152ab4cb]::runtime::context::scoped::Scoped<tokio[78958bce152ab4cb]::runtime::scheduler::Context>>::set::<<tokio[78958bce152ab4cb]::runtime::scheduler::current_thread::CoreGuard>::enter<<tokio[78958bce152ab4cb]::runtime::scheduler::current_thread::CoreGuard>::block_on<core[df12db4294e9bfd3]::pin::Pin<&mut sqlx_core[903917a4331ce8e3]::testing::run_test<sqlx_postgres[436875cd4b01c594]::database::Postgres, sqlx_core[903917a4331ce8e3]::testing::run_test_with_pool<sqlx_postgres[436875cd4b01c594]::database::Postgres, fn(sqlx_core[903917a4331ce8e3]::pool::Pool<sqlx_postgres[436875cd4b01c594]::database::Postgres>) -> pgqueue[672a6ed12f37fa89]::database::connection_guard_tests::test_completed_begin_preserves_transaction_outcomes_and_connection_reuse::test_completed_begin_preserves_transaction_outcomes_and_connection_reuse::{closure#0}, pgqueue[672a6ed12f37fa89]::database::connection_guard_tests::test_completed_begin_preserves_transaction_outcomes_and_connection_reuse::test_completed_begin_preserves_transaction_outcomes_and_connection_reuse::{closure#0}>::{closure#0}, sqlx_core[903917a4331ce8e3]::testing::run_test_with_pool<sqlx_postgres[436875cd4b01c594]::database::Postgres, fn(sqlx_core[903917a4331ce8e3]::pool::Pool<sqlx_postgres[436875cd4b01c594]::database::Postgres>) -> pgqueue[672a6ed12f37fa89]::database::connection_guard_tests::test_completed_begin_preserves_transaction_outcomes_and_connection_reuse::test_completed_begin_preserves_transaction_outcomes_and_connection_reuse::{closure#0}, pgqueue[672a6ed12f37fa89]::database::connection_guard_tests::test_completed_begin_preserves_transaction_outcomes_and_connection_reuse::test_completed_begin_preserves_transaction_outcomes_and_connection_reuse::{closure#0}>::{closure#0}::{closure#0}>::{closure#0}>>::{closure#0}, core[df12db4294e9bfd3]::option::Option<()>>::{closure#0}, (alloc[2182bb758b4b3781]::boxed::Box<tokio[78958bce152ab4cb]::runtime::scheduler::current_thread::Core>, core[df12db4294e9bfd3]::option::Option<()>)>
[INFO] [stdout]   15:     0x5962b25063dd - <tokio[78958bce152ab4cb]::runtime::scheduler::current_thread::CoreGuard>::block_on::<core[df12db4294e9bfd3]::pin::Pin<&mut sqlx_core[903917a4331ce8e3]::testing::run_test<sqlx_postgres[436875cd4b01c594]::database::Postgres, sqlx_core[903917a4331ce8e3]::testing::run_test_with_pool<sqlx_postgres[436875cd4b01c594]::database::Postgres, fn(sqlx_core[903917a4331ce8e3]::pool::Pool<sqlx_postgres[436875cd4b01c594]::database::Postgres>) -> pgqueue[672a6ed12f37fa89]::database::connection_guard_tests::test_completed_begin_preserves_transaction_outcomes_and_connection_reuse::test_completed_begin_preserves_transaction_outcomes_and_connection_reuse::{closure#0}, pgqueue[672a6ed12f37fa89]::database::connection_guard_tests::test_completed_begin_preserves_transaction_outcomes_and_connection_reuse::test_completed_begin_preserves_transaction_outcomes_and_connection_reuse::{closure#0}>::{closure#0}, sqlx_core[903917a4331ce8e3]::testing::run_test_with_pool<sqlx_postgres[436875cd4b01c594]::database::Postgres, fn(sqlx_core[903917a4331ce8e3]::pool::Pool<sqlx_postgres[436875cd4b01c594]::database::Postgres>) -> pgqueue[672a6ed12f37fa89]::database::connection_guard_tests::test_completed_begin_preserves_transaction_outcomes_and_connection_reuse::test_completed_begin_preserves_transaction_outcomes_and_connection_reuse::{closure#0}, pgqueue[672a6ed12f37fa89]::database::connection_guard_tests::test_completed_begin_preserves_transaction_outcomes_and_connection_reuse::test_completed_begin_preserves_transaction_outcomes_and_connection_reuse::{closure#0}>::{closure#0}::{closure#0}>::{closure#0}>>
[INFO] [stdout]   16:     0x5962b24fb0d6 - tokio[78958bce152ab4cb]::runtime::context::runtime::enter_runtime::<<tokio[78958bce152ab4cb]::runtime::scheduler::current_thread::CurrentThread>::block_on<sqlx_core[903917a4331ce8e3]::testing::run_test<sqlx_postgres[436875cd4b01c594]::database::Postgres, sqlx_core[903917a4331ce8e3]::testing::run_test_with_pool<sqlx_postgres[436875cd4b01c594]::database::Postgres, fn(sqlx_core[903917a4331ce8e3]::pool::Pool<sqlx_postgres[436875cd4b01c594]::database::Postgres>) -> pgqueue[672a6ed12f37fa89]::database::connection_guard_tests::test_completed_begin_preserves_transaction_outcomes_and_connection_reuse::test_completed_begin_preserves_transaction_outcomes_and_connection_reuse::{closure#0}, pgqueue[672a6ed12f37fa89]::database::connection_guard_tests::test_completed_begin_preserves_transaction_outcomes_and_connection_reuse::test_completed_begin_preserves_transaction_outcomes_and_connection_reuse::{closure#0}>::{closure#0}, sqlx_core[903917a4331ce8e3]::testing::run_test_with_pool<sqlx_postgres[436875cd4b01c594]::database::Postgres, fn(sqlx_core[903917a4331ce8e3]::pool::Pool<sqlx_postgres[436875cd4b01c594]::database::Postgres>) -> pgqueue[672a6ed12f37fa89]::database::connection_guard_tests::test_completed_begin_preserves_transaction_outcomes_and_connection_reuse::test_completed_begin_preserves_transaction_outcomes_and_connection_reuse::{closure#0}, pgqueue[672a6ed12f37fa89]::database::connection_guard_tests::test_completed_begin_preserves_transaction_outcomes_and_connection_reuse::test_completed_begin_preserves_transaction_outcomes_and_connection_reuse::{closure#0}>::{closure#0}::{closure#0}>::{closure#0}>::{closure#0}, ()>
[INFO] [stdout]   17:     0x5962b252f4fa - <tokio[78958bce152ab4cb]::runtime::runtime::Runtime>::block_on::<sqlx_core[903917a4331ce8e3]::testing::run_test<sqlx_postgres[436875cd4b01c594]::database::Postgres, sqlx_core[903917a4331ce8e3]::testing::run_test_with_pool<sqlx_postgres[436875cd4b01c594]::database::Postgres, fn(sqlx_core[903917a4331ce8e3]::pool::Pool<sqlx_postgres[436875cd4b01c594]::database::Postgres>) -> pgqueue[672a6ed12f37fa89]::database::connection_guard_tests::test_completed_begin_preserves_transaction_outcomes_and_connection_reuse::test_completed_begin_preserves_transaction_outcomes_and_connection_reuse::{closure#0}, pgqueue[672a6ed12f37fa89]::database::connection_guard_tests::test_completed_begin_preserves_transaction_outcomes_and_connection_reuse::test_completed_begin_preserves_transaction_outcomes_and_connection_reuse::{closure#0}>::{closure#0}, sqlx_core[903917a4331ce8e3]::testing::run_test_with_pool<sqlx_postgres[436875cd4b01c594]::database::Postgres, fn(sqlx_core[903917a4331ce8e3]::pool::Pool<sqlx_postgres[436875cd4b01c594]::database::Postgres>) -> pgqueue[672a6ed12f37fa89]::database::connection_guard_tests::test_completed_begin_preserves_transaction_outcomes_and_connection_reuse::test_completed_begin_preserves_transaction_outcomes_and_connection_reuse::{closure#0}, pgqueue[672a6ed12f37fa89]::database::connection_guard_tests::test_completed_begin_preserves_transaction_outcomes_and_connection_reuse::test_completed_begin_preserves_transaction_outcomes_and_connection_reuse::{closure#0}>::{closure#0}::{closure#0}>::{closure#0}>
[INFO] [stdout]   18:     0x5962b257758b - sqlx_core[903917a4331ce8e3]::rt::test_block_on::<sqlx_core[903917a4331ce8e3]::testing::run_test<sqlx_postgres[436875cd4b01c594]::database::Postgres, sqlx_core[903917a4331ce8e3]::testing::run_test_with_pool<sqlx_postgres[436875cd4b01c594]::database::Postgres, fn(sqlx_core[903917a4331ce8e3]::pool::Pool<sqlx_postgres[436875cd4b01c594]::database::Postgres>) -> pgqueue[672a6ed12f37fa89]::database::connection_guard_tests::test_completed_begin_preserves_transaction_outcomes_and_connection_reuse::test_completed_begin_preserves_transaction_outcomes_and_connection_reuse::{closure#0}, pgqueue[672a6ed12f37fa89]::database::connection_guard_tests::test_completed_begin_preserves_transaction_outcomes_and_connection_reuse::test_completed_begin_preserves_transaction_outcomes_and_connection_reuse::{closure#0}>::{closure#0}, sqlx_core[903917a4331ce8e3]::testing::run_test_with_pool<sqlx_postgres[436875cd4b01c594]::database::Postgres, fn(sqlx_core[903917a4331ce8e3]::pool::Pool<sqlx_postgres[436875cd4b01c594]::database::Postgres>) -> pgqueue[672a6ed12f37fa89]::database::connection_guard_tests::test_completed_begin_preserves_transaction_outcomes_and_connection_reuse::test_completed_begin_preserves_transaction_outcomes_and_connection_reuse::{closure#0}, pgqueue[672a6ed12f37fa89]::database::connection_guard_tests::test_completed_begin_preserves_transaction_outcomes_and_connection_reuse::test_completed_begin_preserves_transaction_outcomes_and_connection_reuse::{closure#0}>::{closure#0}::{closure#0}>::{closure#0}>
[INFO] [stdout]   19:     0x5962b25480f1 - <pgqueue[672a6ed12f37fa89]::database::connection_guard_tests::test_completed_begin_preserves_transaction_outcomes_and_connection_reuse::{closure#0} as core[df12db4294e9bfd3]::ops::function::FnOnce<()>>::call_once
[INFO] [stdout]   20:     0x5962b25cab8b - test[9d35eded1c95d3be]::__rust_begin_short_backtrace::<core[df12db4294e9bfd3]::result::Result<(), alloc[2182bb758b4b3781]::string::String>, fn() -> core[df12db4294e9bfd3]::result::Result<(), alloc[2182bb758b4b3781]::string::String>>
[INFO] [stdout]   21:     0x5962b25d81f5 - test[9d35eded1c95d3be]::run_test::{closure#0}
[INFO] [stdout]   22:     0x5962b25d1ab4 - std[70759c8f55707aa4]::sys::backtrace::__rust_begin_short_backtrace::<test[9d35eded1c95d3be]::run_test::{closure#1}, ()>
[INFO] [stdout]   23:     0x5962b25db352 - <std[70759c8f55707aa4]::thread::lifecycle::spawn_unchecked<test[9d35eded1c95d3be]::run_test::{closure#1}, ()>::{closure#1} as core[df12db4294e9bfd3]::ops::function::FnOnce<()>>::call_once::{shim:vtable#0}
[INFO] [stdout]   24:     0x5962b287eaa9 - <std[70759c8f55707aa4]::sys::thread::unix::Thread>::new::thread_start
[INFO] [stdout]   25:     0x770511170dfa - <unknown>
[INFO] [stdout]   26:     0x7705112043d4 - clone
[INFO] [stdout]   27:                0x0 - <unknown>
[INFO] [stdout] 
[INFO] [stdout] ---- database::connection_guard_tests::test_cancelled_begin_preserves_autocommit_on_the_shared_pool stdout ----
[INFO] [stdout] 
[INFO] [stdout] thread 'database::connection_guard_tests::test_cancelled_begin_preserves_autocommit_on_the_shared_pool' (5190) panicked at /opt/rustwide/cargo-home/registry/src/index.crates.io-1949cf8c6b5b557f/sqlx-postgres-0.9.0/src/testing/mod.rs:93:44:
[INFO] [stdout] DATABASE_URL must be set: EnvVar(NotPresent)
[INFO] [stdout] stack backtrace:
[INFO] [stdout]    0:     0x5962b287f911 - <<std[70759c8f55707aa4]::sys::backtrace::BacktraceLock>::print::DisplayBacktrace as core[df12db4294e9bfd3]::fmt::Display>::fmt
[INFO] [stdout]    1:     0x5962b289799a - core[df12db4294e9bfd3]::fmt::write
[INFO] [stdout]    2:     0x5962b2884bec - <alloc[2182bb758b4b3781]::vec::Vec<u8> as core[df12db4294e9bfd3]::io::write::Write>::write_fmt
[INFO] [stdout]    3:     0x5962b28597b6 - std[70759c8f55707aa4]::panicking::default_hook::{closure#0}
[INFO] [stdout]    4:     0x5962b28770c9 - std[70759c8f55707aa4]::panicking::default_hook
[INFO] [stdout]    5:     0x5962b25d78a0 - test[9d35eded1c95d3be]::test_main_inner::<test[9d35eded1c95d3be]::test_main_static::{closure#0}>::{closure#0}
[INFO] [stdout]    6:     0x5962b28773f2 - std[70759c8f55707aa4]::panicking::panic_with_hook
[INFO] [stdout]    7:     0x5962b2859862 - std[70759c8f55707aa4]::panicking::panic_handler::{closure#0}
[INFO] [stdout]    8:     0x5962b2851b09 - std[70759c8f55707aa4]::sys::backtrace::__rust_end_short_backtrace::<std[70759c8f55707aa4]::panicking::panic_handler::{closure#0}, !>
[INFO] [stdout]    9:     0x5962b285a7fd - __rustc[8fa7c3cbc660c2b3]::rust_begin_unwind
[INFO] [stdout]   10:     0x5962b289817c - core[df12db4294e9bfd3]::panicking::panic_fmt
[INFO] [stdout]   11:     0x5962b2897f52 - core[df12db4294e9bfd3]::result::unwrap_failed
[INFO] [stdout]   12:     0x5962b2405547 - sqlx_postgres[436875cd4b01c594]::testing::test_context::{closure#0}
[INFO] [stdout]   13:     0x5962b23e46bb - sqlx_core[903917a4331ce8e3]::testing::run_test::<sqlx_postgres[436875cd4b01c594]::database::Postgres, sqlx_core[903917a4331ce8e3]::testing::run_test_with_pool<sqlx_postgres[436875cd4b01c594]::database::Postgres, fn(sqlx_core[903917a4331ce8e3]::pool::Pool<sqlx_postgres[436875cd4b01c594]::database::Postgres>) -> pgqueue[672a6ed12f37fa89]::database::connection_guard_tests::test_cancelled_begin_preserves_autocommit_on_the_shared_pool::test_cancelled_begin_preserves_autocommit_on_the_shared_pool::{closure#0}, pgqueue[672a6ed12f37fa89]::database::connection_guard_tests::test_cancelled_begin_preserves_autocommit_on_the_shared_pool::test_cancelled_begin_preserves_autocommit_on_the_shared_pool::{closure#0}>::{closure#0}, sqlx_core[903917a4331ce8e3]::testing::run_test_with_pool<sqlx_postgres[436875cd4b01c594]::database::Postgres, fn(sqlx_core[903917a4331ce8e3]::pool::Pool<sqlx_postgres[436875cd4b01c594]::database::Postgres>) -> pgqueue[672a6ed12f37fa89]::database::connection_guard_tests::test_cancelled_begin_preserves_autocommit_on_the_shared_pool::test_cancelled_begin_preserves_autocommit_on_the_shared_pool::{closure#0}, pgqueue[672a6ed12f37fa89]::database::connection_guard_tests::test_cancelled_begin_preserves_autocommit_on_the_shared_pool::test_cancelled_begin_preserves_autocommit_on_the_shared_pool::{closure#0}>::{closure#0}::{closure#0}>::{closure#0}
[INFO] [stdout]   14:     0x5962b25040f5 - <tokio[78958bce152ab4cb]::runtime::context::scoped::Scoped<tokio[78958bce152ab4cb]::runtime::scheduler::Context>>::set::<<tokio[78958bce152ab4cb]::runtime::scheduler::current_thread::CoreGuard>::enter<<tokio[78958bce152ab4cb]::runtime::scheduler::current_thread::CoreGuard>::block_on<core[df12db4294e9bfd3]::pin::Pin<&mut sqlx_core[903917a4331ce8e3]::testing::run_test<sqlx_postgres[436875cd4b01c594]::database::Postgres, sqlx_core[903917a4331ce8e3]::testing::run_test_with_pool<sqlx_postgres[436875cd4b01c594]::database::Postgres, fn(sqlx_core[903917a4331ce8e3]::pool::Pool<sqlx_postgres[436875cd4b01c594]::database::Postgres>) -> pgqueue[672a6ed12f37fa89]::database::connection_guard_tests::test_cancelled_begin_preserves_autocommit_on_the_shared_pool::test_cancelled_begin_preserves_autocommit_on_the_shared_pool::{closure#0}, pgqueue[672a6ed12f37fa89]::database::connection_guard_tests::test_cancelled_begin_preserves_autocommit_on_the_shared_pool::test_cancelled_begin_preserves_autocommit_on_the_shared_pool::{closure#0}>::{closure#0}, sqlx_core[903917a4331ce8e3]::testing::run_test_with_pool<sqlx_postgres[436875cd4b01c594]::database::Postgres, fn(sqlx_core[903917a4331ce8e3]::pool::Pool<sqlx_postgres[436875cd4b01c594]::database::Postgres>) -> pgqueue[672a6ed12f37fa89]::database::connection_guard_tests::test_cancelled_begin_preserves_autocommit_on_the_shared_pool::test_cancelled_begin_preserves_autocommit_on_the_shared_pool::{closure#0}, pgqueue[672a6ed12f37fa89]::database::connection_guard_tests::test_cancelled_begin_preserves_autocommit_on_the_shared_pool::test_cancelled_begin_preserves_autocommit_on_the_shared_pool::{closure#0}>::{closure#0}::{closure#0}>::{closure#0}>>::{closure#0}, core[df12db4294e9bfd3]::option::Option<()>>::{closure#0}, (alloc[2182bb758b4b3781]::boxed::Box<tokio[78958bce152ab4cb]::runtime::scheduler::current_thread::Core>, core[df12db4294e9bfd3]::option::Option<()>)>
[INFO] [stdout]   15:     0x5962b25061ed - <tokio[78958bce152ab4cb]::runtime::scheduler::current_thread::CoreGuard>::block_on::<core[df12db4294e9bfd3]::pin::Pin<&mut sqlx_core[903917a4331ce8e3]::testing::run_test<sqlx_postgres[436875cd4b01c594]::database::Postgres, sqlx_core[903917a4331ce8e3]::testing::run_test_with_pool<sqlx_postgres[436875cd4b01c594]::database::Postgres, fn(sqlx_core[903917a4331ce8e3]::pool::Pool<sqlx_postgres[436875cd4b01c594]::database::Postgres>) -> pgqueue[672a6ed12f37fa89]::database::connection_guard_tests::test_cancelled_begin_preserves_autocommit_on_the_shared_pool::test_cancelled_begin_preserves_autocommit_on_the_shared_pool::{closure#0}, pgqueue[672a6ed12f37fa89]::database::connection_guard_tests::test_cancelled_begin_preserves_autocommit_on_the_shared_pool::test_cancelled_begin_preserves_autocommit_on_the_shared_pool::{closure#0}>::{closure#0}, sqlx_core[903917a4331ce8e3]::testing::run_test_with_pool<sqlx_postgres[436875cd4b01c594]::database::Postgres, fn(sqlx_core[903917a4331ce8e3]::pool::Pool<sqlx_postgres[436875cd4b01c594]::database::Postgres>) -> pgqueue[672a6ed12f37fa89]::database::connection_guard_tests::test_cancelled_begin_preserves_autocommit_on_the_shared_pool::test_cancelled_begin_preserves_autocommit_on_the_shared_pool::{closure#0}, pgqueue[672a6ed12f37fa89]::database::connection_guard_tests::test_cancelled_begin_preserves_autocommit_on_the_shared_pool::test_cancelled_begin_preserves_autocommit_on_the_shared_pool::{closure#0}>::{closure#0}::{closure#0}>::{closure#0}>>
[INFO] [stdout]   16:     0x5962b24fac86 - tokio[78958bce152ab4cb]::runtime::context::runtime::enter_runtime::<<tokio[78958bce152ab4cb]::runtime::scheduler::current_thread::CurrentThread>::block_on<sqlx_core[903917a4331ce8e3]::testing::run_test<sqlx_postgres[436875cd4b01c594]::database::Postgres, sqlx_core[903917a4331ce8e3]::testing::run_test_with_pool<sqlx_postgres[436875cd4b01c594]::database::Postgres, fn(sqlx_core[903917a4331ce8e3]::pool::Pool<sqlx_postgres[436875cd4b01c594]::database::Postgres>) -> pgqueue[672a6ed12f37fa89]::database::connection_guard_tests::test_cancelled_begin_preserves_autocommit_on_the_shared_pool::test_cancelled_begin_preserves_autocommit_on_the_shared_pool::{closure#0}, pgqueue[672a6ed12f37fa89]::database::connection_guard_tests::test_cancelled_begin_preserves_autocommit_on_the_shared_pool::test_cancelled_begin_preserves_autocommit_on_the_shared_pool::{closure#0}>::{closure#0}, sqlx_core[903917a4331ce8e3]::testing::run_test_with_pool<sqlx_postgres[436875cd4b01c594]::database::Postgres, fn(sqlx_core[903917a4331ce8e3]::pool::Pool<sqlx_postgres[436875cd4b01c594]::database::Postgres>) -> pgqueue[672a6ed12f37fa89]::database::connection_guard_tests::test_cancelled_begin_preserves_autocommit_on_the_shared_pool::test_cancelled_begin_preserves_autocommit_on_the_shared_pool::{closure#0}, pgqueue[672a6ed12f37fa89]::database::connection_guard_tests::test_cancelled_begin_preserves_autocommit_on_the_shared_pool::test_cancelled_begin_preserves_autocommit_on_the_shared_pool::{closure#0}>::{closure#0}::{closure#0}>::{closure#0}>::{closure#0}, ()>
[INFO] [stdout]   17:     0x5962b252f34a - <tokio[78958bce152ab4cb]::runtime::runtime::Runtime>::block_on::<sqlx_core[903917a4331ce8e3]::testing::run_test<sqlx_postgres[436875cd4b01c594]::database::Postgres, sqlx_core[903917a4331ce8e3]::testing::run_test_with_pool<sqlx_postgres[436875cd4b01c594]::database::Postgres, fn(sqlx_core[903917a4331ce8e3]::pool::Pool<sqlx_postgres[436875cd4b01c594]::database::Postgres>) -> pgqueue[672a6ed12f37fa89]::database::connection_guard_tests::test_cancelled_begin_preserves_autocommit_on_the_shared_pool::test_cancelled_begin_preserves_autocommit_on_the_shared_pool::{closure#0}, pgqueue[672a6ed12f37fa89]::database::connection_guard_tests::test_cancelled_begin_preserves_autocommit_on_the_shared_pool::test_cancelled_begin_preserves_autocommit_on_the_shared_pool::{closure#0}>::{closure#0}, sqlx_core[903917a4331ce8e3]::testing::run_test_with_pool<sqlx_postgres[436875cd4b01c594]::database::Postgres, fn(sqlx_core[903917a4331ce8e3]::pool::Pool<sqlx_postgres[436875cd4b01c594]::database::Postgres>) -> pgqueue[672a6ed12f37fa89]::database::connection_guard_tests::test_cancelled_begin_preserves_autocommit_on_the_shared_pool::test_cancelled_begin_preserves_autocommit_on_the_shared_pool::{closure#0}, pgqueue[672a6ed12f37fa89]::database::connection_guard_tests::test_cancelled_begin_preserves_autocommit_on_the_shared_pool::test_cancelled_begin_preserves_autocommit_on_the_shared_pool::{closure#0}>::{closure#0}::{closure#0}>::{closure#0}>
[INFO] [stdout]   18:     0x5962b257745b - sqlx_core[903917a4331ce8e3]::rt::test_block_on::<sqlx_core[903917a4331ce8e3]::testing::run_test<sqlx_postgres[436875cd4b01c594]::database::Postgres, sqlx_core[903917a4331ce8e3]::testing::run_test_with_pool<sqlx_postgres[436875cd4b01c594]::database::Postgres, fn(sqlx_core[903917a4331ce8e3]::pool::Pool<sqlx_postgres[436875cd4b01c594]::database::Postgres>) -> pgqueue[672a6ed12f37fa89]::database::connection_guard_tests::test_cancelled_begin_preserves_autocommit_on_the_shared_pool::test_cancelled_begin_preserves_autocommit_on_the_shared_pool::{closure#0}, pgqueue[672a6ed12f37fa89]::database::connection_guard_tests::test_cancelled_begin_preserves_autocommit_on_the_shared_pool::test_cancelled_begin_preserves_autocommit_on_the_shared_pool::{closure#0}>::{closure#0}, sqlx_core[903917a4331ce8e3]::testing::run_test_with_pool<sqlx_postgres[436875cd4b01c594]::database::Postgres, fn(sqlx_core[903917a4331ce8e3]::pool::Pool<sqlx_postgres[436875cd4b01c594]::database::Postgres>) -> pgqueue[672a6ed12f37fa89]::database::connection_guard_tests::test_cancelled_begin_preserves_autocommit_on_the_shared_pool::test_cancelled_begin_preserves_autocommit_on_the_shared_pool::{closure#0}, pgqueue[672a6ed12f37fa89]::database::connection_guard_tests::test_cancelled_begin_preserves_autocommit_on_the_shared_pool::test_cancelled_begin_preserves_autocommit_on_the_shared_pool::{closure#0}>::{closure#0}::{closure#0}>::{closure#0}>
[INFO] [stdout]   19:     0x5962b2547fe1 - <pgqueue[672a6ed12f37fa89]::database::connection_guard_tests::test_cancelled_begin_preserves_autocommit_on_the_shared_pool::{closure#0} as core[df12db4294e9bfd3]::ops::function::FnOnce<()>>::call_once
[INFO] [stdout]   20:     0x5962b25cab8b - test[9d35eded1c95d3be]::__rust_begin_short_backtrace::<core[df12db4294e9bfd3]::result::Result<(), alloc[2182bb758b4b3781]::string::String>, fn() -> core[df12db4294e9bfd3]::result::Result<(), alloc[2182bb758b4b3781]::string::String>>
[INFO] [stdout]   21:     0x5962b25d81f5 - test[9d35eded1c95d3be]::run_test::{closure#0}
[INFO] [stdout]   22:     0x5962b25d1ab4 - std[70759c8f55707aa4]::sys::backtrace::__rust_begin_short_backtrace::<test[9d35eded1c95d3be]::run_test::{closure#1}, ()>
[INFO] [stdout]   23:     0x5962b25db352 - <std[70759c8f55707aa4]::thread::lifecycle::spawn_unchecked<test[9d35eded1c95d3be]::run_test::{closure#1}, ()>::{closure#1} as core[df12db4294e9bfd3]::ops::function::FnOnce<()>>::call_once::{shim:vtable#0}
[INFO] [stdout]   24:     0x5962b287eaa9 - <std[70759c8f55707aa4]::sys::thread::unix::Thread>::new::thread_start
[INFO] [stdout]   25:     0x770511170dfa - <unknown>
[INFO] [stdout]   26:     0x7705112043d4 - clone
[INFO] [stdout]   27:                0x0 - <unknown>
[INFO] [stdout] 
[INFO] [stdout] ---- database::lock_wait_bound_tests::test_a_keyed_enqueue_refused_its_lock_at_the_deadline_reports_a_wait_timeout stdout ----
[INFO] [stdout] 
[INFO] [stdout] thread 'database::lock_wait_bound_tests::test_a_keyed_enqueue_refused_its_lock_at_the_deadline_reports_a_wait_timeout' (5195) panicked at /opt/rustwide/cargo-home/registry/src/index.crates.io-1949cf8c6b5b557f/sqlx-postgres-0.9.0/src/testing/mod.rs:93:44:
[INFO] [stdout] DATABASE_URL must be set: EnvVar(NotPresent)
[INFO] [stdout] stack backtrace:
[INFO] [stdout]    0:     0x5962b287f911 - <<std[70759c8f55707aa4]::sys::backtrace::BacktraceLock>::print::DisplayBacktrace as core[df12db4294e9bfd3]::fmt::Display>::fmt
[INFO] [stdout]    1:     0x5962b289799a - core[df12db4294e9bfd3]::fmt::write
[INFO] [stdout]    2:     0x5962b2884bec - <alloc[2182bb758b4b3781]::vec::Vec<u8> as core[df12db4294e9bfd3]::io::write::Write>::write_fmt
[INFO] [stdout]    3:     0x5962b28597b6 - std[70759c8f55707aa4]::panicking::default_hook::{closure#0}
[INFO] [stdout]    4:     0x5962b28770c9 - std[70759c8f55707aa4]::panicking::default_hook
[INFO] [stdout]    5:     0x5962b25d78a0 - test[9d35eded1c95d3be]::test_main_inner::<test[9d35eded1c95d3be]::test_main_static::{closure#0}>::{closure#0}
[INFO] [stdout]    6:     0x5962b28773f2 - std[70759c8f55707aa4]::panicking::panic_with_hook
[INFO] [stdout]    7:     0x5962b2859862 - std[70759c8f55707aa4]::panicking::panic_handler::{closure#0}
[INFO] [stdout]    8:     0x5962b2851b09 - std[70759c8f55707aa4]::sys::backtrace::__rust_end_short_backtrace::<std[70759c8f55707aa4]::panicking::panic_handler::{closure#0}, !>
[INFO] [stdout]    9:     0x5962b285a7fd - __rustc[8fa7c3cbc660c2b3]::rust_begin_unwind
[INFO] [stdout]   10:     0x5962b289817c - core[df12db4294e9bfd3]::panicking::panic_fmt
[INFO] [stdout]   11:     0x5962b2897f52 - core[df12db4294e9bfd3]::result::unwrap_failed
[INFO] [stdout]   12:     0x5962b2405547 - sqlx_postgres[436875cd4b01c594]::testing::test_context::{closure#0}
[INFO] [stdout]   13:     0x5962b23e2e2b - sqlx_core[903917a4331ce8e3]::testing::run_test::<sqlx_postgres[436875cd4b01c594]::database::Postgres, sqlx_core[903917a4331ce8e3]::testing::run_test_with_pool<sqlx_postgres[436875cd4b01c594]::database::Postgres, fn(sqlx_core[903917a4331ce8e3]::pool::Pool<sqlx_postgres[436875cd4b01c594]::database::Postgres>) -> pgqueue[672a6ed12f37fa89]::database::lock_wait_bound_tests::test_a_keyed_enqueue_refused_its_lock_at_the_deadline_reports_a_wait_timeout::test_a_keyed_enqueue_refused_its_lock_at_the_deadline_reports_a_wait_timeout::{closure#0}, pgqueue[672a6ed12f37fa89]::database::lock_wait_bound_tests::test_a_keyed_enqueue_refused_its_lock_at_the_deadline_reports_a_wait_timeout::test_a_keyed_enqueue_refused_its_lock_at_the_deadline_reports_a_wait_timeout::{closure#0}>::{closure#0}, sqlx_core[903917a4331ce8e3]::testing::run_test_with_pool<sqlx_postgres[436875cd4b01c594]::database::Postgres, fn(sqlx_core[903917a4331ce8e3]::pool::Pool<sqlx_postgres[436875cd4b01c594]::database::Postgres>) -> pgqueue[672a6ed12f37fa89]::database::lock_wait_bound_tests::test_a_keyed_enqueue_refused_its_lock_at_the_deadline_reports_a_wait_timeout::test_a_keyed_enqueue_refused_its_lock_at_the_deadline_reports_a_wait_timeout::{closure#0}, pgqueue[672a6ed12f37fa89]::database::lock_wait_bound_tests::test_a_keyed_enqueue_refused_its_lock_at_the_deadline_reports_a_wait_timeout::test_a_keyed_enqueue_refused_its_lock_at_the_deadline_reports_a_wait_timeout::{closure#0}>::{closure#0}::{closure#0}>::{closure#0}
[INFO] [stdout]   14:     0x5962b2503dc5 - <tokio[78958bce152ab4cb]::runtime::context::scoped::Scoped<tokio[78958bce152ab4cb]::runtime::scheduler::Context>>::set::<<tokio[78958bce152ab4cb]::runtime::scheduler::current_thread::CoreGuard>::enter<<tokio[78958bce152ab4cb]::runtime::scheduler::current_thread::CoreGuard>::block_on<core[df12db4294e9bfd3]::pin::Pin<&mut sqlx_core[903917a4331ce8e3]::testing::run_test<sqlx_postgres[436875cd4b01c594]::database::Postgres, sqlx_core[903917a4331ce8e3]::testing::run_test_with_pool<sqlx_postgres[436875cd4b01c594]::database::Postgres, fn(sqlx_core[903917a4331ce8e3]::pool::Pool<sqlx_postgres[436875cd4b01c594]::database::Postgres>) -> pgqueue[672a6ed12f37fa89]::database::lock_wait_bound_tests::test_a_keyed_enqueue_refused_its_lock_at_the_deadline_reports_a_wait_timeout::test_a_keyed_enqueue_refused_its_lock_at_the_deadline_reports_a_wait_timeout::{closure#0}, pgqueue[672a6ed12f37fa89]::database::lock_wait_bound_tests::test_a_keyed_enqueue_refused_its_lock_at_the_deadline_reports_a_wait_timeout::test_a_keyed_enqueue_refused_its_lock_at_the_deadline_reports_a_wait_timeout::{closure#0}>::{closure#0}, sqlx_core[903917a4331ce8e3]::testing::run_test_with_pool<sqlx_postgres[436875cd4b01c594]::database::Postgres, fn(sqlx_core[903917a4331ce8e3]::pool::Pool<sqlx_postgres[436875cd4b01c594]::database::Postgres>) -> pgqueue[672a6ed12f37fa89]::database::lock_wait_bound_tests::test_a_keyed_enqueue_refused_its_lock_at_the_deadline_reports_a_wait_timeout::test_a_keyed_enqueue_refused_its_lock_at_the_deadline_reports_a_wait_timeout::{closure#0}, pgqueue[672a6ed12f37fa89]::database::lock_wait_bound_tests::test_a_keyed_enqueue_refused_its_lock_at_the_deadline_reports_a_wait_timeout::test_a_keyed_enqueue_refused_its_lock_at_the_deadline_reports_a_wait_timeout::{closure#0}>::{closure#0}::{closure#0}>::{closure#0}>>::{closure#0}, core[df12db4294e9bfd3]::option::Option<()>>::{closure#0}, (alloc[2182bb758b4b3781]::boxed::Box<tokio[78958bce152ab4cb]::runtime::scheduler::current_thread::Core>, core[df12db4294e9bfd3]::option::Option<()>)>
[INFO] [stdout]   15:     0x5962b2505ffd - <tokio[78958bce152ab4cb]::runtime::scheduler::current_thread::CoreGuard>::block_on::<core[df12db4294e9bfd3]::pin::Pin<&mut sqlx_core[903917a4331ce8e3]::testing::run_test<sqlx_postgres[436875cd4b01c594]::database::Postgres, sqlx_core[903917a4331ce8e3]::testing::run_test_with_pool<sqlx_postgres[436875cd4b01c594]::database::Postgres, fn(sqlx_core[903917a4331ce8e3]::pool::Pool<sqlx_postgres[436875cd4b01c594]::database::Postgres>) -> pgqueue[672a6ed12f37fa89]::database::lock_wait_bound_tests::test_a_keyed_enqueue_refused_its_lock_at_the_deadline_reports_a_wait_timeout::test_a_keyed_enqueue_refused_its_lock_at_the_deadline_reports_a_wait_timeout::{closure#0}, pgqueue[672a6ed12f37fa89]::database::lock_wait_bound_tests::test_a_keyed_enqueue_refused_its_lock_at_the_deadline_reports_a_wait_timeout::test_a_keyed_enqueue_refused_its_lock_at_the_deadline_reports_a_wait_timeout::{closure#0}>::{closure#0}, sqlx_core[903917a4331ce8e3]::testing::run_test_with_pool<sqlx_postgres[436875cd4b01c594]::database::Postgres, fn(sqlx_core[903917a4331ce8e3]::pool::Pool<sqlx_postgres[436875cd4b01c594]::database::Postgres>) -> pgqueue[672a6ed12f37fa89]::database::lock_wait_bound_tests::test_a_keyed_enqueue_refused_its_lock_at_the_deadline_reports_a_wait_timeout::test_a_keyed_enqueue_refused_its_lock_at_the_deadline_reports_a_wait_timeout::{closure#0}, pgqueue[672a6ed12f37fa89]::database::lock_wait_bound_tests::test_a_keyed_enqueue_refused_its_lock_at_the_deadline_reports_a_wait_timeout::test_a_keyed_enqueue_refused_its_lock_at_the_deadline_reports_a_wait_timeout::{closure#0}>::{closure#0}::{closure#0}>::{closure#0}>>
[INFO] [stdout]   16:     0x5962b24fa836 - tokio[78958bce152ab4cb]::runtime::context::runtime::enter_runtime::<<tokio[78958bce152ab4cb]::runtime::scheduler::current_thread::CurrentThread>::block_on<sqlx_core[903917a4331ce8e3]::testing::run_test<sqlx_postgres[436875cd4b01c594]::database::Postgres, sqlx_core[903917a4331ce8e3]::testing::run_test_with_pool<sqlx_postgres[436875cd4b01c594]::database::Postgres, fn(sqlx_core[903917a4331ce8e3]::pool::Pool<sqlx_postgres[436875cd4b01c594]::database::Postgres>) -> pgqueue[672a6ed12f37fa89]::database::lock_wait_bound_tests::test_a_keyed_enqueue_refused_its_lock_at_the_deadline_reports_a_wait_timeout::test_a_keyed_enqueue_refused_its_lock_at_the_deadline_reports_a_wait_timeout::{closure#0}, pgqueue[672a6ed12f37fa89]::database::lock_wait_bound_tests::test_a_keyed_enqueue_refused_its_lock_at_the_deadline_reports_a_wait_timeout::test_a_keyed_enqueue_refused_its_lock_at_the_deadline_reports_a_wait_timeout::{closure#0}>::{closure#0}, sqlx_core[903917a4331ce8e3]::testing::run_test_with_pool<sqlx_postgres[436875cd4b01c594]::database::Postgres, fn(sqlx_core[903917a4331ce8e3]::pool::Pool<sqlx_postgres[436875cd4b01c594]::database::Postgres>) -> pgqueue[672a6ed12f37fa89]::database::lock_wait_bound_tests::test_a_keyed_enqueue_refused_its_lock_at_the_deadline_reports_a_wait_timeout::test_a_keyed_enqueue_refused_its_lock_at_the_deadline_reports_a_wait_timeout::{closure#0}, pgqueue[672a6ed12f37fa89]::database::lock_wait_bound_tests::test_a_keyed_enqueue_refused_its_lock_at_the_deadline_reports_a_wait_timeout::test_a_keyed_enqueue_refused_its_lock_at_the_deadline_reports_a_wait_timeout::{closure#0}>::{closure#0}::{closure#0}>::{closure#0}>::{closure#0}, ()>
[INFO] [stdout]   17:     0x5962b252f19a - <tokio[78958bce152ab4cb]::runtime::runtime::Runtime>::block_on::<sqlx_core[903917a4331ce8e3]::testing::run_test<sqlx_postgres[436875cd4b01c594]::database::Postgres, sqlx_core[903917a4331ce8e3]::testing::run_test_with_pool<sqlx_postgres[436875cd4b01c594]::database::Postgres, fn(sqlx_core[903917a4331ce8e3]::pool::Pool<sqlx_postgres[436875cd4b01c594]::database::Postgres>) -> pgqueue[672a6ed12f37fa89]::database::lock_wait_bound_tests::test_a_keyed_enqueue_refused_its_lock_at_the_deadline_reports_a_wait_timeout::test_a_keyed_enqueue_refused_its_lock_at_the_deadline_reports_a_wait_timeout::{closure#0}, pgqueue[672a6ed12f37fa89]::database::lock_wait_bound_tests::test_a_keyed_enqueue_refused_its_lock_at_the_deadline_reports_a_wait_timeout::test_a_keyed_enqueue_refused_its_lock_at_the_deadline_reports_a_wait_timeout::{closure#0}>::{closure#0}, sqlx_core[903917a4331ce8e3]::testing::run_test_with_pool<sqlx_postgres[436875cd4b01c594]::database::Postgres, fn(sqlx_core[903917a4331ce8e3]::pool::Pool<sqlx_postgres[436875cd4b01c594]::database::Postgres>) -> pgqueue[672a6ed12f37fa89]::database::lock_wait_bound_tests::test_a_keyed_enqueue_refused_its_lock_at_the_deadline_reports_a_wait_timeout::test_a_keyed_enqueue_refused_its_lock_at_the_deadline_reports_a_wait_timeout::{closure#0}, pgqueue[672a6ed12f37fa89]::database::lock_wait_bound_tests::test_a_keyed_enqueue_refused_its_lock_at_the_deadline_reports_a_wait_timeout::test_a_keyed_enqueue_refused_its_lock_at_the_deadline_reports_a_wait_timeout::{closure#0}>::{closure#0}::{closure#0}>::{closure#0}>
[INFO] [stdout]   18:     0x5962b257732b - sqlx_core[903917a4331ce8e3]::rt::test_block_on::<sqlx_core[903917a4331ce8e3]::testing::run_test<sqlx_postgres[436875cd4b01c594]::database::Postgres, sqlx_core[903917a4331ce8e3]::testing::run_test_with_pool<sqlx_postgres[436875cd4b01c594]::database::Postgres, fn(sqlx_core[903917a4331ce8e3]::pool::Pool<sqlx_postgres[436875cd4b01c594]::database::Postgres>) -> pgqueue[672a6ed12f37fa89]::database::lock_wait_bound_tests::test_a_keyed_enqueue_refused_its_lock_at_the_deadline_reports_a_wait_timeout::test_a_keyed_enqueue_refused_its_lock_at_the_deadline_reports_a_wait_timeout::{closure#0}, pgqueue[672a6ed12f37fa89]::database::lock_wait_bound_tests::test_a_keyed_enqueue_refused_its_lock_at_the_deadline_reports_a_wait_timeout::test_a_keyed_enqueue_refused_its_lock_at_the_deadline_reports_a_wait_timeout::{closure#0}>::{closure#0}, sqlx_core[903917a4331ce8e3]::testing::run_test_with_pool<sqlx_postgres[436875cd4b01c594]::database::Postgres, fn(sqlx_core[903917a4331ce8e3]::pool::Pool<sqlx_postgres[436875cd4b01c594]::database::Postgres>) -> pgqueue[672a6ed12f37fa89]::database::lock_wait_bound_tests::test_a_keyed_enqueue_refused_its_lock_at_the_deadline_reports_a_wait_timeout::test_a_keyed_enqueue_refused_its_lock_at_the_deadline_reports_a_wait_timeout::{closure#0}, pgqueue[672a6ed12f37fa89]::database::lock_wait_bound_tests::test_a_keyed_enqueue_refused_its_lock_at_the_deadline_reports_a_wait_timeout::test_a_keyed_enqueue_refused_its_lock_at_the_deadline_reports_a_wait_timeout::{closure#0}>::{closure#0}::{closure#0}>::{closure#0}>
[INFO] [stdout]   19:     0x5962b2547ed1 - <pgqueue[672a6ed12f37fa89]::database::lock_wait_bound_tests::test_a_keyed_enqueue_refused_its_lock_at_the_deadline_reports_a_wait_timeout::{closure#0} as core[df12db4294e9bfd3]::ops::function::FnOnce<()>>::call_once
[INFO] [stdout]   20:     0x5962b25cab8b - test[9d35eded1c95d3be]::__rust_begin_short_backtrace::<core[df12db4294e9bfd3]::result::Result<(), alloc[2182bb758b4b3781]::string::String>, fn() -> core[df12db4294e9bfd3]::result::Result<(), alloc[2182bb758b4b3781]::string::String>>
[INFO] [stdout]   21:     0x5962b25d81f5 - test[9d35eded1c95d3be]::run_test::{closure#0}
[INFO] [stdout]   22:     0x5962b25d1ab4 - std[70759c8f55707aa4]::sys::backtrace::__rust_begin_short_backtrace::<test[9d35eded1c95d3be]::run_test::{closure#1}, ()>
[INFO] [stdout]   23:     0x5962b25db352 - <std[70759c8f55707aa4]::thread::lifecycle::spawn_unchecked<test[9d35eded1c95d3be]::run_test::{closure#1}, ()>::{closure#1} as core[df12db4294e9bfd3]::ops::function::FnOnce<()>>::call_once::{shim:vtable#0}
[INFO] [stdout]   24:     0x5962b287eaa9 - <std[70759c8f55707aa4]::sys::thread::unix::Thread>::new::thread_start
[INFO] [stdout]   25:     0x770511170dfa - <unknown>
[INFO] [stdout]   26:     0x7705112043d4 - clone
[INFO] [stdout]   27:                0x0 - <unknown>
[INFO] [stdout] 
[INFO] [stdout] ---- database::lock_wait_bound_tests::test_operator_actions_refused_their_lock_at_the_deadline_change_nothing stdout ----
[INFO] [stdout] 
[INFO] [stdout] thread 'database::lock_wait_bound_tests::test_operator_actions_refused_their_lock_at_the_deadline_change_nothing' (5196) panicked at /opt/rustwide/cargo-home/registry/src/index.crates.io-1949cf8c6b5b557f/sqlx-postgres-0.9.0/src/testing/mod.rs:93:44:
[INFO] [stdout] DATABASE_URL must be set: EnvVar(NotPresent)
[INFO] [stdout] stack backtrace:
[INFO] [stdout]    0:     0x5962b287f911 - <<std[70759c8f55707aa4]::sys::backtrace::BacktraceLock>::print::DisplayBacktrace as core[df12db4294e9bfd3]::fmt::Display>::fmt
[INFO] [stdout]    1:     0x5962b289799a - core[df12db4294e9bfd3]::fmt::write
[INFO] [stdout]    2:     0x5962b2884bec - <alloc[2182bb758b4b3781]::vec::Vec<u8> as core[df12db4294e9bfd3]::io::write::Write>::write_fmt
[INFO] [stdout]    3:     0x5962b28597b6 - std[70759c8f55707aa4]::panicking::default_hook::{closure#0}
[INFO] [stdout]    4:     0x5962b28770c9 - std[70759c8f55707aa4]::panicking::default_hook
[INFO] [stdout]    5:     0x5962b25d78a0 - test[9d35eded1c95d3be]::test_main_inner::<test[9d35eded1c95d3be]::test_main_static::{closure#0}>::{closure#0}
[INFO] [stdout]    6:     0x5962b28773f2 - std[70759c8f55707aa4]::panicking::panic_with_hook
[INFO] [stdout]    7:     0x5962b2859862 - std[70759c8f55707aa4]::panicking::panic_handler::{closure#0}
[INFO] [stdout]    8:     0x5962b2851b09 - std[70759c8f55707aa4]::sys::backtrace::__rust_end_short_backtrace::<std[70759c8f55707aa4]::panicking::panic_handler::{closure#0}, !>
[INFO] [stdout]    9:     0x5962b285a7fd - __rustc[8fa7c3cbc660c2b3]::rust_begin_unwind
[INFO] [stdout]   10:     0x5962b289817c - core[df12db4294e9bfd3]::panicking::panic_fmt
[INFO] [stdout]   11:     0x5962b2897f52 - core[df12db4294e9bfd3]::result::unwrap_failed
[INFO] [stdout]   12:     0x5962b2405547 - sqlx_postgres[436875cd4b01c594]::testing::test_context::{closure#0}
[INFO] [stdout]   13:     0x5962b23e24f8 - sqlx_core[903917a4331ce8e3]::testing::run_test::<sqlx_postgres[436875cd4b01c594]::database::Postgres, sqlx_core[903917a4331ce8e3]::testing::run_test_with_pool<sqlx_postgres[436875cd4b01c594]::database::Postgres, fn(sqlx_core[903917a4331ce8e3]::pool::Pool<sqlx_postgres[436875cd4b01c594]::database::Postgres>) -> pgqueue[672a6ed12f37fa89]::database::lock_wait_bound_tests::test_operator_actions_refused_their_lock_at_the_deadline_change_nothing::test_operator_actions_refused_their_lock_at_the_deadline_change_nothing::{closure#0}, pgqueue[672a6ed12f37fa89]::database::lock_wait_bound_tests::test_operator_actions_refused_their_lock_at_the_deadline_change_nothing::test_operator_actions_refused_their_lock_at_the_deadline_change_nothing::{closure#0}>::{closure#0}, sqlx_core[903917a4331ce8e3]::testing::run_test_with_pool<sqlx_postgres[436875cd4b01c594]::database::Postgres, fn(sqlx_core[903917a4331ce8e3]::pool::Pool<sqlx_postgres[436875cd4b01c594]::database::Postgres>) -> pgqueue[672a6ed12f37fa89]::database::lock_wait_bound_tests::test_operator_actions_refused_their_lock_at_the_deadline_change_nothing::test_operator_actions_refused_their_lock_at_the_deadline_change_nothing::{closure#0}, pgqueue[672a6ed12f37fa89]::database::lock_wait_bound_tests::test_operator_actions_refused_their_lock_at_the_deadline_change_nothing::test_operator_actions_refused_their_lock_at_the_deadline_change_nothing::{closure#0}>::{closure#0}::{closure#0}>::{closure#0}
[INFO] [stdout]   14:     0x5962b2503a95 - <tokio[78958bce152ab4cb]::runtime::context::scoped::Scoped<tokio[78958bce152ab4cb]::runtime::scheduler::Context>>::set::<<tokio[78958bce152ab4cb]::runtime::scheduler::current_thread::CoreGuard>::enter<<tokio[78958bce152ab4cb]::runtime::scheduler::current_thread::CoreGuard>::block_on<core[df12db4294e9bfd3]::pin::Pin<&mut sqlx_core[903917a4331ce8e3]::testing::run_test<sqlx_postgres[436875cd4b01c594]::database::Postgres, sqlx_core[903917a4331ce8e3]::testing::run_test_with_pool<sqlx_postgres[436875cd4b01c594]::database::Postgres, fn(sqlx_core[903917a4331ce8e3]::pool::Pool<sqlx_postgres[436875cd4b01c594]::database::Postgres>) -> pgqueue[672a6ed12f37fa89]::database::lock_wait_bound_tests::test_operator_actions_refused_their_lock_at_the_deadline_change_nothing::test_operator_actions_refused_their_lock_at_the_deadline_change_nothing::{closure#0}, pgqueue[672a6ed12f37fa89]::database::lock_wait_bound_tests::test_operator_actions_refused_their_lock_at_the_deadline_change_nothing::test_operator_actions_refused_their_lock_at_the_deadline_change_nothing::{closure#0}>::{closure#0}, sqlx_core[903917a4331ce8e3]::testing::run_test_with_pool<sqlx_postgres[436875cd4b01c594]::database::Postgres, fn(sqlx_core[903917a4331ce8e3]::pool::Pool<sqlx_postgres[436875cd4b01c594]::database::Postgres>) -> pgqueue[672a6ed12f37fa89]::database::lock_wait_bound_tests::test_operator_actions_refused_their_lock_at_the_deadline_change_nothing::test_operator_actions_refused_their_lock_at_the_deadline_change_nothing::{closure#0}, pgqueue[672a6ed12f37fa89]::database::lock_wait_bound_tests::test_operator_actions_refused_their_lock_at_the_deadline_change_nothing::test_operator_actions_refused_their_lock_at_the_deadline_change_nothing::{closure#0}>::{closure#0}::{closure#0}>::{closure#0}>>::{closure#0}, core[df12db4294e9bfd3]::option::Option<()>>::{closure#0}, (alloc[2182bb758b4b3781]::boxed::Box<tokio[78958bce152ab4cb]::runtime::scheduler::current_thread::Core>, core[df12db4294e9bfd3]::option::Option<()>)>
[INFO] [stdout]   15:     0x5962b2505e0d - <tokio[78958bce152ab4cb]::runtime::scheduler::current_thread::CoreGuard>::block_on::<core[df12db4294e9bfd3]::pin::Pin<&mut sqlx_core[903917a4331ce8e3]::testing::run_test<sqlx_postgres[436875cd4b01c594]::database::Postgres, sqlx_core[903917a4331ce8e3]::testing::run_test_with_pool<sqlx_postgres[436875cd4b01c594]::database::Postgres, fn(sqlx_core[903917a4331ce8e3]::pool::Pool<sqlx_postgres[436875cd4b01c594]::database::Postgres>) -> pgqueue[672a6ed12f37fa89]::database::lock_wait_bound_tests::test_operator_actions_refused_their_lock_at_the_deadline_change_nothing::test_operator_actions_refused_their_lock_at_the_deadline_change_nothing::{closure#0}, pgqueue[672a6ed12f37fa89]::database::lock_wait_bound_tests::test_operator_actions_refused_their_lock_at_the_deadline_change_nothing::test_operator_actions_refused_their_lock_at_the_deadline_change_nothing::{closure#0}>::{closure#0}, sqlx_core[903917a4331ce8e3]::testing::run_test_with_pool<sqlx_postgres[436875cd4b01c594]::database::Postgres, fn(sqlx_core[903917a4331ce8e3]::pool::Pool<sqlx_postgres[436875cd4b01c594]::database::Postgres>) -> pgqueue[672a6ed12f37fa89]::database::lock_wait_bound_tests::test_operator_actions_refused_their_lock_at_the_deadline_change_nothing::test_operator_actions_refused_their_lock_at_the_deadline_change_nothing::{closure#0}, pgqueue[672a6ed12f37fa89]::database::lock_wait_bound_tests::test_operator_actions_refused_their_lock_at_the_deadline_change_nothing::test_operator_actions_refused_their_lock_at_the_deadline_change_nothing::{closure#0}>::{closure#0}::{closure#0}>::{closure#0}>>
[INFO] [stdout]   16:     0x5962b24fa3e6 - tokio[78958bce152ab4cb]::runtime::context::runtime::enter_runtime::<<tokio[78958bce152ab4cb]::runtime::scheduler::current_thread::CurrentThread>::block_on<sqlx_core[903917a4331ce8e3]::testing::run_test<sqlx_postgres[436875cd4b01c594]::database::Postgres, sqlx_core[903917a4331ce8e3]::testing::run_test_with_pool<sqlx_postgres[436875cd4b01c594]::database::Postgres, fn(sqlx_core[903917a4331ce8e3]::pool::Pool<sqlx_postgres[436875cd4b01c594]::database::Postgres>) -> pgqueue[672a6ed12f37fa89]::database::lock_wait_bound_tests::test_operator_actions_refused_their_lock_at_the_deadline_change_nothing::test_operator_actions_refused_their_lock_at_the_deadline_change_nothing::{closure#0}, pgqueue[672a6ed12f37fa89]::database::lock_wait_bound_tests::test_operator_actions_refused_their_lock_at_the_deadline_change_nothing::test_operator_actions_refused_their_lock_at_the_deadline_change_nothing::{closure#0}>::{closure#0}, sqlx_core[903917a4331ce8e3]::testing::run_test_with_pool<sqlx_postgres[436875cd4b01c594]::database::Postgres, fn(sqlx_core[903917a4331ce8e3]::pool::Pool<sqlx_postgres[436875cd4b01c594]::database::Postgres>) -> pgqueue[672a6ed12f37fa89]::database::lock_wait_bound_tests::test_operator_actions_refused_their_lock_at_the_deadline_change_nothing::test_operator_actions_refused_their_lock_at_the_deadline_change_nothing::{closure#0}, pgqueue[672a6ed12f37fa89]::database::lock_wait_bound_tests::test_operator_actions_refused_their_lock_at_the_deadline_change_nothing::test_operator_actions_refused_their_lock_at_the_deadline_change_nothing::{closure#0}>::{closure#0}::{closure#0}>::{closure#0}>::{closure#0}, ()>
[INFO] [stdout]   17:     0x5962b252efea - <tokio[78958bce152ab4cb]::runtime::runtime::Runtime>::block_on::<sqlx_core[903917a4331ce8e3]::testing::run_test<sqlx_postgres[436875cd4b01c594]::database::Postgres, sqlx_core[903917a4331ce8e3]::testing::run_test_with_pool<sqlx_postgres[436875cd4b01c594]::database::Postgres, fn(sqlx_core[903917a4331ce8e3]::pool::Pool<sqlx_postgres[436875cd4b01c594]::database::Postgres>) -> pgqueue[672a6ed12f37fa89]::database::lock_wait_bound_tests::test_operator_actions_refused_their_lock_at_the_deadline_change_nothing::test_operator_actions_refused_their_lock_at_the_deadline_change_nothing::{closure#0}, pgqueue[672a6ed12f37fa89]::database::lock_wait_bound_tests::test_operator_actions_refused_their_lock_at_the_deadline_change_nothing::test_operator_actions_refused_their_lock_at_the_deadline_change_nothing::{closure#0}>::{closure#0}, sqlx_core[903917a4331ce8e3]::testing::run_test_with_pool<sqlx_postgres[436875cd4b01c594]::database::Postgres, fn(sqlx_core[903917a4331ce8e3]::pool::Pool<sqlx_postgres[436875cd4b01c594]::database::Postgres>) -> pgqueue[672a6ed12f37fa89]::database::lock_wait_bound_tests::test_operator_actions_refused_their_lock_at_the_deadline_change_nothing::test_operator_actions_refused_their_lock_at_the_deadline_change_nothing::{closure#0}, pgqueue[672a6ed12f37fa89]::database::lock_wait_bound_tests::test_operator_actions_refused_their_lock_at_the_deadline_change_nothing::test_operator_actions_refused_their_lock_at_the_deadline_change_nothing::{closure#0}>::{closure#0}::{closure#0}>::{closure#0}>
[INFO] [stdout]   18:     0x5962b25771fb - sqlx_core[903917a4331ce8e3]::rt::test_block_on::<sqlx_core[903917a4331ce8e3]::testing::run_test<sqlx_postgres[436875cd4b01c594]::database::Postgres, sqlx_core[903917a4331ce8e3]::testing::run_test_with_pool<sqlx_postgres[436875cd4b01c594]::database::Postgres, fn(sqlx_core[903917a4331ce8e3]::pool::Pool<sqlx_postgres[436875cd4b01c594]::database::Postgres>) -> pgqueue[672a6ed12f37fa89]::database::lock_wait_bound_tests::test_operator_actions_refused_their_lock_at_the_deadline_change_nothing::test_operator_actions_refused_their_lock_at_the_deadline_change_nothing::{closure#0}, pgqueue[672a6ed12f37fa89]::database::lock_wait_bound_tests::test_operator_actions_refused_their_lock_at_the_deadline_change_nothing::test_operator_actions_refused_their_lock_at_the_deadline_change_nothing::{closure#0}>::{closure#0}, sqlx_core[903917a4331ce8e3]::testing::run_test_with_pool<sqlx_postgres[436875cd4b01c594]::database::Postgres, fn(sqlx_core[903917a4331ce8e3]::pool::Pool<sqlx_postgres[436875cd4b01c594]::database::Postgres>) -> pgqueue[672a6ed12f37fa89]::database::lock_wait_bound_tests::test_operator_actions_refused_their_lock_at_the_deadline_change_nothing::test_operator_actions_refused_their_lock_at_the_deadline_change_nothing::{closure#0}, pgqueue[672a6ed12f37fa89]::database::lock_wait_bound_tests::test_operator_actions_refused_their_lock_at_the_deadline_change_nothing::test_operator_actions_refused_their_lock_at_the_deadline_change_nothing::{closure#0}>::{closure#0}::{closure#0}>::{closure#0}>
[INFO] [stdout]   19:     0x5962b2547dc1 - <pgqueue[672a6ed12f37fa89]::database::lock_wait_bound_tests::test_operator_actions_refused_their_lock_at_the_deadline_change_nothing::{closure#0} as core[df12db4294e9bfd3]::ops::function::FnOnce<()>>::call_once
[INFO] [stdout]   20:     0x5962b25cab8b - test[9d35eded1c95d3be]::__rust_begin_short_backtrace::<core[df12db4294e9bfd3]::result::Result<(), alloc[2182bb758b4b3781]::string::String>, fn() -> core[df12db4294e9bfd3]::result::Result<(), alloc[2182bb758b4b3781]::string::String>>
[INFO] [stdout]   21:     0x5962b25d81f5 - test[9d35eded1c95d3be]::run_test::{closure#0}
[INFO] [stdout]   22:     0x5962b25d1ab4 - std[70759c8f55707aa4]::sys::backtrace::__rust_begin_short_backtrace::<test[9d35eded1c95d3be]::run_test::{closure#1}, ()>
[INFO] [stdout]   23:     0x5962b25db352 - <std[70759c8f55707aa4]::thread::lifecycle::spawn_unchecked<test[9d35eded1c95d3be]::run_test::{closure#1}, ()>::{closure#1} as core[df12db4294e9bfd3]::ops::function::FnOnce<()>>::call_once::{shim:vtable#0}
[INFO] [stdout]   24:     0x5962b287eaa9 - <std[70759c8f55707aa4]::sys::thread::unix::Thread>::new::thread_start
[INFO] [stdout]   25:     0x770511170dfa - <unknown>
[INFO] [stdout]   26:     0x7705112043d4 - clone
[INFO] [stdout]   27:                0x0 - <unknown>
[INFO] [stdout] 
[INFO] [stdout] 
[INFO] [stdout] failures:
[INFO] [stdout]     database::connection_guard_tests::test_cancelled_begin_preserves_autocommit_on_the_shared_pool
[INFO] [stdout]     database::connection_guard_tests::test_completed_begin_preserves_transaction_outcomes_and_connection_reuse
[INFO] [stdout]     database::lock_wait_bound_tests::test_a_keyed_enqueue_refused_its_lock_at_the_deadline_reports_a_wait_timeout
[INFO] [stdout]     database::lock_wait_bound_tests::test_operator_actions_refused_their_lock_at_the_deadline_change_nothing
[INFO] [stdout] 
[INFO] [stdout] test result: FAILED. 72 passed; 4 failed; 0 ignored; 0 measured; 0 filtered out; finished in 1.86s
[INFO] [stdout] 
[INFO] [stderr] error: test failed, to rerun pass `--lib`
[INFO] running `Command { std: "docker" "inspect" "f515dc16bc520c7d8ee19b741654401742c96f7c4d6610264941eb3af7925309", kill_on_drop: false }`
[INFO] running `Command { std: "docker" "rm" "-f" "f515dc16bc520c7d8ee19b741654401742c96f7c4d6610264941eb3af7925309", kill_on_drop: false }`
[INFO] [stdout] f515dc16bc520c7d8ee19b741654401742c96f7c4d6610264941eb3af7925309
