[INFO] fetching crate nx-logger 0.1.0...
[INFO] testing nx-logger-0.1.0 against 1.99.0-beta.8+cargoflags=--release for beta-release-1.100-3
[INFO] extracting crate nx-logger 0.1.0 into /workspace/builds/worker-1-tc1/source
[INFO] started tweaking crates.io crate nx-logger 0.1.0
[INFO] removed 0 missing tests
[INFO] finished tweaking crates.io crate nx-logger 0.1.0
[INFO] tweaked toml for crates.io crate nx-logger 0.1.0 written to /workspace/builds/worker-1-tc1/source/Cargo.toml
[INFO] validating manifest of crates.io crate nx-logger 0.1.0 on toolchain 1.99.0-beta.8
[INFO] running `Command { std: CARGO_HOME="/workspace/cargo-home" RUSTUP_HOME="/workspace/rustup-home" "/workspace/cargo-home/bin/cargo" "+1.99.0-beta.8" "metadata" "--manifest-path" "Cargo.toml" "--no-deps", kill_on_drop: false }`
[INFO] crate crates.io crate nx-logger 0.1.0 already has a lockfile, it will not be regenerated
[INFO] running `Command { std: CARGO_HOME="/workspace/cargo-home" RUSTUP_HOME="/workspace/rustup-home" "/workspace/cargo-home/bin/cargo" "+1.99.0-beta.8" "fetch" "--manifest-path" "Cargo.toml", kill_on_drop: false }`
[INFO] [stderr]     Blocking waiting for file lock on package cache
[INFO] [stderr]     Updating crates.io index
[INFO] [stderr]     Blocking waiting for file lock on package cache
[INFO] [stderr]  Downloading crates ...
[INFO] [stderr]   Downloaded serde_json v1.0.150
[INFO] [stderr]   Downloaded tracing-serde v0.2.0
[INFO] [stderr]   Downloaded futures-macro v0.3.32
[INFO] [stderr]   Downloaded wasm-bindgen-shared v0.2.121
[INFO] [stderr]   Downloaded http-body v1.0.1
[INFO] [stderr]   Downloaded num-conv v0.2.2
[INFO] [stderr]   Downloaded tokio-macros v2.7.0
[INFO] [stderr]   Downloaded id-arena v2.3.0
[INFO] [stderr]   Downloaded leb128fmt v0.1.0
[INFO] [stderr]   Downloaded rand_xorshift v0.4.0
[INFO] [stderr]   Downloaded prost-derive v0.14.3
[INFO] [stderr]   Downloaded wasm-bindgen-macro v0.2.121
[INFO] [stderr]   Downloaded futures-sink v0.3.32
[INFO] [stderr]   Downloaded futures-core v0.3.32
[INFO] [stderr]   Downloaded powerfmt v0.2.0
[INFO] [stderr]   Downloaded unicode-xid v0.2.6
[INFO] [stderr]   Downloaded smol_str v0.3.6
[INFO] [stderr]   Downloaded cfg_aliases v0.2.1
[INFO] [stderr]   Downloaded unarray v0.1.4
[INFO] [stderr]   Downloaded quick-error v1.2.3
[INFO] [stderr]   Downloaded bit-vec v0.8.0
[INFO] [stderr]   Downloaded bit-set v0.8.0
[INFO] [stderr]   Downloaded zstd v0.13.3
[INFO] [stderr]   Downloaded pin-project-internal v1.1.13
[INFO] [stderr]   Downloaded want v0.3.1
[INFO] [stderr]   Downloaded httpdate v1.0.3
[INFO] [stderr]   Downloaded hyper-timeout v0.5.2
[INFO] [stderr]   Downloaded async-trait v0.1.89
[INFO] [stderr]   Downloaded thousands v0.2.0
[INFO] [stderr]   Downloaded futures-task v0.3.32
[INFO] [stderr]   Downloaded time-core v0.1.8
[INFO] [stderr]   Downloaded deranged v0.5.8
[INFO] [stderr]   Downloaded symlink v0.1.0
[INFO] [stderr]   Downloaded wit-bindgen-rust-macro v0.51.0
[INFO] [stderr]   Downloaded time-macros v0.2.27
[INFO] [stderr]   Downloaded bitflags v2.11.1
[INFO] [stderr]   Downloaded fastrand v2.4.1
[INFO] [stderr]   Downloaded rusty-fork v0.3.1
[INFO] [stderr]   Downloaded rand_core v0.9.5
[INFO] [stderr]   Downloaded rand_chacha v0.9.0
[INFO] [stderr]   Downloaded ppv-lite86 v0.2.21
[INFO] [stderr]   Downloaded futures-executor v0.3.32
[INFO] [stderr]   Downloaded zstd-safe v7.2.4
[INFO] [stderr]   Downloaded http-body-util v0.1.3
[INFO] [stderr]   Downloaded matchit v0.8.4
[INFO] [stderr]   Downloaded axum-core v0.5.6
[INFO] [stderr]   Downloaded cast v0.3.0
[INFO] [stderr]   Downloaded tracing-opentelemetry v0.33.0
[INFO] [stderr]   Downloaded wasm-bindgen v0.2.121
[INFO] [stderr]   Downloaded thiserror v2.0.18
[INFO] [stderr]   Downloaded thiserror-impl v2.0.18
[INFO] [stderr]   Downloaded tracing-appender v0.2.5
[INFO] [stderr]   Downloaded semver v1.0.28
[INFO] [stderr]   Downloaded foldhash v0.1.5
[INFO] [stderr]   Downloaded wasm-metadata v0.244.0
[INFO] [stderr]   Downloaded smallvec v2.0.0-alpha.12
[INFO] [stderr]   Downloaded futures-channel v0.3.32
[INFO] [stderr]   Downloaded pkg-config v0.3.33
[INFO] [stderr]   Downloaded tokio-stream v0.1.18
[INFO] [stderr]   Downloaded getrandom v0.4.2
[INFO] [stderr]   Downloaded wit-bindgen-rust v0.51.0
[INFO] [stderr]   Downloaded wit-bindgen-core v0.51.0
[INFO] [stderr]   Downloaded r-efi v6.0.0
[INFO] [stderr]   Downloaded getrandom v0.3.4
[INFO] [stderr]   Downloaded tonic-types v0.14.6
[INFO] [stderr]   Downloaded pin-project v1.1.13
[INFO] [stderr]   Downloaded prost-types v0.14.3
[INFO] [stderr]   Downloaded wit-bindgen v0.51.0
[INFO] [stderr]   Downloaded prettyplease v0.2.37
[INFO] [stderr]   Downloaded wit-bindgen v0.57.1
[INFO] [stderr]   Downloaded base64 v0.22.1
[INFO] [stderr]   Downloaded itertools v0.14.0
[INFO] [stderr]   Downloaded wasm-bindgen-macro-support v0.2.121
[INFO] [stderr]   Downloaded opentelemetry v0.32.0
[INFO] [stderr]   Downloaded wasm-encoder v0.244.0
[INFO] [stderr]   Downloaded borsh v1.6.1
[INFO] [stderr]   Downloaded opentelemetry-otlp v0.32.0
[INFO] [stderr]   Downloaded cc v1.2.62
[INFO] [stderr]   Downloaded ciborium-io v0.2.2
[INFO] [stderr]   Downloaded mio v1.2.0
[INFO] [stderr]   Downloaded indexmap v2.14.0
[INFO] [stderr]   Downloaded zerocopy-derive v0.8.48
[INFO] [stderr]   Downloaded rand v0.9.4
[INFO] [stderr]   Downloaded tonic v0.14.6
[INFO] [stderr]   Downloaded hyper-util v0.1.20
[INFO] [stderr]   Downloaded js-sys v0.3.98
[INFO] [stderr]   Downloaded wasip2 v1.0.3+wasi-0.2.9
[INFO] [stderr]   Downloaded hyper v1.9.0
[INFO] [stderr]   Downloaded http v1.4.0
[INFO] [stderr]   Downloaded nx-error-macros v0.1.0
[INFO] [stderr]   Downloaded tokio-util v0.7.18
[INFO] [stderr]   Downloaded proc-macro-crate v3.5.0
[INFO] [stderr]   Downloaded fxhash v0.2.1
[INFO] [stderr]   Downloaded rustc-hash v1.1.0
[INFO] [stderr]   Downloaded futures-util v0.3.32
[INFO] [stderr]   Downloaded wasip3 v0.4.0+wasi-0.3.0-rc-2026-01-06
[INFO] [stderr]   Downloaded wit-parser v0.244.0
[INFO] [stderr]   Downloaded h2 v0.4.14
[INFO] [stderr]   Downloaded tonic-prost v0.14.6
[INFO] [stderr]   Downloaded plotters-backend v0.3.7
[INFO] [stderr]   Downloaded axum v0.8.9
[INFO] [stderr]   Downloaded nx-error v0.1.0
[INFO] [stderr]   Downloaded time v0.3.47
[INFO] [stderr]   Downloaded proptest v1.11.0
[INFO] [stderr]   Downloaded crunchy v0.2.4
[INFO] [stderr]   Downloaded page_size v0.6.0
[INFO] [stderr]   Downloaded alloca v0.4.0
[INFO] [stderr]   Downloaded wasmparser v0.244.0
[INFO] [stderr]   Downloaded opentelemetry_sdk v0.32.0
[INFO] [stderr]   Downloaded wit-component v0.244.0
[INFO] [stderr]   Downloaded zerocopy v0.8.48
[INFO] [stderr]   Downloaded either v1.16.0
[INFO] [stderr]   Downloaded oorandom v11.1.5
[INFO] [stderr]   Downloaded ciborium-ll v0.2.2
[INFO] [stderr]   Downloaded toml_datetime v1.1.1+spec-1.1.0
[INFO] [stderr]   Downloaded mintex v0.1.4
[INFO] [stderr]   Downloaded rustc-demangle v0.1.27
[INFO] [stderr]   Downloaded simd-adler32 v0.3.9
[INFO] [stderr]   Downloaded humantime v2.3.0
[INFO] [stderr]   Downloaded tinytemplate v1.2.1
[INFO] [stderr]   Downloaded rustix v1.1.4
[INFO] [stderr]   Downloaded dhat v0.3.3
[INFO] [stderr]   Downloaded plotters-svg v0.3.7
[INFO] [stderr]   Downloaded prost v0.14.3
[INFO] [stderr]   Downloaded toml_parser v1.1.2+spec-1.1.0
[INFO] [stderr]   Downloaded crc32fast v1.5.0
[INFO] [stderr]   Downloaded ciborium v0.2.2
[INFO] [stderr]   Downloaded opentelemetry-appender-tracing v0.32.0
[INFO] [stderr]   Downloaded addr2line v0.25.1
[INFO] [stderr]   Downloaded criterion-plot v0.8.2
[INFO] [stderr]   Downloaded anes v0.1.6
[INFO] [stderr]   Downloaded console-api v0.9.0
[INFO] [stderr]   Downloaded zstd-sys v2.0.16+zstd.1.5.7
[INFO] [stderr]   Downloaded clap v4.6.1
[INFO] [stderr]   Downloaded half v2.7.1
[INFO] [stderr]   Downloaded libc v0.2.186
[INFO] [stderr]   Downloaded miniz_oxide v0.8.9
[INFO] [stderr]   Downloaded tokio v1.52.3
[INFO] [stderr]   Downloaded flate2 v1.1.9
[INFO] [stderr]   Downloaded toml_edit v0.25.11+spec-1.1.0
[INFO] [stderr]   Downloaded backtrace v0.3.76
[INFO] [stderr]   Downloaded base64 v0.21.7
[INFO] [stderr]   Downloaded minimal-lexical v0.2.1
[INFO] [stderr]   Downloaded console-subscriber v0.5.0
[INFO] [stderr]   Downloaded nom v7.1.3
[INFO] [stderr]   Downloaded criterion v0.8.2
[INFO] [stderr]   Downloaded plotters v0.3.7
[INFO] [stderr]   Downloaded rayon v1.12.0
[INFO] [stderr]   Downloaded opentelemetry-proto v0.32.0
[INFO] [stderr]   Downloaded winnow v1.0.3
[INFO] [stderr]   Downloaded gimli v0.32.3
[INFO] [stderr]   Downloaded hdrhistogram v7.5.4
[INFO] [stderr]   Downloaded object v0.37.3
[INFO] [stderr]   Downloaded web-sys v0.3.98
[INFO] running `Command { std: "docker" "create" "-v" "/var/lib/crater-agent-workspace/builds/worker-1-tc1/source:/opt/rustwide/workdir:ro,Z" "-v" "/var/lib/crater-agent-workspace/builds/worker-1-tc1/target:/opt/rustwide/target:rw,Z" "-v" "/var/lib/crater-agent-workspace/cargo-home:/opt/rustwide/cargo-home:ro,Z" "-v" "/var/lib/crater-agent-workspace/rustup-home:/opt/rustwide/rustup-home:ro,Z" "-m" "1610612736" "--network" "none" "ghcr.io/rust-lang/crates-build-env/linux@sha256:77db811e55d90add9212f6832c23229e3de5f1c1f9905e8cb07319ea15df73ac" "sleep" "infinity", kill_on_drop: false }`
[INFO] [stdout] 013469b18106f9ec2460d39d89d4ce4bb3928064f76838f34d989f1e0b84ad22
[INFO] running `Command { std: "docker" "start" "013469b18106f9ec2460d39d89d4ce4bb3928064f76838f34d989f1e0b84ad22", kill_on_drop: false }`
[INFO] running `Command { std: "docker" "inspect" "013469b18106f9ec2460d39d89d4ce4bb3928064f76838f34d989f1e0b84ad22", kill_on_drop: false }`
[INFO] running `Command { std: "docker" "exec" "-e" "SOURCE_DIR=/opt/rustwide/workdir" "-e" "CARGO_HOME=/opt/rustwide/cargo-home" "-e" "RUSTUP_HOME=/opt/rustwide/rustup-home" "-e" "CARGO_TARGET_DIR=/opt/rustwide/target" "-w" "/opt/rustwide/workdir" "--user" "0:0" "013469b18106f9ec2460d39d89d4ce4bb3928064f76838f34d989f1e0b84ad22" "/opt/rustwide/cargo-home/bin/cargo" "+1.99.0-beta.8" "metadata" "--no-deps" "--format-version=1", kill_on_drop: false }`
[INFO] running `Command { std: "docker" "inspect" "013469b18106f9ec2460d39d89d4ce4bb3928064f76838f34d989f1e0b84ad22", kill_on_drop: false }`
[INFO] running `Command { std: "docker" "exec" "-e" "SOURCE_DIR=/opt/rustwide/workdir" "-e" "CARGO_HOME=/opt/rustwide/cargo-home" "-e" "RUSTUP_HOME=/opt/rustwide/rustup-home" "-e" "CARGO_TARGET_DIR=/opt/rustwide/target" "-e" "CARGO_INCREMENTAL=0" "-e" "RUST_BACKTRACE=full" "-e" "RUSTFLAGS=--cap-lints=warn" "-e" "RUSTDOCFLAGS=--cap-lints=warn" "-w" "/opt/rustwide/workdir" "--user" "0:0" "013469b18106f9ec2460d39d89d4ce4bb3928064f76838f34d989f1e0b84ad22" "/opt/rustwide/cargo-home/bin/cargo" "+1.99.0-beta.8" "build" "--frozen" "--message-format=json" "--release", kill_on_drop: false }`
[INFO] [stderr]    Compiling proc-macro2 v1.0.106
[INFO] [stderr]    Compiling quote v1.0.45
[INFO] [stderr]    Compiling unicode-ident v1.0.24
[INFO] [stderr]    Compiling serde_core v1.0.228
[INFO] [stderr]    Compiling serde v1.0.228
[INFO] [stderr]    Compiling zmij v1.0.21
[INFO] [stderr]    Compiling once_cell v1.21.4
[INFO] [stderr]    Compiling winnow v1.0.3
[INFO] [stderr]    Compiling hashbrown v0.17.1
[INFO] [stderr]    Compiling equivalent v1.0.2
[INFO] [stderr]    Compiling itoa v1.0.18
[INFO] [stderr]    Compiling serde_json v1.0.150
[INFO] [stderr]    Compiling tracing-core v0.1.36
[INFO] [stderr]    Compiling regex-syntax v0.8.10
[INFO] [stderr]    Compiling crossbeam-utils v0.8.21
[INFO] [stderr]    Compiling toml_datetime v1.1.1+spec-1.1.0
[INFO] [stderr]    Compiling syn v2.0.117
[INFO] [stderr]    Compiling memchr v2.8.0
[INFO] [stderr]    Compiling pin-project-lite v0.2.17
[INFO] [stderr]    Compiling indexmap v2.14.0
[INFO] [stderr]    Compiling powerfmt v0.2.0
[INFO] [stderr]    Compiling cfg-if v1.0.4
[INFO] [stderr]    Compiling thiserror v2.0.18
[INFO] [stderr]    Compiling lazy_static v1.5.0
[INFO] [stderr]    Compiling byteorder v1.5.0
[INFO] [stderr]    Compiling sharded-slab v0.1.7
[INFO] [stderr]    Compiling toml_parser v1.1.2+spec-1.1.0
[INFO] [stderr]    Compiling fxhash v0.2.1
[INFO] [stderr]    Compiling thread_local v1.1.9
[INFO] [stderr]    Compiling regex-automata v0.4.14
[INFO] [stderr]    Compiling deranged v0.5.8
[INFO] [stderr]    Compiling toml_edit v0.25.11+spec-1.1.0
[INFO] [stderr]    Compiling time-core v0.1.8
[INFO] [stderr]    Compiling num-conv v0.2.2
[INFO] [stderr]    Compiling heck v0.5.0
[INFO] [stderr]    Compiling nu-ansi-term v0.50.3
[INFO] [stderr]    Compiling crossbeam-channel v0.5.15
[INFO] [stderr]    Compiling proc-macro-crate v3.5.0
[INFO] [stderr]    Compiling symlink v0.1.0
[INFO] [stderr]    Compiling time v0.3.47
[INFO] [stderr]    Compiling nx-logger v0.1.0 (/opt/rustwide/workdir)
[INFO] [stderr]    Compiling smol_str v0.3.6
[INFO] [stderr]    Compiling smallvec v2.0.0-alpha.12
[INFO] [stderr]    Compiling matchers v0.2.0
[INFO] [stderr]    Compiling serde_derive v1.0.228
[INFO] [stderr]    Compiling tracing-attributes v0.1.31
[INFO] [stderr]    Compiling thiserror-impl v2.0.18
[INFO] [stderr]    Compiling nx-error-macros v0.1.0
[INFO] [stderr]    Compiling tracing v0.1.44
[INFO] [stderr]    Compiling tracing-serde v0.2.0
[INFO] [stderr]    Compiling nx-error v0.1.0
[INFO] [stderr]    Compiling tracing-subscriber v0.3.23
[INFO] [stderr]    Compiling tracing-appender v0.2.5
[INFO] [stderr]     Finished `release` profile [optimized] target(s) in 1m 10s
[INFO] running `Command { std: "docker" "inspect" "013469b18106f9ec2460d39d89d4ce4bb3928064f76838f34d989f1e0b84ad22", kill_on_drop: false }`
[INFO] running `Command { std: "docker" "exec" "-e" "SOURCE_DIR=/opt/rustwide/workdir" "-e" "CARGO_HOME=/opt/rustwide/cargo-home" "-e" "RUSTUP_HOME=/opt/rustwide/rustup-home" "-e" "CARGO_TARGET_DIR=/opt/rustwide/target" "-e" "CARGO_INCREMENTAL=0" "-e" "RUST_BACKTRACE=full" "-e" "RUSTFLAGS=--cap-lints=warn" "-e" "RUSTDOCFLAGS=--cap-lints=warn" "-w" "/opt/rustwide/workdir" "--user" "0:0" "013469b18106f9ec2460d39d89d4ce4bb3928064f76838f34d989f1e0b84ad22" "/opt/rustwide/cargo-home/bin/cargo" "+1.99.0-beta.8" "test" "--frozen" "--no-run" "--message-format=json" "--release", kill_on_drop: false }`
[INFO] [stderr]    Compiling libc v0.2.186
[INFO] [stderr]    Compiling serde_core v1.0.228
[INFO] [stderr]    Compiling serde v1.0.228
[INFO] [stderr]    Compiling crossbeam-utils v0.8.21
[INFO] [stderr]    Compiling serde_json v1.0.150
[INFO] [stderr]    Compiling zerocopy v0.8.48
[INFO] [stderr]    Compiling zerocopy-derive v0.8.48
[INFO] [stderr]    Compiling regex-syntax v0.8.10
[INFO] [stderr]    Compiling getrandom v0.3.4
[INFO] [stderr]    Compiling autocfg v1.5.0
[INFO] [stderr]    Compiling getrandom v0.4.2
[INFO] [stderr]    Compiling rustix v1.1.4
[INFO] [stderr]    Compiling shlex v1.3.0
[INFO] [stderr]    Compiling find-msvc-tools v0.1.9
[INFO] [stderr]    Compiling num-traits v0.2.19
[INFO] [stderr]    Compiling crossbeam-epoch v0.9.18
[INFO] [stderr]    Compiling cc v1.2.62
[INFO] [stderr]    Compiling either v1.16.0
[INFO] [stderr]    Compiling linux-raw-sys v0.12.1
[INFO] [stderr]    Compiling parking_lot_core v0.9.12
[INFO] [stderr]    Compiling object v0.37.3
[INFO] [stderr]    Compiling bitflags v2.11.1
[INFO] [stderr]    Compiling rayon-core v1.13.0
[INFO] [stderr]    Compiling crossbeam-deque v0.8.6
[INFO] [stderr]    Compiling plotters-backend v0.3.7
[INFO] [stderr]    Compiling rand_core v0.9.5
[INFO] [stderr]    Compiling adler2 v2.0.1
[INFO] [stderr]    Compiling smallvec v1.15.1
[INFO] [stderr]    Compiling ciborium-io v0.2.2
[INFO] [stderr]    Compiling gimli v0.32.3
[INFO] [stderr]    Compiling fastrand v2.4.1
[INFO] [stderr]    Compiling alloca v0.4.0
[INFO] [stderr]    Compiling scopeguard v1.2.0
[INFO] [stderr]    Compiling clap_lex v1.1.0
[INFO] [stderr]    Compiling anstyle v1.0.14
[INFO] [stderr]    Compiling lock_api v0.4.14
[INFO] [stderr]    Compiling regex-automata v0.4.14
[INFO] [stderr]    Compiling clap_builder v4.6.0
[INFO] [stderr]    Compiling miniz_oxide v0.8.9
[INFO] [stderr]    Compiling tracing-serde v0.2.0
[INFO] [stderr]    Compiling tempfile v3.27.0
[INFO] [stderr]    Compiling plotters-svg v0.3.7
[INFO] [stderr]    Compiling addr2line v0.25.1
[INFO] [stderr]    Compiling wait-timeout v0.2.1
[INFO] [stderr]    Compiling itertools v0.13.0
[INFO] [stderr]    Compiling half v2.7.1
[INFO] [stderr]    Compiling matchers v0.2.0
[INFO] [stderr]    Compiling ppv-lite86 v0.2.21
[INFO] [stderr]    Compiling tracing-subscriber v0.3.23
[INFO] [stderr]    Compiling ciborium-ll v0.2.2
[INFO] [stderr]    Compiling crossbeam-channel v0.5.15
[INFO] [stderr]    Compiling cast v0.3.0
[INFO] [stderr]    Compiling same-file v1.0.6
[INFO] [stderr]    Compiling bit-vec v0.8.0
[INFO] [stderr]    Compiling rustc-demangle v0.1.27
[INFO] [stderr]    Compiling quick-error v1.2.3
[INFO] [stderr]    Compiling fnv v1.0.7
[INFO] [stderr]    Compiling rusty-fork v0.3.1
[INFO] [stderr]    Compiling bit-set v0.8.0
[INFO] [stderr]    Compiling walkdir v2.5.0
[INFO] [stderr]    Compiling criterion-plot v0.8.2
[INFO] [stderr]    Compiling rand_chacha v0.9.0
[INFO] [stderr]    Compiling ciborium v0.2.2
[INFO] [stderr]    Compiling rayon v1.12.0
[INFO] [stderr]    Compiling tracing-appender v0.2.5
[INFO] [stderr]    Compiling backtrace v0.3.76
[INFO] [stderr]    Compiling regex v1.12.3
[INFO] [stderr]    Compiling clap v4.6.1
[INFO] [stderr]    Compiling tinytemplate v1.2.1
[INFO] [stderr]    Compiling nx-error v0.1.0
[INFO] [stderr]    Compiling plotters v0.3.7
[INFO] [stderr]    Compiling smol_str v0.3.6
[INFO] [stderr]    Compiling parking_lot v0.12.5
[INFO] [stderr]    Compiling rand v0.9.4
[INFO] [stderr]    Compiling rand_xorshift v0.4.0
[INFO] [stderr]    Compiling page_size v0.6.0
[INFO] [stderr]    Compiling tokio v1.52.3
[INFO] [stderr]    Compiling unarray v0.1.4
[INFO] [stderr]    Compiling mintex v0.1.4
[INFO] [stderr]    Compiling thousands v0.2.0
[INFO] [stderr]    Compiling anes v0.1.6
[INFO] [stderr]    Compiling rustc-hash v1.1.0
[INFO] [stderr]    Compiling oorandom v11.1.5
[INFO] [stderr]    Compiling dhat v0.3.3
[INFO] [stderr]    Compiling proptest v1.11.0
[INFO] [stderr]    Compiling nx-logger v0.1.0 (/opt/rustwide/workdir)
[INFO] [stderr]    Compiling criterion v0.8.2
[INFO] [stderr]     Finished `release` profile [optimized] target(s) in 2m 32s
[INFO] running `Command { std: "docker" "inspect" "013469b18106f9ec2460d39d89d4ce4bb3928064f76838f34d989f1e0b84ad22", kill_on_drop: false }`
[INFO] running `Command { std: "docker" "exec" "-e" "SOURCE_DIR=/opt/rustwide/workdir" "-e" "CARGO_HOME=/opt/rustwide/cargo-home" "-e" "RUSTUP_HOME=/opt/rustwide/rustup-home" "-e" "CARGO_TARGET_DIR=/opt/rustwide/target" "-e" "CARGO_INCREMENTAL=0" "-e" "RUST_BACKTRACE=full" "-e" "RUSTFLAGS=--cap-lints=warn" "-e" "RUSTDOCFLAGS=--cap-lints=warn" "-w" "/opt/rustwide/workdir" "--user" "0:0" "013469b18106f9ec2460d39d89d4ce4bb3928064f76838f34d989f1e0b84ad22" "/opt/rustwide/cargo-home/bin/cargo" "+1.99.0-beta.8" "test" "--frozen" "--release", kill_on_drop: false }`
[INFO] [stderr]     Finished `release` profile [optimized] target(s) in 0.21s
[INFO] [stderr]      Running unittests src/lib.rs (/opt/rustwide/target/release/deps/nx_logger-1cd2a64f9ce8e07e)
[INFO] [stdout] 
[INFO] [stdout] running 3 tests
[INFO] [stdout] test utils::tests::test_json_escaping_manual ... ok
[INFO] [stdout] test utils::tests::test_ignore_fields_logic ... ok
[INFO] [stdout] test utils::tests::proptest_json_escaping_is_valid ... ok
[INFO] [stdout] 
[INFO] [stdout] test result: ok. 3 passed; 0 failed; 0 ignored; 0 measured; 0 filtered out; finished in 0.01s
[INFO] [stdout] 
[INFO] [stderr]      Running tests/dhat.rs (/opt/rustwide/target/release/deps/dhat-02a609b0f81db9fd)
[INFO] [stdout] 
[INFO] [stdout] running 1 test
[INFO] [stdout] test test_memory_usage ... ok
[INFO] [stdout] 
[INFO] [stdout] test result: ok. 1 passed; 0 failed; 0 ignored; 0 measured; 0 filtered out; finished in 0.01s
[INFO] [stdout] 
[INFO] [stderr]      Running tests/integration.rs (/opt/rustwide/target/release/deps/integration-f00b98b62b0d0315)
[INFO] [stdout] 
[INFO] [stdout] running 1 test
[INFO] [stdout] test test_file_logging_and_field_redaction ... FAILED
[INFO] [stdout] 
[INFO] [stdout] failures:
[INFO] [stdout] 
[INFO] [stdout] ---- test_file_logging_and_field_redaction stdout ----
[INFO] [stdout] 
[INFO] [stdout] thread 'test_file_logging_and_field_redaction' (2647) panicked at tests/integration.rs:37:5:
[INFO] [stdout] Log file was not created or is empty
[INFO] [stdout] stack backtrace:
[INFO] [stdout]    0:     0x63890efb62f1 - <<std[70759c8f55707aa4]::sys::backtrace::BacktraceLock>::print::DisplayBacktrace as core[df12db4294e9bfd3]::fmt::Display>::fmt
[INFO] [stdout]    1:     0x63890efcd9da - core[df12db4294e9bfd3]::fmt::write
[INFO] [stdout]    2:     0x63890efbae3c - <alloc[2182bb758b4b3781]::vec::Vec<u8> as core[df12db4294e9bfd3]::io::write::Write>::write_fmt
[INFO] [stdout]    3:     0x63890ef904a6 - std[70759c8f55707aa4]::panicking::default_hook::{closure#0}
[INFO] [stdout]    4:     0x63890efad829 - std[70759c8f55707aa4]::panicking::default_hook
[INFO] [stdout]    5:     0x63890ee9daa0 - test[9d35eded1c95d3be]::test_main_inner::<test[9d35eded1c95d3be]::test_main_static::{closure#0}>::{closure#0}
[INFO] [stdout]    6:     0x63890efad9e2 - std[70759c8f55707aa4]::panicking::panic_with_hook
[INFO] [stdout]    7:     0x63890ef90584 - std[70759c8f55707aa4]::panicking::panic_handler::{closure#0}
[INFO] [stdout]    8:     0x63890ef88f29 - std[70759c8f55707aa4]::sys::backtrace::__rust_end_short_backtrace::<std[70759c8f55707aa4]::panicking::panic_handler::{closure#0}, !>
[INFO] [stdout]    9:     0x63890ef9123d - __rustc[8fa7c3cbc660c2b3]::rust_begin_unwind
[INFO] [stdout]   10:     0x63890efce1bc - core[df12db4294e9bfd3]::panicking::panic_fmt
[INFO] [stdout]   11:     0x63890ee8c10d - <integration[d9eeb60469ebefc7]::test_file_logging_and_field_redaction::{closure#0} as core[df12db4294e9bfd3]::ops::function::FnOnce<()>>::call_once
[INFO] [stdout]   12:     0x63890ee90d8b - test[9d35eded1c95d3be]::__rust_begin_short_backtrace::<core[df12db4294e9bfd3]::result::Result<(), alloc[2182bb758b4b3781]::string::String>, fn() -> core[df12db4294e9bfd3]::result::Result<(), alloc[2182bb758b4b3781]::string::String>>
[INFO] [stdout]   13:     0x63890ee9e3f5 - test[9d35eded1c95d3be]::run_test::{closure#0}
[INFO] [stdout]   14:     0x63890ee97cb4 - std[70759c8f55707aa4]::sys::backtrace::__rust_begin_short_backtrace::<test[9d35eded1c95d3be]::run_test::{closure#1}, ()>
[INFO] [stdout]   15:     0x63890eea1552 - <std[70759c8f55707aa4]::thread::lifecycle::spawn_unchecked<test[9d35eded1c95d3be]::run_test::{closure#1}, ()>::{closure#1} as core[df12db4294e9bfd3]::ops::function::FnOnce<()>>::call_once::{shim:vtable#0}
[INFO] [stdout]   16:     0x63890efb5829 - <std[70759c8f55707aa4]::sys::thread::unix::Thread>::new::thread_start
[INFO] [stdout]   17:     0x7b62a3baadfa - <unknown>
[INFO] [stdout]   18:     0x7b62a3c3e3d4 - clone
[INFO] [stdout]   19:                0x0 - <unknown>
[INFO] [stdout] 
[INFO] [stdout] 
[INFO] [stdout] failures:
[INFO] [stdout]     test_file_logging_and_field_redaction
[INFO] [stdout] 
[INFO] [stdout] test result: FAILED. 0 passed; 1 failed; 0 ignored; 0 measured; 0 filtered out; finished in 0.03s
[INFO] [stdout] 
[INFO] [stderr] error: test failed, to rerun pass `--test integration`
[INFO] running `Command { std: "docker" "inspect" "013469b18106f9ec2460d39d89d4ce4bb3928064f76838f34d989f1e0b84ad22", kill_on_drop: false }`
[INFO] running `Command { std: "docker" "rm" "-f" "013469b18106f9ec2460d39d89d4ce4bb3928064f76838f34d989f1e0b84ad22", kill_on_drop: false }`
[INFO] [stdout] 013469b18106f9ec2460d39d89d4ce4bb3928064f76838f34d989f1e0b84ad22
