[INFO] fetching crate nexosim 1.0.0...
[INFO] testing nexosim-1.0.0 against 1.99.0-beta.8+cargoflags=--release for beta-release-1.100-3
[INFO] extracting crate nexosim 1.0.0 into /workspace/builds/worker-0-tc1/source
[INFO] started tweaking crates.io crate nexosim 1.0.0
[INFO] removed 0 missing examples
[INFO] removed 0 missing tests
[INFO] finished tweaking crates.io crate nexosim 1.0.0
[INFO] tweaked toml for crates.io crate nexosim 1.0.0 written to /workspace/builds/worker-0-tc1/source/Cargo.toml
[INFO] validating manifest of crates.io crate nexosim 1.0.0 on toolchain 1.99.0-beta.8
[INFO] running `Command { std: CARGO_HOME="/workspace/cargo-home" RUSTUP_HOME="/workspace/rustup-home" "/workspace/cargo-home/bin/cargo" "+1.99.0-beta.8" "metadata" "--manifest-path" "Cargo.toml" "--no-deps", kill_on_drop: false }`
[INFO] crate crates.io crate nexosim 1.0.0 already has a lockfile, it will not be regenerated
[INFO] running `Command { std: CARGO_HOME="/workspace/cargo-home" RUSTUP_HOME="/workspace/rustup-home" "/workspace/cargo-home/bin/cargo" "+1.99.0-beta.8" "fetch" "--manifest-path" "Cargo.toml", kill_on_drop: false }`
[INFO] [stderr]     Blocking waiting for file lock on package cache
[INFO] [stderr]     Updating crates.io index
[INFO] [stderr]     Blocking waiting for file lock on package cache
[INFO] [stderr]  Downloading crates ...
[INFO] [stderr]   Downloaded waker-fn v1.2.0
[INFO] [stderr]   Downloaded tracing-log v0.2.0
[INFO] [stderr]   Downloaded once_cell v1.21.3
[INFO] [stderr]   Downloaded tracing-attributes v0.1.30
[INFO] [stderr]   Downloaded tonic-prost-build v0.14.3
[INFO] [stderr]   Downloaded tonic-build v0.14.3
[INFO] [stderr]   Downloaded windows-targets v0.53.3
[INFO] [stderr]   Downloaded quote v1.0.40
[INFO] [stderr]   Downloaded cfg-if v1.0.3
[INFO] [stderr]   Downloaded nu-ansi-term v0.50.1
[INFO] [stderr]   Downloaded matchers v0.2.0
[INFO] [stderr]   Downloaded unicode-ident v1.0.18
[INFO] [stderr]   Downloaded tempfile v3.21.0
[INFO] [stderr]   Downloaded recycle-box v0.2.0
[INFO] [stderr]   Downloaded parking v2.2.1
[INFO] [stderr]   Downloaded nexosim-macros v1.0.0
[INFO] [stderr]   Downloaded errno v0.3.13
[INFO] [stderr]   Downloaded tokio-macros v2.5.0
[INFO] [stderr]   Downloaded ref-cast v1.0.25
[INFO] [stderr]   Downloaded dyn-clone v1.0.20
[INFO] [stderr]   Downloaded pollster v0.4.0
[INFO] [stderr]   Downloaded generator v0.8.7
[INFO] [stderr]   Downloaded spin_sleep v1.3.2
[INFO] [stderr]   Downloaded ref-cast-impl v1.0.25
[INFO] [stderr]   Downloaded virtue v0.0.18
[INFO] [stderr]   Downloaded unty v0.0.4
[INFO] [stderr]   Downloaded bincode_derive v2.0.1
[INFO] [stderr]   Downloaded windows-threading v0.1.0
[INFO] [stderr]   Downloaded tonic-prost v0.14.3
[INFO] [stderr]   Downloaded httpdate v1.0.3
[INFO] [stderr]   Downloaded multimap v0.10.1
[INFO] [stderr]   Downloaded windows-numerics v0.2.0
[INFO] [stderr]   Downloaded windows-collections v0.2.0
[INFO] [stderr]   Downloaded bincode v2.0.1
[INFO] [stderr]   Downloaded async-event v0.2.1
[INFO] [stderr]   Downloaded windows-implement v0.60.0
[INFO] [stderr]   Downloaded ciborium-io v0.2.2
[INFO] [stderr]   Downloaded windows-interface v0.59.1
[INFO] [stderr]   Downloaded ciborium-ll v0.2.2
[INFO] [stderr]   Downloaded async-trait v0.1.89
[INFO] [stderr]   Downloaded prost-derive v0.14.3
[INFO] [stderr]   Downloaded zmij v1.0.16
[INFO] [stderr]   Downloaded windows-targets v0.48.5
[INFO] [stderr]   Downloaded itoa v1.0.15
[INFO] [stderr]   Downloaded tai-time v1.0.0
[INFO] [stderr]   Downloaded schemars_derive v1.2.0
[INFO] [stderr]   Downloaded st3 v0.4.1
[INFO] [stderr]   Downloaded scoped-tls v1.0.1
[INFO] [stderr]   Downloaded multishot v0.3.2
[INFO] [stderr]   Downloaded prost v0.14.3
[INFO] [stderr]   Downloaded find-msvc-tools v0.1.1
[INFO] [stderr]   Downloaded generator v0.7.5
[INFO] [stderr]   Downloaded smol_str v0.3.2
[INFO] [stderr]   Downloaded diatomic-waker v0.2.3
[INFO] [stderr]   Downloaded prost-build v0.14.3
[INFO] [stderr]   Downloaded unicase v2.9.0
[INFO] [stderr]   Downloaded addr2line v0.24.2
[INFO] [stderr]   Downloaded axum-core v0.5.6
[INFO] [stderr]   Downloaded windows-future v0.2.1
[INFO] [stderr]   Downloaded matchit v0.8.4
[INFO] [stderr]   Downloaded tokio-stream v0.1.17
[INFO] [stderr]   Downloaded getrandom v0.3.3
[INFO] [stderr]   Downloaded prost-types v0.14.3
[INFO] [stderr]   Downloaded pulldown-cmark-to-cmark v22.0.0
[INFO] [stderr]   Downloaded socket2 v0.6.0
[INFO] [stderr]   Downloaded pin-project-internal v1.1.10
[INFO] [stderr]   Downloaded serde_derive_internals v0.29.1
[INFO] [stderr]   Downloaded ciborium v0.2.2
[INFO] [stderr]   Downloaded wit-bindgen v0.45.1
[INFO] [stderr]   Downloaded pin-project v1.1.10
[INFO] [stderr]   Downloaded windows-core v0.61.2
[INFO] [stderr]   Downloaded anyhow v1.0.99
[INFO] [stderr]   Downloaded crossbeam-utils v0.8.21
[INFO] [stderr]   Downloaded loom v0.7.2
[INFO] [stderr]   Downloaded loom v0.5.6
[INFO] [stderr]   Downloaded half v2.4.1
[INFO] [stderr]   Downloaded cc v1.2.36
[INFO] [stderr]   Downloaded memchr v2.7.5
[INFO] [stderr]   Downloaded bytes v1.10.1
[INFO] [stderr]   Downloaded backtrace v0.3.75
[INFO] [stderr]   Downloaded mio v1.0.4
[INFO] [stderr]   Downloaded tonic v0.14.3
[INFO] [stderr]   Downloaded indexmap v2.11.0
[INFO] [stderr]   Downloaded schemars v1.2.0
[INFO] [stderr]   Downloaded borsh v1.6.0
[INFO] [stderr]   Downloaded io-uring v0.7.10
[INFO] [stderr]   Downloaded hyper-util v0.1.16
[INFO] [stderr]   Downloaded wasi v0.14.3+wasi-0.2.4
[INFO] [stderr]   Downloaded aho-corasick v1.1.3
[INFO] [stderr]   Downloaded pulldown-cmark v0.13.0
[INFO] [stderr]   Downloaded regex v1.11.2
[INFO] [stderr]   Downloaded tracing-subscriber v0.3.20
[INFO] [stderr]   Downloaded axum v0.8.8
[INFO] [stderr]   Downloaded syn v2.0.106
[INFO] [stderr]   Downloaded gimli v0.31.1
[INFO] [stderr]   Downloaded object v0.36.7
[INFO] [stderr]   Downloaded regex-syntax v0.8.6
[INFO] [stderr]   Downloaded rustix v1.0.8
[INFO] [stderr]   Downloaded windows_aarch64_gnullvm v0.48.5
[INFO] [stderr]   Downloaded windows_x86_64_gnullvm v0.48.5
[INFO] [stderr]   Downloaded regex-automata v0.4.10
[INFO] [stderr]   Downloaded windows_x86_64_gnullvm v0.53.0
[INFO] [stderr]   Downloaded windows_x86_64_msvc v0.48.5
[INFO] [stderr]   Downloaded windows_x86_64_gnu v0.48.5
[INFO] [stderr]   Downloaded windows_aarch64_msvc v0.48.5
[INFO] [stderr]   Downloaded windows_aarch64_msvc v0.53.0
[INFO] [stderr]   Downloaded libc v0.2.175
[INFO] [stderr]   Downloaded windows_i686_gnullvm v0.53.0
[INFO] [stderr]   Downloaded windows_aarch64_gnullvm v0.53.0
[INFO] [stderr]   Downloaded tokio v1.47.1
[INFO] [stderr]   Downloaded windows_i686_msvc v0.48.5
[INFO] [stderr]   Downloaded windows_x86_64_msvc v0.53.0
[INFO] [stderr]   Downloaded windows_i686_gnu v0.48.5
[INFO] [stderr]   Downloaded windows_x86_64_gnu v0.53.0
[INFO] [stderr]   Downloaded windows_i686_gnu v0.53.0
[INFO] [stderr]   Downloaded windows_i686_msvc v0.53.0
[INFO] [stderr]   Downloaded linux-raw-sys v0.9.4
[INFO] [stderr]   Downloaded windows v0.61.3
[INFO] [stderr]   Downloaded windows v0.48.0
[INFO] running `Command { std: "docker" "create" "-v" "/var/lib/crater-agent-workspace/builds/worker-0-tc1/source:/opt/rustwide/workdir:ro,Z" "-v" "/var/lib/crater-agent-workspace/builds/worker-0-tc1/target:/opt/rustwide/target:rw,Z" "-v" "/var/lib/crater-agent-workspace/cargo-home:/opt/rustwide/cargo-home:ro,Z" "-v" "/var/lib/crater-agent-workspace/rustup-home:/opt/rustwide/rustup-home:ro,Z" "-m" "1610612736" "--network" "none" "ghcr.io/rust-lang/crates-build-env/linux@sha256:77db811e55d90add9212f6832c23229e3de5f1c1f9905e8cb07319ea15df73ac" "sleep" "infinity", kill_on_drop: false }`
[INFO] [stdout] dd877b34ec8f023ad5428ae66d04452e6211a8745bcbeb00dde70fd65016f447
[INFO] running `Command { std: "docker" "start" "dd877b34ec8f023ad5428ae66d04452e6211a8745bcbeb00dde70fd65016f447", kill_on_drop: false }`
[INFO] running `Command { std: "docker" "inspect" "dd877b34ec8f023ad5428ae66d04452e6211a8745bcbeb00dde70fd65016f447", kill_on_drop: false }`
[INFO] running `Command { std: "docker" "exec" "-e" "SOURCE_DIR=/opt/rustwide/workdir" "-e" "CARGO_HOME=/opt/rustwide/cargo-home" "-e" "RUSTUP_HOME=/opt/rustwide/rustup-home" "-e" "CARGO_TARGET_DIR=/opt/rustwide/target" "-w" "/opt/rustwide/workdir" "--user" "0:0" "dd877b34ec8f023ad5428ae66d04452e6211a8745bcbeb00dde70fd65016f447" "/opt/rustwide/cargo-home/bin/cargo" "+1.99.0-beta.8" "metadata" "--no-deps" "--format-version=1", kill_on_drop: false }`
[INFO] running `Command { std: "docker" "inspect" "dd877b34ec8f023ad5428ae66d04452e6211a8745bcbeb00dde70fd65016f447", kill_on_drop: false }`
[INFO] running `Command { std: "docker" "exec" "-e" "SOURCE_DIR=/opt/rustwide/workdir" "-e" "CARGO_HOME=/opt/rustwide/cargo-home" "-e" "RUSTUP_HOME=/opt/rustwide/rustup-home" "-e" "CARGO_TARGET_DIR=/opt/rustwide/target" "-e" "CARGO_INCREMENTAL=0" "-e" "RUST_BACKTRACE=full" "-e" "RUSTFLAGS=--cap-lints=warn" "-e" "RUSTDOCFLAGS=--cap-lints=warn" "-w" "/opt/rustwide/workdir" "--user" "0:0" "dd877b34ec8f023ad5428ae66d04452e6211a8745bcbeb00dde70fd65016f447" "/opt/rustwide/cargo-home/bin/cargo" "+1.99.0-beta.8" "build" "--frozen" "--message-format=json" "--release", kill_on_drop: false }`
[INFO] [stderr]    Compiling proc-macro2 v1.0.101
[INFO] [stderr]    Compiling unicode-ident v1.0.18
[INFO] [stderr]    Compiling serde_core v1.0.228
[INFO] [stderr]    Compiling serde v1.0.228
[INFO] [stderr]    Compiling zmij v1.0.16
[INFO] [stderr]    Compiling serde_json v1.0.149
[INFO] [stderr]    Compiling ref-cast v1.0.25
[INFO] [stderr]    Compiling memchr v2.7.5
[INFO] [stderr]    Compiling itoa v1.0.15
[INFO] [stderr]    Compiling libc v0.2.175
[INFO] [stderr]    Compiling crossbeam-utils v0.8.21
[INFO] [stderr]    Compiling pin-project-lite v0.2.16
[INFO] [stderr]    Compiling virtue v0.0.18
[INFO] [stderr]    Compiling dyn-clone v1.0.20
[INFO] [stderr]    Compiling futures-core v0.3.31
[INFO] [stderr]    Compiling slab v0.4.11
[INFO] [stderr]    Compiling nexosim v1.0.0 (/opt/rustwide/workdir)
[INFO] [stderr]    Compiling futures-task v0.3.31
[INFO] [stderr]    Compiling unty v0.0.4
[INFO] [stderr]    Compiling pin-utils v0.1.0
[INFO] [stderr]    Compiling futures-channel v0.3.31
[INFO] [stderr]    Compiling async-event v0.2.1
[INFO] [stderr]    Compiling bincode_derive v2.0.1
[INFO] [stderr]    Compiling quote v1.0.40
[INFO] [stderr]    Compiling syn v2.0.106
[INFO] [stderr]    Compiling st3 v0.4.1
[INFO] [stderr]    Compiling recycle-box v0.2.0
[INFO] [stderr]    Compiling num_cpus v1.17.0
[INFO] [stderr]    Compiling multishot v0.3.2
[INFO] [stderr]    Compiling pollster v0.4.0
[INFO] [stderr]    Compiling spin_sleep v1.3.2
[INFO] [stderr]    Compiling parking v2.2.1
[INFO] [stderr]    Compiling diatomic-waker v0.2.3
[INFO] [stderr]    Compiling serde_derive_internals v0.29.1
[INFO] [stderr]    Compiling serde_derive v1.0.228
[INFO] [stderr]    Compiling ref-cast-impl v1.0.25
[INFO] [stderr]    Compiling futures-macro v0.3.31
[INFO] [stderr]    Compiling pin-project-internal v1.1.10
[INFO] [stderr]    Compiling nexosim-macros v1.0.0
[INFO] [stderr]    Compiling schemars_derive v1.2.0
[INFO] [stderr]    Compiling futures-util v0.3.31
[INFO] [stderr]    Compiling pin-project v1.1.10
[INFO] [stderr]    Compiling schemars v1.2.0
[INFO] [stderr]    Compiling smol_str v0.3.2
[INFO] [stderr]    Compiling bincode v2.0.1
[INFO] [stderr]    Compiling tai-time v1.0.0
[INFO] [stdout] warning: use of deprecated method `std::sync::atomic::Atomic::<usize>::fetch_update`: renamed to `try_update` for consistency
[INFO] [stdout]    --> src/executor/mt_executor/pool_manager.rs:136:14
[INFO] [stdout]     |
[INFO] [stdout] 136 |             .fetch_update(Ordering::Release, Ordering::Relaxed, |active_workers| {
[INFO] [stdout]     |              ^^^^^^^^^^^^
[INFO] [stdout]     |
[INFO] [stdout]     = note: `#[warn(deprecated)]` on by default
[INFO] [stdout] help: replace the use of the deprecated method
[INFO] [stdout]     |
[INFO] [stdout] 136 -             .fetch_update(Ordering::Release, Ordering::Relaxed, |active_workers| {
[INFO] [stdout] 136 +             .try_update(Ordering::Release, Ordering::Relaxed, |active_workers| {
[INFO] [stdout]     |
[INFO] [stdout] 
[INFO] [stdout] 
[INFO] [stdout] warning: use of deprecated method `std::sync::atomic::Atomic::<u64>::fetch_update`: renamed to `try_update` for consistency
[INFO] [stdout]   --> src/executor/task/cancel_token.rs:48:10
[INFO] [stdout]    |
[INFO] [stdout] 48 |         .fetch_update(Ordering::AcqRel, Ordering::Relaxed, |s| {
[INFO] [stdout]    |          ^^^^^^^^^^^^
[INFO] [stdout]    |
[INFO] [stdout] help: replace the use of the deprecated method
[INFO] [stdout]    |
[INFO] [stdout] 48 -         .fetch_update(Ordering::AcqRel, Ordering::Relaxed, |s| {
[INFO] [stdout] 48 +         .try_update(Ordering::AcqRel, Ordering::Relaxed, |s| {
[INFO] [stdout]    |
[INFO] [stdout] 
[INFO] [stdout] 
[INFO] [stdout] warning: use of deprecated method `std::sync::atomic::Atomic::<u64>::fetch_update`: renamed to `try_update` for consistency
[INFO] [stdout]   --> src/executor/task/promise.rs:41:10
[INFO] [stdout]    |
[INFO] [stdout] 41 |         .fetch_update(Ordering::Acquire, Ordering::Relaxed, |s| {
[INFO] [stdout]    |          ^^^^^^^^^^^^
[INFO] [stdout]    |
[INFO] [stdout] help: replace the use of the deprecated method
[INFO] [stdout]    |
[INFO] [stdout] 41 -         .fetch_update(Ordering::Acquire, Ordering::Relaxed, |s| {
[INFO] [stdout] 41 +         .try_update(Ordering::Acquire, Ordering::Relaxed, |s| {
[INFO] [stdout]    |
[INFO] [stdout] 
[INFO] [stdout] 
[INFO] [stdout] warning: use of deprecated method `std::sync::atomic::Atomic::<u64>::fetch_update`: renamed to `try_update` for consistency
[INFO] [stdout]    --> src/executor/task/runnable.rs:110:26
[INFO] [stdout]     |
[INFO] [stdout] 110 |                         .fetch_update(Ordering::Release, Ordering::Relaxed, |s| {
[INFO] [stdout]     |                          ^^^^^^^^^^^^
[INFO] [stdout]     |
[INFO] [stdout] help: replace the use of the deprecated method
[INFO] [stdout]     |
[INFO] [stdout] 110 -                         .fetch_update(Ordering::Release, Ordering::Relaxed, |s| {
[INFO] [stdout] 110 +                         .try_update(Ordering::Release, Ordering::Relaxed, |s| {
[INFO] [stdout]     |
[INFO] [stdout] 
[INFO] [stdout] 
[INFO] [stdout] warning: use of deprecated method `std::sync::atomic::Atomic::<u64>::fetch_update`: renamed to `try_update` for consistency
[INFO] [stdout]    --> src/executor/task/runnable.rs:142:18
[INFO] [stdout]     |
[INFO] [stdout] 142 |                 .fetch_update(Ordering::Release, Ordering::Relaxed, |s| {
[INFO] [stdout]     |                  ^^^^^^^^^^^^
[INFO] [stdout]     |
[INFO] [stdout] help: replace the use of the deprecated method
[INFO] [stdout]     |
[INFO] [stdout] 142 -                 .fetch_update(Ordering::Release, Ordering::Relaxed, |s| {
[INFO] [stdout] 142 +                 .try_update(Ordering::Release, Ordering::Relaxed, |s| {
[INFO] [stdout]     |
[INFO] [stdout] 
[INFO] [stdout] 
[INFO] [stdout] warning: use of deprecated method `std::sync::atomic::Atomic::<u64>::fetch_update`: renamed to `try_update` for consistency
[INFO] [stdout]    --> src/executor/task/runnable.rs:250:14
[INFO] [stdout]     |
[INFO] [stdout] 250 |             .fetch_update(Ordering::Release, Ordering::Relaxed, |s| {
[INFO] [stdout]     |              ^^^^^^^^^^^^
[INFO] [stdout]     |
[INFO] [stdout] help: replace the use of the deprecated method
[INFO] [stdout]     |
[INFO] [stdout] 250 -             .fetch_update(Ordering::Release, Ordering::Relaxed, |s| {
[INFO] [stdout] 250 +             .try_update(Ordering::Release, Ordering::Relaxed, |s| {
[INFO] [stdout]     |
[INFO] [stdout] 
[INFO] [stdout] 
[INFO] [stderr]     Finished `release` profile [optimized] target(s) in 44.67s
[INFO] running `Command { std: "docker" "inspect" "dd877b34ec8f023ad5428ae66d04452e6211a8745bcbeb00dde70fd65016f447", kill_on_drop: false }`
[INFO] running `Command { std: "docker" "exec" "-e" "SOURCE_DIR=/opt/rustwide/workdir" "-e" "CARGO_HOME=/opt/rustwide/cargo-home" "-e" "RUSTUP_HOME=/opt/rustwide/rustup-home" "-e" "CARGO_TARGET_DIR=/opt/rustwide/target" "-e" "CARGO_INCREMENTAL=0" "-e" "RUST_BACKTRACE=full" "-e" "RUSTFLAGS=--cap-lints=warn" "-e" "RUSTDOCFLAGS=--cap-lints=warn" "-w" "/opt/rustwide/workdir" "--user" "0:0" "dd877b34ec8f023ad5428ae66d04452e6211a8745bcbeb00dde70fd65016f447" "/opt/rustwide/cargo-home/bin/cargo" "+1.99.0-beta.8" "test" "--frozen" "--no-run" "--message-format=json" "--release", kill_on_drop: false }`
[INFO] [stderr]    Compiling once_cell v1.21.3
[INFO] [stderr]    Compiling regex-syntax v0.8.6
[INFO] [stderr]    Compiling cfg-if v1.0.3
[INFO] [stderr]    Compiling log v0.4.28
[INFO] [stderr]    Compiling lazy_static v1.5.0
[INFO] [stderr]    Compiling smallvec v1.15.1
[INFO] [stderr]    Compiling nu-ansi-term v0.50.1
[INFO] [stderr]    Compiling futures-executor v0.3.31
[INFO] [stderr]    Compiling sharded-slab v0.1.7
[INFO] [stderr]    Compiling thread_local v1.1.9
[INFO] [stderr]    Compiling tracing-core v0.1.34
[INFO] [stdout] warning: use of deprecated method `std::sync::atomic::Atomic::<usize>::fetch_update`: renamed to `try_update` for consistency
[INFO] [stdout]    --> src/executor/mt_executor/pool_manager.rs:136:14
[INFO] [stdout]     |
[INFO] [stdout] 136 |             .fetch_update(Ordering::Release, Ordering::Relaxed, |active_workers| {
[INFO] [stdout]     |              ^^^^^^^^^^^^
[INFO] [stdout]     |
[INFO] [stdout]     = note: `#[warn(deprecated)]` on by default
[INFO] [stdout] help: replace the use of the deprecated method
[INFO] [stdout]     |
[INFO] [stdout] 136 -             .fetch_update(Ordering::Release, Ordering::Relaxed, |active_workers| {
[INFO] [stdout] 136 +             .try_update(Ordering::Release, Ordering::Relaxed, |active_workers| {
[INFO] [stdout]     |
[INFO] [stdout] 
[INFO] [stdout] 
[INFO] [stdout] warning: use of deprecated method `std::sync::atomic::Atomic::<u64>::fetch_update`: renamed to `try_update` for consistency
[INFO] [stdout]   --> src/executor/task/cancel_token.rs:48:10
[INFO] [stdout]    |
[INFO] [stdout] 48 |         .fetch_update(Ordering::AcqRel, Ordering::Relaxed, |s| {
[INFO] [stdout]    |          ^^^^^^^^^^^^
[INFO] [stdout]    |
[INFO] [stdout] help: replace the use of the deprecated method
[INFO] [stdout]    |
[INFO] [stdout] 48 -         .fetch_update(Ordering::AcqRel, Ordering::Relaxed, |s| {
[INFO] [stdout] 48 +         .try_update(Ordering::AcqRel, Ordering::Relaxed, |s| {
[INFO] [stdout]    |
[INFO] [stdout] 
[INFO] [stdout] 
[INFO] [stdout] warning: use of deprecated method `std::sync::atomic::Atomic::<u64>::fetch_update`: renamed to `try_update` for consistency
[INFO] [stdout]   --> src/executor/task/promise.rs:41:10
[INFO] [stdout]    |
[INFO] [stdout] 41 |         .fetch_update(Ordering::Acquire, Ordering::Relaxed, |s| {
[INFO] [stdout]    |          ^^^^^^^^^^^^
[INFO] [stdout]    |
[INFO] [stdout] help: replace the use of the deprecated method
[INFO] [stdout]    |
[INFO] [stdout] 41 -         .fetch_update(Ordering::Acquire, Ordering::Relaxed, |s| {
[INFO] [stdout] 41 +         .try_update(Ordering::Acquire, Ordering::Relaxed, |s| {
[INFO] [stdout]    |
[INFO] [stdout] 
[INFO] [stdout] 
[INFO] [stdout] warning: use of deprecated method `std::sync::atomic::Atomic::<u64>::fetch_update`: renamed to `try_update` for consistency
[INFO] [stdout]    --> src/executor/task/runnable.rs:110:26
[INFO] [stdout]     |
[INFO] [stdout] 110 |                         .fetch_update(Ordering::Release, Ordering::Relaxed, |s| {
[INFO] [stdout]     |                          ^^^^^^^^^^^^
[INFO] [stdout]     |
[INFO] [stdout] help: replace the use of the deprecated method
[INFO] [stdout]     |
[INFO] [stdout] 110 -                         .fetch_update(Ordering::Release, Ordering::Relaxed, |s| {
[INFO] [stdout] 110 +                         .try_update(Ordering::Release, Ordering::Relaxed, |s| {
[INFO] [stdout]     |
[INFO] [stdout] 
[INFO] [stdout] 
[INFO] [stdout] warning: use of deprecated method `std::sync::atomic::Atomic::<u64>::fetch_update`: renamed to `try_update` for consistency
[INFO] [stdout]    --> src/executor/task/runnable.rs:142:18
[INFO] [stdout]     |
[INFO] [stdout] 142 |                 .fetch_update(Ordering::Release, Ordering::Relaxed, |s| {
[INFO] [stdout]     |                  ^^^^^^^^^^^^
[INFO] [stdout]     |
[INFO] [stdout] help: replace the use of the deprecated method
[INFO] [stdout]     |
[INFO] [stdout] 142 -                 .fetch_update(Ordering::Release, Ordering::Relaxed, |s| {
[INFO] [stdout] 142 +                 .try_update(Ordering::Release, Ordering::Relaxed, |s| {
[INFO] [stdout]     |
[INFO] [stdout] 
[INFO] [stdout] 
[INFO] [stdout] warning: use of deprecated method `std::sync::atomic::Atomic::<u64>::fetch_update`: renamed to `try_update` for consistency
[INFO] [stdout]    --> src/executor/task/runnable.rs:250:14
[INFO] [stdout]     |
[INFO] [stdout] 250 |             .fetch_update(Ordering::Release, Ordering::Relaxed, |s| {
[INFO] [stdout]     |              ^^^^^^^^^^^^
[INFO] [stdout]     |
[INFO] [stdout] help: replace the use of the deprecated method
[INFO] [stdout]     |
[INFO] [stdout] 250 -             .fetch_update(Ordering::Release, Ordering::Relaxed, |s| {
[INFO] [stdout] 250 +             .try_update(Ordering::Release, Ordering::Relaxed, |s| {
[INFO] [stdout]     |
[INFO] [stdout] 
[INFO] [stdout] 
[INFO] [stderr]    Compiling tracing v0.1.41
[INFO] [stderr]    Compiling tracing-log v0.2.0
[INFO] [stderr]    Compiling regex-automata v0.4.10
[INFO] [stderr]    Compiling matchers v0.2.0
[INFO] [stderr]    Compiling tracing-subscriber v0.3.20
[INFO] [stderr]    Compiling nexosim v1.0.0 (/opt/rustwide/workdir)
[INFO] [stdout] warning: use of deprecated method `std::sync::atomic::Atomic::<usize>::fetch_update`: renamed to `try_update` for consistency
[INFO] [stdout]    --> src/executor/mt_executor/pool_manager.rs:136:14
[INFO] [stdout]     |
[INFO] [stdout] 136 |             .fetch_update(Ordering::Release, Ordering::Relaxed, |active_workers| {
[INFO] [stdout]     |              ^^^^^^^^^^^^
[INFO] [stdout]     |
[INFO] [stdout]     = note: `#[warn(deprecated)]` on by default
[INFO] [stdout] help: replace the use of the deprecated method
[INFO] [stdout]     |
[INFO] [stdout] 136 -             .fetch_update(Ordering::Release, Ordering::Relaxed, |active_workers| {
[INFO] [stdout] 136 +             .try_update(Ordering::Release, Ordering::Relaxed, |active_workers| {
[INFO] [stdout]     |
[INFO] [stdout] 
[INFO] [stdout] 
[INFO] [stdout] warning: use of deprecated method `std::sync::atomic::Atomic::<u64>::fetch_update`: renamed to `try_update` for consistency
[INFO] [stdout]   --> src/executor/task/cancel_token.rs:48:10
[INFO] [stdout]    |
[INFO] [stdout] 48 |         .fetch_update(Ordering::AcqRel, Ordering::Relaxed, |s| {
[INFO] [stdout]    |          ^^^^^^^^^^^^
[INFO] [stdout]    |
[INFO] [stdout] help: replace the use of the deprecated method
[INFO] [stdout]    |
[INFO] [stdout] 48 -         .fetch_update(Ordering::AcqRel, Ordering::Relaxed, |s| {
[INFO] [stdout] 48 +         .try_update(Ordering::AcqRel, Ordering::Relaxed, |s| {
[INFO] [stdout]    |
[INFO] [stdout] 
[INFO] [stdout] 
[INFO] [stdout] warning: use of deprecated method `std::sync::atomic::Atomic::<u64>::fetch_update`: renamed to `try_update` for consistency
[INFO] [stdout]   --> src/executor/task/promise.rs:41:10
[INFO] [stdout]    |
[INFO] [stdout] 41 |         .fetch_update(Ordering::Acquire, Ordering::Relaxed, |s| {
[INFO] [stdout]    |          ^^^^^^^^^^^^
[INFO] [stdout]    |
[INFO] [stdout] help: replace the use of the deprecated method
[INFO] [stdout]    |
[INFO] [stdout] 41 -         .fetch_update(Ordering::Acquire, Ordering::Relaxed, |s| {
[INFO] [stdout] 41 +         .try_update(Ordering::Acquire, Ordering::Relaxed, |s| {
[INFO] [stdout]    |
[INFO] [stdout] 
[INFO] [stdout] 
[INFO] [stdout] warning: use of deprecated method `std::sync::atomic::Atomic::<u64>::fetch_update`: renamed to `try_update` for consistency
[INFO] [stdout]    --> src/executor/task/runnable.rs:110:26
[INFO] [stdout]     |
[INFO] [stdout] 110 |                         .fetch_update(Ordering::Release, Ordering::Relaxed, |s| {
[INFO] [stdout]     |                          ^^^^^^^^^^^^
[INFO] [stdout]     |
[INFO] [stdout] help: replace the use of the deprecated method
[INFO] [stdout]     |
[INFO] [stdout] 110 -                         .fetch_update(Ordering::Release, Ordering::Relaxed, |s| {
[INFO] [stdout] 110 +                         .try_update(Ordering::Release, Ordering::Relaxed, |s| {
[INFO] [stdout]     |
[INFO] [stdout] 
[INFO] [stdout] 
[INFO] [stdout] warning: use of deprecated method `std::sync::atomic::Atomic::<u64>::fetch_update`: renamed to `try_update` for consistency
[INFO] [stdout]    --> src/executor/task/runnable.rs:142:18
[INFO] [stdout]     |
[INFO] [stdout] 142 |                 .fetch_update(Ordering::Release, Ordering::Relaxed, |s| {
[INFO] [stdout]     |                  ^^^^^^^^^^^^
[INFO] [stdout]     |
[INFO] [stdout] help: replace the use of the deprecated method
[INFO] [stdout]     |
[INFO] [stdout] 142 -                 .fetch_update(Ordering::Release, Ordering::Relaxed, |s| {
[INFO] [stdout] 142 +                 .try_update(Ordering::Release, Ordering::Relaxed, |s| {
[INFO] [stdout]     |
[INFO] [stdout] 
[INFO] [stdout] 
[INFO] [stdout] warning: use of deprecated method `std::sync::atomic::Atomic::<u64>::fetch_update`: renamed to `try_update` for consistency
[INFO] [stdout]    --> src/executor/task/runnable.rs:250:14
[INFO] [stdout]     |
[INFO] [stdout] 250 |             .fetch_update(Ordering::Release, Ordering::Relaxed, |s| {
[INFO] [stdout]     |              ^^^^^^^^^^^^
[INFO] [stdout]     |
[INFO] [stdout] help: replace the use of the deprecated method
[INFO] [stdout]     |
[INFO] [stdout] 250 -             .fetch_update(Ordering::Release, Ordering::Relaxed, |s| {
[INFO] [stdout] 250 +             .try_update(Ordering::Release, Ordering::Relaxed, |s| {
[INFO] [stdout]     |
[INFO] [stdout] 
[INFO] [stdout] 
[INFO] [stderr]     Finished `release` profile [optimized] target(s) in 2m 20s
[INFO] running `Command { std: "docker" "inspect" "dd877b34ec8f023ad5428ae66d04452e6211a8745bcbeb00dde70fd65016f447", kill_on_drop: false }`
[INFO] running `Command { std: "docker" "exec" "-e" "SOURCE_DIR=/opt/rustwide/workdir" "-e" "CARGO_HOME=/opt/rustwide/cargo-home" "-e" "RUSTUP_HOME=/opt/rustwide/rustup-home" "-e" "CARGO_TARGET_DIR=/opt/rustwide/target" "-e" "CARGO_INCREMENTAL=0" "-e" "RUST_BACKTRACE=full" "-e" "RUSTFLAGS=--cap-lints=warn" "-e" "RUSTDOCFLAGS=--cap-lints=warn" "-w" "/opt/rustwide/workdir" "--user" "0:0" "dd877b34ec8f023ad5428ae66d04452e6211a8745bcbeb00dde70fd65016f447" "/opt/rustwide/cargo-home/bin/cargo" "+1.99.0-beta.8" "test" "--frozen" "--release", kill_on_drop: false }`
[INFO] [stderr] warning: use of deprecated method `std::sync::atomic::Atomic::<usize>::fetch_update`: renamed to `try_update` for consistency
[INFO] [stderr]    --> src/executor/mt_executor/pool_manager.rs:136:14
[INFO] [stderr]     |
[INFO] [stderr] 136 |             .fetch_update(Ordering::Release, Ordering::Relaxed, |active_workers| {
[INFO] [stderr]     |              ^^^^^^^^^^^^
[INFO] [stderr]     |
[INFO] [stderr]     = note: `#[warn(deprecated)]` on by default
[INFO] [stderr] help: replace the use of the deprecated method
[INFO] [stderr]     |
[INFO] [stderr] 136 -             .fetch_update(Ordering::Release, Ordering::Relaxed, |active_workers| {
[INFO] [stderr] 136 +             .try_update(Ordering::Release, Ordering::Relaxed, |active_workers| {
[INFO] [stderr]     |
[INFO] [stderr] 
[INFO] [stderr] warning: use of deprecated method `std::sync::atomic::Atomic::<u64>::fetch_update`: renamed to `try_update` for consistency
[INFO] [stderr]   --> src/executor/task/cancel_token.rs:48:10
[INFO] [stderr]    |
[INFO] [stderr] 48 |         .fetch_update(Ordering::AcqRel, Ordering::Relaxed, |s| {
[INFO] [stderr]    |          ^^^^^^^^^^^^
[INFO] [stderr]    |
[INFO] [stderr] help: replace the use of the deprecated method
[INFO] [stderr]    |
[INFO] [stderr] 48 -         .fetch_update(Ordering::AcqRel, Ordering::Relaxed, |s| {
[INFO] [stderr] 48 +         .try_update(Ordering::AcqRel, Ordering::Relaxed, |s| {
[INFO] [stderr]    |
[INFO] [stderr] 
[INFO] [stderr] warning: use of deprecated method `std::sync::atomic::Atomic::<u64>::fetch_update`: renamed to `try_update` for consistency
[INFO] [stderr]   --> src/executor/task/promise.rs:41:10
[INFO] [stderr]    |
[INFO] [stderr] 41 |         .fetch_update(Ordering::Acquire, Ordering::Relaxed, |s| {
[INFO] [stderr]    |          ^^^^^^^^^^^^
[INFO] [stderr]    |
[INFO] [stderr] help: replace the use of the deprecated method
[INFO] [stderr]    |
[INFO] [stderr] 41 -         .fetch_update(Ordering::Acquire, Ordering::Relaxed, |s| {
[INFO] [stderr] 41 +         .try_update(Ordering::Acquire, Ordering::Relaxed, |s| {
[INFO] [stderr]    |
[INFO] [stderr] 
[INFO] [stderr] warning: use of deprecated method `std::sync::atomic::Atomic::<u64>::fetch_update`: renamed to `try_update` for consistency
[INFO] [stderr]    --> src/executor/task/runnable.rs:110:26
[INFO] [stderr]     |
[INFO] [stderr] 110 |                         .fetch_update(Ordering::Release, Ordering::Relaxed, |s| {
[INFO] [stderr]     |                          ^^^^^^^^^^^^
[INFO] [stderr]     |
[INFO] [stderr] help: replace the use of the deprecated method
[INFO] [stderr]     |
[INFO] [stderr] 110 -                         .fetch_update(Ordering::Release, Ordering::Relaxed, |s| {
[INFO] [stderr] 110 +                         .try_update(Ordering::Release, Ordering::Relaxed, |s| {
[INFO] [stderr]     |
[INFO] [stderr] 
[INFO] [stderr] warning: use of deprecated method `std::sync::atomic::Atomic::<u64>::fetch_update`: renamed to `try_update` for consistency
[INFO] [stderr]    --> src/executor/task/runnable.rs:142:18
[INFO] [stderr]     |
[INFO] [stderr] 142 |                 .fetch_update(Ordering::Release, Ordering::Relaxed, |s| {
[INFO] [stderr]     |                  ^^^^^^^^^^^^
[INFO] [stderr]     |
[INFO] [stderr] help: replace the use of the deprecated method
[INFO] [stderr]     |
[INFO] [stderr] 142 -                 .fetch_update(Ordering::Release, Ordering::Relaxed, |s| {
[INFO] [stderr] 142 +                 .try_update(Ordering::Release, Ordering::Relaxed, |s| {
[INFO] [stderr]     |
[INFO] [stderr] 
[INFO] [stderr] warning: use of deprecated method `std::sync::atomic::Atomic::<u64>::fetch_update`: renamed to `try_update` for consistency
[INFO] [stderr]    --> src/executor/task/runnable.rs:250:14
[INFO] [stderr]     |
[INFO] [stderr] 250 |             .fetch_update(Ordering::Release, Ordering::Relaxed, |s| {
[INFO] [stderr]     |              ^^^^^^^^^^^^
[INFO] [stderr]     |
[INFO] [stderr] help: replace the use of the deprecated method
[INFO] [stderr]     |
[INFO] [stderr] 250 -             .fetch_update(Ordering::Release, Ordering::Relaxed, |s| {
[INFO] [stderr] 250 +             .try_update(Ordering::Release, Ordering::Relaxed, |s| {
[INFO] [stderr]     |
[INFO] [stderr] 
[INFO] [stderr] warning: `nexosim` (lib) generated 6 warnings (run `cargo fix --lib -p nexosim` to apply 6 suggestions)
[INFO] [stderr] warning: `nexosim` (lib test) generated 6 warnings (6 duplicates)
[INFO] [stderr]     Finished `release` profile [optimized] target(s) in 0.12s
[INFO] [stderr]      Running unittests src/lib.rs (/opt/rustwide/target/release/deps/nexosim-7db5d080bd0c2db6)
[INFO] [stdout] 
[INFO] [stdout] running 73 tests
[INFO] [stdout] test channel::queue::tests::queue_len ... ok
[INFO] [stdout] test channel::queue::tests::queue_closed_by_sender ... ok
[INFO] [stdout] test executor::task::tests::general::task_cancel_completed ... ok
[INFO] [stdout] test channel::queue::tests::queue_closed_by_consumer ... ok
[INFO] [stdout] test executor::task::tests::general::task_cancel_scheduled ... ok
[INFO] [stdout] test executor::task::tests::general::task_cancel_unscheduled ... ok
[INFO] [stdout] test executor::task::tests::general::task_cancel_mt ... ok
[INFO] [stdout] test executor::task::tests::general::task_drop_promise_mt ... ok
[INFO] [stdout] test executor::task::tests::general::task_drop_promise_scheduled ... ok
[INFO] [stdout] test executor::task::tests::general::task_drop_promise_unscheduled ... ok
[INFO] [stdout] test executor::task::tests::general::task_drop_runnable ... ok
[INFO] [stdout] test executor::task::tests::general::task_drop_cycle ... ok
[INFO] [stdout] test executor::task::tests::general::task_multiple_wake ... ok
[INFO] [stdout] test executor::task::tests::general::task_drop_runnable_mt ... ok
[INFO] [stdout] test executor::task::tests::general::task_schedule ... ok
[INFO] [stdout] test executor::task::tests::general::task_schedule_and_forget ... ok
[INFO] [stdout] test executor::task::tests::general::task_schedule_mt ... ok
[INFO] [stdout] test executor::task::tests::general::task_wake ... ok
[INFO] [stdout] test executor::task::tests::general::task_wake_and_forget ... ok
[INFO] [stdout] test executor::task::tests::general::task_multiple_wake_mt ... ok
[INFO] [stdout] test executor::task::tests::general::task_will_wake ... ok
[INFO] [stdout] test executor::tests::executor_drop_cycle_mt ... ok
[INFO] [stdout] test executor::task::tests::general::task_wake_mt ... ok
[INFO] [stdout] test executor::tests::executor_drop_cycle_st ... ok
[INFO] [stdout] test macros::scoped_thread_local::tests::scoped_local_key_set ... ok
[INFO] [stdout] test macros::scoped_thread_local::tests::scoped_local_key_panic_resets ... ok
[INFO] [stdout] test macros::scoped_thread_local::tests::scoped_local_key_smoke ... ok
[INFO] [stdout] test macros::scoped_thread_local::tests::scoped_local_key_unset ... ok
[INFO] [stdout] test ports::output::broadcaster::tests::broadcast_event_filter_map ... ok
[INFO] [stdout] test ports::output::broadcaster::tests::broadcast_event_smoke ... ok
[INFO] [stdout] test ports::output::broadcaster::tests::broadcast_query_filter_map ... ok
[INFO] [stdout] test ports::output::broadcaster::tests::broadcast_query_smoke ... ok
[INFO] [stdout] test ports::sink::event_slot::tests::event_slot_read_drop_single_threaded ... ok
[INFO] [stdout] test ports::sink::event_slot::tests::event_slot_drop_multi_threaded ... ok
[INFO] [stdout] test ports::sink::event_slot::tests::event_slot_try_read_multi_threaded ... FAILED
[INFO] [stdout] test ports::sink::event_slot::tests::event_slot_try_read_single_threaded ... ok
[INFO] [stdout] test ports::sink::event_slot::tests::event_slot_read_multi_threaded ... ok
[INFO] [stdout] test ports::source::broadcaster::tests::broadcast_event_filter_map ... ok
[INFO] [stdout] test ports::source::broadcaster::tests::broadcast_event_smoke ... ok
[INFO] [stdout] test ports::source::broadcaster::tests::broadcast_query_smoke ... ok
[INFO] [stdout] test simulation::queue_items::tests::serialize_auto_key ... ok
[INFO] [stdout] test ports::source::broadcaster::tests::broadcast_query_filter_map ... ok
[INFO] [stdout] test time::tests::clock_reader_mt ... ok
[INFO] [stdout] test time::tests::clock_reader_st ... ok
[INFO] [stdout] test time::ticker::tests::ticker_basic_stepping ... ok
[INFO] [stdout] test time::ticker::tests::ticker_exact_tick_increment ... ok
[INFO] [stdout] test time::ticker::tests::ticker_past_reference ... ok
[INFO] [stdout] test time::ticker::tests::ticker_sub_tick_increment ... ok
[INFO] [stdout] test time::ticker::tests::ticker_very_large_step ... ok
[INFO] [stdout] test util::bit::tests::find_bit_fuzz ... ok
[INFO] [stdout] test util::indexed_priority_queue::tests::indexed_priority_queue_equal_keys ... ok
[INFO] [stdout] test util::indexed_priority_queue::tests::indexed_priority_queue_extract_invalid ... ok
[INFO] [stdout] test util::indexed_priority_queue::tests::indexed_priority_queue_extract_valid ... ok
[INFO] [stdout] test time::clock::test::smoke_system_clock ... ok
[INFO] [stdout] test util::indexed_priority_queue::tests::indexed_priority_queue_interleaved ... ok
[INFO] [stdout] test util::indexed_priority_queue::tests::indexed_priority_queue_smoke ... ok
[INFO] [stdout] test util::priority_queue::tests::priority_smoke ... ok
[INFO] [stdout] test util::rng::tests::rng_gen_bounded_chi2 ... ok
[INFO] [stdout] test util::shared_cell::tests::shared_cell_multi_threaded_write ... ok
[INFO] [stdout] test util::shared_cell::tests::shared_cell_overwrite_test ... ok
[INFO] [stdout] test util::shared_cell::tests::shared_cell_smoke_test ... ok
[INFO] [stdout] test util::slot::tests::slot_multi_threaded_drop_writer ... ok
[INFO] [stdout] test util::slot::tests::slot_multi_threaded_write ... ok
[INFO] [stdout] test util::slot::tests::slot_single_threaded_drop_reader ... ok
[INFO] [stdout] test util::slot::tests::slot_single_threaded_drop_writer ... ok
[INFO] [stdout] test util::slot::tests::slot_single_threaded_write ... ok
[INFO] [stdout] test channel::queue::tests::queue_mpsc_capacity_one ... ok
[INFO] [stdout] test channel::queue::tests::queue_mpsc_capacity_three ... ok
[INFO] [stdout] test channel::queue::tests::queue_mpsc_capacity_two ... ok
[INFO] [stdout] test channel::queue::tests::queue_spsc_capacity_two ... ok
[INFO] [stdout] test channel::queue::tests::queue_spsc_capacity_one ... ok
[INFO] [stdout] test channel::queue::tests::queue_spsc_capacity_three ... ok
[INFO] [stdout] test util::indexed_priority_queue::tests::indexed_priority_queue_fuzz ... ok
[INFO] [stdout] 
[INFO] [stdout] failures:
[INFO] [stdout] 
[INFO] [stdout] ---- ports::sink::event_slot::tests::event_slot_try_read_multi_threaded stdout ----
[INFO] [stdout] 
[INFO] [stdout] thread 'ports::sink::event_slot::tests::event_slot_try_read_multi_threaded' (1715) panicked at src/ports/sink/event_slot.rs:258:9:
[INFO] [stdout] assertion `left == right` failed
[INFO] [stdout]   left: None
[INFO] [stdout]  right: Some(123)
[INFO] [stdout] stack backtrace:
[INFO] [stdout]    0:     0x5f371a854671 - <<std[70759c8f55707aa4]::sys::backtrace::BacktraceLock>::print::DisplayBacktrace as core[df12db4294e9bfd3]::fmt::Display>::fmt
[INFO] [stdout]    1:     0x5f371a868e0a - core[df12db4294e9bfd3]::fmt::write
[INFO] [stdout]    2:     0x5f371a858cdc - <alloc[2182bb758b4b3781]::vec::Vec<u8> as core[df12db4294e9bfd3]::io::write::Write>::write_fmt
[INFO] [stdout]    3:     0x5f371a830636 - std[70759c8f55707aa4]::panicking::default_hook::{closure#0}
[INFO] [stdout]    4:     0x5f371a84ca29 - std[70759c8f55707aa4]::panicking::default_hook
[INFO] [stdout]    5:     0x5f371a7e72b0 - test[9d35eded1c95d3be]::test_main_inner::<test[9d35eded1c95d3be]::test_main_static::{closure#0}>::{closure#0}
[INFO] [stdout]    6:     0x5f371a84cd52 - std[70759c8f55707aa4]::panicking::panic_with_hook
[INFO] [stdout]    7:     0x5f371a8306e2 - std[70759c8f55707aa4]::panicking::panic_handler::{closure#0}
[INFO] [stdout]    8:     0x5f371a829439 - std[70759c8f55707aa4]::sys::backtrace::__rust_end_short_backtrace::<std[70759c8f55707aa4]::panicking::panic_handler::{closure#0}, !>
[INFO] [stdout]    9:     0x5f371a8312dd - __rustc[8fa7c3cbc660c2b3]::rust_begin_unwind
[INFO] [stdout]   10:     0x5f371a86953c - core[df12db4294e9bfd3]::panicking::panic_fmt
[INFO] [stdout]   11:     0x5f371a869453 - core[df12db4294e9bfd3]::panicking::assert_failed_inner
[INFO] [stdout]   12:     0x5f371a784faa - core[df12db4294e9bfd3]::panicking::assert_failed::<core[df12db4294e9bfd3]::option::Option<i32>, core[df12db4294e9bfd3]::option::Option<i32>>
[INFO] [stdout]   13:     0x5f371a7cea89 - nexosim[3addad0099674758]::ports::sink::event_slot::tests::event_slot_try_read_multi_threaded
[INFO] [stdout]   14:     0x5f371a7ba669 - <nexosim[3addad0099674758]::ports::sink::event_slot::tests::event_slot_try_read_multi_threaded::{closure#0} as core[df12db4294e9bfd3]::ops::function::FnOnce<()>>::call_once
[INFO] [stdout]   15:     0x5f371a7da59b - test[9d35eded1c95d3be]::__rust_begin_short_backtrace::<core[df12db4294e9bfd3]::result::Result<(), alloc[2182bb758b4b3781]::string::String>, fn() -> core[df12db4294e9bfd3]::result::Result<(), alloc[2182bb758b4b3781]::string::String>>
[INFO] [stdout]   16:     0x5f371a7e7c05 - test[9d35eded1c95d3be]::run_test::{closure#0}
[INFO] [stdout]   17:     0x5f371a7e14c4 - std[70759c8f55707aa4]::sys::backtrace::__rust_begin_short_backtrace::<test[9d35eded1c95d3be]::run_test::{closure#1}, ()>
[INFO] [stdout]   18:     0x5f371a7ead62 - <std[70759c8f55707aa4]::thread::lifecycle::spawn_unchecked<test[9d35eded1c95d3be]::run_test::{closure#1}, ()>::{closure#1} as core[df12db4294e9bfd3]::ops::function::FnOnce<()>>::call_once::{shim:vtable#0}
[INFO] [stdout]   19:     0x5f371a853f09 - <std[70759c8f55707aa4]::sys::thread::unix::Thread>::new::thread_start
[INFO] [stdout]   20:     0x77d5b54c9dfa - <unknown>
[INFO] [stdout]   21:     0x77d5b555d3d4 - clone
[INFO] [stdout]   22:                0x0 - <unknown>
[INFO] [stdout] 
[INFO] [stdout] 
[INFO] [stdout] failures:
[INFO] [stdout]     ports::sink::event_slot::tests::event_slot_try_read_multi_threaded
[INFO] [stdout] 
[INFO] [stdout] test result: FAILED. 72 passed; 1 failed; 0 ignored; 0 measured; 0 filtered out; finished in 2.97s
[INFO] [stderr] error: test failed, to rerun pass `--lib`
[INFO] [stdout] 
[INFO] running `Command { std: "docker" "inspect" "dd877b34ec8f023ad5428ae66d04452e6211a8745bcbeb00dde70fd65016f447", kill_on_drop: false }`
[INFO] running `Command { std: "docker" "rm" "-f" "dd877b34ec8f023ad5428ae66d04452e6211a8745bcbeb00dde70fd65016f447", kill_on_drop: false }`
[INFO] [stdout] dd877b34ec8f023ad5428ae66d04452e6211a8745bcbeb00dde70fd65016f447
