[INFO] fetching crate netsim-embed-core 0.4.3...
[INFO] testing netsim-embed-core-0.4.3 against 1.99.0-beta.8+cargoflags=--release for beta-release-1.100-3
[INFO] extracting crate netsim-embed-core 0.4.3 into /workspace/builds/worker-2-tc1/source
[INFO] started tweaking crates.io crate netsim-embed-core 0.4.3
[INFO] finished tweaking crates.io crate netsim-embed-core 0.4.3
[INFO] tweaked toml for crates.io crate netsim-embed-core 0.4.3 written to /workspace/builds/worker-2-tc1/source/Cargo.toml
[INFO] validating manifest of crates.io crate netsim-embed-core 0.4.3 on toolchain 1.99.0-beta.8
[INFO] running `Command { std: CARGO_HOME="/workspace/cargo-home" RUSTUP_HOME="/workspace/rustup-home" "/workspace/cargo-home/bin/cargo" "+1.99.0-beta.8" "metadata" "--manifest-path" "Cargo.toml" "--no-deps", kill_on_drop: false }`
[INFO] running `Command { std: CARGO_HOME="/workspace/cargo-home" RUSTUP_HOME="/workspace/rustup-home" "/workspace/cargo-home/bin/cargo" "+1.99.0-beta.8" "generate-lockfile" "--manifest-path" "Cargo.toml", kill_on_drop: false }`
[INFO] [stderr]     Updating crates.io index
[INFO] [stderr]      Locking 106 packages to highest compatible versions
[INFO] [stderr]       Adding async-global-executor v2.4.1 (available: v3.1.0)
[INFO] [stderr]       Adding async-io v1.13.0 (available: v2.6.0)
[INFO] [stderr]       Adding rand v0.8.8 (available: v0.10.3)
[INFO] [stderr]       Adding thiserror v1.0.69 (available: v2.0.21)
[INFO] running `Command { std: CARGO_HOME="/workspace/cargo-home" RUSTUP_HOME="/workspace/rustup-home" "/workspace/cargo-home/bin/cargo" "+1.99.0-beta.8" "fetch" "--manifest-path" "Cargo.toml", kill_on_drop: false }`
[INFO] [stderr]  Downloading crates ...
[INFO] [stderr]   Downloaded libpacket-derive v0.1.1
[INFO] [stderr]   Downloaded gloo-timers v0.3.0
[INFO] [stderr]   Downloaded wasm-bindgen-futures v0.4.79
[INFO] [stderr]   Downloaded fastrand v1.9.0
[INFO] [stderr]   Downloaded waker-fn v1.2.0
[INFO] [stderr]   Downloaded wasm-bindgen-shared v0.2.129
[INFO] [stderr]   Downloaded pin-utils v0.1.1
[INFO] [stderr]   Downloaded instant v0.1.13
[INFO] [stderr]   Downloaded libpacket-core v0.1.0
[INFO] [stderr]   Downloaded async-global-executor v2.4.1
[INFO] [stderr]   Downloaded async-attributes v1.1.2
[INFO] [stderr]   Downloaded async-channel v1.9.0
[INFO] [stderr]   Downloaded blocking v1.7.0
[INFO] [stderr]   Downloaded piper v0.2.5
[INFO] [stderr]   Downloaded async-executor v1.14.0
[INFO] [stderr]   Downloaded kv-log-macro v1.0.7
[INFO] [stderr]   Downloaded hermit-abi v0.5.3
[INFO] [stderr]   Downloaded wasm-bindgen-macro v0.2.129
[INFO] [stderr]   Downloaded libpacket v0.1.2
[INFO] [stderr]   Downloaded async-lock v3.4.2
[INFO] [stderr]   Downloaded io-lifetimes v1.0.11
[INFO] [stderr]   Downloaded async-lock v2.8.0
[INFO] [stderr]   Downloaded rand v0.8.8
[INFO] [stderr]   Downloaded futures-lite v2.6.1
[INFO] [stderr]   Downloaded async-task v4.7.1
[INFO] [stderr]   Downloaded socket2 v0.4.10
[INFO] [stderr]   Downloaded async-io v2.6.0
[INFO] [stderr]   Downloaded async-io v1.13.0
[INFO] [stderr]   Downloaded polling v2.8.0
[INFO] [stderr]   Downloaded wasm-bindgen v0.2.129
[INFO] [stderr]   Downloaded value-bag v1.14.1
[INFO] [stderr]   Downloaded polling v3.11.0
[INFO] [stderr]   Downloaded zerocopy-derive v0.8.63
[INFO] [stderr]   Downloaded js-sys v0.3.106
[INFO] [stderr]   Downloaded wasm-bindgen-macro-support v0.2.129
[INFO] [stderr]   Downloaded regex v1.13.1
[INFO] [stderr]   Downloaded aho-corasick v1.1.5
[INFO] [stderr]   Downloaded async-std v1.13.2
[INFO] [stderr]   Downloaded zerocopy v0.8.63
[INFO] [stderr]   Downloaded rustix v0.37.28
[INFO] [stderr]   Downloaded regex-syntax v0.8.11
[INFO] [stderr]   Downloaded regex-automata v0.4.18
[INFO] [stderr]   Downloaded linux-raw-sys v0.3.8
[INFO] running `Command { std: "docker" "create" "-v" "/var/lib/crater-agent-workspace/builds/worker-2-tc1/source:/opt/rustwide/workdir:ro,Z" "-v" "/var/lib/crater-agent-workspace/builds/worker-2-tc1/target:/opt/rustwide/target:rw,Z" "-v" "/var/lib/crater-agent-workspace/cargo-home:/opt/rustwide/cargo-home:ro,Z" "-v" "/var/lib/crater-agent-workspace/rustup-home:/opt/rustwide/rustup-home:ro,Z" "-m" "1610612736" "--network" "none" "ghcr.io/rust-lang/crates-build-env/linux@sha256:77db811e55d90add9212f6832c23229e3de5f1c1f9905e8cb07319ea15df73ac" "sleep" "infinity", kill_on_drop: false }`
[INFO] [stdout] 068edb014a09f5c0392d4865a1543b7c6f8d9b303c470b92ffaaa2b82453ff03
[INFO] running `Command { std: "docker" "start" "068edb014a09f5c0392d4865a1543b7c6f8d9b303c470b92ffaaa2b82453ff03", kill_on_drop: false }`
[INFO] running `Command { std: "docker" "inspect" "068edb014a09f5c0392d4865a1543b7c6f8d9b303c470b92ffaaa2b82453ff03", kill_on_drop: false }`
[INFO] running `Command { std: "docker" "exec" "-e" "SOURCE_DIR=/opt/rustwide/workdir" "-e" "CARGO_HOME=/opt/rustwide/cargo-home" "-e" "RUSTUP_HOME=/opt/rustwide/rustup-home" "-e" "CARGO_TARGET_DIR=/opt/rustwide/target" "-w" "/opt/rustwide/workdir" "--user" "0:0" "068edb014a09f5c0392d4865a1543b7c6f8d9b303c470b92ffaaa2b82453ff03" "/opt/rustwide/cargo-home/bin/cargo" "+1.99.0-beta.8" "metadata" "--no-deps" "--format-version=1", kill_on_drop: false }`
[INFO] running `Command { std: "docker" "inspect" "068edb014a09f5c0392d4865a1543b7c6f8d9b303c470b92ffaaa2b82453ff03", kill_on_drop: false }`
[INFO] running `Command { std: "docker" "exec" "-e" "SOURCE_DIR=/opt/rustwide/workdir" "-e" "CARGO_HOME=/opt/rustwide/cargo-home" "-e" "RUSTUP_HOME=/opt/rustwide/rustup-home" "-e" "CARGO_TARGET_DIR=/opt/rustwide/target" "-e" "CARGO_INCREMENTAL=0" "-e" "RUST_BACKTRACE=full" "-e" "RUSTFLAGS=--cap-lints=warn" "-e" "RUSTDOCFLAGS=--cap-lints=warn" "-w" "/opt/rustwide/workdir" "--user" "0:0" "068edb014a09f5c0392d4865a1543b7c6f8d9b303c470b92ffaaa2b82453ff03" "/opt/rustwide/cargo-home/bin/cargo" "+1.99.0-beta.8" "build" "--frozen" "--message-format=json" "--release", kill_on_drop: false }`
[INFO] [stderr]    Compiling proc-macro2 v1.0.107
[INFO] [stderr]    Compiling unicode-ident v1.0.27
[INFO] [stderr]    Compiling quote v1.0.47
[INFO] [stderr]    Compiling futures-core v0.3.34
[INFO] [stderr]    Compiling libc v0.2.191
[INFO] [stderr]    Compiling parking v2.2.1
[INFO] [stderr]    Compiling futures-io v0.3.34
[INFO] [stderr]    Compiling autocfg v1.5.1
[INFO] [stderr]    Compiling cfg-if v1.0.5
[INFO] [stderr]    Compiling crossbeam-utils v0.8.23
[INFO] [stderr]    Compiling fastrand v2.5.0
[INFO] [stderr]    Compiling rustix v1.1.5
[INFO] [stderr]    Compiling zerocopy v0.8.63
[INFO] [stderr]    Compiling memchr v2.8.3
[INFO] [stderr]    Compiling linux-raw-sys v0.12.1
[INFO] [stderr]    Compiling bitflags v2.13.2
[INFO] [stderr]    Compiling event-listener v5.4.2
[INFO] [stderr]    Compiling syn v1.0.109
[INFO] [stderr]    Compiling regex-syntax v0.8.11
[INFO] [stderr]    Compiling futures-sink v0.3.34
[INFO] [stderr]    Compiling futures-lite v2.6.1
[INFO] [stderr]    Compiling io-lifetimes v1.0.11
[INFO] [stderr]    Compiling futures-channel v0.3.34
[INFO] [stderr]    Compiling event-listener-strategy v0.5.4
[INFO] [stderr]    Compiling futures-task v0.3.34
[INFO] [stderr]    Compiling aho-corasick v1.1.5
[INFO] [stderr]    Compiling async-io v2.6.0
[INFO] [stderr]    Compiling polling v2.8.0
[INFO] [stderr]    Compiling atomic-waker v1.1.2
[INFO] [stderr]    Compiling value-bag v1.14.1
[INFO] [stderr]    Compiling rustix v0.37.28
[INFO] [stderr]    Compiling async-task v4.7.1
[INFO] [stderr]    Compiling piper v0.2.5
[INFO] [stderr]    Compiling async-io v1.13.0
[INFO] [stderr]    Compiling event-listener v2.5.3
[INFO] [stderr]    Compiling log v0.4.34
[INFO] [stderr]    Compiling fastrand v1.9.0
[INFO] [stderr]    Compiling linux-raw-sys v0.3.8
[INFO] [stderr]    Compiling waker-fn v1.2.0
[INFO] [stderr]    Compiling async-lock v2.8.0
[INFO] [stderr]    Compiling concurrent-queue v2.5.0
[INFO] [stderr]    Compiling futures-lite v1.13.0
[INFO] [stderr]    Compiling async-lock v3.4.2
[INFO] [stderr]    Compiling libpacket-core v0.1.0
[INFO] [stderr]    Compiling once_cell v1.21.4
[INFO] [stderr]    Compiling syn v3.0.9
[INFO] [stderr]    Compiling async-channel v2.5.0
[INFO] [stderr]    Compiling syn v2.0.119
[INFO] [stderr]    Compiling blocking v1.7.0
[INFO] [stderr]    Compiling async-executor v1.14.0
[INFO] [stderr]    Compiling getrandom v0.2.17
[INFO] [stderr]    Compiling socket2 v0.4.10
[INFO] [stderr]    Compiling rand_core v0.6.4
[INFO] [stderr]    Compiling regex-automata v0.4.18
[INFO] [stderr]    Compiling ppv-lite86 v0.2.21
[INFO] [stderr]    Compiling thiserror-impl v1.0.69
[INFO] [stderr]    Compiling rand_chacha v0.3.1
[INFO] [stderr]    Compiling rand v0.8.8
[INFO] [stderr]    Compiling thiserror v1.0.69
[INFO] [stderr]    Compiling regex v1.13.1
[INFO] [stderr]    Compiling futures-macro v0.3.34
[INFO] [stderr]    Compiling libpacket-derive v0.1.1
[INFO] [stderr]    Compiling futures-util v0.3.34
[INFO] [stderr]    Compiling polling v3.11.0
[INFO] [stderr]    Compiling libpacket v0.1.2
[INFO] [stderr]    Compiling async-global-executor v2.4.1
[INFO] [stderr]    Compiling futures-executor v0.3.34
[INFO] [stderr]    Compiling futures v0.3.34
[INFO] [stderr]    Compiling netsim-embed-core v0.4.3 (/opt/rustwide/workdir)
[INFO] [stdout] warning: associated items `random_global`, `is_global`, `is_reserved_addr`, and `from_netmask_bits` are never used
[INFO] [stdout]   --> src/addr.rs:24:8
[INFO] [stdout]    |
[INFO] [stdout] 22 | pub trait Ipv4AddrExt {
[INFO] [stdout]    |           ----------- associated items in this trait
[INFO] [stdout] 23 |     /// Get a random, global IPv4 address.
[INFO] [stdout] 24 |     fn random_global() -> Ipv4Addr;
[INFO] [stdout]    |        ^^^^^^^^^^^^^
[INFO] [stdout] 25 |     /// Returns `true` if this is a global IPv4 address
[INFO] [stdout] 26 |     fn is_global(&self) -> bool;
[INFO] [stdout]    |        ^^^^^^^^^
[INFO] [stdout] 27 |     /// Returns `true` if this is a reserved IPv4 address.
[INFO] [stdout] 28 |     fn is_reserved_addr(&self) -> bool;
[INFO] [stdout]    |        ^^^^^^^^^^^^^^^^
[INFO] [stdout] ...
[INFO] [stdout] 32 |     fn from_netmask_bits(bits: u8) -> Ipv4Addr;
[INFO] [stdout]    |        ^^^^^^^^^^^^^^^^^
[INFO] [stdout]    |
[INFO] [stdout]    = note: `#[warn(dead_code)]` (part of `#[warn(unused)]`) on by default
[INFO] [stdout] 
[INFO] [stdout] 
[INFO] [stderr]     Finished `release` profile [optimized] target(s) in 41.42s
[INFO] running `Command { std: "docker" "inspect" "068edb014a09f5c0392d4865a1543b7c6f8d9b303c470b92ffaaa2b82453ff03", kill_on_drop: false }`
[INFO] running `Command { std: "docker" "exec" "-e" "SOURCE_DIR=/opt/rustwide/workdir" "-e" "CARGO_HOME=/opt/rustwide/cargo-home" "-e" "RUSTUP_HOME=/opt/rustwide/rustup-home" "-e" "CARGO_TARGET_DIR=/opt/rustwide/target" "-e" "CARGO_INCREMENTAL=0" "-e" "RUST_BACKTRACE=full" "-e" "RUSTFLAGS=--cap-lints=warn" "-e" "RUSTDOCFLAGS=--cap-lints=warn" "-w" "/opt/rustwide/workdir" "--user" "0:0" "068edb014a09f5c0392d4865a1543b7c6f8d9b303c470b92ffaaa2b82453ff03" "/opt/rustwide/cargo-home/bin/cargo" "+1.99.0-beta.8" "test" "--frozen" "--no-run" "--message-format=json" "--release", kill_on_drop: false }`
[INFO] [stderr]    Compiling async-channel v1.9.0
[INFO] [stderr]    Compiling async-attributes v1.1.2
[INFO] [stderr]    Compiling kv-log-macro v1.0.7
[INFO] [stderr]    Compiling pin-utils v0.1.1
[INFO] [stdout] warning: associated items `random_global`, `is_global`, `is_reserved_addr`, and `from_netmask_bits` are never used
[INFO] [stdout]   --> src/addr.rs:24:8
[INFO] [stdout]    |
[INFO] [stdout] 22 | pub trait Ipv4AddrExt {
[INFO] [stdout]    |           ----------- associated items in this trait
[INFO] [stdout] 23 |     /// Get a random, global IPv4 address.
[INFO] [stdout] 24 |     fn random_global() -> Ipv4Addr;
[INFO] [stdout]    |        ^^^^^^^^^^^^^
[INFO] [stdout] 25 |     /// Returns `true` if this is a global IPv4 address
[INFO] [stdout] 26 |     fn is_global(&self) -> bool;
[INFO] [stdout]    |        ^^^^^^^^^
[INFO] [stdout] 27 |     /// Returns `true` if this is a reserved IPv4 address.
[INFO] [stdout] 28 |     fn is_reserved_addr(&self) -> bool;
[INFO] [stdout]    |        ^^^^^^^^^^^^^^^^
[INFO] [stdout] ...
[INFO] [stdout] 32 |     fn from_netmask_bits(bits: u8) -> Ipv4Addr;
[INFO] [stdout]    |        ^^^^^^^^^^^^^^^^^
[INFO] [stdout]    |
[INFO] [stdout]    = note: `#[warn(dead_code)]` (part of `#[warn(unused)]`) on by default
[INFO] [stdout] 
[INFO] [stdout] 
[INFO] [stderr]    Compiling async-std v1.13.2
[INFO] [stderr]    Compiling netsim-embed-core v0.4.3 (/opt/rustwide/workdir)
[INFO] [stdout] warning: associated items `random_global`, `is_global`, `is_reserved_addr`, and `from_netmask_bits` are never used
[INFO] [stdout]   --> src/addr.rs:24:8
[INFO] [stdout]    |
[INFO] [stdout] 22 | pub trait Ipv4AddrExt {
[INFO] [stdout]    |           ----------- associated items in this trait
[INFO] [stdout] 23 |     /// Get a random, global IPv4 address.
[INFO] [stdout] 24 |     fn random_global() -> Ipv4Addr;
[INFO] [stdout]    |        ^^^^^^^^^^^^^
[INFO] [stdout] 25 |     /// Returns `true` if this is a global IPv4 address
[INFO] [stdout] 26 |     fn is_global(&self) -> bool;
[INFO] [stdout]    |        ^^^^^^^^^
[INFO] [stdout] 27 |     /// Returns `true` if this is a reserved IPv4 address.
[INFO] [stdout] 28 |     fn is_reserved_addr(&self) -> bool;
[INFO] [stdout]    |        ^^^^^^^^^^^^^^^^
[INFO] [stdout] ...
[INFO] [stdout] 32 |     fn from_netmask_bits(bits: u8) -> Ipv4Addr;
[INFO] [stdout]    |        ^^^^^^^^^^^^^^^^^
[INFO] [stdout]    |
[INFO] [stdout]    = note: `#[warn(dead_code)]` (part of `#[warn(unused)]`) on by default
[INFO] [stdout] 
[INFO] [stdout] 
[INFO] [stderr]     Finished `release` profile [optimized] target(s) in 6.33s
[INFO] running `Command { std: "docker" "inspect" "068edb014a09f5c0392d4865a1543b7c6f8d9b303c470b92ffaaa2b82453ff03", kill_on_drop: false }`
[INFO] running `Command { std: "docker" "exec" "-e" "SOURCE_DIR=/opt/rustwide/workdir" "-e" "CARGO_HOME=/opt/rustwide/cargo-home" "-e" "RUSTUP_HOME=/opt/rustwide/rustup-home" "-e" "CARGO_TARGET_DIR=/opt/rustwide/target" "-e" "CARGO_INCREMENTAL=0" "-e" "RUST_BACKTRACE=full" "-e" "RUSTFLAGS=--cap-lints=warn" "-e" "RUSTDOCFLAGS=--cap-lints=warn" "-w" "/opt/rustwide/workdir" "--user" "0:0" "068edb014a09f5c0392d4865a1543b7c6f8d9b303c470b92ffaaa2b82453ff03" "/opt/rustwide/cargo-home/bin/cargo" "+1.99.0-beta.8" "test" "--frozen" "--release", kill_on_drop: false }`
[INFO] [stderr] warning: associated items `random_global`, `is_global`, `is_reserved_addr`, and `from_netmask_bits` are never used
[INFO] [stderr]   --> src/addr.rs:24:8
[INFO] [stderr]    |
[INFO] [stderr] 22 | pub trait Ipv4AddrExt {
[INFO] [stderr]    |           ----------- associated items in this trait
[INFO] [stderr] 23 |     /// Get a random, global IPv4 address.
[INFO] [stderr] 24 |     fn random_global() -> Ipv4Addr;
[INFO] [stderr]    |        ^^^^^^^^^^^^^
[INFO] [stderr] 25 |     /// Returns `true` if this is a global IPv4 address
[INFO] [stderr] 26 |     fn is_global(&self) -> bool;
[INFO] [stderr]    |        ^^^^^^^^^
[INFO] [stderr] 27 |     /// Returns `true` if this is a reserved IPv4 address.
[INFO] [stderr] 28 |     fn is_reserved_addr(&self) -> bool;
[INFO] [stderr]    |        ^^^^^^^^^^^^^^^^
[INFO] [stderr] ...
[INFO] [stderr] 32 |     fn from_netmask_bits(bits: u8) -> Ipv4Addr;
[INFO] [stderr]    |        ^^^^^^^^^^^^^^^^^
[INFO] [stderr]    |
[INFO] [stderr]    = note: `#[warn(dead_code)]` (part of `#[warn(unused)]`) on by default
[INFO] [stderr] 
[INFO] [stderr] warning: `netsim-embed-core` (lib) generated 1 warning
[INFO] [stderr] warning: `netsim-embed-core` (lib test) generated 1 warning (1 duplicate)
[INFO] [stderr]     Finished `release` profile [optimized] target(s) in 0.14s
[INFO] [stderr]      Running unittests src/lib.rs (/opt/rustwide/target/release/deps/netsim_embed_core-4170231006d0fcd0)
[INFO] [stdout] 
[INFO] [stdout] running 2 tests
[INFO] [stdout] test range::tests::it_creates_address_range ... ok
[INFO] [stdout] test tests::test_delay ... FAILED
[INFO] [stdout] 
[INFO] [stdout] failures:
[INFO] [stdout] 
[INFO] [stdout] ---- tests::test_delay stdout ----
[INFO] [stdout] 107.986995ms
[INFO] [stdout] 
[INFO] [stdout] thread 'tests::test_delay' (1494) panicked at src/lib.rs:217:9:
[INFO] [stdout] assertion failed: now.elapsed() < Duration::from_millis(102)
[INFO] [stdout] stack backtrace:
[INFO] [stdout]    0:     0x5afbf6f02a41 - <<std[70759c8f55707aa4]::sys::backtrace::BacktraceLock>::print::DisplayBacktrace as core[df12db4294e9bfd3]::fmt::Display>::fmt
[INFO] [stdout]    1:     0x5afbf6f1718a - core[df12db4294e9bfd3]::fmt::write
[INFO] [stdout]    2:     0x5afbf6f06f8c - <alloc[2182bb758b4b3781]::vec::Vec<u8> as core[df12db4294e9bfd3]::io::write::Write>::write_fmt
[INFO] [stdout]    3:     0x5afbf6edea26 - std[70759c8f55707aa4]::panicking::default_hook::{closure#0}
[INFO] [stdout]    4:     0x5afbf6efae09 - std[70759c8f55707aa4]::panicking::default_hook
[INFO] [stdout]    5:     0x5afbf6e89210 - test[9d35eded1c95d3be]::test_main_inner::<test[9d35eded1c95d3be]::test_main_static::{closure#0}>::{closure#0}
[INFO] [stdout]    6:     0x5afbf6efafc2 - std[70759c8f55707aa4]::panicking::panic_with_hook
[INFO] [stdout]    7:     0x5afbf6edeb04 - std[70759c8f55707aa4]::panicking::panic_handler::{closure#0}
[INFO] [stdout]    8:     0x5afbf6ed7829 - std[70759c8f55707aa4]::sys::backtrace::__rust_end_short_backtrace::<std[70759c8f55707aa4]::panicking::panic_handler::{closure#0}, !>
[INFO] [stdout]    9:     0x5afbf6edf6cd - __rustc[8fa7c3cbc660c2b3]::rust_begin_unwind
[INFO] [stdout]   10:     0x5afbf6f178bc - core[df12db4294e9bfd3]::panicking::panic_fmt
[INFO] [stdout]   11:     0x5afbf6f17882 - core[df12db4294e9bfd3]::panicking::panic
[INFO] [stdout]   12:     0x5afbf6e5c6bb - <std[70759c8f55707aa4]::thread::local::LocalKey<core[df12db4294e9bfd3]::cell::Cell<*const async_std[d7e4062a351e1a25]::task::task_locals_wrapper::TaskLocalsWrapper>>>::with::<<async_std[d7e4062a351e1a25]::task::task_locals_wrapper::TaskLocalsWrapper>::set_current<<async_std[d7e4062a351e1a25]::task::builder::SupportTaskLocals<netsim_embed_core[999c5b901321e860]::tests::test_delay::{closure#0}> as core[df12db4294e9bfd3]::future::future::Future>::poll::{closure#0}, core[df12db4294e9bfd3]::task::poll::Poll<()>>::{closure#0}, core[df12db4294e9bfd3]::task::poll::Poll<()>>
[INFO] [stdout]   13:     0x5afbf6e5b578 - <futures_lite[ab3b2cbb366dbff1]::future::Or<async_std[d7e4062a351e1a25]::task::builder::SupportTaskLocals<netsim_embed_core[999c5b901321e860]::tests::test_delay::{closure#0}>, <async_executor[54412152318b98eb]::State>::run<(), async_std[d7e4062a351e1a25]::task::builder::SupportTaskLocals<netsim_embed_core[999c5b901321e860]::tests::test_delay::{closure#0}>>::{closure#0}::{closure#0}> as core[df12db4294e9bfd3]::future::future::Future>::poll
[INFO] [stdout]   14:     0x5afbf6e5d24e - <std[70759c8f55707aa4]::thread::local::LocalKey<core[df12db4294e9bfd3]::cell::RefCell<(parking[bb0b0b8fa49f1c1a]::Parker, core[df12db4294e9bfd3]::task::wake::Waker, alloc[2182bb758b4b3781]::sync::Arc<core[df12db4294e9bfd3]::sync::atomic::Atomic<bool>>)>>>::with::<async_io[b58e030392ec6aab]::driver::block_on<(), <async_executor[54412152318b98eb]::LocalExecutor>::run<(), async_std[d7e4062a351e1a25]::task::builder::SupportTaskLocals<netsim_embed_core[999c5b901321e860]::tests::test_delay::{closure#0}>>::{closure#0}>::{closure#1}, ()>
[INFO] [stdout]   15:     0x5afbf6e5cc43 - <std[70759c8f55707aa4]::thread::local::LocalKey<core[df12db4294e9bfd3]::cell::Cell<usize>>>::with::<<async_std[d7e4062a351e1a25]::task::builder::Builder>::blocking<netsim_embed_core[999c5b901321e860]::tests::test_delay::{closure#0}, ()>::{closure#0}, ()>
[INFO] [stdout]   16:     0x5afbf6e5fa8b - <async_std[d7e4062a351e1a25]::task::builder::Builder>::blocking::<netsim_embed_core[999c5b901321e860]::tests::test_delay::{closure#0}, ()>
[INFO] [stdout]   17:     0x5afbf6e5f6e8 - <netsim_embed_core[999c5b901321e860]::tests::test_delay::{closure#0} as core[df12db4294e9bfd3]::ops::function::FnOnce<()>>::call_once
[INFO] [stdout]   18:     0x5afbf6e7c4fb - test[9d35eded1c95d3be]::__rust_begin_short_backtrace::<core[df12db4294e9bfd3]::result::Result<(), alloc[2182bb758b4b3781]::string::String>, fn() -> core[df12db4294e9bfd3]::result::Result<(), alloc[2182bb758b4b3781]::string::String>>
[INFO] [stdout]   19:     0x5afbf6e89b65 - test[9d35eded1c95d3be]::run_test::{closure#0}
[INFO] [stdout]   20:     0x5afbf6e83424 - std[70759c8f55707aa4]::sys::backtrace::__rust_begin_short_backtrace::<test[9d35eded1c95d3be]::run_test::{closure#1}, ()>
[INFO] [stdout]   21:     0x5afbf6e8ccc2 - <std[70759c8f55707aa4]::thread::lifecycle::spawn_unchecked<test[9d35eded1c95d3be]::run_test::{closure#1}, ()>::{closure#1} as core[df12db4294e9bfd3]::ops::function::FnOnce<()>>::call_once::{shim:vtable#0}
[INFO] [stdout]   22:     0x5afbf6f022e9 - <std[70759c8f55707aa4]::sys::thread::unix::Thread>::new::thread_start
[INFO] [stdout]   23:     0x7dd4ca04adfa - <unknown>
[INFO] [stdout]   24:     0x7dd4ca0de3d4 - clone
[INFO] [stdout]   25:                0x0 - <unknown>
[INFO] [stdout] 
[INFO] [stdout] 
[INFO] [stdout] failures:
[INFO] [stdout]     tests::test_delay
[INFO] [stdout] 
[INFO] [stdout] test result: FAILED. 1 passed; 1 failed; 0 ignored; 0 measured; 0 filtered out; finished in 0.11s
[INFO] [stdout] 
[INFO] [stderr] error: test failed, to rerun pass `--lib`
[INFO] running `Command { std: "docker" "inspect" "068edb014a09f5c0392d4865a1543b7c6f8d9b303c470b92ffaaa2b82453ff03", kill_on_drop: false }`
[INFO] running `Command { std: "docker" "rm" "-f" "068edb014a09f5c0392d4865a1543b7c6f8d9b303c470b92ffaaa2b82453ff03", kill_on_drop: false }`
[INFO] [stdout] 068edb014a09f5c0392d4865a1543b7c6f8d9b303c470b92ffaaa2b82453ff03
