[INFO] fetching crate librake 0.8.3...
[INFO] testing librake-0.8.3 against 1.99.0-beta.8+cargoflags=--release for beta-release-1.100-3
[INFO] extracting crate librake 0.8.3 into /workspace/builds/worker-7-tc1/source
[INFO] started tweaking crates.io crate librake 0.8.3
[INFO] removed 0 missing tests
[INFO] finished tweaking crates.io crate librake 0.8.3
[INFO] tweaked toml for crates.io crate librake 0.8.3 written to /workspace/builds/worker-7-tc1/source/Cargo.toml
[INFO] validating manifest of crates.io crate librake 0.8.3 on toolchain 1.99.0-beta.8
[INFO] running `Command { std: CARGO_HOME="/workspace/cargo-home" RUSTUP_HOME="/workspace/rustup-home" "/workspace/cargo-home/bin/cargo" "+1.99.0-beta.8" "metadata" "--manifest-path" "Cargo.toml" "--no-deps", kill_on_drop: false }`
[INFO] crate crates.io crate librake 0.8.3 already has a lockfile, it will not be regenerated
[INFO] running `Command { std: CARGO_HOME="/workspace/cargo-home" RUSTUP_HOME="/workspace/rustup-home" "/workspace/cargo-home/bin/cargo" "+1.99.0-beta.8" "fetch" "--manifest-path" "Cargo.toml", kill_on_drop: false }`
[INFO] [stderr]     Blocking waiting for file lock on package cache
[INFO] [stderr]     Updating crates.io index
[INFO] [stderr]     Blocking waiting for file lock on package cache
[INFO] [stderr]  Downloading crates ...
[INFO] [stderr]   Downloaded bon v3.9.3
[INFO] [stderr]   Downloaded vergen-lib v10.0.2
[INFO] [stderr]   Downloaded gix-utils v0.3.5
[INFO] [stderr]   Downloaded nonempty v0.12.0
[INFO] [stderr]   Downloaded gix-zlib v0.1.0
[INFO] [stderr]   Downloaded gix-validate v0.11.3
[INFO] [stderr]   Downloaded gix-worktree-stream v0.35.0
[INFO] [stderr]   Downloaded faster-hex v0.10.0
[INFO] [stderr]   Downloaded gix-revwalk v0.34.0
[INFO] [stderr]   Downloaded gix-traverse v0.60.0
[INFO] [stderr]   Downloaded gix-trace v0.1.21
[INFO] [stderr]   Downloaded vergen v10.0.2
[INFO] [stderr]   Downloaded gix-hashtable v0.16.0
[INFO] [stderr]   Downloaded gix-date v0.15.6
[INFO] [stderr]   Downloaded gix-actor v0.41.2
[INFO] [stderr]   Downloaded gix-object v0.63.0
[INFO] [stderr]   Downloaded gix-hash v0.26.0
[INFO] [stderr]   Downloaded gix-path v0.12.4
[INFO] [stderr]   Downloaded vergen-gix v10.0.2
[INFO] [stderr]   Downloaded gix-features v0.49.0
[INFO] [stderr]   Downloaded gix-chunk v0.7.3
[INFO] [stderr]   Downloaded objc2-open-directory v0.3.2
[INFO] [stderr]   Downloaded heapless v0.8.0
[INFO] [stderr]   Downloaded gix-quote v0.7.2
[INFO] [stderr]   Downloaded gix-sec v0.14.2
[INFO] [stderr]   Downloaded gix-negotiate v0.34.0
[INFO] [stderr]   Downloaded bon-macros v3.9.3
[INFO] [stderr]   Downloaded io-close v0.3.7
[INFO] [stderr]   Downloaded gix-bitmap v0.3.3
[INFO] [stderr]   Downloaded clap v4.6.6
[INFO] [stderr]   Downloaded gix-config-value v0.19.1
[INFO] [stderr]   Downloaded gix-shallow v0.13.0
[INFO] [stderr]   Downloaded gix-prompt v0.16.0
[INFO] [stderr]   Downloaded bisync v0.3.0
[INFO] [stderr]   Downloaded bisync_macros v0.2.3
[INFO] [stderr]   Downloaded zerovec-derive v0.11.4
[INFO] [stderr]   Downloaded petname-macros v3.2.0
[INFO] [stderr]   Downloaded gethostname v1.1.0
[INFO] [stderr]   Downloaded libredox v0.1.20
[INFO] [stderr]   Downloaded prodash v31.0.0
[INFO] [stderr]   Downloaded gix-commitgraph v0.38.0
[INFO] [stderr]   Downloaded gix-fs v0.22.0
[INFO] [stderr]   Downloaded gix-filter v0.33.0
[INFO] [stderr]   Downloaded gix-packetline v0.22.0
[INFO] [stderr]   Downloaded gix-command v0.9.2
[INFO] [stderr]   Downloaded unicode-bom v2.0.3
[INFO] [stderr]   Downloaded gix-glob v0.27.0
[INFO] [stderr]   Downloaded gix-worktree-state v0.33.0
[INFO] [stderr]   Downloaded gix-worktree v0.55.0
[INFO] [stderr]   Downloaded gix-lock v24.0.0
[INFO] [stderr]   Downloaded gix-ignore v0.22.0
[INFO] [stderr]   Downloaded gix-url v0.37.1
[INFO] [stderr]   Downloaded gix-refspec v0.44.0
[INFO] [stderr]   Downloaded gix-revision v0.48.0
[INFO] [stderr]   Downloaded gix-pathspec v0.19.0
[INFO] [stderr]   Downloaded gix-discover v0.54.0
[INFO] [stderr]   Downloaded gix-credentials v0.39.1
[INFO] [stderr]   Downloaded clru v0.6.3
[INFO] [stderr]   Downloaded cookie v0.18.2
[INFO] [stderr]   Downloaded gix-error v0.2.5
[INFO] [stderr]   Downloaded gix-attributes v0.34.0
[INFO] [stderr]   Downloaded gix-tempfile v24.0.0
[INFO] [stderr]   Downloaded dashmap v6.2.1
[INFO] [stderr]   Downloaded gix-submodule v0.33.0
[INFO] [stderr]   Downloaded gix-status v0.33.0
[INFO] [stderr]   Downloaded gix-dir v0.28.0
[INFO] [stderr]   Downloaded gix-imara-diff v0.2.4
[INFO] [stderr]   Downloaded gix-protocol v0.64.0
[INFO] [stderr]   Downloaded gix-odb v0.83.0
[INFO] [stderr]   Downloaded cookie_store v0.22.1
[INFO] [stderr]   Downloaded icu_provider v2.3.0
[INFO] [stderr]   Downloaded clap_complete v4.6.9
[INFO] [stderr]   Downloaded gix-index v0.54.0
[INFO] [stderr]   Downloaded gix-transport v0.58.1
[INFO] [stderr]   Downloaded gix-config v0.59.0
[INFO] [stderr]   Downloaded arc-swap v1.9.2
[INFO] [stderr]   Downloaded gix-ref v0.66.0
[INFO] [stderr]   Downloaded gix-diff v0.66.0
[INFO] [stderr]   Downloaded ureq-proto v0.6.1
[INFO] [stderr]   Downloaded rustls-webpki v0.103.14
[INFO] [stderr]   Downloaded gix-pack v0.73.0
[INFO] [stderr]   Downloaded cc v1.4.3
[INFO] [stderr]   Downloaded zerovec v0.11.7
[INFO] [stderr]   Downloaded ureq v3.4.0
[INFO] [stderr]   Downloaded clap_builder v4.6.6
[INFO] [stderr]   Downloaded objc2-io-kit v0.3.2
[INFO] [stderr]   Downloaded sysinfo v0.39.6
[INFO] [stderr]   Downloaded petname v3.2.0
[INFO] [stderr]   Downloaded gix v0.86.0
[INFO] [stderr]   Downloaded sha1-checked v0.10.0
[INFO] running `Command { std: "docker" "create" "-v" "/var/lib/crater-agent-workspace/builds/worker-7-tc1/source:/opt/rustwide/workdir:ro,Z" "-v" "/var/lib/crater-agent-workspace/builds/worker-7-tc1/target:/opt/rustwide/target:rw,Z" "-v" "/var/lib/crater-agent-workspace/cargo-home:/opt/rustwide/cargo-home:ro,Z" "-v" "/var/lib/crater-agent-workspace/rustup-home:/opt/rustwide/rustup-home:ro,Z" "-m" "1610612736" "--network" "none" "ghcr.io/rust-lang/crates-build-env/linux@sha256:77db811e55d90add9212f6832c23229e3de5f1c1f9905e8cb07319ea15df73ac" "sleep" "infinity", kill_on_drop: false }`
[INFO] [stdout] 5d0a0659a407c18785bee62ccc58fe877afadf1f7006715730217320d5323dbf
[INFO] running `Command { std: "docker" "start" "5d0a0659a407c18785bee62ccc58fe877afadf1f7006715730217320d5323dbf", kill_on_drop: false }`
[INFO] running `Command { std: "docker" "inspect" "5d0a0659a407c18785bee62ccc58fe877afadf1f7006715730217320d5323dbf", kill_on_drop: false }`
[INFO] running `Command { std: "docker" "exec" "-e" "SOURCE_DIR=/opt/rustwide/workdir" "-e" "CARGO_HOME=/opt/rustwide/cargo-home" "-e" "RUSTUP_HOME=/opt/rustwide/rustup-home" "-e" "CARGO_TARGET_DIR=/opt/rustwide/target" "-w" "/opt/rustwide/workdir" "--user" "0:0" "5d0a0659a407c18785bee62ccc58fe877afadf1f7006715730217320d5323dbf" "/opt/rustwide/cargo-home/bin/cargo" "+1.99.0-beta.8" "metadata" "--no-deps" "--format-version=1", kill_on_drop: false }`
[INFO] running `Command { std: "docker" "inspect" "5d0a0659a407c18785bee62ccc58fe877afadf1f7006715730217320d5323dbf", kill_on_drop: false }`
[INFO] running `Command { std: "docker" "exec" "-e" "SOURCE_DIR=/opt/rustwide/workdir" "-e" "CARGO_HOME=/opt/rustwide/cargo-home" "-e" "RUSTUP_HOME=/opt/rustwide/rustup-home" "-e" "CARGO_TARGET_DIR=/opt/rustwide/target" "-e" "CARGO_INCREMENTAL=0" "-e" "RUST_BACKTRACE=full" "-e" "RUSTFLAGS=--cap-lints=warn" "-e" "RUSTDOCFLAGS=--cap-lints=warn" "-w" "/opt/rustwide/workdir" "--user" "0:0" "5d0a0659a407c18785bee62ccc58fe877afadf1f7006715730217320d5323dbf" "/opt/rustwide/cargo-home/bin/cargo" "+1.99.0-beta.8" "build" "--frozen" "--message-format=json" "--release", kill_on_drop: false }`
[INFO] [stderr]    Compiling syn v3.0.3
[INFO] [stderr]    Compiling regex-automata v0.4.18
[INFO] [stderr]    Compiling thiserror v2.0.20
[INFO] [stderr]    Compiling gix-trace v0.1.21
[INFO] [stderr]    Compiling fastrand v2.5.0
[INFO] [stderr]    Compiling smallvec v1.15.2
[INFO] [stderr]    Compiling same-file v1.0.6
[INFO] [stderr]    Compiling bitflags v2.13.1
[INFO] [stderr]    Compiling getrandom v0.4.3
[INFO] [stderr]    Compiling crc32fast v1.5.0
[INFO] [stderr]    Compiling byteorder v1.5.0
[INFO] [stderr]    Compiling unicode-normalization v0.1.25
[INFO] [stderr]    Compiling heapless v0.8.0
[INFO] [stderr]    Compiling crypto-common v0.1.7
[INFO] [stderr]    Compiling foldhash v0.2.0
[INFO] [stderr]    Compiling jiff-core v0.1.0
[INFO] [stderr]    Compiling rustix v1.1.4
[INFO] [stderr]    Compiling walkdir v2.5.0
[INFO] [stderr]    Compiling digest v0.10.7
[INFO] [stderr]    Compiling linux-raw-sys v0.12.1
[INFO] [stderr]    Compiling hashbrown v0.17.1
[INFO] [stderr]    Compiling memmap2 v0.9.11
[INFO] [stderr]    Compiling crossbeam-utils v0.8.22
[INFO] [stderr]    Compiling errno v0.3.14
[INFO] [stderr]    Compiling parking_lot_core v0.9.12
[INFO] [stderr]    Compiling signal-hook v0.4.4
[INFO] [stderr]    Compiling hash32 v0.3.1
[INFO] [stderr]    Compiling signal-hook-registry v1.4.8
[INFO] [stderr]    Compiling hashbrown v0.14.5
[INFO] [stderr]    Compiling nonempty v0.12.0
[INFO] [stderr]    Compiling sha1 v0.10.7
[INFO] [stderr]    Compiling rustversion v1.0.23
[INFO] [stderr]    Compiling unicode-bom v2.0.3
[INFO] [stderr]    Compiling syn v2.0.119
[INFO] [stderr]    Compiling shell-words v1.1.1
[INFO] [stderr]    Compiling parking_lot v0.12.5
[INFO] [stderr]    Compiling sha1-checked v0.10.0
[INFO] [stderr]    Compiling gix-sec v0.14.2
[INFO] [stderr]    Compiling filetime v0.2.29
[INFO] [stderr]    Compiling prodash v31.0.0
[INFO] [stderr]    Compiling fnv v1.0.7
[INFO] [stderr]    Compiling serde_core v1.0.229
[INFO] [stderr]    Compiling find-msvc-tools v0.1.11
[INFO] [stderr]    Compiling prettyplease v0.2.37
[INFO] [stderr]    Compiling encoding_rs v0.8.35
[INFO] [stderr]    Compiling hashbrown v0.16.1
[INFO] [stderr]    Compiling faster-hex v0.10.0
[INFO] [stderr]    Compiling cc v1.4.3
[INFO] [stderr]    Compiling zlib-rs v0.6.7
[INFO] [stderr]    Compiling bisync_macros v0.2.3
[INFO] [stderr]    Compiling getrandom v0.2.17
[INFO] [stderr]    Compiling dashmap v6.2.1
[INFO] [stderr]    Compiling bisync v0.3.0
[INFO] [stderr]    Compiling vergen-lib v10.0.2
[INFO] [stderr]    Compiling bstr v1.13.1
[INFO] [stderr]    Compiling arc-swap v1.9.2
[INFO] [stderr]    Compiling vergen v10.0.2
[INFO] [stderr]    Compiling clru v0.6.3
[INFO] [stderr]    Compiling io-close v0.3.7
[INFO] [stderr]    Compiling powerfmt v0.2.0
[INFO] [stderr]    Compiling deranged v0.5.8
[INFO] [stderr]    Compiling subtle v2.6.1
[INFO] [stderr]    Compiling jiff v0.2.35
[INFO] [stderr]    Compiling num_threads v0.1.7
[INFO] [stderr]    Compiling vergen-gix v10.0.2
[INFO] [stderr]    Compiling sysinfo v0.39.6
[INFO] [stderr]    Compiling rustls v0.23.43
[INFO] [stderr]    Compiling httparse v1.10.1
[INFO] [stderr]    Compiling serde v1.0.229
[INFO] [stderr]    Compiling clap_builder v4.6.6
[INFO] [stderr]    Compiling digest v0.11.3
[INFO] [stderr]    Compiling curve25519-dalek v5.0.0
[INFO] [stderr]    Compiling once_cell v1.21.4
[INFO] [stderr]    Compiling gix-validate v0.11.3
[INFO] [stderr]    Compiling gix-utils v0.3.5
[INFO] [stderr]    Compiling gix-error v0.2.5
[INFO] [stderr]    Compiling gix-chunk v0.7.3
[INFO] [stderr]    Compiling gix-quote v0.7.2
[INFO] [stderr]    Compiling gix-bitmap v0.3.3
[INFO] [stderr]    Compiling gix-imara-diff v0.2.4
[INFO] [stderr]    Compiling http v1.5.0
[INFO] [stderr]    Compiling num-traits v0.2.19
[INFO] [stderr]    Compiling chacha20 v0.10.1
[INFO] [stderr]    Compiling signature v3.0.0
[INFO] [stderr]    Compiling winnow v1.0.4
[INFO] [stderr]    Compiling base64 v0.23.1
[INFO] [stderr]    Compiling option-ext v0.2.0
[INFO] [stderr]    Compiling dirs-sys v0.5.0
[INFO] [stderr]    Compiling ring v0.17.14
[INFO] [stderr]    Compiling rand v0.10.2
[INFO] [stderr]    Compiling ed25519 v3.0.0
[INFO] [stderr]    Compiling time v0.3.55
[INFO] [stderr]    Compiling toml_parser v1.1.3+spec-1.1.0
[INFO] [stderr]    Compiling ureq-proto v0.6.1
[INFO] [stderr]    Compiling sha2 v0.11.0
[INFO] [stderr]    Compiling webpki-roots v1.0.9
[INFO] [stderr]    Compiling utf8-zero v0.8.1
[INFO] [stderr]    Compiling toml_writer v1.1.2+spec-1.1.0
[INFO] [stderr]    Compiling gethostname v1.1.0
[INFO] [stderr]    Compiling darling_core v0.23.0
[INFO] [stderr]    Compiling tempfile v3.27.0
[INFO] [stderr]    Compiling thiserror-impl v2.0.20
[INFO] [stderr]    Compiling serde_derive v1.0.229
[INFO] [stderr]    Compiling clap_derive v4.6.4
[INFO] [stderr]    Compiling indexmap v2.14.0
[INFO] [stderr]    Compiling serde_spanned v1.1.1
[INFO] [stderr]    Compiling serde_json v1.0.151
[INFO] [stderr]    Compiling toml_datetime v1.1.1+spec-1.1.0
[INFO] [stderr]    Compiling petname-macros v3.2.0
[INFO] [stderr]    Compiling gix-date v0.15.6
[INFO] [stderr]    Compiling toml v1.1.4+spec-1.1.0
[INFO] [stderr]    Compiling gix-actor v0.41.2
[INFO] [stderr]    Compiling gix-path v0.12.4
[INFO] [stderr]    Compiling gix-packetline v0.22.0
[INFO] [stderr]    Compiling gix-zlib v0.1.0
[INFO] [stderr]    Compiling dirs v6.0.0
[INFO] [stderr]    Compiling semver v1.0.28
[INFO] [stderr]    Compiling clap v4.6.6
[INFO] [stderr]    Compiling clap_complete v4.6.9
[INFO] [stderr]    Compiling curve25519-dalek-derive v0.1.1
[INFO] [stderr]    Compiling gix-features v0.49.0
[INFO] [stderr]    Compiling gix-config-value v0.19.1
[INFO] [stderr]    Compiling gix-command v0.9.2
[INFO] [stderr]    Compiling gix-hash v0.26.0
[INFO] [stderr]    Compiling gix-fs v0.22.0
[INFO] [stderr]    Compiling gix-glob v0.27.0
[INFO] [stderr]    Compiling gix-url v0.37.1
[INFO] [stderr]    Compiling gix-hashtable v0.16.0
[INFO] [stderr]    Compiling gix-object v0.63.0
[INFO] [stderr]    Compiling gix-tempfile v24.0.0
[INFO] [stderr]    Compiling gix-commitgraph v0.38.0
[INFO] [stderr]    Compiling gix-prompt v0.16.0
[INFO] [stderr]    Compiling gix-attributes v0.34.0
[INFO] [stderr]    Compiling gix-lock v24.0.0
[INFO] [stderr]    Compiling gix-ignore v0.22.0
[INFO] [stderr]    Compiling gix-credentials v0.39.1
[INFO] [stderr]    Compiling gix-transport v0.58.1
[INFO] [stderr]    Compiling petname v3.2.0
[INFO] [stderr]    Compiling gix-shallow v0.13.0
[INFO] [stderr]    Compiling gix-pathspec v0.19.0
[INFO] [stderr]    Compiling ed25519-dalek v3.0.0
[INFO] [stderr]    Compiling gix-revwalk v0.34.0
[INFO] [stderr]    Compiling gix-ref v0.66.0
[INFO] [stderr]    Compiling darling_macro v0.23.0
[INFO] [stderr]    Compiling gix-filter v0.33.0
[INFO] [stderr]    Compiling gix-traverse v0.60.0
[INFO] [stderr]    Compiling gix-revision v0.48.0
[INFO] [stderr]    Compiling gix-negotiate v0.34.0
[INFO] [stderr]    Compiling darling v0.23.0
[INFO] [stderr]    Compiling gix-pack v0.73.0
[INFO] [stderr]    Compiling bon-macros v3.9.3
[INFO] [stderr]    Compiling gix-index v0.54.0
[INFO] [stderr]    Compiling gix-refspec v0.44.0
[INFO] [stderr]    Compiling gix-discover v0.54.0
[INFO] [stderr]    Compiling gix-config v0.59.0
[INFO] [stderr]    Compiling gix-protocol v0.64.0
[INFO] [stderr]    Compiling gix-odb v0.83.0
[INFO] [stderr]    Compiling chrono v0.4.45
[INFO] [stderr]    Compiling gix-worktree v0.55.0
[INFO] [stderr]    Compiling gix-dir v0.28.0
[INFO] [stderr]    Compiling gix-diff v0.66.0
[INFO] [stderr]    Compiling gix-worktree-state v0.33.0
[INFO] [stderr]    Compiling gix-submodule v0.33.0
[INFO] [stderr]    Compiling gix-status v0.33.0
[INFO] [stderr]    Compiling bon v3.9.3
[INFO] [stderr]    Compiling gix v0.86.0
[INFO] [stderr]    Compiling rustls-webpki v0.103.14
[INFO] [stderr]    Compiling librake v0.8.3 (/opt/rustwide/workdir)
[INFO] [stderr] warning: librake@0.8.3: Could not find a git repository in '/opt/rustwide/workdir' or in any of its parents within device limits below '/opt/rustwide'
[INFO] [stderr] warning: librake@0.8.3: Unable to set VERGEN_GIT_BRANCH
[INFO] [stderr] warning: librake@0.8.3: Unable to set VERGEN_GIT_COMMIT_AUTHOR_EMAIL
[INFO] [stderr] warning: librake@0.8.3: Unable to set VERGEN_GIT_COMMIT_AUTHOR_NAME
[INFO] [stderr] warning: librake@0.8.3: Unable to set VERGEN_GIT_COMMIT_TIMESTAMP
[INFO] [stderr] warning: librake@0.8.3: Unable to set VERGEN_GIT_DESCRIBE
[INFO] [stderr] warning: librake@0.8.3: Unable to set VERGEN_GIT_SHA
[INFO] [stderr]    Compiling rustls-platform-verifier v0.7.0
[INFO] [stderr]    Compiling ureq v3.4.0
[INFO] [stderr]     Finished `release` profile [optimized] target(s) in 1m 42s
[INFO] running `Command { std: "docker" "inspect" "5d0a0659a407c18785bee62ccc58fe877afadf1f7006715730217320d5323dbf", kill_on_drop: false }`
[INFO] running `Command { std: "docker" "exec" "-e" "SOURCE_DIR=/opt/rustwide/workdir" "-e" "CARGO_HOME=/opt/rustwide/cargo-home" "-e" "RUSTUP_HOME=/opt/rustwide/rustup-home" "-e" "CARGO_TARGET_DIR=/opt/rustwide/target" "-e" "CARGO_INCREMENTAL=0" "-e" "RUST_BACKTRACE=full" "-e" "RUSTFLAGS=--cap-lints=warn" "-e" "RUSTDOCFLAGS=--cap-lints=warn" "-w" "/opt/rustwide/workdir" "--user" "0:0" "5d0a0659a407c18785bee62ccc58fe877afadf1f7006715730217320d5323dbf" "/opt/rustwide/cargo-home/bin/cargo" "+1.99.0-beta.8" "test" "--frozen" "--no-run" "--message-format=json" "--release", kill_on_drop: false }`
[INFO] [stderr]    Compiling rustix v1.1.4
[INFO] [stderr]    Compiling bitflags v2.13.1
[INFO] [stderr]    Compiling fastrand v2.5.0
[INFO] [stderr] warning: librake@0.8.3: Could not find a git repository in '/opt/rustwide/workdir' or in any of its parents within device limits below '/opt/rustwide'
[INFO] [stderr] warning: librake@0.8.3: Unable to set VERGEN_GIT_BRANCH
[INFO] [stderr] warning: librake@0.8.3: Unable to set VERGEN_GIT_COMMIT_AUTHOR_EMAIL
[INFO] [stderr] warning: librake@0.8.3: Unable to set VERGEN_GIT_COMMIT_AUTHOR_NAME
[INFO] [stderr] warning: librake@0.8.3: Unable to set VERGEN_GIT_COMMIT_TIMESTAMP
[INFO] [stderr] warning: librake@0.8.3: Unable to set VERGEN_GIT_DESCRIBE
[INFO] [stderr] warning: librake@0.8.3: Unable to set VERGEN_GIT_SHA
[INFO] [stderr]    Compiling gethostname v1.1.0
[INFO] [stderr]    Compiling tempfile v3.27.0
[INFO] [stderr]    Compiling librake v0.8.3 (/opt/rustwide/workdir)
[INFO] [stderr]     Finished `release` profile [optimized] target(s) in 18.65s
[INFO] running `Command { std: "docker" "inspect" "5d0a0659a407c18785bee62ccc58fe877afadf1f7006715730217320d5323dbf", kill_on_drop: false }`
[INFO] running `Command { std: "docker" "exec" "-e" "SOURCE_DIR=/opt/rustwide/workdir" "-e" "CARGO_HOME=/opt/rustwide/cargo-home" "-e" "RUSTUP_HOME=/opt/rustwide/rustup-home" "-e" "CARGO_TARGET_DIR=/opt/rustwide/target" "-e" "CARGO_INCREMENTAL=0" "-e" "RUST_BACKTRACE=full" "-e" "RUSTFLAGS=--cap-lints=warn" "-e" "RUSTDOCFLAGS=--cap-lints=warn" "-w" "/opt/rustwide/workdir" "--user" "0:0" "5d0a0659a407c18785bee62ccc58fe877afadf1f7006715730217320d5323dbf" "/opt/rustwide/cargo-home/bin/cargo" "+1.99.0-beta.8" "test" "--frozen" "--release", kill_on_drop: false }`
[INFO] [stderr] warning: librake@0.8.3: Could not find a git repository in '/opt/rustwide/workdir' or in any of its parents within device limits below '/opt/rustwide'
[INFO] [stderr] warning: librake@0.8.3: Unable to set VERGEN_GIT_BRANCH
[INFO] [stderr] warning: librake@0.8.3: Unable to set VERGEN_GIT_COMMIT_AUTHOR_EMAIL
[INFO] [stderr] warning: librake@0.8.3: Unable to set VERGEN_GIT_COMMIT_AUTHOR_NAME
[INFO] [stderr] warning: librake@0.8.3: Unable to set VERGEN_GIT_COMMIT_TIMESTAMP
[INFO] [stderr] warning: librake@0.8.3: Unable to set VERGEN_GIT_DESCRIBE
[INFO] [stderr] warning: librake@0.8.3: Unable to set VERGEN_GIT_SHA
[INFO] [stderr]     Finished `release` profile [optimized] target(s) in 0.27s
[INFO] [stderr]      Running unittests src/lib.rs (/opt/rustwide/target/release/deps/librake-853804f71386b0ca)
[INFO] [stdout] 
[INFO] [stdout] running 216 tests
[INFO] [stdout] test graph::tests::cycle_is_reported_with_path ... ok
[INFO] [stdout] test graph::tests::excluded_dependency_is_silently_accepted_at_parse_time ... ok
[INFO] [stdout] test graph::tests::excluded_root_gives_platform_error ... ok
[INFO] [stdout] test graph::tests::diamond_runs_each_prerequisite_once ... ok
[INFO] [stdout] test graph::tests::skip_blocked_by_nonroot_dependent ... ok
[INFO] [stdout] test graph::tests::unknown_skip_target_is_rejected ... ok
[INFO] [stdout] test graph::tests::validate_rejects_conflicting_dep_and_skip_dep ... ok
[INFO] [stdout] test graph::tests::validate_rejects_unknown_skip_dep ... ok
[INFO] [stdout] test license::tests::format_licensee_perpetual ... ok
[INFO] [stdout] test graph::tests::unknown_root_among_several_is_rejected ... ok
[INFO] [stdout] test license::tests::features_without_events_field_deserializes_locked ... ok
[INFO] [stdout] test graph::tests::embedded_skip_dep_prunes_from_execution ... ok
[INFO] [stdout] test graph::tests::unknown_dependency_is_rejected ... ok
[INFO] [stdout] test graph::tests::skip_prunes_orphaned_transitive_dependency ... ok
[INFO] [stdout] test graph::tests::root_wins_over_embedded_skip_dep ... ok
[INFO] [stdout] test graph::tests::duplicate_roots_run_each_time ... ok
[INFO] [stdout] test graph::tests::embedded_skip_dep_in_transitive_dependency_applies ... ok
[INFO] [stdout] test graph::tests::unknown_root_is_rejected ... ok
[INFO] [stdout] test graph::tests::skip_shared_dependency_allowed_when_only_roots_depend ... ok
[INFO] [stdout] test license::tests::tampered_key_rejected ... ok
[INFO] [stdout] test license::tests::format_licensee_with_expiry ... ok
[INFO] [stderr]      License [ rake ] no license key stored
[INFO] [stdout] test license::tests::verifying_key_configured_returns_true ... ok
[INFO] [stdout] test license::tests::remove_license_no_file_or_no_terminal ... ok
[INFO] [stdout] test lifecycle::tests::cancelled_event_round_trips_through_json ... ok
[INFO] [stderr]        Basic [ rake ] locked — run `rake license <key>` to activate
[INFO] [stderr]      License [ rake ] no license active — run `rake license <key>` to activate
[INFO] [stdout] test graph::tests::each_root_runs_its_full_graph ... ok
[INFO] [stdout] test license::tests::load_license_env_invalid_sig ... ok
[INFO] [stdout] test license::tests::verify_invalid_signature ... ok
[INFO] [stdout] test license::tests::verifier_new_succeeds_but_configured_guard_is_false ... ok
[INFO] [stdout] test license::tests::verify_signature_wrong_length ... ok
[INFO] [stdout] test license::tests::verify_bad_base64_signature ... ok
[INFO] [stdout] test license::tests::basic_feature_status_does_not_panic ... ok
[INFO] [stdout] test graph::tests::skip_target_not_in_run_graph_is_noop ... ok
[INFO] [stdout] test license::tests::license_info_status_does_not_panic ... ok
[INFO] [stdout] test graph::tests::skip_excludes_direct_only_dependency ... ok
[INFO] [stdout] test license::tests::load_license_no_config_returns_none ... ok
[INFO] [stdout] test license::tests::verify_bad_base64_payload ... ok
[INFO] [stdout] test lifecycle::tests::from_check_settled_delegates_to_from_update_with_no_detail ... ok
[INFO] [stdout] test lifecycle::tests::emit_serializes_and_sends_tagged_json ... ok
[INFO] [stdout] test lifecycle::tests::lifecycle_event_round_trips_through_json ... ok
[INFO] [stdout] test lifecycle::tests::tool_outcome_present_when_no_update_record ... ok
[INFO] [stdout] test local_config::tests::key_absent_from_base_is_inserted ... ok
[INFO] [stdout] test local_config::tests::key_order_preserved_base_first_then_override_appends ... ok
[INFO] [stdout] test lifecycle::tests::new_sends_every_event_to_every_target ... ok
[INFO] [stdout] test local_config::tests::array_of_tables_replaced_wholesale ... ok
[INFO] [stdout] test lifecycle::tests::no_time_tracking_event_round_trips_through_json ... ok
[INFO] [stdout] test lifecycle::tests::new_with_run_id_reuses_given_run_id ... ok
[INFO] [stdout] test lifecycle::tests::run_id_is_stable_per_emitter ... ok
[INFO] [stdout] test lifecycle::tests::tool_outcome_installed_when_from_is_none ... ok
[INFO] [stdout] test license::tests::load_license_env_malformed ... FAILED
[INFO] [stdout] test lifecycle::tests::from_check_degraded_reports_check_failed_with_reason_as_detail ... ok
[INFO] [stdout] test local_config::tests::override_only_target_is_added ... ok
[INFO] [stdout] test local_config::tests::scalar_replaces_table_value ... ok
[INFO] [stdout] test local_config::tests::load_parses_present_file ... ok
[INFO] [stdout] test lifecycle::tests::unrecognized_event_tag_deserializes_as_unknown ... ok
[INFO] [stdout] test lifecycle::tests::tool_outcome_updated_when_from_is_some ... ok
[INFO] [stdout] test local_config::tests::load_returns_none_when_file_absent ... ok
[INFO] [stdout] test local_config::tests::scalar_override_replaces_base_value ... ok
[INFO] [stdout] test local_config::tests::nested_table_merges_recursively ... ok
[INFO] [stdout] test local_config::tests::table_value_replaces_scalar ... ok
[INFO] [stdout] test rakefile::tests::bare_caret_in_depends_on_is_dropped_silently ... ok
[INFO] [stdout] test rakefile::tests::blank_shell_variant_is_rejected ... ok
[INFO] [stdout] test rakefile::tests::blocked_skip_surfaces_error ... ok
[INFO] [stdout] test rakefile::tests::caret_in_depends_on_becomes_skip_dep ... ok
[INFO] [stdout] test rakefile::tests::classify_shell_maps_families ... ok
[INFO] [stdout] test rakefile::tests::command_mixing_cmd_and_shell_variant_is_rejected ... ok
[INFO] [stdout] test rakefile::tests::coexisting_shell_variants_are_accepted ... ok
[INFO] [stdout] test rakefile::tests::command_with_no_body_is_rejected ... ok
[INFO] [stdout] test rakefile::tests::cycle_is_rejected ... ok
[INFO] [stdout] test rakefile::tests::conflicting_dep_and_skip_dep_is_rejected ... ok
[INFO] [stdout] test rakefile::tests::duplicate_command_name_within_target_is_rejected ... ok
[INFO] [stdout] test rakefile::tests::empty_cmd_is_rejected ... ok
[INFO] [stdout] test rakefile::tests::depends_only_target_is_accepted ... ok
[INFO] [stdout] test rakefile::tests::empty_file_has_no_targets ... ok
[INFO] [stdout] test rakefile::tests::empty_lifecycle_address_array_is_rejected ... ok
[INFO] [stderr]     Checking [ rake ] [ check ] cargo-rake
[INFO] [stdout] test rakefile::tests::empty_platform_list_rejected ... ok
[INFO] [stderr]      Warning [ rake ] [ check ] cargo-rake could not determine installed version; keeping current
[INFO] [stdout] test rakefile::tests::ensure_self_update_tracked_without_lifecycle_is_a_quiet_noop ... ok
[INFO] [stdout] test rakefile::tests::format_duration_promotes_units ... ok
[INFO] [stdout] test rakefile::tests::invalid_arch_token_rejected ... ok
[INFO] [stderr] 
[INFO] [stderr]      Running [ rake ] [ boom ] false
[INFO] [stderr]     Checking [ rake ] [ check ] t
[INFO] [stdout] test rakefile::tests::dry_run_does_not_execute_failing_command ... ok
[INFO] [stdout] test rakefile::tests::invalid_entry_in_lifecycle_address_array_is_rejected ... ok
[INFO] [stderr] 
[INFO] [stderr]      Skipped [ rake ] [ win only ] platform: windows
[INFO] [stderr] 
[INFO] [stderr]      Running [ rake ] [   always ] true
[INFO] [stderr] 
[INFO] [stderr]      Running [ rake ] [ b ] false
[INFO] [stderr] 
[INFO] [stderr]      Running [ rake ] [ a ] false
[INFO] [stderr] 
[INFO] [stderr]      Running [ rake ] [  boom ] false
[INFO] [stderr] 
[INFO] [stderr]      Running [ rake ] [ boom ] false
[INFO] [stdout] test rakefile::tests::invalid_platform_token_rejected ... ok
[INFO] [stderr] 
[INFO] [stdout] test rakefile::tests::invalid_toolchain_is_rejected ... ok
[INFO] [stderr]      Skipped [ rake ] [ clean ] skip requested
[INFO] [stdout] test rakefile::tests::dry_run_resolves_dependency_order ... ok
[INFO] [stderr] 
[INFO] [stdout] test lifecycle::tests::disabled_emitter_sends_nothing ... ok
[INFO] [stderr]      Running [ rake ] [    ok ] true
[INFO] [stdout] test rakefile::tests::dry_run_missing_shell_variant_still_errors ... ok
[INFO] [stderr] 
[INFO] [stderr]      Running [ rake ] [ compile ] true
[INFO] [stdout] test rakefile::tests::label_line_right_justifies_prefix ... ok
[INFO] [stdout] test lifecycle::tests::new_with_no_targets_behaves_like_disabled ... ok
[INFO] [stdout] test rakefile::tests::lifecycle_name_parses_when_present ... ok
[INFO] [stdout] test rakefile::tests::lifecycle_name_is_none_when_absent ... ok
[INFO] [stdout] test rakefile::tests::lifecycle_address_array_resolves_to_every_address ... ok
[INFO] [stdout] test rakefile::tests::lifecycle_address_single_string_resolves_to_one_address ... ok
[INFO] [stdout] test rakefile::tests::missing_command_name_is_a_parse_error ... ok
[INFO] [stderr]   Installing [ rake ] [ check ] t true
[INFO] [stderr]     Checking [ rake ] [ check ] t
[INFO] [stdout] test rakefile::tests::plan_name_width_returns_command_name_length ... ok
[INFO] [stderr]  Cmd Runtime [ rake ]    3.45000 ms
[INFO] [stderr] 
[INFO] [stderr]      Running [ rake ] [     c ] true
[INFO] [stdout] test rakefile::tests::parses_targets_in_declaration_order ... ok
[INFO] [stdout] test rakefile::tests::platform_variant_base_used_when_no_match ... ok
[INFO] [stderr] 
[INFO] [stderr]      Running [ rake ] [ slow ] sleep 2
[INFO] [stderr] 
[INFO] [stderr]      Running [ rake ] [     c ] true
[INFO] [stdout] test rakefile::tests::platform_variant_depends_on_resolved_correctly ... ok
[INFO] [stderr]      Present [ rake ] [ check ] t
[INFO] [stdout] test rakefile::tests::platform_variant_base_without_variants_unchanged ... ok
[INFO] [stderr] 
[INFO] [stdout] test rakefile::tests::platform_variant_events_key_allowed ... ok
[INFO] [stderr]      Running [ rake ] [     c ] true
[INFO] [stderr] 
[INFO] [stderr]      Skipped [ rake ] [    win ] platform: windows
[INFO] [stderr] 
[INFO] [stderr]      Running [ rake ] [ always ] true
[INFO] [stderr]     Checking [ rake ] [ check ] t
[INFO] [stdout] test rakefile::tests::platform_variant_explicit_empty_header_excluded_on_non_matching ... ok
[INFO] [stdout] test rakefile::tests::platform_variant_excluded_dependency_is_silently_pruned ... ok
[INFO] [stdout] test rakefile::tests::plan_name_width_unknown_target_is_error ... ok
[INFO] [stdout] test rakefile::tests::platform_variant_family_token_matches_host ... ok
[INFO] [stdout] test rakefile::tests::platform_variant_only_excluded_absent_from_targets ... ok
[INFO] [stdout] test rakefile::tests::platform_variant_os_resolves_on_matching_host ... ok
[INFO] [stdout] test rakefile::tests::platform_variant_time_tracking_key_allowed ... ok
[INFO] [stdout] test rakefile::tests::platform_variant_typo_key_rejected ... ok
[INFO] [stdout] test rakefile::tests::platform_variant_unknown_key_rejected ... ok
[INFO] [stdout] test rakefile::tests::platform_variant_os_beats_family ... ok
[INFO] [stdout] test rakefile::tests::platform_variant_running_excluded_target_directly_errors ... ok
[INFO] [stderr]      Present [ rake ] [ check ] t
[INFO] [stdout] test rakefile::tests::run_unknown_target_errors ... ok
[INFO] [stderr] 
[INFO] [stdout] test rakefile::tests::missing_variant_for_detected_shell_errors ... ok
[INFO] [stderr]      Running [ rake ] [     a ] true
[INFO] [stderr] 
[INFO] [stderr]      Running [ rake ] [ boom ] sh -c exit 3
[INFO] [stderr]      Runtime [ rake ]    4.00000 µs
[INFO] [stderr] 
[INFO] [stderr]      Running [ rake ] [ a ] true
[INFO] [stderr] 
[INFO] [stderr]      Running [ rake ] [ ver ] cargo --version
[INFO] [stderr] 
[INFO] [stderr]      Running [ rake ] [ ghost ] this-program-does-not-exist-cargo-rake --version
[INFO] [stderr]     Checking [ rake ] [ check ] t
[INFO] [stdout] test rakefile::tests::commands_run_in_array_order_stop_at_failure ... ok
[INFO] [stderr]  Cmd Runtime [ rake ]   30.83700 ms
[INFO] [stderr]      Runtime [ rake ]   30.86900 ms
[INFO] [stderr]  Cmd Runtime [ rake ]   31.37500 ms
[INFO] [stderr] 
[INFO] [stderr]      Running [ rake ] [   check ] true
[INFO] [stdout] test rakefile::tests::excluded_command_is_skipped_and_chain_continues ... ok
[INFO] [stderr]  Cmd Runtime [ rake ]   33.95400 ms
[INFO] [stdout] test rakefile::tests::failing_dependency_without_skip_aborts ... ok
[INFO] [stderr]      Runtime [ rake ]   34.02000 ms
[INFO] [stderr]  Cmd Runtime [ rake ]   33.81000 ms
[INFO] [stderr]      Runtime [ rake ]   33.84600 ms
[INFO] [stderr]  Cmd Runtime [ rake ]   11.66100 ms
[INFO] [stdout] test rakefile::tests::run_missing_program_is_spawn_error ... ok
[INFO] [stderr]      Runtime [ rake ]   11.68700 ms
[INFO] [stderr]     Checking [ rake ] [ check ] t
[INFO] [stdout] cargo 1.99.0-beta.8 (5f94df478 2026-08-27)
[INFO] [stderr]   Installing [ rake ] [ check ] t false
[INFO] [stderr]  Cmd Runtime [ rake ]   36.00300 ms
[INFO] [stderr] 
[INFO] [stderr]      Running [ rake ] [     c ] true
[INFO] [stderr]     Checking [ rake ] [ check ] docker
[INFO] [stderr]  Cmd Runtime [ rake ]   35.76000 ms
[INFO] [stdout] test rakefile::tests::command_tool_absent_install_populates_updates ... ok
[INFO] [stderr]      Runtime [ rake ]   42.81200 ms
[INFO] [stdout] test rakefile::tests::command_tool_is_ensured_when_command_runs ... ok
[INFO] [stderr]  Cmd Runtime [ rake ]   31.07700 ms
[INFO] [stdout] test rakefile::tests::run_with_failing_tool_install_aborts ... ok
[INFO] [stderr]      Runtime [ rake ]   38.00500 ms
[INFO] [stdout] test rakefile::tests::command_tool_not_ensured_when_command_platform_skipped ... ok
[INFO] [stderr]      Runtime [ rake ]   14.26000 ms
[INFO] [stderr]  Cmd Runtime [ rake ]   32.24800 ms
[INFO] [stderr]      Runtime [ rake ]   32.29800 ms
[INFO] [stderr]   Installing [ rake ] [ check ] t true
[INFO] [stdout] test rakefile::tests::shell_family_from_env_precedence ... ok
[INFO] [stderr] 
[INFO] [stderr]      Running [ rake ] [     c ] true
[INFO] [stderr] 
[INFO] [stderr]      Running [ rake ] [ boom ] sh -c exit 3
[INFO] [stderr] 
[INFO] [stderr]      Running [ rake ] [ expand ] sh -c test "$(echo ok)" = ok
[INFO] [stderr]     Checking [ rake ] [ check ] t
[INFO] [stderr]     Checking [ rake ] [ check ] t
[INFO] [stderr]  Cmd Runtime [ rake ]   31.93100 ms
[INFO] [stderr] 
[INFO] [stderr]      Running [ rake ] [     b ] true
[INFO] [stderr]      Present [ rake ] [ check ] t
[INFO] [stderr] 
[INFO] [stderr]      Running [ rake ] [     c ] true
[INFO] [stderr]  Cmd Runtime [ rake ]   33.27300 ms
[INFO] [stderr]      Runtime [ rake ]   33.31300 ms
[INFO] [stderr]      Runtime [ rake ]   10.63100 ms
[INFO] [stderr] 
[INFO] [stdout] test rakefile::tests::matching_command_runs ... ok
[INFO] [stderr]      Running [ rake ] [ boom ] false
[INFO] [stdout] test rakefile::tests::run_with_missing_os_tool_aborts ... ok
[INFO] [stdout] test rakefile::tests::skip_reason_gates_on_platform_and_arch ... ok
[INFO] [stderr]      Present [ rake ] [ check ] t
[INFO] [stderr] 
[INFO] [stderr]      Running [ rake ] [     c ] true
[INFO] [stderr] 
[INFO] [stderr]      Running [ rake ] [ boom ] false
[INFO] [stdout] test rakefile::tests::skip_on_error_defaults_to_false ... ok
[INFO] [stderr]  Cmd Runtime [ rake ]   30.80700 ms
[INFO] [stderr]      Runtime [ rake ]   30.83900 ms
[INFO] [stderr]  Cmd Runtime [ rake ]   33.27100 ms
[INFO] [stderr] 
[INFO] [stderr]      Running [ rake ] [ b ] true
[INFO] [stdout] test rakefile::tests::run_portable_command_succeeds ... ok
[INFO] [stdout] test rakefile::tests::target_events_defaults_to_true ... ok
[INFO] [stdout] test rakefile::tests::target_events_false_is_respected ... ok
[INFO] [stdout] test rakefile::tests::synth_cancelled_status_reports_code_and_failure ... ok
[INFO] [stdout] test rakefile::tests::target_time_tracking_defaults_to_true ... ok
[INFO] [stdout] test rakefile::tests::target_time_tracking_false_is_respected ... ok
[INFO] [stdout] test rakefile::tests::target_time_tracking_true_explicit_round_trips ... ok
[INFO] [stdout] test rakefile::tests::target_events_true_explicit_round_trips ... ok
[INFO] [stdout] test rakefile::tests::multiple_root_targets_run_in_one_call ... FAILED
[INFO] [stderr]  Cmd Runtime [ rake ]    2.02100 ms
[INFO] [stderr]      Runtime [ rake ]   35.34500 ms
[INFO] [stdout] test rakefile::tests::toolchain_absent_is_none ... ok
[INFO] [stdout] test rakefile::tests::toolchain_round_trips_explicit_value ... ok
[INFO] [stdout] test rakefile::tests::unknown_dependency_is_rejected ... ok
[INFO] [stderr] 
[INFO] [stdout] test rakefile::tests::update_defaults_to_true ... ok
[INFO] [stderr]      Running [ rake ] [  boom ] false
[INFO] [stdout] test rakefile::tests::unknown_caret_dep_in_depends_on_is_rejected ... ok
[INFO] [stdout] test rakefile::tests::update_false_is_respected ... ok
[INFO] [stdout] test tool::tests::crates_io_response_deserializes ... ok
[INFO] [stdout] test rakefile::tests::update_true_explicit_round_trips ... ok
[INFO] [stdout] test rakefile::tests::target_with_neither_commands_nor_deps_is_rejected ... ok
[INFO] [stdout] test tool::tests::empty_check_is_rejected ... ok
[INFO] [stderr]     Checking [ rake ] [ check ] absent
[INFO] [stdout] test tool::tests::empty_install_is_rejected ... ok
[INFO] [stderr]     Checking [ rake ] [ check ] x
[INFO] [stdout] test tool::tests::ensure_dry_run_cargo_tool_announces_without_executing ... ok
[INFO] [stderr]     Checking [ rake ] [ fish ] __rake_test_nonexistent_fn_xyz
[INFO] [stderr]     Checking [ rake ] [ fish ] __nonexistent_fn
[INFO] [stderr]  Cmd Runtime [ rake ]   30.60600 ms
[INFO] [stderr]      Runtime [ rake ]   62.12100 ms
[INFO] [stdout] test tool::tests::ensure_dry_run_fish_tool_announces_without_executing ... ok
[INFO] [stderr]  Cmd Runtime [ rake ]    3.71700 ms
[INFO] [stdout] test rakefile::tests::depends_only_target_runs_dependencies ... FAILED
[INFO] [stderr]      Runtime [ rake ]    3.74200 ms
[INFO] [stdout] test rakefile::tests::skip_on_error_continues_remaining_commands ... FAILED
[INFO] [stderr]     Checking [ rake ] [ fish ] __rake_test_nonexistent_fn_xyz
[INFO] [stdout] test tool::tests::ensure_fish_absent ... ok
[INFO] [stdout] test tool::tests::ensure_fish_absent_with_hint ... ok
[INFO] [stderr]     Checking [ rake ] [ check ] absent
[INFO] [stderr]     Checking [ rake ] [ check ] absent
[INFO] [stderr]     Checking [ rake ] [ check ] absent
[INFO] [stdout] test tool::tests::ensure_fish_present ... ok
[INFO] [stderr]     Checking [ rake ] [ check ] absent
[INFO] [stderr] 
[INFO] [stderr]      Skipped [ rake ] [ clean ] skip requested
[INFO] [stderr] 
[INFO] [stderr]      Running [ rake ] [    ok ] true
[INFO] [stderr]  Cmd Runtime [ rake ]    2.04200 ms
[INFO] [stderr]      Runtime [ rake ]    2.16200 ms
[INFO] [stdout] test rakefile::tests::skipped_target_command_does_not_run ... FAILED
[INFO] [stderr]     Checking [ rake ] [ check ] docker
[INFO] [stderr]   Installing [ rake ] [ check ] absent false
[INFO] [stderr]  Cmd Runtime [ rake ]   68.21200 ms
[INFO] [stderr]      Runtime [ rake ]   69.04700 ms
[INFO] [stdout] test rakefile::tests::cancellation_kills_child_promptly ... ok
[INFO] [stderr]  Cmd Runtime [ rake ]   34.25800 ms
[INFO] [stderr]      Runtime [ rake ]   73.82300 ms
[INFO] [stderr]  Cmd Runtime [ rake ]   30.45600 ms
[INFO] [stderr]      Runtime [ rake ]   30.48700 ms
[INFO] [stdout] test rakefile::tests::caret_skip_dep_prunes_from_run ... ok
[INFO] [stderr]     Checking [ rake ] [ check ] present
[INFO] [stdout] test rakefile::tests::sh_variant_failure_propagates ... ok
[INFO] [stdout] test rakefile::tests::run_with_absent_tool_install_populates_updates ... ok
[INFO] [stderr]     Checking [ rake ] [ check ] present
[INFO] [stdout] test tool::tests::ensure_self_update_unparseable_version_is_nonfatal ... ok
[INFO] [stderr]     Checking [ rake ] [ check ] cargo-rake
[INFO] [stderr]   Installing [ rake ] [ check ] absent true
[INFO] [stderr]  Cmd Runtime [ rake ]   32.03300 ms
[INFO] [stderr]      Runtime [ rake ]   39.10500 ms
[INFO] [stderr]     Checking [ rake ] [ check ] cargo-rake
[INFO] [stderr]      Warning [ rake ] [ check ] cargo-rake could not determine installed version; keeping current
[INFO] [stderr]     Checking [ rake ] [ check ] present-no-version
[INFO] [stderr]      Present [ rake ] [ check ] present
[INFO] [stdout] test tool::tests::ensure_present_tool_skips_install ... ok
[INFO] [stderr]   Installing [ rake ] [ check ] absent false
[INFO] [stdout] test tool::tests::ensure_absent_tool_installs ... ok
[INFO] [stderr]  Cmd Runtime [ rake ]   34.16200 ms
[INFO] [stdout] test rakefile::tests::sh_variant_expands_and_runs ... ok
[INFO] [stderr]      Runtime [ rake ]   34.18800 ms
[INFO] [stderr]      Present [ rake ] [ check ] present
[INFO] [stdout] test tool::tests::ensure_os_present_tool_is_ok ... ok
[INFO] [stderr]  Cmd Runtime [ rake ]   31.23700 ms
[INFO] [stdout] test tool::tests::latest_crate_version_live ... ignored, network: hits the crates.io API
[INFO] [stderr]      Runtime [ rake ]   68.84900 ms
[INFO] [stdout] test tool::tests::fish_tool_name_in_os_and_fish_is_rejected ... ok
[INFO] [stdout] test rakefile::tests::command_tool_is_ensured_once_across_commands ... ok
[INFO] [stdout] test tool::tests::max_tag_width_empty_is_zero ... ok
[INFO] [stdout] test tool::tests::max_tag_width_cargo_and_fish ... ok
[INFO] [stdout] test tool::tests::max_tag_width_fish_only ... ok
[INFO] [stdout] test tool::tests::os_tool_empty_check_is_rejected ... ok
[INFO] [stdout] test tool::tests::max_tag_width_cargo_only ... ok
[INFO] [stdout] test tool::tests::os_tool_parses_and_validates ... ok
[INFO] [stdout] test tool::tests::parse_installed_version_reads_either_stream ... ok
[INFO] [stderr]      Warning [ rake ] [ check ] present-no-version could not determine installed version; keeping current
[INFO] [stderr]      Warning [ rake ] [ check ] cargo-rake version check failed: io: failed to lookup address information: Temporary failure in name resolution
[INFO] [stdout] test tool::tests::ensure_update_skips_when_version_unparseable ... ok
[INFO] [stderr]  Cmd Runtime [ rake ]   32.36200 ms
[INFO] [stdout] test tool::tests::name_in_both_categories_is_rejected ... ok
[INFO] [stderr] 
[INFO] [stdout] test tool::tests::explicit_crates_io_semver_check_parses ... ok
[INFO] [stderr]      Running [ rake ] [     c ] true
[INFO] [stdout] test tool::tests::fish_tool_name_in_cargo_and_fish_is_rejected ... ok
[INFO] [stderr]  Cmd Runtime [ rake ]   32.14600 ms
[INFO] [stdout] test tool::tests::ensure_self_update_already_up_to_date ... ok
[INFO] [stderr] 
[INFO] [stdout] test tool::tests::parses_fish_tool_without_hint ... ok
[INFO] [stderr]    Installed [ rake ] cargo-nextest
[INFO] [stdout] test tool::tests::parse_version_token_cases ... ok
[INFO] [stderr] 
[INFO] [stdout] test tool::tests::pick_version_falls_back_to_newest ... ok
[INFO] [stderr]      Running [ rake ] [   ok ] true
[INFO] [stdout] test tool::tests::print_update_summary_installed_no_versions ... ok
[INFO] [stderr] 
[INFO] [stderr]    Installed [ rake ] cargo-nextest 0.9.90
[INFO] [stdout] test tool::tests::print_update_summary_installed_with_version ... ok
[INFO] [stderr]     Checking [ rake ] [ check ] cargo-rake
[INFO] [stdout] test tool::tests::self_update_check_unparseable_version_is_degraded ... ok
[INFO] [stderr]      Warning [ rake ] [ check ] cargo-rake could not determine installed version; keeping current
[INFO] [stderr] 
[INFO] [stderr]      Updated [ rake ] cargo-nextest 0.9.0 → 0.9.90
[INFO] [stderr] 
[INFO] [stderr]      Updated [ rake ] cargo-nextest 0.9.0 → ?
[INFO] [stderr]  Cmd Runtime [ rake ]   32.72100 ms
[INFO] [stderr]      Runtime [ rake ]   32.74400 ms
[INFO] [stdout] test tool::tests::print_update_summary_updated_both_versions ... ok
[INFO] [stdout] test tool::tests::print_update_summary_empty_is_noop ... ok
[INFO] [stdout] test tool::tests::parses_tool_table_with_defaults ... ok
[INFO] [stdout] test tool::tests::parses_fish_tool_table ... ok
[INFO] [stdout] test tool::tests::ensure_os_absent_without_install_is_required_error ... ok
[INFO] [stdout] test tool::tests::print_update_summary_updated_from_only ... ok
[INFO] [stdout] test tool::tests::ensure_os_absent_install_failure_is_error ... ok
[INFO] [stdout] test rakefile::tests::shared_dependency_of_two_roots_stops_run_once ... ok
[INFO] [stdout] test tool::tests::tag_for_cargo_tool_returns_check_tag ... ok
[INFO] [stdout] test tool::tests::pick_version_prefers_max_stable ... ok
[INFO] [stdout] test tool::tests::ensure_install_failure_is_error ... ok
[INFO] [stdout] test tool::tests::tag_for_fish_tool_returns_fish_tag ... ok
[INFO] [stdout] test tool::tests::tag_for_unknown_returns_none ... ok
[INFO] [stdout] test toolchain::tests::affirmative_rejects_everything_else ... ok
[INFO] [stdout] test rakefile::tests::run_with_present_tool_succeeds ... ok
[INFO] [stderr]  Cmd Runtime [ rake ]   35.86900 ms
[INFO] [stdout] test tool::tests::well_formed_tool_validates ... ok
[INFO] [stderr]      Runtime [ rake ]   41.28300 ms
[INFO] [stdout] test tool::tests::tag_for_os_tool_returns_check_tag ... ok
[INFO] [stderr]   Installing [ rake ] [ check ] absent true
[INFO] [stdout] test tool::tests::validate_over_empty_maps_is_ok ... ok
[INFO] [stdout] test tool::tests::tool_declared_at_both_levels_is_rejected ... ok
[INFO] [stdout] test tool::tests::unknown_tool_reference_is_rejected ... ok
[INFO] [stderr]      Present [ rake ] toolchain stable
[INFO] [stdout] test tool::tests::unknown_command_tool_reference_is_rejected ... ok
[INFO] [stdout] test toolchain::tests::toolchain_listed_matches_channels_and_versions ... ok
[INFO] [stdout] test tool::tests::update_without_crate_is_rejected ... ok
[INFO] [stdout] test toolchain::tests::affirmative_accepts_yes_variants ... ok
[INFO] [stdout] test toolchain::tests::toolchain_listed_rejects_partial_and_absent ... ok
[INFO] [stdout] test tool::tests::validate_accepts_well_formed_table ... ok
[INFO] [stdout] test tool::tests::ensure_os_absent_with_install_runs_it ... ok
[INFO] [stdout] test toolchain::tests::finish_install_maps_exit_status ... ok
[INFO] [stderr]     Checking [ rake ] rust toolchain (stable-x86_64-unknown-linux-gnu)
[INFO] [stderr]      Present [ rake ] cargo 1.99.0-beta.8
[INFO] [stdout] test toolchain::tests::ensure_none_is_ok_when_cargo_present ... ok
[INFO] [stdout] test toolchain::tests::present_covers_both_label_branches ... ok
[INFO] [stderr]  Cmd Runtime [ rake ]   31.54200 ms
[INFO] [stdout] test rakefile::tests::skip_on_error_continues_chain ... ok
[INFO] [stderr]      Runtime [ rake ]   63.76300 ms
[INFO] [stdout] test rakefile::tests::shared_tool_is_ensured_once_per_run ... ok
[INFO] [stderr]  Cmd Runtime [ rake ]   33.11300 ms
[INFO] [stderr]      Runtime [ rake ]   68.13100 ms
[INFO] [stderr]   Installing [ rake ] [ check ] absent this-program-does-not-exist-cargo-rake
[INFO] [stdout] test tool::tests::ensure_install_spawn_failure_is_error ... ok
[INFO] [stderr]      Present [ rake ] toolchain stable-x86_64-unknown-linux-gnu
[INFO] [stdout] test toolchain::tests::ensure_succeeds_for_installed_toolchain ... ok
[INFO] [stdout] 
[INFO] [stdout] failures:
[INFO] [stdout] 
[INFO] [stdout] ---- license::tests::load_license_env_malformed stdout ----
[INFO] [stdout] 
[INFO] [stdout] thread 'license::tests::load_license_env_malformed' (3203) panicked at src/license.rs:477:9:
[INFO] [stdout] assertion failed: matches!(result, Err(RakeError::LicenseMalformed))
[INFO] [stdout] stack backtrace:
[INFO] [stdout]    0:     0x6278fa43cfe1 - <<std[70759c8f55707aa4]::sys::backtrace::BacktraceLock>::print::DisplayBacktrace as core[df12db4294e9bfd3]::fmt::Display>::fmt
[INFO] [stdout]    1:     0x6278fa45479a - core[df12db4294e9bfd3]::fmt::write
[INFO] [stdout]    2:     0x6278fa441fcc - <alloc[2182bb758b4b3781]::vec::Vec<u8> as core[df12db4294e9bfd3]::io::write::Write>::write_fmt
[INFO] [stdout]    3:     0x6278fa415486 - std[70759c8f55707aa4]::panicking::default_hook::{closure#0}
[INFO] [stdout]    4:     0x6278fa433d69 - std[70759c8f55707aa4]::panicking::default_hook
[INFO] [stdout]    5:     0x6278fa252090 - test[9d35eded1c95d3be]::test_main_inner::<test[9d35eded1c95d3be]::test_main_static::{closure#0}>::{closure#0}
[INFO] [stdout]    6:     0x6278fa433f22 - std[70759c8f55707aa4]::panicking::panic_with_hook
[INFO] [stdout]    7:     0x6278fa415564 - std[70759c8f55707aa4]::panicking::panic_handler::{closure#0}
[INFO] [stdout]    8:     0x6278fa40dca9 - std[70759c8f55707aa4]::sys::backtrace::__rust_end_short_backtrace::<std[70759c8f55707aa4]::panicking::panic_handler::{closure#0}, !>
[INFO] [stdout]    9:     0x6278fa4165bd - __rustc[8fa7c3cbc660c2b3]::rust_begin_unwind
[INFO] [stdout]   10:     0x6278fa454f3c - core[df12db4294e9bfd3]::panicking::panic_fmt
[INFO] [stdout]   11:     0x6278fa454f02 - core[df12db4294e9bfd3]::panicking::panic
[INFO] [stdout]   12:     0x6278fa1e5c2b - librake[cbe83bbb688a8d52]::license::tests::load_license_env_malformed
[INFO] [stdout]   13:     0x6278fa1cb2d9 - <librake[cbe83bbb688a8d52]::license::tests::load_license_env_malformed::{closure#0} as core[df12db4294e9bfd3]::ops::function::FnOnce<()>>::call_once
[INFO] [stdout]   14:     0x6278fa24537b - test[9d35eded1c95d3be]::__rust_begin_short_backtrace::<core[df12db4294e9bfd3]::result::Result<(), alloc[2182bb758b4b3781]::string::String>, fn() -> core[df12db4294e9bfd3]::result::Result<(), alloc[2182bb758b4b3781]::string::String>>
[INFO] [stdout]   15:     0x6278fa2529e5 - test[9d35eded1c95d3be]::run_test::{closure#0}
[INFO] [stdout]   16:     0x6278fa24c2a4 - std[70759c8f55707aa4]::sys::backtrace::__rust_begin_short_backtrace::<test[9d35eded1c95d3be]::run_test::{closure#1}, ()>
[INFO] [stdout]   17:     0x6278fa255b42 - <std[70759c8f55707aa4]::thread::lifecycle::spawn_unchecked<test[9d35eded1c95d3be]::run_test::{closure#1}, ()>::{closure#1} as core[df12db4294e9bfd3]::ops::function::FnOnce<()>>::call_once::{shim:vtable#0}
[INFO] [stdout]   18:     0x6278fa43bcc9 - <std[70759c8f55707aa4]::sys::thread::unix::Thread>::new::thread_start
[INFO] [stdout]   19:     0x7f6548828dfa - <unknown>
[INFO] [stdout]   20:     0x7f65488bc3d4 - clone
[INFO] [stdout]   21:                0x0 - <unknown>
[INFO] [stdout] 
[INFO] [stdout] ---- rakefile::tests::multiple_root_targets_run_in_one_call stdout ----
[INFO] [stdout] 
[INFO] [stdout] thread 'rakefile::tests::multiple_root_targets_run_in_one_call' (3319) panicked at src/rakefile.rs:2729:9:
[INFO] [stdout] assertion failed: status.success()
[INFO] [stdout] stack backtrace:
[INFO] [stdout]    0:     0x6278fa43cfe1 - <<std[70759c8f55707aa4]::sys::backtrace::BacktraceLock>::print::DisplayBacktrace as core[df12db4294e9bfd3]::fmt::Display>::fmt
[INFO] [stdout]    1:     0x6278fa45479a - core[df12db4294e9bfd3]::fmt::write
[INFO] [stdout]    2:     0x6278fa441fcc - <alloc[2182bb758b4b3781]::vec::Vec<u8> as core[df12db4294e9bfd3]::io::write::Write>::write_fmt
[INFO] [stdout]    3:     0x6278fa415486 - std[70759c8f55707aa4]::panicking::default_hook::{closure#0}
[INFO] [stdout]    4:     0x6278fa433d69 - std[70759c8f55707aa4]::panicking::default_hook
[INFO] [stdout]    5:     0x6278fa252090 - test[9d35eded1c95d3be]::test_main_inner::<test[9d35eded1c95d3be]::test_main_static::{closure#0}>::{closure#0}
[INFO] [stdout]    6:     0x6278fa433f22 - std[70759c8f55707aa4]::panicking::panic_with_hook
[INFO] [stdout]    7:     0x6278fa415564 - std[70759c8f55707aa4]::panicking::panic_handler::{closure#0}
[INFO] [stdout]    8:     0x6278fa40dca9 - std[70759c8f55707aa4]::sys::backtrace::__rust_end_short_backtrace::<std[70759c8f55707aa4]::panicking::panic_handler::{closure#0}, !>
[INFO] [stdout]    9:     0x6278fa4165bd - __rustc[8fa7c3cbc660c2b3]::rust_begin_unwind
[INFO] [stdout]   10:     0x6278fa454f3c - core[df12db4294e9bfd3]::panicking::panic_fmt
[INFO] [stdout]   11:     0x6278fa454f02 - core[df12db4294e9bfd3]::panicking::panic
[INFO] [stdout]   12:     0x6278fa1b5fac - librake[cbe83bbb688a8d52]::rakefile::tests::multiple_root_targets_run_in_one_call
[INFO] [stdout]   13:     0x6278fa1cbb09 - <librake[cbe83bbb688a8d52]::rakefile::tests::multiple_root_targets_run_in_one_call::{closure#0} as core[df12db4294e9bfd3]::ops::function::FnOnce<()>>::call_once
[INFO] [stdout]   14:     0x6278fa24537b - test[9d35eded1c95d3be]::__rust_begin_short_backtrace::<core[df12db4294e9bfd3]::result::Result<(), alloc[2182bb758b4b3781]::string::String>, fn() -> core[df12db4294e9bfd3]::result::Result<(), alloc[2182bb758b4b3781]::string::String>>
[INFO] [stdout]   15:     0x6278fa2529e5 - test[9d35eded1c95d3be]::run_test::{closure#0}
[INFO] [stdout]   16:     0x6278fa24c2a4 - std[70759c8f55707aa4]::sys::backtrace::__rust_begin_short_backtrace::<test[9d35eded1c95d3be]::run_test::{closure#1}, ()>
[INFO] [stdout]   17:     0x6278fa255b42 - <std[70759c8f55707aa4]::thread::lifecycle::spawn_unchecked<test[9d35eded1c95d3be]::run_test::{closure#1}, ()>::{closure#1} as core[df12db4294e9bfd3]::ops::function::FnOnce<()>>::call_once::{shim:vtable#0}
[INFO] [stdout]   18:     0x6278fa43bcc9 - <std[70759c8f55707aa4]::sys::thread::unix::Thread>::new::thread_start
[INFO] [stdout]   19:     0x7f6548828dfa - <unknown>
[INFO] [stdout]   20:     0x7f65488bc3d4 - clone
[INFO] [stdout]   21:                0x0 - <unknown>
[INFO] [stdout] 
[INFO] [stdout] ---- rakefile::tests::depends_only_target_runs_dependencies stdout ----
[INFO] [stdout] 
[INFO] [stdout] thread 'rakefile::tests::depends_only_target_runs_dependencies' (3266) panicked at src/rakefile.rs:2713:9:
[INFO] [stdout] assertion failed: status.success()
[INFO] [stdout] stack backtrace:
[INFO] [stdout]    0:     0x6278fa43cfe1 - <<std[70759c8f55707aa4]::sys::backtrace::BacktraceLock>::print::DisplayBacktrace as core[df12db4294e9bfd3]::fmt::Display>::fmt
[INFO] [stdout]    1:     0x6278fa45479a - core[df12db4294e9bfd3]::fmt::write
[INFO] [stdout]    2:     0x6278fa441fcc - <alloc[2182bb758b4b3781]::vec::Vec<u8> as core[df12db4294e9bfd3]::io::write::Write>::write_fmt
[INFO] [stdout]    3:     0x6278fa415486 - std[70759c8f55707aa4]::panicking::default_hook::{closure#0}
[INFO] [stdout]    4:     0x6278fa433d69 - std[70759c8f55707aa4]::panicking::default_hook
[INFO] [stdout]    5:     0x6278fa252090 - test[9d35eded1c95d3be]::test_main_inner::<test[9d35eded1c95d3be]::test_main_static::{closure#0}>::{closure#0}
[INFO] [stdout]    6:     0x6278fa433f22 - std[70759c8f55707aa4]::panicking::panic_with_hook
[INFO] [stdout]    7:     0x6278fa415564 - std[70759c8f55707aa4]::panicking::panic_handler::{closure#0}
[INFO] [stdout]    8:     0x6278fa40dca9 - std[70759c8f55707aa4]::sys::backtrace::__rust_end_short_backtrace::<std[70759c8f55707aa4]::panicking::panic_handler::{closure#0}, !>
[INFO] [stdout]    9:     0x6278fa4165bd - __rustc[8fa7c3cbc660c2b3]::rust_begin_unwind
[INFO] [stdout]   10:     0x6278fa454f3c - core[df12db4294e9bfd3]::panicking::panic_fmt
[INFO] [stdout]   11:     0x6278fa454f02 - core[df12db4294e9bfd3]::panicking::panic
[INFO] [stdout]   12:     0x6278fa1b585c - librake[cbe83bbb688a8d52]::rakefile::tests::depends_only_target_runs_dependencies
[INFO] [stdout]   13:     0x6278fa1cbac9 - <librake[cbe83bbb688a8d52]::rakefile::tests::depends_only_target_runs_dependencies::{closure#0} as core[df12db4294e9bfd3]::ops::function::FnOnce<()>>::call_once
[INFO] [stdout]   14:     0x6278fa24537b - test[9d35eded1c95d3be]::__rust_begin_short_backtrace::<core[df12db4294e9bfd3]::result::Result<(), alloc[2182bb758b4b3781]::string::String>, fn() -> core[df12db4294e9bfd3]::result::Result<(), alloc[2182bb758b4b3781]::string::String>>
[INFO] [stdout]   15:     0x6278fa2529e5 - test[9d35eded1c95d3be]::run_test::{closure#0}
[INFO] [stdout]   16:     0x6278fa24c2a4 - std[70759c8f55707aa4]::sys::backtrace::__rust_begin_short_backtrace::<test[9d35eded1c95d3be]::run_test::{closure#1}, ()>
[INFO] [stdout]   17:     0x6278fa255b42 - <std[70759c8f55707aa4]::thread::lifecycle::spawn_unchecked<test[9d35eded1c95d3be]::run_test::{closure#1}, ()>::{closure#1} as core[df12db4294e9bfd3]::ops::function::FnOnce<()>>::call_once::{shim:vtable#0}
[INFO] [stdout]   18:     0x6278fa43bcc9 - <std[70759c8f55707aa4]::sys::thread::unix::Thread>::new::thread_start
[INFO] [stdout]   19:     0x7f6548828dfa - <unknown>
[INFO] [stdout]   20:     0x7f65488bc3d4 - clone
[INFO] [stdout]   21:                0x0 - <unknown>
[INFO] [stdout] 
[INFO] [stdout] ---- rakefile::tests::skip_on_error_continues_remaining_commands stdout ----
[INFO] [stdout] 
[INFO] [stdout] thread 'rakefile::tests::skip_on_error_continues_remaining_commands' (3402) panicked at src/rakefile.rs:2668:9:
[INFO] [stdout] assertion failed: status.success()
[INFO] [stdout] stack backtrace:
[INFO] [stdout]    0:     0x6278fa43cfe1 - <<std[70759c8f55707aa4]::sys::backtrace::BacktraceLock>::print::DisplayBacktrace as core[df12db4294e9bfd3]::fmt::Display>::fmt
[INFO] [stdout]    1:     0x6278fa45479a - core[df12db4294e9bfd3]::fmt::write
[INFO] [stdout]    2:     0x6278fa441fcc - <alloc[2182bb758b4b3781]::vec::Vec<u8> as core[df12db4294e9bfd3]::io::write::Write>::write_fmt
[INFO] [stdout]    3:     0x6278fa415486 - std[70759c8f55707aa4]::panicking::default_hook::{closure#0}
[INFO] [stdout]    4:     0x6278fa433d69 - std[70759c8f55707aa4]::panicking::default_hook
[INFO] [stdout]    5:     0x6278fa252090 - test[9d35eded1c95d3be]::test_main_inner::<test[9d35eded1c95d3be]::test_main_static::{closure#0}>::{closure#0}
[INFO] [stdout]    6:     0x6278fa433f22 - std[70759c8f55707aa4]::panicking::panic_with_hook
[INFO] [stdout]    7:     0x6278fa415564 - std[70759c8f55707aa4]::panicking::panic_handler::{closure#0}
[INFO] [stdout]    8:     0x6278fa40dca9 - std[70759c8f55707aa4]::sys::backtrace::__rust_end_short_backtrace::<std[70759c8f55707aa4]::panicking::panic_handler::{closure#0}, !>
[INFO] [stdout]    9:     0x6278fa4165bd - __rustc[8fa7c3cbc660c2b3]::rust_begin_unwind
[INFO] [stdout]   10:     0x6278fa454f3c - core[df12db4294e9bfd3]::panicking::panic_fmt
[INFO] [stdout]   11:     0x6278fa454f02 - core[df12db4294e9bfd3]::panicking::panic
[INFO] [stdout]   12:     0x6278fa1bb2dc - librake[cbe83bbb688a8d52]::rakefile::tests::skip_on_error_continues_remaining_commands
[INFO] [stdout]   13:     0x6278fa1cbd49 - <librake[cbe83bbb688a8d52]::rakefile::tests::skip_on_error_continues_remaining_commands::{closure#0} as core[df12db4294e9bfd3]::ops::function::FnOnce<()>>::call_once
[INFO] [stdout]   14:     0x6278fa24537b - test[9d35eded1c95d3be]::__rust_begin_short_backtrace::<core[df12db4294e9bfd3]::result::Result<(), alloc[2182bb758b4b3781]::string::String>, fn() -> core[df12db4294e9bfd3]::result::Result<(), alloc[2182bb758b4b3781]::string::String>>
[INFO] [stdout]   15:     0x6278fa2529e5 - test[9d35eded1c95d3be]::run_test::{closure#0}
[INFO] [stdout]   16:     0x6278fa24c2a4 - std[70759c8f55707aa4]::sys::backtrace::__rust_begin_short_backtrace::<test[9d35eded1c95d3be]::run_test::{closure#1}, ()>
[INFO] [stdout]   17:     0x6278fa255b42 - <std[70759c8f55707aa4]::thread::lifecycle::spawn_unchecked<test[9d35eded1c95d3be]::run_test::{closure#1}, ()>::{closure#1} as core[df12db4294e9bfd3]::ops::function::FnOnce<()>>::call_once::{shim:vtable#0}
[INFO] [stdout]   18:     0x6278fa43bcc9 - <std[70759c8f55707aa4]::sys::thread::unix::Thread>::new::thread_start
[INFO] [stdout]   19:     0x7f6548828dfa - <unknown>
[INFO] [stdout]   20:     0x7f65488bc3d4 - clone
[INFO] [stdout]   21:                0x0 - <unknown>
[INFO] [stdout] 
[INFO] [stdout] ---- rakefile::tests::skipped_target_command_does_not_run stdout ----
[INFO] [stdout] 
[INFO] [stdout] thread 'rakefile::tests::skipped_target_command_does_not_run' (3421) panicked at src/rakefile.rs:3276:9:
[INFO] [stdout] assertion failed: status.success()
[INFO] [stdout] stack backtrace:
[INFO] [stdout]    0:     0x6278fa43cfe1 - <<std[70759c8f55707aa4]::sys::backtrace::BacktraceLock>::print::DisplayBacktrace as core[df12db4294e9bfd3]::fmt::Display>::fmt
[INFO] [stdout]    1:     0x6278fa45479a - core[df12db4294e9bfd3]::fmt::write
[INFO] [stdout]    2:     0x6278fa441fcc - <alloc[2182bb758b4b3781]::vec::Vec<u8> as core[df12db4294e9bfd3]::io::write::Write>::write_fmt
[INFO] [stdout]    3:     0x6278fa415486 - std[70759c8f55707aa4]::panicking::default_hook::{closure#0}
[INFO] [stdout]    4:     0x6278fa433d69 - std[70759c8f55707aa4]::panicking::default_hook
[INFO] [stdout]    5:     0x6278fa252090 - test[9d35eded1c95d3be]::test_main_inner::<test[9d35eded1c95d3be]::test_main_static::{closure#0}>::{closure#0}
[INFO] [stdout]    6:     0x6278fa433f22 - std[70759c8f55707aa4]::panicking::panic_with_hook
[INFO] [stdout]    7:     0x6278fa415564 - std[70759c8f55707aa4]::panicking::panic_handler::{closure#0}
[INFO] [stdout]    8:     0x6278fa40dca9 - std[70759c8f55707aa4]::sys::backtrace::__rust_end_short_backtrace::<std[70759c8f55707aa4]::panicking::panic_handler::{closure#0}, !>
[INFO] [stdout]    9:     0x6278fa4165bd - __rustc[8fa7c3cbc660c2b3]::rust_begin_unwind
[INFO] [stdout]   10:     0x6278fa454f3c - core[df12db4294e9bfd3]::panicking::panic_fmt
[INFO] [stdout]   11:     0x6278fa454f02 - core[df12db4294e9bfd3]::panicking::panic
[INFO] [stdout]   12:     0x6278fa1b43dc - librake[cbe83bbb688a8d52]::rakefile::tests::skipped_target_command_does_not_run
[INFO] [stdout]   13:     0x6278fa1cba49 - <librake[cbe83bbb688a8d52]::rakefile::tests::skipped_target_command_does_not_run::{closure#0} as core[df12db4294e9bfd3]::ops::function::FnOnce<()>>::call_once
[INFO] [stdout]   14:     0x6278fa24537b - test[9d35eded1c95d3be]::__rust_begin_short_backtrace::<core[df12db4294e9bfd3]::result::Result<(), alloc[2182bb758b4b3781]::string::String>, fn() -> core[df12db4294e9bfd3]::result::Result<(), alloc[2182bb758b4b3781]::string::String>>
[INFO] [stdout]   15:     0x6278fa2529e5 - test[9d35eded1c95d3be]::run_test::{closure#0}
[INFO] [stdout]   16:     0x6278fa24c2a4 - std[70759c8f55707aa4]::sys::backtrace::__rust_begin_short_backtrace::<test[9d35eded1c95d3be]::run_test::{closure#1}, ()>
[INFO] [stdout]   17:     0x6278fa255b42 - <std[70759c8f55707aa4]::thread::lifecycle::spawn_unchecked<test[9d35eded1c95d3be]::run_test::{closure#1}, ()>::{closure#1} as core[df12db4294e9bfd3]::ops::function::FnOnce<()>>::call_once::{shim:vtable#0}
[INFO] [stdout]   18:     0x6278fa43bcc9 - <std[70759c8f55707aa4]::sys::thread::unix::Thread>::new::thread_start
[INFO] [stdout]   19:     0x7f6548828dfa - <unknown>
[INFO] [stdout]   20:     0x7f65488bc3d4 - clone
[INFO] [stdout]   21:                0x0 - <unknown>
[INFO] [stdout] 
[INFO] [stdout] 
[INFO] [stdout] failures:
[INFO] [stdout]     license::tests::load_license_env_malformed
[INFO] [stdout]     rakefile::tests::depends_only_target_runs_dependencies
[INFO] [stdout]     rakefile::tests::multiple_root_targets_run_in_one_call
[INFO] [stdout]     rakefile::tests::skip_on_error_continues_remaining_commands
[INFO] [stdout]     rakefile::tests::skipped_target_command_does_not_run
[INFO] [stdout] 
[INFO] [stdout] test result: FAILED. 210 passed; 5 failed; 1 ignored; 0 measured; 0 filtered out; finished in 0.18s
[INFO] [stdout] 
[INFO] [stderr] error: test failed, to rerun pass `--lib`
[INFO] running `Command { std: "docker" "inspect" "5d0a0659a407c18785bee62ccc58fe877afadf1f7006715730217320d5323dbf", kill_on_drop: false }`
[INFO] running `Command { std: "docker" "rm" "-f" "5d0a0659a407c18785bee62ccc58fe877afadf1f7006715730217320d5323dbf", kill_on_drop: false }`
[INFO] [stdout] 5d0a0659a407c18785bee62ccc58fe877afadf1f7006715730217320d5323dbf
