[INFO] fetching crate killport 2.0.2...
[INFO] testing killport-2.0.2 against 1.99.0-beta.8+cargoflags=--release for beta-release-1.100-3
[INFO] extracting crate killport 2.0.2 into /workspace/builds/worker-4-tc1/source
[INFO] started tweaking crates.io crate killport 2.0.2
[INFO] removed 0 missing tests
[INFO] finished tweaking crates.io crate killport 2.0.2
[INFO] tweaked toml for crates.io crate killport 2.0.2 written to /workspace/builds/worker-4-tc1/source/Cargo.toml
[INFO] validating manifest of crates.io crate killport 2.0.2 on toolchain 1.99.0-beta.8
[INFO] running `Command { std: CARGO_HOME="/workspace/cargo-home" RUSTUP_HOME="/workspace/rustup-home" "/workspace/cargo-home/bin/cargo" "+1.99.0-beta.8" "metadata" "--manifest-path" "Cargo.toml" "--no-deps", kill_on_drop: false }`
[INFO] crate crates.io crate killport 2.0.2 already has a lockfile, it will not be regenerated
[INFO] running `Command { std: CARGO_HOME="/workspace/cargo-home" RUSTUP_HOME="/workspace/rustup-home" "/workspace/cargo-home/bin/cargo" "+1.99.0-beta.8" "fetch" "--manifest-path" "Cargo.toml", kill_on_drop: false }`
[INFO] [stderr]     Blocking waiting for file lock on package cache
[INFO] [stderr]     Updating crates.io index
[INFO] [stderr]     Blocking waiting for file lock on package cache
[INFO] [stderr]  Downloading crates ...
[INFO] [stderr]   Downloaded futures-macro v0.3.33
[INFO] [stderr]   Downloaded libproc v0.14.11
[INFO] [stderr]   Downloaded hyperlocal v0.9.1
[INFO] [stderr]   Downloaded futures-sink v0.3.33
[INFO] [stderr]   Downloaded procfs v0.18.0
[INFO] [stderr]   Downloaded hyper-named-pipe v0.1.1
[INFO] [stderr]   Downloaded predicates-tree v1.0.13
[INFO] [stderr]   Downloaded termtree v0.5.1
[INFO] [stderr]   Downloaded roff v1.1.1
[INFO] [stderr]   Downloaded jiff-static v0.2.35
[INFO] [stderr]   Downloaded clap_mangen v0.3.0
[INFO] [stderr]   Downloaded serde_repr v0.1.21
[INFO] [stderr]   Downloaded wait-timeout v0.2.1
[INFO] [stderr]   Downloaded predicates-core v1.0.10
[INFO] [stderr]   Downloaded glob v0.3.4
[INFO] [stderr]   Downloaded clap-verbosity-flag v3.0.4
[INFO] [stderr]   Downloaded http-body-util v0.1.4
[INFO] [stderr]   Downloaded assert_cmd v2.2.2
[INFO] [stderr]   Downloaded predicates v3.1.4
[INFO] [stderr]   Downloaded procfs-core v0.18.0
[INFO] [stderr]   Downloaded clang-sys v1.9.1
[INFO] [stderr]   Downloaded clap_complete v4.6.8
[INFO] [stderr]   Downloaded clap v4.6.5
[INFO] [stderr]   Downloaded mio v1.2.2
[INFO] [stderr]   Downloaded jiff-core v0.1.0
[INFO] [stderr]   Downloaded bollard-stubs v1.53.1-rc.29.3.1
[INFO] [stderr]   Downloaded bollard v0.21.0
[INFO] [stderr]   Downloaded tokio-util v0.7.19
[INFO] [stderr]   Downloaded clap_builder v4.6.5
[INFO] [stderr]   Downloaded hyper v1.11.0
[INFO] [stderr]   Downloaded portable-atomic v1.14.0
[INFO] [stderr]   Downloaded bstr v1.13.0
[INFO] [stderr]   Downloaded jiff v0.2.35
[INFO] running `Command { std: "docker" "create" "-v" "/var/lib/crater-agent-workspace/builds/worker-4-tc1/source:/opt/rustwide/workdir:ro,Z" "-v" "/var/lib/crater-agent-workspace/builds/worker-4-tc1/target:/opt/rustwide/target:rw,Z" "-v" "/var/lib/crater-agent-workspace/cargo-home:/opt/rustwide/cargo-home:ro,Z" "-v" "/var/lib/crater-agent-workspace/rustup-home:/opt/rustwide/rustup-home:ro,Z" "-m" "1610612736" "--network" "none" "ghcr.io/rust-lang/crates-build-env/linux@sha256:77db811e55d90add9212f6832c23229e3de5f1c1f9905e8cb07319ea15df73ac" "sleep" "infinity", kill_on_drop: false }`
[INFO] [stdout] cc5b9164f5613ffe5c996e2c330797c98db1d57ed1832141452440fbb8f65327
[INFO] running `Command { std: "docker" "start" "cc5b9164f5613ffe5c996e2c330797c98db1d57ed1832141452440fbb8f65327", kill_on_drop: false }`
[INFO] running `Command { std: "docker" "inspect" "cc5b9164f5613ffe5c996e2c330797c98db1d57ed1832141452440fbb8f65327", kill_on_drop: false }`
[INFO] running `Command { std: "docker" "exec" "-e" "SOURCE_DIR=/opt/rustwide/workdir" "-e" "CARGO_HOME=/opt/rustwide/cargo-home" "-e" "RUSTUP_HOME=/opt/rustwide/rustup-home" "-e" "CARGO_TARGET_DIR=/opt/rustwide/target" "-w" "/opt/rustwide/workdir" "--user" "0:0" "cc5b9164f5613ffe5c996e2c330797c98db1d57ed1832141452440fbb8f65327" "/opt/rustwide/cargo-home/bin/cargo" "+1.99.0-beta.8" "metadata" "--no-deps" "--format-version=1", kill_on_drop: false }`
[INFO] running `Command { std: "docker" "inspect" "cc5b9164f5613ffe5c996e2c330797c98db1d57ed1832141452440fbb8f65327", kill_on_drop: false }`
[INFO] running `Command { std: "docker" "exec" "-e" "SOURCE_DIR=/opt/rustwide/workdir" "-e" "CARGO_HOME=/opt/rustwide/cargo-home" "-e" "RUSTUP_HOME=/opt/rustwide/rustup-home" "-e" "CARGO_TARGET_DIR=/opt/rustwide/target" "-e" "CARGO_INCREMENTAL=0" "-e" "RUST_BACKTRACE=full" "-e" "RUSTFLAGS=--cap-lints=warn" "-e" "RUSTDOCFLAGS=--cap-lints=warn" "-w" "/opt/rustwide/workdir" "--user" "0:0" "cc5b9164f5613ffe5c996e2c330797c98db1d57ed1832141452440fbb8f65327" "/opt/rustwide/cargo-home/bin/cargo" "+1.99.0-beta.8" "build" "--frozen" "--message-format=json" "--release", kill_on_drop: false }`
[INFO] [stderr]    Compiling syn v3.0.3
[INFO] [stderr]    Compiling syn v2.0.119
[INFO] [stderr]    Compiling bytes v1.12.1
[INFO] [stderr]    Compiling utf8parse v0.2.2
[INFO] [stderr]    Compiling is_terminal_polyfill v1.70.2
[INFO] [stderr]    Compiling futures-core v0.3.33
[INFO] [stderr]    Compiling anstyle v1.0.14
[INFO] [stderr]    Compiling colorchoice v1.0.5
[INFO] [stderr]    Compiling anstyle-parse v1.0.0
[INFO] [stderr]    Compiling memchr v2.8.3
[INFO] [stderr]    Compiling smallvec v1.15.2
[INFO] [stderr]    Compiling anstyle-query v1.1.5
[INFO] [stderr]    Compiling clap_lex v1.1.0
[INFO] [stderr]    Compiling socket2 v0.6.5
[INFO] [stderr]    Compiling anstream v1.0.0
[INFO] [stderr]    Compiling mio v1.2.2
[INFO] [stderr]    Compiling clap_builder v4.6.5
[INFO] [stderr]    Compiling num-traits v0.2.19
[INFO] [stderr]    Compiling http v1.5.0
[INFO] [stderr]    Compiling tokio v1.53.1
[INFO] [stderr]    Compiling aho-corasick v1.1.4
[INFO] [stderr]    Compiling futures-channel v0.3.33
[INFO] [stderr]    Compiling bitflags v2.13.1
[INFO] [stderr]    Compiling percent-encoding v2.3.2
[INFO] [stderr]    Compiling log v0.4.33
[INFO] [stderr]    Compiling regex-syntax v0.8.11
[INFO] [stderr]    Compiling http-body v1.1.0
[INFO] [stderr]    Compiling futures-task v0.3.33
[INFO] [stderr]    Compiling form_urlencoded v1.2.2
[INFO] [stderr]    Compiling thiserror v2.0.19
[INFO] [stderr]    Compiling regex-automata v0.4.16
[INFO] [stderr]    Compiling roff v1.1.1
[INFO] [stderr]    Compiling rustix v1.1.4
[INFO] [stderr]    Compiling simd-adler32 v0.3.10
[INFO] [stderr]    Compiling iana-time-zone v0.1.65
[INFO] [stderr]    Compiling synstructure v0.13.2
[INFO] [stderr]    Compiling displaydoc v0.2.7
[INFO] [stderr]    Compiling clap_derive v4.6.4
[INFO] [stderr]    Compiling serde_derive v1.0.229
[INFO] [stderr]    Compiling serde_repr v0.1.21
[INFO] [stderr]    Compiling thiserror-impl v2.0.19
[INFO] [stderr]    Compiling zerofrom-derive v0.1.7
[INFO] [stderr]    Compiling yoke-derive v0.8.2
[INFO] [stderr]    Compiling zerovec-derive v0.11.3
[INFO] [stderr]    Compiling clap v4.6.5
[INFO] [stderr]    Compiling futures-macro v0.3.33
[INFO] [stderr]    Compiling zerofrom v0.1.8
[INFO] [stderr]    Compiling yoke v0.8.3
[INFO] [stderr]    Compiling zerotrie v0.2.4
[INFO] [stderr]    Compiling futures-util v0.3.33
[INFO] [stderr]    Compiling zerovec v0.11.6
[INFO] [stderr]    Compiling hyper v1.11.0
[INFO] [stderr]    Compiling serde v1.0.229
[INFO] [stderr]    Compiling tinystr v0.8.3
[INFO] [stderr]    Compiling icu_locale_core v2.2.0
[INFO] [stderr]    Compiling potential_utf v0.1.5
[INFO] [stderr]    Compiling icu_collections v2.2.0
[INFO] [stderr]    Compiling clap_mangen v0.3.0
[INFO] [stderr]    Compiling clap-verbosity-flag v3.0.4
[INFO] [stderr]    Compiling clap_complete v4.6.8
[INFO] [stderr]    Compiling regex v1.13.1
[INFO] [stderr]    Compiling icu_provider v2.2.0
[INFO] [stderr]    Compiling hyper-util v0.1.20
[INFO] [stderr]    Compiling chrono v0.4.45
[INFO] [stderr]    Compiling icu_properties v2.2.0
[INFO] [stderr]    Compiling icu_normalizer v2.2.0
[INFO] [stderr]    Compiling miniz_oxide v0.8.9
[INFO] [stderr]    Compiling idna_adapter v1.2.2
[INFO] [stderr]    Compiling idna v1.1.0
[INFO] [stderr]    Compiling nix v0.31.3
[INFO] [stderr]    Compiling serde_json v1.0.151
[INFO] [stderr]    Compiling http-body-util v0.1.4
[INFO] [stderr]    Compiling procfs v0.18.0
[INFO] [stderr]    Compiling futures-sink v0.3.33
[INFO] [stderr]    Compiling jiff-core v0.1.0
[INFO] [stderr]    Compiling linux-raw-sys v0.12.1
[INFO] [stderr]    Compiling tokio-util v0.7.19
[INFO] [stderr]    Compiling jiff v0.2.35
[INFO] [stderr]    Compiling bollard-stubs v1.53.1-rc.29.3.1
[INFO] [stderr]    Compiling serde_urlencoded v0.7.1
[INFO] [stderr]    Compiling hyperlocal v0.9.1
[INFO] [stderr]    Compiling flate2 v1.1.9
[INFO] [stderr]    Compiling url v2.5.8
[INFO] [stderr]    Compiling procfs-core v0.18.0
[INFO] [stderr]    Compiling killport v2.0.2 (/opt/rustwide/workdir)
[INFO] [stderr]    Compiling env_filter v2.0.0
[INFO] [stderr]    Compiling env_logger v0.11.11
[INFO] [stderr]    Compiling bollard v0.21.0
[INFO] [stderr]     Finished `release` profile [optimized] target(s) in 3m 12s
[INFO] running `Command { std: "docker" "inspect" "cc5b9164f5613ffe5c996e2c330797c98db1d57ed1832141452440fbb8f65327", kill_on_drop: false }`
[INFO] running `Command { std: "docker" "exec" "-e" "SOURCE_DIR=/opt/rustwide/workdir" "-e" "CARGO_HOME=/opt/rustwide/cargo-home" "-e" "RUSTUP_HOME=/opt/rustwide/rustup-home" "-e" "CARGO_TARGET_DIR=/opt/rustwide/target" "-e" "CARGO_INCREMENTAL=0" "-e" "RUST_BACKTRACE=full" "-e" "RUSTFLAGS=--cap-lints=warn" "-e" "RUSTDOCFLAGS=--cap-lints=warn" "-w" "/opt/rustwide/workdir" "--user" "0:0" "cc5b9164f5613ffe5c996e2c330797c98db1d57ed1832141452440fbb8f65327" "/opt/rustwide/cargo-home/bin/cargo" "+1.99.0-beta.8" "test" "--frozen" "--no-run" "--message-format=json" "--release", kill_on_drop: false }`
[INFO] [stderr]    Compiling regex-syntax v0.8.11
[INFO] [stderr]    Compiling predicates-core v1.0.10
[INFO] [stderr]    Compiling getrandom v0.4.3
[INFO] [stderr]    Compiling difflib v0.4.0
[INFO] [stderr]    Compiling assert_cmd v2.2.2
[INFO] [stderr]    Compiling termtree v0.5.1
[INFO] [stderr]    Compiling wait-timeout v0.2.1
[INFO] [stderr]    Compiling fastrand v2.5.0
[INFO] [stderr]    Compiling predicates-tree v1.0.13
[INFO] [stderr]    Compiling tempfile v3.27.0
[INFO] [stderr]    Compiling predicates v3.1.4
[INFO] [stderr]    Compiling regex-automata v0.4.16
[INFO] [stderr]    Compiling regex v1.13.1
[INFO] [stderr]    Compiling bstr v1.13.0
[INFO] [stderr]    Compiling env_filter v2.0.0
[INFO] [stderr]    Compiling env_logger v0.11.11
[INFO] [stderr]    Compiling killport v2.0.2 (/opt/rustwide/workdir)
[INFO] [stderr]     Finished `release` profile [optimized] target(s) in 1m 08s
[INFO] running `Command { std: "docker" "inspect" "cc5b9164f5613ffe5c996e2c330797c98db1d57ed1832141452440fbb8f65327", kill_on_drop: false }`
[INFO] running `Command { std: "docker" "exec" "-e" "SOURCE_DIR=/opt/rustwide/workdir" "-e" "CARGO_HOME=/opt/rustwide/cargo-home" "-e" "RUSTUP_HOME=/opt/rustwide/rustup-home" "-e" "CARGO_TARGET_DIR=/opt/rustwide/target" "-e" "CARGO_INCREMENTAL=0" "-e" "RUST_BACKTRACE=full" "-e" "RUSTFLAGS=--cap-lints=warn" "-e" "RUSTDOCFLAGS=--cap-lints=warn" "-w" "/opt/rustwide/workdir" "--user" "0:0" "cc5b9164f5613ffe5c996e2c330797c98db1d57ed1832141452440fbb8f65327" "/opt/rustwide/cargo-home/bin/cargo" "+1.99.0-beta.8" "test" "--frozen" "--release", kill_on_drop: false }`
[INFO] [stderr]     Finished `release` profile [optimized] target(s) in 0.29s
[INFO] [stderr]      Running unittests src/lib.rs (/opt/rustwide/target/release/deps/killport-6d701fecb3859b81)
[INFO] [stdout] 
[INFO] [stdout] running 106 tests
[INFO] [stdout] test cli::tests::test_cli_args_dry_run_present ... ok
[INFO] [stdout] test cli::tests::test_cli_args_mode_auto ... ok
[INFO] [stdout] test cli::tests::test_cli_args_combined_flags ... ok
[INFO] [stdout] test cli::tests::test_cli_args_mode_container ... ok
[INFO] [stdout] test cli::tests::test_cli_args_mode_default ... ok
[INFO] [stdout] test cli::tests::test_cli_args_mode_process ... ok
[INFO] [stdout] test cli::tests::test_cli_args_mode_invalid ... ok
[INFO] [stdout] test cli::tests::test_cli_args_mode_short_flag ... ok
[INFO] [stdout] test cli::tests::test_cli_args_help ... ok
[INFO] [stdout] test cli::tests::test_cli_args_multiple_ports ... ok
[INFO] [stdout] test cli::tests::test_cli_args_dry_run_absent ... ok
[INFO] [stdout] test cli::tests::test_cli_args_no_fail_absent ... ok
[INFO] [stdout] test cli::tests::test_cli_args_port_string ... ok
[INFO] [stdout] test cli::tests::test_cli_args_port_65535 ... ok
[INFO] [stdout] test cli::tests::test_cli_args_port_negative ... ok
[INFO] [stdout] test cli::tests::test_cli_args_port_overflow ... ok
[INFO] [stdout] test cli::tests::test_cli_args_port_zero ... ok
[INFO] [stdout] test cli::tests::test_cli_args_signal_custom ... ok
[INFO] [stdout] test cli::tests::test_cli_args_signal_default ... ok
[INFO] [stdout] test cli::tests::test_cli_args_single_port ... ok
[INFO] [stdout] test cli::tests::test_mode_display_auto ... ok
[INFO] [stdout] test cli::tests::test_cli_args_no_ports_fails ... ok
[INFO] [stdout] test cli::tests::test_cli_args_version ... ok
[INFO] [stdout] test cli::tests::test_mode_clone ... ok
[INFO] [stdout] test cli::tests::test_mode_debug ... ok
[INFO] [stdout] test cli::tests::test_parse_signal_mixed_case ... ok
[INFO] [stdout] test cli::tests::test_mode_equality ... ok
[INFO] [stdout] test cli::tests::test_parse_signal_sigkill ... ok
[INFO] [stdout] test cli::tests::test_cli_args_no_fail_present ... ok
[INFO] [stdout] test cli::tests::test_mode_display_container ... ok
[INFO] [stdout] test cli::tests::test_mode_display_process ... ok
[INFO] [stdout] test cli::tests::test_service_descriptors_auto ... ok
[INFO] [stdout] test cli::tests::test_service_descriptors_process ... ok
[INFO] [stdout] test cli::tests::test_verbosity_single_q_is_error ... ok
[INFO] [stdout] test cli::tests::test_parse_signal_empty ... ok
[INFO] [stdout] test cli::tests::test_verbosity_default_is_warn ... ok
[INFO] [stdout] test cli::tests::test_verbosity_double_q_is_off ... ok
[INFO] [stdout] test cli::tests::test_parse_signal_invalid ... ok
[INFO] [stdout] test cli::tests::test_verbosity_double_v_is_debug ... ok
[INFO] [stdout] test cli::tests::test_parse_signal_uppercase ... ok
[INFO] [stdout] test cli::tests::test_service_descriptors_container ... ok
[INFO] [stdout] test cli::tests::test_verbosity_single_v_is_info ... ok
[INFO] [stdout] test killable::tests::test_killable_type_clone ... ok
[INFO] [stdout] test killable::tests::test_killable_type_display_process ... ok
[INFO] [stdout] test killable::tests::test_container_get_name ... ok
[INFO] [stdout] test killable::tests::test_container_get_name_empty ... ok
[INFO] [stdout] test killable::tests::test_container_get_type ... ok
[INFO] [stdout] test killable::tests::test_killable_type_display_container ... ok
[INFO] [stdout] test killable::tests::test_killable_type_eq ... ok
[INFO] [stdout] test killable::tests::test_killable_type_ne ... ok
[INFO] [stdout] test killport::tests::test_find_killables_container_check_error ... ok
[INFO] [stdout] test cli::tests::test_verbosity_triple_v_is_trace ... ok
[INFO] [stdout] test killable::tests::test_container_get_name_special_chars ... ok
[INFO] [stdout] test killable::tests::test_killable_type_debug ... ok
[INFO] [stdout] test killport::tests::test_find_killables_container_find_error ... ok
[INFO] [stdout] test killport::tests::test_find_killables_mode_container_only ... ok
[INFO] [stdout] test killport::tests::test_find_killables_mode_process_only ... ok
[INFO] [stdout] test killport::tests::test_find_killables_empty_results ... ok
[INFO] [stdout] test killport::tests::test_find_killables_mode_auto_no_containers ... ok
[INFO] [stdout] test killport::tests::test_find_killables_containers_found_skips_all_processes ... ok
[INFO] [stdout] test killport::tests::test_find_killables_no_containers_keeps_all_processes ... ok
[INFO] [stdout] test killport::tests::test_find_killables_runtime_absent_returns_all_processes ... ok
[INFO] [stdout] test killport::tests::test_kill_service_actual_kill_succeeds ... ok
[INFO] [stdout] test killport::tests::test_kill_service_container_killed_via_ops ... ok
[INFO] [stdout] test killport::tests::test_kill_service_dry_run_collects_without_killing ... ok
[INFO] [stdout] test killport::tests::test_kill_service_container_found_skips_processes ... ok
[INFO] [stdout] test killport::tests::test_kill_service_container_kill_error_propagates ... ok
[INFO] [stdout] test killport::tests::test_find_killables_multiple_containers_skips_processes ... ok
[INFO] [stdout] test killport::tests::test_find_killables_process_finder_error ... ok
[INFO] [stdout] test killport::tests::test_find_killables_process_mode_skips_containers ... ok
[INFO] [stdout] test killport::tests::test_kill_service_kill_returns_false ... ok
[INFO] [stdout] test killport::tests::test_kill_service_dry_run_empty ... ok
[INFO] [stdout] test killport::tests::test_kill_service_kill_error_propagates ... ok
[INFO] [stdout] test signal::tests::unix_tests::test_signal_clone ... ok
[INFO] [stdout] test signal::tests::unix_tests::test_signal_display ... ok
[INFO] [stdout] test linux::tests::test_find_target_processes_dedup ... ok
[INFO] [stdout] test signal::tests::unix_tests::test_signal_display_sigterm ... ok
[INFO] [stdout] test signal::tests::unix_tests::test_signal_debug ... ok
[INFO] [stdout] test signal::tests::unix_tests::test_signal_from_str_empty ... ok
[INFO] [stdout] test signal::tests::unix_tests::test_signal_from_str_invalid ... ok
[INFO] [stdout] test signal::tests::unix_tests::test_signal_from_str_lowercase_fails ... ok
[INFO] [stdout] test killport::tests::test_kill_service_multiple_targets_no_containers ... ok
[INFO] [stdout] test linux::tests::test_find_target_processes_no_listeners ... ok
[INFO] [stdout] test linux::tests::test_find_target_processes_udp_listener ... ok
[INFO] [stdout] test signal::tests::unix_tests::test_signal_eq ... ok
[INFO] [stdout] test signal::tests::unix_tests::test_signal_from_str_sigabrt ... ok
[INFO] [stdout] test signal::tests::unix_tests::test_signal_from_str_sigkill ... ok
[INFO] [stdout] test signal::tests::unix_tests::test_signal_from_str_sigusr1 ... ok
[INFO] [stdout] test linux::tests::test_find_target_processes_tcp_listener ... ok
[INFO] [stdout] test signal::tests::unix_tests::test_signal_from_str_sigusr2 ... ok
[INFO] [stdout] test signal::tests::unix_tests::test_signal_ne ... ok
[INFO] [stdout] test signal::tests::unix_tests::test_signal_from_str_sigint ... ok
[INFO] [stdout] test signal::tests::unix_tests::test_signal_from_str_sigalrm ... ok
[INFO] [stdout] test signal::tests::unix_tests::test_signal_from_str_sigpipe ... ok
[INFO] [stdout] test signal::tests::unix_tests::test_signal_from_str_sigquit ... ok
[INFO] [stdout] test signal::tests::unix_tests::test_signal_from_str_sighup ... ok
[INFO] [stdout] test signal::tests::unix_tests::test_signal_from_str_sigterm ... ok
[INFO] [stdout] test unix::tests::test_unix_process_debug ... ok
[INFO] [stdout] test unix::tests::test_unix_process_get_name ... ok
[INFO] [stdout] test unix::tests::test_unix_process_get_type ... ok
[INFO] [stdout] test unix::tests::test_unix_process_get_name_empty ... ok
[INFO] [stdout] test unix::tests::test_unix_process_new ... ok
[INFO] [stdout] test unix::tests::test_unix_process_get_name_special_chars ... ok
[INFO] [stdout] test unix::tests::test_unix_process_kill_success ... ok
[INFO] [stdout] test unix::tests::test_unix_process_kill_nonexistent_pid ... ok
[INFO] [stdout] test unix::tests::test_unix_process_kill_permission_denied ... FAILED
[INFO] [stdout] 
[INFO] [stdout] failures:
[INFO] [stdout] 
[INFO] [stdout] ---- unix::tests::test_unix_process_kill_permission_denied stdout ----
[INFO] [stdout] 
[INFO] [stdout] thread 'unix::tests::test_unix_process_kill_permission_denied' (2355) panicked at src/unix.rs:120:9:
[INFO] [stdout] assertion failed: result.is_err()
[INFO] [stdout] stack backtrace:
[INFO] [stdout]    0:     0x5d119dc1c331 - <<std[70759c8f55707aa4]::sys::backtrace::BacktraceLock>::print::DisplayBacktrace as core[df12db4294e9bfd3]::fmt::Display>::fmt
[INFO] [stdout]    1:     0x5d119dc3328a - core[df12db4294e9bfd3]::fmt::write
[INFO] [stdout]    2:     0x5d119dc2111c - <alloc[2182bb758b4b3781]::vec::Vec<u8> as core[df12db4294e9bfd3]::io::write::Write>::write_fmt
[INFO] [stdout]    3:     0x5d119dbf6376 - std[70759c8f55707aa4]::panicking::default_hook::{closure#0}
[INFO] [stdout]    4:     0x5d119dc135e9 - std[70759c8f55707aa4]::panicking::default_hook
[INFO] [stdout]    5:     0x5d119dadf990 - test[9d35eded1c95d3be]::test_main_inner::<test[9d35eded1c95d3be]::test_main_static::{closure#0}>::{closure#0}
[INFO] [stdout]    6:     0x5d119dc13912 - std[70759c8f55707aa4]::panicking::panic_with_hook
[INFO] [stdout]    7:     0x5d119dbf6454 - std[70759c8f55707aa4]::panicking::panic_handler::{closure#0}
[INFO] [stdout]    8:     0x5d119dbeef39 - std[70759c8f55707aa4]::sys::backtrace::__rust_end_short_backtrace::<std[70759c8f55707aa4]::panicking::panic_handler::{closure#0}, !>
[INFO] [stdout]    9:     0x5d119dbf720d - __rustc[8fa7c3cbc660c2b3]::rust_begin_unwind
[INFO] [stdout]   10:     0x5d119dc33a2c - core[df12db4294e9bfd3]::panicking::panic_fmt
[INFO] [stdout]   11:     0x5d119dc339f2 - core[df12db4294e9bfd3]::panicking::panic
[INFO] [stdout]   12:     0x5d119dad084c - killport[ca60bb60f282cb46]::unix::tests::test_unix_process_kill_permission_denied
[INFO] [stdout]   13:     0x5d119da84749 - <killport[ca60bb60f282cb46]::unix::tests::test_unix_process_kill_permission_denied::{closure#0} as core[df12db4294e9bfd3]::ops::function::FnOnce<()>>::call_once
[INFO] [stdout]   14:     0x5d119dad2c7b - test[9d35eded1c95d3be]::__rust_begin_short_backtrace::<core[df12db4294e9bfd3]::result::Result<(), alloc[2182bb758b4b3781]::string::String>, fn() -> core[df12db4294e9bfd3]::result::Result<(), alloc[2182bb758b4b3781]::string::String>>
[INFO] [stdout]   15:     0x5d119dae02e5 - test[9d35eded1c95d3be]::run_test::{closure#0}
[INFO] [stdout]   16:     0x5d119dad9ba4 - std[70759c8f55707aa4]::sys::backtrace::__rust_begin_short_backtrace::<test[9d35eded1c95d3be]::run_test::{closure#1}, ()>
[INFO] [stdout]   17:     0x5d119dae3442 - <std[70759c8f55707aa4]::thread::lifecycle::spawn_unchecked<test[9d35eded1c95d3be]::run_test::{closure#1}, ()>::{closure#1} as core[df12db4294e9bfd3]::ops::function::FnOnce<()>>::call_once::{shim:vtable#0}
[INFO] [stdout]   18:     0x5d119dc1ae09 - <std[70759c8f55707aa4]::sys::thread::unix::Thread>::new::thread_start
[INFO] [stdout]   19:     0x75c273be3dfa - <unknown>
[INFO] [stdout]   20:     0x75c273c773d4 - clone
[INFO] [stdout]   21:                0x0 - <unknown>
[INFO] [stdout] 
[INFO] [stdout] 
[INFO] [stdout] failures:
[INFO] [stdout]     unix::tests::test_unix_process_kill_permission_denied
[INFO] [stdout] 
[INFO] [stdout] test result: FAILED. 105 passed; 1 failed; 0 ignored; 0 measured; 0 filtered out; finished in 0.03s
[INFO] [stdout] 
[INFO] [stderr] error: test failed, to rerun pass `--lib`
[INFO] running `Command { std: "docker" "inspect" "cc5b9164f5613ffe5c996e2c330797c98db1d57ed1832141452440fbb8f65327", kill_on_drop: false }`
[INFO] running `Command { std: "docker" "rm" "-f" "cc5b9164f5613ffe5c996e2c330797c98db1d57ed1832141452440fbb8f65327", kill_on_drop: false }`
[INFO] [stdout] cc5b9164f5613ffe5c996e2c330797c98db1d57ed1832141452440fbb8f65327
