[INFO] fetching crate gitr 0.5.1...
[INFO] testing gitr-0.5.1 against 1.99.0-beta.8+cargoflags=--release for beta-release-1.100-3
[INFO] extracting crate gitr 0.5.1 into /workspace/builds/worker-1-tc1/source
[INFO] started tweaking crates.io crate gitr 0.5.1
[INFO] removed 0 missing tests
[INFO] finished tweaking crates.io crate gitr 0.5.1
[INFO] tweaked toml for crates.io crate gitr 0.5.1 written to /workspace/builds/worker-1-tc1/source/Cargo.toml
[INFO] validating manifest of crates.io crate gitr 0.5.1 on toolchain 1.99.0-beta.8
[INFO] running `Command { std: CARGO_HOME="/workspace/cargo-home" RUSTUP_HOME="/workspace/rustup-home" "/workspace/cargo-home/bin/cargo" "+1.99.0-beta.8" "metadata" "--manifest-path" "Cargo.toml" "--no-deps", kill_on_drop: false }`
[INFO] crate crates.io crate gitr 0.5.1 already has a lockfile, it will not be regenerated
[INFO] running `Command { std: CARGO_HOME="/workspace/cargo-home" RUSTUP_HOME="/workspace/rustup-home" "/workspace/cargo-home/bin/cargo" "+1.99.0-beta.8" "fetch" "--manifest-path" "Cargo.toml", kill_on_drop: false }`
[INFO] [stderr]     Updating crates.io index
[INFO] [stderr]  Downloading crates ...
[INFO] [stderr]   Downloaded rapidhash v4.4.1
[INFO] [stderr]   Downloaded metrics v0.24.6
[INFO] [stderr]   Downloaded tempfile v3.14.0
[INFO] [stderr]   Downloaded clap v4.5.0
[INFO] [stderr]   Downloaded insta v1.47.2
[INFO] [stderr]   Downloaded clap_builder v4.5.0
[INFO] [stderr]   Downloaded proptest v1.5.0
[INFO] running `Command { std: "docker" "create" "-v" "/var/lib/crater-agent-workspace/builds/worker-1-tc1/source:/opt/rustwide/workdir:ro,Z" "-v" "/var/lib/crater-agent-workspace/builds/worker-1-tc1/target:/opt/rustwide/target:rw,Z" "-v" "/var/lib/crater-agent-workspace/cargo-home:/opt/rustwide/cargo-home:ro,Z" "-v" "/var/lib/crater-agent-workspace/rustup-home:/opt/rustwide/rustup-home:ro,Z" "-m" "1610612736" "--network" "none" "ghcr.io/rust-lang/crates-build-env/linux@sha256:77db811e55d90add9212f6832c23229e3de5f1c1f9905e8cb07319ea15df73ac" "sleep" "infinity", kill_on_drop: false }`
[INFO] [stdout] 1f6d67afb9c2612d5aec7754883d3f98e3473bdb6fe600260d76bd5dc36674b3
[INFO] running `Command { std: "docker" "start" "1f6d67afb9c2612d5aec7754883d3f98e3473bdb6fe600260d76bd5dc36674b3", kill_on_drop: false }`
[INFO] running `Command { std: "docker" "inspect" "1f6d67afb9c2612d5aec7754883d3f98e3473bdb6fe600260d76bd5dc36674b3", kill_on_drop: false }`
[INFO] running `Command { std: "docker" "exec" "-e" "SOURCE_DIR=/opt/rustwide/workdir" "-e" "CARGO_HOME=/opt/rustwide/cargo-home" "-e" "RUSTUP_HOME=/opt/rustwide/rustup-home" "-e" "CARGO_TARGET_DIR=/opt/rustwide/target" "-w" "/opt/rustwide/workdir" "--user" "0:0" "1f6d67afb9c2612d5aec7754883d3f98e3473bdb6fe600260d76bd5dc36674b3" "/opt/rustwide/cargo-home/bin/cargo" "+1.99.0-beta.8" "metadata" "--no-deps" "--format-version=1", kill_on_drop: false }`
[INFO] running `Command { std: "docker" "inspect" "1f6d67afb9c2612d5aec7754883d3f98e3473bdb6fe600260d76bd5dc36674b3", kill_on_drop: false }`
[INFO] running `Command { std: "docker" "exec" "-e" "SOURCE_DIR=/opt/rustwide/workdir" "-e" "CARGO_HOME=/opt/rustwide/cargo-home" "-e" "RUSTUP_HOME=/opt/rustwide/rustup-home" "-e" "CARGO_TARGET_DIR=/opt/rustwide/target" "-e" "CARGO_INCREMENTAL=0" "-e" "RUST_BACKTRACE=full" "-e" "RUSTFLAGS=--cap-lints=warn" "-e" "RUSTDOCFLAGS=--cap-lints=warn" "-w" "/opt/rustwide/workdir" "--user" "0:0" "1f6d67afb9c2612d5aec7754883d3f98e3473bdb6fe600260d76bd5dc36674b3" "/opt/rustwide/cargo-home/bin/cargo" "+1.99.0-beta.8" "build" "--frozen" "--message-format=json" "--release", kill_on_drop: false }`
[INFO] [stderr]    Compiling libc v0.2.186
[INFO] [stderr]    Compiling syn v2.0.117
[INFO] [stderr]    Compiling futures-sink v0.3.32
[INFO] [stderr]    Compiling errno v0.3.14
[INFO] [stderr]    Compiling mio v1.2.1
[INFO] [stderr]    Compiling signal-hook-registry v1.4.8
[INFO] [stderr]    Compiling futures-macro v0.3.32
[INFO] [stderr]    Compiling tokio-macros v2.7.0
[INFO] [stderr]    Compiling async-trait v0.1.89
[INFO] [stderr]    Compiling tokio v1.52.3
[INFO] [stderr]    Compiling futures-util v0.3.32
[INFO] [stderr]    Compiling tokio-util v0.7.18
[INFO] [stderr]    Compiling gitr v0.5.1 (/opt/rustwide/workdir)
[INFO] [stderr]     Finished `release` profile [optimized] target(s) in 26.53s
[INFO] running `Command { std: "docker" "inspect" "1f6d67afb9c2612d5aec7754883d3f98e3473bdb6fe600260d76bd5dc36674b3", kill_on_drop: false }`
[INFO] running `Command { std: "docker" "exec" "-e" "SOURCE_DIR=/opt/rustwide/workdir" "-e" "CARGO_HOME=/opt/rustwide/cargo-home" "-e" "RUSTUP_HOME=/opt/rustwide/rustup-home" "-e" "CARGO_TARGET_DIR=/opt/rustwide/target" "-e" "CARGO_INCREMENTAL=0" "-e" "RUST_BACKTRACE=full" "-e" "RUSTFLAGS=--cap-lints=warn" "-e" "RUSTDOCFLAGS=--cap-lints=warn" "-w" "/opt/rustwide/workdir" "--user" "0:0" "1f6d67afb9c2612d5aec7754883d3f98e3473bdb6fe600260d76bd5dc36674b3" "/opt/rustwide/cargo-home/bin/cargo" "+1.99.0-beta.8" "test" "--frozen" "--no-run" "--message-format=json" "--release", kill_on_drop: false }`
[INFO] [stderr]    Compiling zerocopy v0.8.50
[INFO] [stderr]    Compiling serde_derive v1.0.228
[INFO] [stderr]    Compiling getrandom v0.2.17
[INFO] [stderr]    Compiling num-traits v0.2.19
[INFO] [stderr]    Compiling bitflags v2.12.1
[INFO] [stderr]    Compiling futures-util v0.3.32
[INFO] [stderr]    Compiling serde_json v1.0.150
[INFO] [stderr]    Compiling either v1.16.0
[INFO] [stderr]    Compiling half v2.4.1
[INFO] [stderr]    Compiling tokio v1.52.3
[INFO] [stderr]    Compiling clap_lex v0.7.7
[INFO] [stderr]    Compiling memchr v2.8.1
[INFO] [stderr]    Compiling regex-automata v0.4.14
[INFO] [stderr]    Compiling futures-channel v0.3.32
[INFO] [stderr]    Compiling wait-timeout v0.2.1
[INFO] [stderr]    Compiling futures-io v0.3.32
[INFO] [stderr]    Compiling bit-vec v0.6.3
[INFO] [stderr]    Compiling log v0.4.32
[INFO] [stderr]    Compiling quick-error v1.2.3
[INFO] [stderr]    Compiling rand_core v0.6.4
[INFO] [stderr]    Compiling bit-set v0.5.3
[INFO] [stderr]    Compiling tracing-log v0.2.0
[INFO] [stderr]    Compiling clap_builder v4.5.0
[INFO] [stderr]    Compiling rustix v0.38.44
[INFO] [stderr]    Compiling itertools v0.10.5
[INFO] [stderr]    Compiling ciborium-ll v0.2.2
[INFO] [stderr]    Compiling rayon v1.12.0
[INFO] [stderr]    Compiling rand_xorshift v0.3.0
[INFO] [stderr]    Compiling console v0.16.3
[INFO] [stderr]    Compiling is-terminal v0.4.17
[INFO] [stderr]    Compiling similar v2.7.0
[INFO] [stderr]    Compiling tracing-subscriber v0.3.23
[INFO] [stderr]    Compiling half v1.8.3
[INFO] [stderr]    Compiling plotters v0.3.7
[INFO] [stderr]    Compiling tempfile v3.14.0
[INFO] [stderr]    Compiling criterion-plot v0.5.0
[INFO] [stderr]    Compiling serde v1.0.228
[INFO] [stderr]    Compiling rusty-fork v0.3.1
[INFO] [stderr]    Compiling regex v1.12.3
[INFO] [stderr]    Compiling clap v4.5.0
[INFO] [stderr]    Compiling futures v0.3.32
[INFO] [stderr]    Compiling ciborium v0.2.2
[INFO] [stderr]    Compiling tinytemplate v1.2.1
[INFO] [stderr]    Compiling insta v1.47.2
[INFO] [stderr]    Compiling tokio-util v0.7.18
[INFO] [stderr]    Compiling criterion v0.5.1
[INFO] [stderr]    Compiling ppv-lite86 v0.2.21
[INFO] [stderr]    Compiling gitr v0.5.1 (/opt/rustwide/workdir)
[INFO] [stderr]    Compiling rand_chacha v0.3.1
[INFO] [stderr]    Compiling rand v0.8.6
[INFO] [stderr]    Compiling proptest v1.5.0
[INFO] [stderr]     Finished `release` profile [optimized] target(s) in 1m 33s
[INFO] running `Command { std: "docker" "inspect" "1f6d67afb9c2612d5aec7754883d3f98e3473bdb6fe600260d76bd5dc36674b3", kill_on_drop: false }`
[INFO] running `Command { std: "docker" "exec" "-e" "SOURCE_DIR=/opt/rustwide/workdir" "-e" "CARGO_HOME=/opt/rustwide/cargo-home" "-e" "RUSTUP_HOME=/opt/rustwide/rustup-home" "-e" "CARGO_TARGET_DIR=/opt/rustwide/target" "-e" "CARGO_INCREMENTAL=0" "-e" "RUST_BACKTRACE=full" "-e" "RUSTFLAGS=--cap-lints=warn" "-e" "RUSTDOCFLAGS=--cap-lints=warn" "-w" "/opt/rustwide/workdir" "--user" "0:0" "1f6d67afb9c2612d5aec7754883d3f98e3473bdb6fe600260d76bd5dc36674b3" "/opt/rustwide/cargo-home/bin/cargo" "+1.99.0-beta.8" "test" "--frozen" "--release", kill_on_drop: false }`
[INFO] [stderr]     Finished `release` profile [optimized] target(s) in 0.14s
[INFO] [stderr]      Running unittests src/lib.rs (/opt/rustwide/target/release/deps/gitr-eb946e6d56383e61)
[INFO] [stdout] 
[INFO] [stdout] running 337 tests
[INFO] [stdout] test cache::tests::test_cache_miss ... ok
[INFO] [stdout] test cache::tests::test_cache_invalidate ... ok
[INFO] [stdout] test circuit::tests::test_circuit_breaker_default ... ok
[INFO] [stdout] test circuit::tests::test_circuit_breaker_closed ... ok
[INFO] [stdout] test command::scripted::tests::test_scripted_runner_run_with_env ... ok
[INFO] [stdout] test command::scripted::tests::test_scripted_runner_unscripted ... ok
[INFO] [stdout] test command::scripted::tests::test_scripted_runner_ok ... ok
[INFO] [stdout] test circuit::tests::test_circuit_breaker_opens ... ok
[INFO] [stdout] test cache::tests::test_cache_hit ... ok
[INFO] [stdout] test cache::tests::test_status_api ... ok
[INFO] [stdout] test circuit::tests::test_circuit_breaker_poisoned_mutex ... ok
[INFO] [stdout] test command::tests::test_command_output_fields ... ok
[INFO] [stdout] test command::tests::test_cancel_success ... ok
[INFO] [stdout] test cache::tests::test_cache_expiry ... ok
[INFO] [stdout] test command::tests::test_git_bin_path_and_version ... ok
[INFO] [stdout] test command::tests::test_git_command_debug ... ok
[INFO] [stdout] test command::scripted::tests::test_scripted_runner_err ... ok
[INFO] [stdout] test command::tests::test_is_retryable_false ... ok
[INFO] [stdout] test command::tests::test_is_retryable_true ... ok
[INFO] [stdout] test command::tests::test_network_io_error_with_retry ... ok
[INFO] [stdout] test command::tests::test_command_timeout ... FAILED
[INFO] [stdout] test command::tests::test_circuit_breaker_open ... ok
[INFO] [stdout] test command::tests::test_cancel_io_error ... ok
[INFO] [stdout] test command::tests::test_circuit_breaker_record_success ... ok
[INFO] [stdout] test command::tests::test_run_with_invalid_git ... ok
[INFO] [stdout] test command::tests::test_run_with_progress_spawn_error ... ok
[INFO] [stdout] test command::tests::test_run_with_env ... ok
[INFO] [stdout] test circuit::tests::test_circuit_breaker_half_open_allow_direct ... ok
[INFO] [stdout] test circuit::tests::test_circuit_breaker_half_open ... ok
[INFO] [stdout] test command::tests::test_progress_callback ... ok
[INFO] [stdout] test error::tests::test_classify_fallback_command_failed ... ok
[INFO] [stdout] test error::tests::test_classify_hook_rejected ... ok
[INFO] [stdout] test error::tests::test_classify_merge_in_progress ... ok
[INFO] [stdout] test error::tests::test_classify_remote_not_found ... ok
[INFO] [stdout] test error::tests::test_classify_nothing_to_commit ... ok
[INFO] [stdout] test error::tests::test_classify_rebase_in_progress ... ok
[INFO] [stdout] test error::tests::test_classify_authentication_required ... ok
[INFO] [stdout] test error::tests::test_classify_cherry_pick_in_progress ... ok
[INFO] [stdout] test error::tests::test_classify_tag_not_found ... ok
[INFO] [stdout] test error::tests::test_classify_network_error ... ok
[INFO] [stdout] test error::tests::test_classify_unmerged_paths ... ok
[INFO] [stdout] test error::tests::test_is_retryable_network_error ... ok
[INFO] [stdout] test error::tests::test_is_retryable_true ... ok
[INFO] [stdout] test error::tests::test_from_io_error ... ok
[INFO] [stdout] test error::tests::test_is_retryable_false ... ok
[INFO] [stdout] test error::tests::test_is_retryable_io_connection_refused ... ok
[INFO] [stdout] test parse::tests::proptests::prop_parse_diff_shortstat_roundtrip ... ok
[INFO] [stdout] test parse::tests::proptests::prop_parse_grep_colons ... ok
[INFO] [stdout] test parse::tests::proptests::prop_parse_branches_never_panics ... ok
[INFO] [stdout] test parse::tests::proptests::prop_parse_merge_tree_never_panics ... ok
[INFO] [stdout] test parse::tests::proptests::prop_parse_log_line_roundtrip ... ok
[INFO] [stdout] test parse::tests::proptests::test_parse_blame_sha_header_before_content ... ok
[INFO] [stdout] test parse::tests::proptests::test_parse_diff_without_git_prefix ... ok
[INFO] [stdout] test parse::tests::proptests::prop_parse_status_never_panics ... ok
[INFO] [stdout] test parse::tests::proptests::test_parse_submodules_invalid_prefix ... ok
[INFO] [stdout] test command::tests::test_batch_process_missing_object ... ok
[INFO] [stdout] test parse::tests::proptests::test_parse_submodules_unclosed_paren ... ok
[INFO] [stdout] test parse::tests::proptests::prop_parse_worktrees_never_panics ... ok
[INFO] [stdout] test parse::tests::proptests::prop_parse_branches_found ... ok
[INFO] [stdout] test parse::tests::snapshot_parse_blame_single_author ... ok
[INFO] [stdout] test parse::tests::snapshot_parse_blame_multiple_authors ... ok
[INFO] [stdout] test parse::tests::snapshot_parse_branches_normal ... ok
[INFO] [stdout] test parse::tests::snapshot_parse_diff_mode_change ... ok
[INFO] [stdout] test parse::tests::snapshot_parse_diff_binary ... ok
[INFO] [stdout] test parse::tests::snapshot_parse_branches_with_spaces ... ok
[INFO] [stdout] test parse::tests::snapshot_parse_blame_empty_lines ... ok
[INFO] [stdout] test parse::tests::snapshot_parse_diff_deleted_file ... ok
[INFO] [stdout] test parse::tests::snapshot_parse_diff_new_file ... ok
[INFO] [stdout] test parse::tests::snapshot_parse_diff_multi_hunk ... ok
[INFO] [stdout] test parse::tests::snapshot_parse_diff_shortstat_empty ... ok
[INFO] [stdout] test parse::tests::snapshot_parse_diff_shortstat_only_deletions ... ok
[INFO] [stdout] test parse::tests::snapshot_parse_diff_shortstat_single_file ... ok
[INFO] [stdout] test parse::tests::snapshot_parse_diff_renamed_file ... ok
[INFO] [stdout] test parse::tests::snapshot_parse_diff_shortstat_full ... ok
[INFO] [stdout] test parse::tests::snapshot_parse_format_patch_multiple ... ok
[INFO] [stdout] test parse::tests::snapshot_parse_format_patch_no_diff ... ok
[INFO] [stdout] test parse::tests::snapshot_parse_grep_colons_in_text ... ok
[INFO] [stdout] test parse::tests::snapshot_parse_format_patch_single ... ok
[INFO] [stdout] test parse::tests::snapshot_parse_grep_multiple_matches ... ok
[INFO] [stdout] test parse::tests::snapshot_parse_merge_tree_clean ... ok
[INFO] [stdout] test parse::tests::snapshot_parse_log_line_normal ... ok
[INFO] [stdout] test parse::tests::snapshot_parse_log_line_invalid_timestamp ... ok
[INFO] [stdout] test parse::tests::snapshot_parse_grep_basic ... ok
[INFO] [stdout] test parse::tests::proptests::prop_parse_status_counts ... ok
[INFO] [stdout] test parse::tests::snapshot_parse_log_normal ... ok
[INFO] [stdout] test parse::tests::snapshot_parse_merge_tree_conflicts_all_types ... ok
[INFO] [stdout] test parse::tests::snapshot_parse_reflog ... ok
[INFO] [stdout] test parse::tests::snapshot_parse_remotes_normal ... ok
[INFO] [stdout] test parse::tests::snapshot_parse_status_copy ... ok
[INFO] [stdout] test parse::tests::snapshot_parse_status_empty ... ok
[INFO] [stdout] test parse::tests::snapshot_parse_status_mixed ... ok
[INFO] [stdout] test parse::tests::snapshot_parse_status_z_format ... ok
[INFO] [stdout] test parse::tests::snapshot_parse_status_rename ... ok
[INFO] [stdout] test parse::tests::snapshot_parse_submodules_clean ... ok
[INFO] [stdout] test parse::tests::snapshot_parse_status_unmerged ... ok
[INFO] [stdout] test parse::tests::snapshot_parse_submodules_dirty ... ok
[INFO] [stdout] test parse::tests::snapshot_parse_submodules_uninitialized ... ok
[INFO] [stdout] test command::tests::test_cancellation ... ok
[INFO] [stdout] test parse::tests::snapshot_parse_status_untracked ... ok
[INFO] [stdout] test parse::tests::test_parse_blame_multiple_blocks ... ok
[INFO] [stdout] test parse::tests::test_parse_blame_basic ... ok
[INFO] [stdout] test parse::tests::test_parse_branches ... ok
[INFO] [stdout] test parse::tests::snapshot_parse_worktrees_detached ... ok
[INFO] [stdout] test parse::tests::test_parse_blame_empty ... ok
[INFO] [stdout] test parse::tests::snapshot_parse_worktrees_normal ... ok
[INFO] [stdout] test parse::tests::test_check_git_version_compat ... ok
[INFO] [stdout] test command::tests::test_git_command_cat_file_batch ... ok
[INFO] [stdout] test parse::tests::test_parse_diff_empty ... ok
[INFO] [stdout] test parse::tests::test_parse_diff_shortstat_empty ... ok
[INFO] [stdout] test parse::tests::test_parse_diff_shortstat_full ... ok
[INFO] [stdout] test parse::tests::test_parse_diff_shortstat_only_deletions ... ok
[INFO] [stdout] test parse::tests::test_parse_diff_deleted_file ... ok
[INFO] [stdout] test parse::tests::test_parse_diff_empty_line_in_hunk ... ok
[INFO] [stdout] test parse::tests::test_parse_diff_shortstat_zero_insertions ... ok
[INFO] [stdout] test parse::tests::test_parse_diff_rename ... ok
[INFO] [stdout] test parse::tests::test_parse_diff_shortstat_single_file ... ok
[INFO] [stdout] test parse::tests::test_parse_diff_binary ... ok
[INFO] [stdout] test parse::tests::test_parse_format_patch_basic ... ok
[INFO] [stdout] test parse::tests::test_parse_format_patch_empty ... ok
[INFO] [stdout] test parse::tests::test_parse_format_patch_empty_diff ... ok
[INFO] [stdout] test parse::tests::test_parse_format_patch_skip_non_from ... ok
[INFO] [stdout] test parse::tests::test_parse_diff_with_old_new_paths ... ok
[INFO] [stdout] test parse::tests::test_parse_grep_basic ... ok
[INFO] [stdout] test parse::tests::test_parse_grep_colons_in_text ... ok
[INFO] [stdout] test parse::tests::test_parse_grep_empty ... ok
[INFO] [stdout] test parse::tests::test_parse_grep_empty_and_invalid ... ok
[INFO] [stdout] test parse::tests::test_parse_grep_invalid_line ... ok
[INFO] [stdout] test parse::tests::test_parse_diff_basic ... ok
[INFO] [stdout] test parse::tests::test_parse_log ... ok
[INFO] [stdout] test parse::tests::test_parse_diff_new_file ... ok
[INFO] [stdout] test parse::tests::test_parse_log_line_missing_fields ... ok
[INFO] [stdout] test parse::tests::test_parse_log_single_no_trailing_newline ... ok
[INFO] [stdout] test parse::tests::test_parse_merge_tree_clean ... ok
[INFO] [stdout] test parse::tests::test_parse_merge_tree_conflict_line ... ok
[INFO] [stdout] test parse::tests::test_parse_log_with_empty_line ... ok
[INFO] [stdout] test parse::tests::test_parse_log_invalid_timestamp ... ok
[INFO] [stdout] test parse::tests::test_parse_log_line_ok ... ok
[INFO] [stdout] test parse::tests::test_parse_log_empty ... ok
[INFO] [stdout] test command::tests::test_batch_process_spawn_and_lookup ... ok
[INFO] [stdout] test parse::tests::test_parse_merge_tree_rename_rename ... ok
[INFO] [stdout] test parse::tests::test_parse_merge_tree_rename_delete ... ok
[INFO] [stdout] test parse::tests::test_parse_merge_tree_conflicts ... ok
[INFO] [stdout] test parse::tests::test_parse_reflog_empty_and_invalid ... ok
[INFO] [stdout] test parse::tests::test_parse_merge_tree_delete_modify ... ok
[INFO] [stdout] test parse::tests::test_parse_merge_tree_directory_file ... ok
[INFO] [stdout] test parse::tests::test_parse_merge_tree_modify_delete ... ok
[INFO] [stdout] test parse::tests::test_parse_status_unmerged ... ok
[INFO] [stdout] test parse::tests::test_parse_reflog_basic ... ok
[INFO] [stdout] test parse::tests::test_parse_status_untracked ... ok
[INFO] [stdout] test parse::tests::test_parse_status_copied ... ok
[INFO] [stdout] test parse::tests::test_parse_status_empty ... ok
[INFO] [stdout] test parse::tests::test_parse_status_z_rename ... ok
[INFO] [stdout] test parse::tests::test_parse_status_rename ... ok
[INFO] [stdout] test parse::tests::test_parse_remotes ... ok
[INFO] [stdout] test parse::tests::test_parse_status_staged_and_unstaged ... ok
[INFO] [stdout] test parse::tests::test_parse_status_mixed ... ok
[INFO] [stdout] test parse::tests::test_parse_reflog_empty ... ok
[INFO] [stdout] test parse::tests::test_parse_status_z_basic ... ok
[INFO] [stdout] test parse::tests::test_parse_status_whitespace_only ... ok
[INFO] [stdout] test parse::tests::test_parse_status_z_unstaged_rename ... ok
[INFO] [stdout] test parse::tests::test_parse_submodules_clean ... ok
[INFO] [stdout] test parse::tests::test_parse_status_z_staged ... ok
[INFO] [stdout] test parse::tests::test_parse_submodules_various ... ok
[INFO] [stdout] test parse::tests::test_parse_submodules_dirty_and_uninit ... ok
[INFO] [stdout] test parse::tests::test_parse_worktrees ... ok
[INFO] [stdout] test parse::tests::test_parse_submodules_empty ... ok
[INFO] [stdout] test parse::tests::test_parse_status_z_with_spaces ... ok
[INFO] [stdout] test repo::tests::test_apply_patch ... ok
[INFO] [stdout] test command::tests::test_cancel_in_run_with_progress ... ok
[INFO] [stdout] test parse::tests::proptests::prop_parse_log_roundtrip ... ok
[INFO] [stdout] test repo::tests::test_blame_structured ... ok
[INFO] [stdout] test repo::tests::test_archive ... ok
[INFO] [stdout] test repo::tests::test_add_and_add_all ... ok
[INFO] [stdout] test repo::tests::test_blame_string ... ok
[INFO] [stdout] test command::tests::test_network_timeout_with_retry ... ok
[INFO] [stderr] kill: (1582): No such process
[INFO] [stdout] test repo::tests::test_branch_create_already_exists ... ok
[INFO] [stdout] test repo::tests::test_branch_delete_not_found ... ok
[INFO] [stdout] test command::tests::test_batch_process_kill_on_drop ... ok
[INFO] [stdout] test repo::tests::test_apply_patch_file ... ok
[INFO] [stdout] test repo::tests::test_branch_create_delete ... ok
[INFO] [stdout] test repo::tests::test_branch_delete_current ... ok
[INFO] [stdout] test repo::tests::test_branch_rename ... ok
[INFO] [stdout] test repo::tests::test_branch_delete_force ... ok
[INFO] [stdout] test repo::tests::test_branch_create_with_start_point ... ok
[INFO] [stdout] test command::tests::test_retry_on_network_error ... ok
[INFO] [stdout] test repo::tests::test_agent_helpers ... ok
[INFO] [stdout] test repo::tests::test_changed_files ... ok
[INFO] [stdout] test repo::tests::test_bisect ... ok
[INFO] [stdout] test repo::tests::test_bisect_run ... ok
[INFO] [stdout] test repo::tests::test_clean ... ok
[INFO] [stdout] test repo::tests::test_checkout_success ... ok
[INFO] [stdout] test repo::tests::test_checkout_conflict ... ok
[INFO] [stdout] test repo::tests::test_check_attr ... ok
[INFO] [stdout] test repo::tests::test_changed_files_no_duplicates ... ok
[INFO] [stdout] test repo::tests::test_check_ignore ... ok
[INFO] [stdout] test repo::tests::test_bundle_create_verify_unbundle ... ok
[INFO] [stdout] test repo::tests::test_cherry_pick_opts_delegation ... ok
[INFO] [stdout] test repo::tests::test_current_branch ... ok
[INFO] [stdout] test repo::tests::test_commit_opts_delegation ... ok
[INFO] [stdout] test repo::tests::test_commit_opts_no_verify_amend_signoff ... ok
[INFO] [stdout] test repo::tests::test_default_branch_valid ... ok
[INFO] [stdout] test repo::tests::test_clone_opts_failure ... ok
[INFO] [stdout] test repo::tests::test_checkout_branch_not_found ... ok
[INFO] [stdout] test repo::tests::test_default_branch_no_remote ... ok
[INFO] [stdout] test repo::tests::test_check_attr_error ... ok
[INFO] [stdout] test repo::tests::test_clone_local_repo ... ok
[INFO] [stdout] test repo::tests::test_config_get_set ... ok
[INFO] [stdout] test repo::tests::test_conflicted_files ... ok
[INFO] [stdout] test command::tests::test_circuit_breaker_record_failure ... ok
[INFO] [stdout] test repo::tests::test_commit_with_paths ... ok
[INFO] [stdout] test repo::tests::test_default_branch_and_remote_url ... ok
[INFO] [stdout] test repo::tests::test_diff_files ... ok
[INFO] [stdout] test repo::tests::test_diff_cached ... ok
[INFO] [stdout] test repo::tests::test_describe ... ok
[INFO] [stdout] test repo::tests::test_diff ... ok
[INFO] [stdout] test repo::tests::test_diff_structured ... ok
[INFO] [stdout] test repo::tests::test_diff_shortstat ... ok
[INFO] [stdout] test repo::tests::test_default_branch_invalid ... ok
[INFO] [stdout] test repo::tests::test_diff_cached_structured ... ok
[INFO] [stdout] test repo::tests::test_commit ... ok
[INFO] [stdout] test repo::tests::test_diff_files_structured ... ok
[INFO] [stdout] test repo::tests::test_cherry_pick ... ok
[INFO] [stdout] test repo::tests::test_ensure_clean_clean ... ok
[INFO] [stdout] test repo::tests::test_clone_opts_filter_and_bare ... ok
[INFO] [stdout] test repo::tests::test_ensure_clean_dirty ... ok
[INFO] [stdout] test repo::tests::test_hex_to_bytes ... ok
[INFO] [stdout] test repo::tests::test_git_version_and_root ... ok
[INFO] [stdout] test repo::tests::test_fetch_without_remote ... ok
[INFO] [stdout] test repo::tests::test_head_commit_full_empty_repo ... ok
[INFO] [stdout] test repo::tests::test_fetch_and_remote_url ... ok
[INFO] [stdout] test repo::tests::test_head_commit_full ... ok
[INFO] [stdout] test repo::tests::test_head_commit ... ok
[INFO] [stdout] test repo::tests::test_lfs_ls_files ... ok
[INFO] [stdout] test repo::tests::test_fetch_opts_delegation ... ok
[INFO] [stdout] test repo::tests::test_fetch_opts_prune_tags_depth ... ok
[INFO] [stdout] test repo::tests::test_hash_object ... ok
[INFO] [stdout] test repo::tests::test_grep ... ok
[INFO] [stdout] test repo::tests::test_init ... ok
[INFO] [stdout] test repo::tests::test_fetch_opts_filter ... ok
[INFO] [stdout] test repo::tests::test_lfs_track_untrack ... ok
[INFO] [stdout] test repo::tests::test_has_untracked_files ... ok
[INFO] [stdout] test repo::tests::test_is_merge_conflict ... ok
[INFO] [stdout] test repo::tests::test_hooks_list_install_remove_run ... ok
[INFO] [stdout] test repo::tests::test_is_nothing_to_commit ... ok
[INFO] [stdout] test repo::tests::test_log_paginated ... ok
[INFO] [stdout] test repo::tests::test_log ... ok
[INFO] [stdout] test repo::tests::test_merge_base ... ok
[INFO] [stdout] test repo::tests::test_ls_files ... ok
[INFO] [stdout] test repo::tests::test_open_nonexistent_path ... ok
[INFO] [stdout] test repo::tests::test_open_not_a_repo ... ok
[INFO] [stdout] test repo::tests::test_merge_opts_delegation ... ok
[INFO] [stdout] test repo::tests::test_ls_files_deleted_and_others ... ok
[INFO] [stdout] test repo::tests::test_format_patch ... ok
[INFO] [stdout] test repo::tests::test_notes_force ... ok
[INFO] [stdout] test repo::tests::test_open_valid_repo ... ok
[INFO] [stdout] test repo::tests::test_mv_and_rm ... ok
[INFO] [stdout] test repo::tests::test_open_worktree ... ok
[INFO] [stdout] test repo::tests::test_push_force ... ok
[INFO] [stdout] test repo::tests::test_merge_tree_error ... ok
[INFO] [stdout] test repo::tests::test_merge_tree_conflicts ... ok
[INFO] [stdout] test repo::tests::test_merge_tree_invalid_branch ... ok
[INFO] [stdout] test repo::tests::test_notes_add_remove ... ok
[INFO] [stdout] test repo::tests::test_merge_tree_clean ... ok
[INFO] [stdout] test repo::tests::test_mktree_and_read_tree ... ok
[INFO] [stdout] test repo::tests::test_merge_no_edit ... ok
[INFO] [stdout] test repo::tests::test_push_force_without_remote ... ok
[INFO] [stdout] test repo::tests::test_push_without_remote ... ok
[INFO] [stdout] test repo::tests::test_push_opts_delegation ... ok
[INFO] [stdout] test repo::tests::test_push_opts_force_and_set_upstream ... ok
[INFO] [stdout] test repo::tests::test_reflog_list ... ok
[INFO] [stdout] test repo::tests::test_rebase_abort_noop ... ok
[INFO] [stdout] test repo::tests::test_read_object_tree_blob_commit ... ok
[INFO] [stdout] test repo::tests::test_read_index_and_update_remove ... ok
[INFO] [stdout] test repo::tests::test_rebase_continue ... ok
[INFO] [stdout] test repo::tests::test_pull_and_ls_remote ... ok
[INFO] [stdout] test repo::tests::test_remote_add_remove_rename ... ok
[INFO] [stdout] test repo::tests::test_reset ... ok
[INFO] [stdout] test repo::tests::test_remotes ... ok
[INFO] [stdout] test repo::tests::test_rebase_opts_delegation ... ok
[INFO] [stdout] test repo::tests::test_reflog_expire ... ok
[INFO] [stdout] test repo::tests::test_restore ... ok
[INFO] [stdout] test repo::tests::test_run_hook_streaming ... ok
[INFO] [stdout] test repo::tests::test_rev_parse ... ok
[INFO] [stdout] test repo::tests::test_show ... ok
[INFO] [stdout] test repo::tests::test_rebase ... ok
[INFO] [stdout] test repo::tests::test_revert ... ok
[INFO] [stdout] test repo::tests::test_show_rev_and_not_found ... ok
[INFO] [stdout] test repo::tests::test_reset_soft_and_hard ... ok
[INFO] [stdout] test repo::tests::test_restore_staged_and_source ... ok
[INFO] [stdout] test repo::tests::test_rebase_abort ... ok
[INFO] [stdout] test repo::tests::test_sparse_checkout_init_set_add_list_disable ... ok
[INFO] [stdout] test repo::tests::test_stash_pop_empty ... ok
[INFO] [stdout] test repo::tests::test_push_force_happy ... ok
[INFO] [stdout] test repo::tests::test_run_hook_with_timeout_expires ... ok
[INFO] [stdout] test repo::tests::test_run_hook_with_timeout ... ok
[INFO] [stdout] test repo::tests::test_stash_and_stash_pop ... ok
[INFO] [stdout] test repo::tests::test_stash_drop_apply_show ... ok
[INFO] [stdout] test repo::tests::test_stash_list ... ok
[INFO] [stdout] test repo::tests::test_stash_without_message ... ok
[INFO] [stdout] test repo::tests::test_status_and_porcelain ... ok
[INFO] [stdout] test repo::tests::test_status_z ... ok
[INFO] [stdout] test repo::tests::test_stash_show_drop_none ... ok
[INFO] [stdout] test repo::tests::test_status_porcelain ... ok
[INFO] [stdout] test repo::tests::test_switch_not_found ... ok
[INFO] [stdout] test repo::tests::test_with_cancel ... ok
[INFO] [stdout] test repo::tests::test_tag_create_force ... ok
[INFO] [stdout] test repo::tests::test_switch ... ok
[INFO] [stdout] test repo::tests::test_untracked_files ... ok
[INFO] [stdout] test repo::tests::test_with_progress ... ok
[INFO] [stdout] test repo::tests::test_with_cache_hit_and_invalidate ... ok
[INFO] [stdout] test repo::tests::test_with_timeout ... ok
[INFO] [stdout] test repo::tests::test_with_env_var ... ok
[INFO] [stdout] test repo::tests::test_tag_delete ... ok
[INFO] [stdout] test repo::tests::test_submodule_list ... ok
[INFO] [stdout] test repo::tests::test_git_api_trait_dispatch ... ok
[INFO] [stdout] test types::tests::test_clone_options_default ... ok
[INFO] [stdout] test repo::tests::test_switch_create ... ok
[INFO] [stdout] test types::tests::test_git_version_parse_and_display ... ok
[INFO] [stdout] test types::tests::test_commit_options_new ... ok
[INFO] [stdout] test repo::tests::test_tag_list_create_delete ... ok
[INFO] [stdout] test repo::tests::test_worktree_add_invalid_branch ... ok
[INFO] [stdout] test repo::tests::test_worktree_add_existing_path ... ok
[INFO] [stdout] test types::tests::test_git_version_parse_errors ... ok
[INFO] [stdout] test repo::tests::test_with_circuit_breaker ... ok
[INFO] [stdout] test repo::tests::test_write_and_read_blob ... ok
[INFO] [stdout] test types::tests::test_oid_new_and_display ... ok
[INFO] [stdout] test types::tests::test_object_kind_from_str_and_display ... ok
[INFO] [stdout] test types::tests::test_oid_new_errors ... ok
[INFO] [stdout] test repo::tests::test_worktree_add_and_remove ... ok
[INFO] [stdout] test repo::tests::test_write_and_read_commit ... ok
[INFO] [stdout] test repo::tests::test_write_tree ... ok
[INFO] [stdout] test repo::tests::test_write_commit ... ok
[INFO] [stdout] test repo::tests::test_worktree_add_exists ... ok
[INFO] [stdout] test repo::tests::test_worktree_remove_force ... ok
[INFO] [stdout] test repo::tests::test_worktree_prune_lock_unlock_move ... ok
[INFO] [stdout] test repo::tests::test_submodule_add_update_deinit_sync ... ok
[INFO] [stdout] test command::tests::test_run_with_progress_timeout ... ok
[INFO] [stdout] 
[INFO] [stdout] failures:
[INFO] [stdout] 
[INFO] [stdout] ---- command::tests::test_command_timeout stdout ----
[INFO] [stdout] 
[INFO] [stdout] thread 'command::tests::test_command_timeout' (1453) panicked at src/command/mod.rs:635:9:
[INFO] [stdout] expected Timeout, got Io("failed to run git: Text file busy (os error 26)")
[INFO] [stdout] stack backtrace:
[INFO] [stdout]    0:     0x5f1f617a1d41 - <<std[70759c8f55707aa4]::sys::backtrace::BacktraceLock>::print::DisplayBacktrace as core[df12db4294e9bfd3]::fmt::Display>::fmt
[INFO] [stdout]    1:     0x5f1f617ba99a - core[df12db4294e9bfd3]::fmt::write
[INFO] [stdout]    2:     0x5f1f617a6c0c - <alloc[2182bb758b4b3781]::vec::Vec<u8> as core[df12db4294e9bfd3]::io::write::Write>::write_fmt
[INFO] [stdout]    3:     0x5f1f61779fa6 - std[70759c8f55707aa4]::panicking::default_hook::{closure#0}
[INFO] [stdout]    4:     0x5f1f61798ae9 - std[70759c8f55707aa4]::panicking::default_hook
[INFO] [stdout]    5:     0x5f1f616b2d60 - test[9d35eded1c95d3be]::test_main_inner::<test[9d35eded1c95d3be]::test_main_static::{closure#0}>::{closure#0}
[INFO] [stdout]    6:     0x5f1f61798e12 - std[70759c8f55707aa4]::panicking::panic_with_hook
[INFO] [stdout]    7:     0x5f1f6177a052 - std[70759c8f55707aa4]::panicking::panic_handler::{closure#0}
[INFO] [stdout]    8:     0x5f1f617728c9 - std[70759c8f55707aa4]::sys::backtrace::__rust_end_short_backtrace::<std[70759c8f55707aa4]::panicking::panic_handler::{closure#0}, !>
[INFO] [stdout]    9:     0x5f1f6177adad - __rustc[8fa7c3cbc660c2b3]::rust_begin_unwind
[INFO] [stdout]   10:     0x5f1f617bb17c - core[df12db4294e9bfd3]::panicking::panic_fmt
[INFO] [stdout]   11:     0x5f1f615e0817 - gitr[8b089acd942e7a7]::command::tests::test_command_timeout::{closure#0}
[INFO] [stdout]   12:     0x5f1f615f28d3 - <tokio[508fd9063d45dab6]::runtime::scheduler::current_thread::Context>::enter::<core[df12db4294e9bfd3]::task::poll::Poll<()>, <tokio[508fd9063d45dab6]::runtime::scheduler::current_thread::CoreGuard>::block_on<core[df12db4294e9bfd3]::pin::Pin<&mut core[df12db4294e9bfd3]::pin::Pin<&mut dyn core[df12db4294e9bfd3]::future::future::Future<Output = ()>>>>::{closure#0}::{closure#0}>
[INFO] [stdout]   13:     0x5f1f615bf47c - <tokio[508fd9063d45dab6]::runtime::context::scoped::Scoped<tokio[508fd9063d45dab6]::runtime::scheduler::Context>>::set::<<tokio[508fd9063d45dab6]::runtime::scheduler::current_thread::CoreGuard>::enter<<tokio[508fd9063d45dab6]::runtime::scheduler::current_thread::CoreGuard>::block_on<core[df12db4294e9bfd3]::pin::Pin<&mut core[df12db4294e9bfd3]::pin::Pin<&mut dyn core[df12db4294e9bfd3]::future::future::Future<Output = ()>>>>::{closure#0}, core[df12db4294e9bfd3]::option::Option<()>>::{closure#0}, (alloc[2182bb758b4b3781]::boxed::Box<tokio[508fd9063d45dab6]::runtime::scheduler::current_thread::Core>, core[df12db4294e9bfd3]::option::Option<()>)>
[INFO] [stdout]   14:     0x5f1f615f3327 - <tokio[508fd9063d45dab6]::runtime::scheduler::current_thread::CoreGuard>::block_on::<core[df12db4294e9bfd3]::pin::Pin<&mut core[df12db4294e9bfd3]::pin::Pin<&mut dyn core[df12db4294e9bfd3]::future::future::Future<Output = ()>>>>
[INFO] [stdout]   15:     0x5f1f615c51bd - tokio[508fd9063d45dab6]::runtime::context::runtime::enter_runtime::<<tokio[508fd9063d45dab6]::runtime::scheduler::current_thread::CurrentThread>::block_on<core[df12db4294e9bfd3]::pin::Pin<&mut dyn core[df12db4294e9bfd3]::future::future::Future<Output = ()>>>::{closure#0}, ()>
[INFO] [stdout]   16:     0x5f1f61625cd5 - <tokio[508fd9063d45dab6]::runtime::runtime::Runtime>::block_on::<core[df12db4294e9bfd3]::pin::Pin<&mut dyn core[df12db4294e9bfd3]::future::future::Future<Output = ()>>>
[INFO] [stdout]   17:     0x5f1f615e99bb - gitr[8b089acd942e7a7]::command::tests::test_command_timeout
[INFO] [stdout]   18:     0x5f1f615c9379 - <gitr[8b089acd942e7a7]::command::tests::test_command_timeout::{closure#0} as core[df12db4294e9bfd3]::ops::function::FnOnce<()>>::call_once
[INFO] [stdout]   19:     0x5f1f616a604b - test[9d35eded1c95d3be]::__rust_begin_short_backtrace::<core[df12db4294e9bfd3]::result::Result<(), alloc[2182bb758b4b3781]::string::String>, fn() -> core[df12db4294e9bfd3]::result::Result<(), alloc[2182bb758b4b3781]::string::String>>
[INFO] [stdout]   20:     0x5f1f616b36b5 - test[9d35eded1c95d3be]::run_test::{closure#0}
[INFO] [stdout]   21:     0x5f1f616acf74 - std[70759c8f55707aa4]::sys::backtrace::__rust_begin_short_backtrace::<test[9d35eded1c95d3be]::run_test::{closure#1}, ()>
[INFO] [stdout]   22:     0x5f1f616b6812 - <std[70759c8f55707aa4]::thread::lifecycle::spawn_unchecked<test[9d35eded1c95d3be]::run_test::{closure#1}, ()>::{closure#1} as core[df12db4294e9bfd3]::ops::function::FnOnce<()>>::call_once::{shim:vtable#0}
[INFO] [stdout]   23:     0x5f1f617a0d59 - <std[70759c8f55707aa4]::sys::thread::unix::Thread>::new::thread_start
[INFO] [stdout]   24:     0x7866f359ddfa - <unknown>
[INFO] [stdout]   25:     0x7866f36313d4 - clone
[INFO] [stdout]   26:                0x0 - <unknown>
[INFO] [stdout] 
[INFO] [stdout] 
[INFO] [stdout] failures:
[INFO] [stdout]     command::tests::test_command_timeout
[INFO] [stdout] 
[INFO] [stdout] test result: FAILED. 336 passed; 1 failed; 0 ignored; 0 measured; 0 filtered out; finished in 8.79s
[INFO] [stdout] 
[INFO] [stderr] error: test failed, to rerun pass `--lib`
[INFO] running `Command { std: "docker" "inspect" "1f6d67afb9c2612d5aec7754883d3f98e3473bdb6fe600260d76bd5dc36674b3", kill_on_drop: false }`
[INFO] running `Command { std: "docker" "rm" "-f" "1f6d67afb9c2612d5aec7754883d3f98e3473bdb6fe600260d76bd5dc36674b3", kill_on_drop: false }`
[INFO] [stdout] 1f6d67afb9c2612d5aec7754883d3f98e3473bdb6fe600260d76bd5dc36674b3
