[INFO] fetching crate emux-daemon 0.2.0...
[INFO] testing emux-daemon-0.2.0 against 1.99.0-beta.8+cargoflags=--release for beta-release-1.100-3
[INFO] extracting crate emux-daemon 0.2.0 into /workspace/builds/worker-3-tc1/source
[INFO] started tweaking crates.io crate emux-daemon 0.2.0
[INFO] removed 0 missing tests
[INFO] finished tweaking crates.io crate emux-daemon 0.2.0
[INFO] tweaked toml for crates.io crate emux-daemon 0.2.0 written to /workspace/builds/worker-3-tc1/source/Cargo.toml
[INFO] validating manifest of crates.io crate emux-daemon 0.2.0 on toolchain 1.99.0-beta.8
[INFO] running `Command { std: CARGO_HOME="/workspace/cargo-home" RUSTUP_HOME="/workspace/rustup-home" "/workspace/cargo-home/bin/cargo" "+1.99.0-beta.8" "metadata" "--manifest-path" "Cargo.toml" "--no-deps", kill_on_drop: false }`
[INFO] crate crates.io crate emux-daemon 0.2.0 already has a lockfile, it will not be regenerated
[INFO] running `Command { std: CARGO_HOME="/workspace/cargo-home" RUSTUP_HOME="/workspace/rustup-home" "/workspace/cargo-home/bin/cargo" "+1.99.0-beta.8" "fetch" "--manifest-path" "Cargo.toml", kill_on_drop: false }`
[INFO] [stderr]     Updating crates.io index
[INFO] [stderr]  Downloading crates ...
[INFO] [stderr]   Downloaded bitflags v2.11.0
[INFO] [stderr]   Downloaded emux-vt v0.2.0
[INFO] [stderr]   Downloaded serde_spanned v1.0.4
[INFO] [stderr]   Downloaded filedescriptor v0.8.3
[INFO] [stderr]   Downloaded emux-ipc v0.2.0
[INFO] [stderr]   Downloaded emux-pty v0.2.0
[INFO] [stderr]   Downloaded shell-words v1.1.1
[INFO] [stderr]   Downloaded shared_library v0.1.9
[INFO] [stderr]   Downloaded emux-config v0.2.0
[INFO] [stderr]   Downloaded portable-pty v0.9.0
[INFO] [stderr]   Downloaded toml_datetime v1.0.1+spec-1.1.0
[INFO] [stderr]   Downloaded toml_writer v1.0.7+spec-1.1.0
[INFO] [stderr]   Downloaded toml_parser v1.0.10+spec-1.1.0
[INFO] [stderr]   Downloaded serial2 v0.2.34
[INFO] [stderr]   Downloaded emux-mux v0.2.0
[INFO] [stderr]   Downloaded toml v1.0.7+spec-1.1.0
[INFO] [stderr]   Downloaded emux-term v0.2.0
[INFO] [stderr]   Downloaded winnow v1.0.0
[INFO] [stderr]   Downloaded nix v0.28.0
[INFO] [stderr]   Downloaded nix v0.31.2
[INFO] [stderr]   Downloaded libc v0.2.183
[INFO] running `Command { std: "docker" "create" "-v" "/var/lib/crater-agent-workspace/builds/worker-3-tc1/source:/opt/rustwide/workdir:ro,Z" "-v" "/var/lib/crater-agent-workspace/builds/worker-3-tc1/target:/opt/rustwide/target:rw,Z" "-v" "/var/lib/crater-agent-workspace/cargo-home:/opt/rustwide/cargo-home:ro,Z" "-v" "/var/lib/crater-agent-workspace/rustup-home:/opt/rustwide/rustup-home:ro,Z" "-m" "1610612736" "--network" "none" "ghcr.io/rust-lang/crates-build-env/linux@sha256:77db811e55d90add9212f6832c23229e3de5f1c1f9905e8cb07319ea15df73ac" "sleep" "infinity", kill_on_drop: false }`
[INFO] [stdout] afa367b3f263135a8b001d6ac713252f45c43d423460402024e83d506398c92c
[INFO] running `Command { std: "docker" "start" "afa367b3f263135a8b001d6ac713252f45c43d423460402024e83d506398c92c", kill_on_drop: false }`
[INFO] running `Command { std: "docker" "inspect" "afa367b3f263135a8b001d6ac713252f45c43d423460402024e83d506398c92c", kill_on_drop: false }`
[INFO] running `Command { std: "docker" "exec" "-e" "SOURCE_DIR=/opt/rustwide/workdir" "-e" "CARGO_HOME=/opt/rustwide/cargo-home" "-e" "RUSTUP_HOME=/opt/rustwide/rustup-home" "-e" "CARGO_TARGET_DIR=/opt/rustwide/target" "-w" "/opt/rustwide/workdir" "--user" "0:0" "afa367b3f263135a8b001d6ac713252f45c43d423460402024e83d506398c92c" "/opt/rustwide/cargo-home/bin/cargo" "+1.99.0-beta.8" "metadata" "--no-deps" "--format-version=1", kill_on_drop: false }`
[INFO] running `Command { std: "docker" "inspect" "afa367b3f263135a8b001d6ac713252f45c43d423460402024e83d506398c92c", kill_on_drop: false }`
[INFO] running `Command { std: "docker" "exec" "-e" "SOURCE_DIR=/opt/rustwide/workdir" "-e" "CARGO_HOME=/opt/rustwide/cargo-home" "-e" "RUSTUP_HOME=/opt/rustwide/rustup-home" "-e" "CARGO_TARGET_DIR=/opt/rustwide/target" "-e" "CARGO_INCREMENTAL=0" "-e" "RUST_BACKTRACE=full" "-e" "RUSTFLAGS=--cap-lints=warn" "-e" "RUSTDOCFLAGS=--cap-lints=warn" "-w" "/opt/rustwide/workdir" "--user" "0:0" "afa367b3f263135a8b001d6ac713252f45c43d423460402024e83d506398c92c" "/opt/rustwide/cargo-home/bin/cargo" "+1.99.0-beta.8" "build" "--frozen" "--message-format=json" "--release", kill_on_drop: false }`
[INFO] [stderr]    Compiling proc-macro2 v1.0.106
[INFO] [stderr]    Compiling unicode-ident v1.0.24
[INFO] [stderr]    Compiling quote v1.0.45
[INFO] [stderr]    Compiling serde_core v1.0.228
[INFO] [stderr]    Compiling libc v0.2.183
[INFO] [stderr]    Compiling memchr v2.8.0
[INFO] [stderr]    Compiling serde v1.0.228
[INFO] [stderr]    Compiling thiserror v1.0.69
[INFO] [stderr]    Compiling cfg_aliases v0.1.1
[INFO] [stderr]    Compiling cfg-if v1.0.4
[INFO] [stderr]    Compiling anyhow v1.0.102
[INFO] [stderr]    Compiling bitflags v2.11.0
[INFO] [stderr]    Compiling cfg_aliases v0.2.1
[INFO] [stderr]    Compiling zmij v1.0.21
[INFO] [stderr]    Compiling regex-syntax v0.8.10
[INFO] [stderr]    Compiling winnow v1.0.0
[INFO] [stderr]    Compiling nix v0.28.0
[INFO] [stderr]    Compiling toml_writer v1.0.7+spec-1.1.0
[INFO] [stderr]    Compiling nix v0.31.2
[INFO] [stderr]    Compiling log v0.4.29
[INFO] [stderr]    Compiling serde_json v1.0.149
[INFO] [stderr]    Compiling shell-words v1.1.1
[INFO] [stderr]    Compiling downcast-rs v1.2.1
[INFO] [stderr]    Compiling itoa v1.0.17
[INFO] [stderr]    Compiling toml_parser v1.0.10+spec-1.1.0
[INFO] [stderr]    Compiling syn v2.0.117
[INFO] [stderr]    Compiling aho-corasick v1.1.4
[INFO] [stderr]    Compiling serde_derive v1.0.228
[INFO] [stderr]    Compiling thiserror-impl v1.0.69
[INFO] [stderr]    Compiling serial2 v0.2.34
[INFO] [stderr]    Compiling regex-automata v0.4.14
[INFO] [stderr]    Compiling filedescriptor v0.8.3
[INFO] [stderr]    Compiling serde_spanned v1.0.4
[INFO] [stderr]    Compiling toml_datetime v1.0.1+spec-1.1.0
[INFO] [stderr]    Compiling portable-pty v0.9.0
[INFO] [stderr]    Compiling emux-pty v0.2.0
[INFO] [stderr]    Compiling toml v1.0.7+spec-1.1.0
[INFO] [stderr]    Compiling regex v1.12.3
[INFO] [stderr]    Compiling emux-vt v0.2.0
[INFO] [stderr]    Compiling emux-config v0.2.0
[INFO] [stderr]    Compiling emux-ipc v0.2.0
[INFO] [stderr]    Compiling emux-term v0.2.0
[INFO] [stderr]    Compiling emux-mux v0.2.0
[INFO] [stderr]    Compiling emux-daemon v0.2.0 (/opt/rustwide/workdir)
[INFO] [stderr]     Finished `release` profile [optimized] target(s) in 43.07s
[INFO] running `Command { std: "docker" "inspect" "afa367b3f263135a8b001d6ac713252f45c43d423460402024e83d506398c92c", kill_on_drop: false }`
[INFO] running `Command { std: "docker" "exec" "-e" "SOURCE_DIR=/opt/rustwide/workdir" "-e" "CARGO_HOME=/opt/rustwide/cargo-home" "-e" "RUSTUP_HOME=/opt/rustwide/rustup-home" "-e" "CARGO_TARGET_DIR=/opt/rustwide/target" "-e" "CARGO_INCREMENTAL=0" "-e" "RUST_BACKTRACE=full" "-e" "RUSTFLAGS=--cap-lints=warn" "-e" "RUSTDOCFLAGS=--cap-lints=warn" "-w" "/opt/rustwide/workdir" "--user" "0:0" "afa367b3f263135a8b001d6ac713252f45c43d423460402024e83d506398c92c" "/opt/rustwide/cargo-home/bin/cargo" "+1.99.0-beta.8" "test" "--frozen" "--no-run" "--message-format=json" "--release", kill_on_drop: false }`
[INFO] [stderr]    Compiling bitflags v2.11.0
[INFO] [stderr]    Compiling getrandom v0.4.2
[INFO] [stderr]    Compiling rustix v1.1.4
[INFO] [stderr]    Compiling linux-raw-sys v0.12.1
[INFO] [stderr]    Compiling once_cell v1.21.4
[INFO] [stderr]    Compiling fastrand v2.3.0
[INFO] [stderr]    Compiling nix v0.28.0
[INFO] [stderr]    Compiling nix v0.31.2
[INFO] [stderr]    Compiling portable-pty v0.9.0
[INFO] [stderr]    Compiling emux-pty v0.2.0
[INFO] [stderr]    Compiling emux-mux v0.2.0
[INFO] [stderr]    Compiling tempfile v3.27.0
[INFO] [stderr]    Compiling emux-daemon v0.2.0 (/opt/rustwide/workdir)
[INFO] [stderr]     Finished `release` profile [optimized] target(s) in 18.13s
[INFO] running `Command { std: "docker" "inspect" "afa367b3f263135a8b001d6ac713252f45c43d423460402024e83d506398c92c", kill_on_drop: false }`
[INFO] running `Command { std: "docker" "exec" "-e" "SOURCE_DIR=/opt/rustwide/workdir" "-e" "CARGO_HOME=/opt/rustwide/cargo-home" "-e" "RUSTUP_HOME=/opt/rustwide/rustup-home" "-e" "CARGO_TARGET_DIR=/opt/rustwide/target" "-e" "CARGO_INCREMENTAL=0" "-e" "RUST_BACKTRACE=full" "-e" "RUSTFLAGS=--cap-lints=warn" "-e" "RUSTDOCFLAGS=--cap-lints=warn" "-w" "/opt/rustwide/workdir" "--user" "0:0" "afa367b3f263135a8b001d6ac713252f45c43d423460402024e83d506398c92c" "/opt/rustwide/cargo-home/bin/cargo" "+1.99.0-beta.8" "test" "--frozen" "--release", kill_on_drop: false }`
[INFO] [stderr]     Finished `release` profile [optimized] target(s) in 0.13s
[INFO] [stderr]      Running unittests src/lib.rs (/opt/rustwide/target/release/deps/emux_daemon-83c479d98c0fc781)
[INFO] [stdout] 
[INFO] [stdout] running 9 tests
[INFO] [stdout] test recording::tests::recording_input_event ... ok
[INFO] [stdout] test recording::tests::recording_reader_event_count ... ok
[INFO] [stdout] test recording::tests::recording_roundtrip ... ok
[INFO] [stdout] test recording::tests::recording_resize_event ... ok
[INFO] [stdout] test recording::tests::recording_empty_session ... ok
[INFO] [stdout] test recording::tests::recording_header_format ... ok
[INFO] [stdout] test recording::tests::recording_output_event ... ok
[INFO] [stdout] test recording::tests::recording_timing_increases ... ok
[INFO] [stdout] test recording::tests::recording_reader_duration ... ok
[INFO] [stdout] 
[INFO] [stdout] test result: ok. 9 passed; 0 failed; 0 ignored; 0 measured; 0 filtered out; finished in 0.05s
[INFO] [stdout] 
[INFO] [stderr]      Running tests/agent_e2e.rs (/opt/rustwide/target/release/deps/agent_e2e-042ee7a8359d3c1e)
[INFO] [stdout] 
[INFO] [stdout] running 9 tests
[INFO] [stdout] test agent_tests::echo_and_capture ... ok
[INFO] [stdout] test agent_tests::set_title_and_verify ... ok
[INFO] [stdout] test agent_tests::pty_exit_detection ... ok
[INFO] [stdout] test agent_tests::large_output_capture ... ok
[INFO] [stdout] test agent_tests::ai_dev_loop_simulation ... ok
[INFO] [stdout] test agent_tests::multi_pane_independent_commands ... ok
[INFO] [stdout] test agent_tests::sequential_commands ... ok
[INFO] [stdout] test agent_tests::create_file_and_read_back ... ok
[INFO] [stdout] test agent_tests::concurrent_agents_different_panes ... ok
[INFO] [stdout] 
[INFO] [stdout] test result: ok. 9 passed; 0 failed; 0 ignored; 0 measured; 0 filtered out; finished in 1.43s
[INFO] [stdout] 
[INFO] [stderr]      Running tests/session_lifecycle.rs (/opt/rustwide/target/release/deps/session_lifecycle-66f67022627bf8e4)
[INFO] [stdout] 
[INFO] [stdout] running 49 tests
[INFO] [stdout] test agent_set_title_nonexistent_pane_errors ... ok
[INFO] [stdout] test client_detach_from_daemon ... ok
[INFO] [stdout] test agent_send_keys_to_valid_pane_acks ... ok
[INFO] [stdout] test agent_resize_pane_adjusts_layout ... ok
[INFO] [stdout] test client_detach_preserves_session ... ok
[INFO] [stdout] test agent_list_panes_returns_initial_pane ... ok
[INFO] [stdout] test client_receives_render_updates ... ok
[INFO] [stdout] test agent_capture_pane_returns_content ... ok
[INFO] [stdout] test auto_save_marks_dirty_on_state_change ... ok
[INFO] [stdout] test client_reconnect_after_network_drop ... ok
[INFO] [stdout] test agent_get_pane_info_returns_details ... ok
[INFO] [stdout] test agent_split_pane_creates_new_pane ... ok
[INFO] [stdout] test agent_set_pane_title_updates_title ... ok
[INFO] [stdout] test client_attach_receives_viewport_sized_to_smallest ... ok
[INFO] [stdout] test atomic_save_does_not_leave_tmp_file ... ok
[INFO] [stdout] test client_attach_to_daemon ... ok
[INFO] [stdout] test daemon_shutdown_graceful ... ok
[INFO] [stdout] test kill_session ... ok
[INFO] [stdout] test session_rename ... ok
[INFO] [stdout] test session_restore_from_snapshot ... ok
[INFO] [stdout] test daemon_persists_after_all_clients_detach ... ok
[INFO] [stdout] test kill_session_removes_socket ... ok
[INFO] [stdout] test crash_recovery_restores_session ... ok
[INFO] [stdout] test list_sessions ... ok
[INFO] [stdout] test list_active_sessions ... ok
[INFO] [stdout] test sessions_dir_helper_returns_expected_path ... ok
[INFO] [stdout] test client_sends_key_input_to_daemon ... ok
[INFO] [stdout] test session_snapshot_to_disk ... ok
[INFO] [stdout] test session_sharing_disconnect_one_client_keeps_others ... ok
[INFO] [stdout] test session_sharing_multiple_clients_see_same_state ... ok
[INFO] [stdout] test restore_missing_file_returns_error ... ok
[INFO] [stdout] test ping_pong ... ok
[INFO] [stdout] test session_sharing_client_ids_returns_all_connected ... ok
[INFO] [stdout] test session_sharing_input_from_any_client_is_handled ... ok
[INFO] [stdout] test snapshot_preserves_working_directory_field ... ok
[INFO] [stdout] test start_daemon_creates_default_session ... ok
[INFO] [stdout] test stale_socket_cleanup ... ok
[INFO] [stdout] test start_daemon_creates_socket ... ok
[INFO] [stdout] test multiple_clients_attach_to_same_session ... ok
[INFO] [stdout] test session_snapshot_save_load ... ok
[INFO] [stdout] test session_sharing_broadcast_to_all_clients ... ok
[INFO] [stdout] test snapshot_includes_scrollback ... ok
[INFO] [stdout] test snapshot_preserves_scroll_offset ... ok
[INFO] [stdout] test start_daemon_refuses_duplicate_socket ... ok
[INFO] [stdout] test save_creates_parent_directories ... ok
[INFO] [stdout] test snapshot_preserves_active_tab_index ... FAILED
[INFO] [stdout] test snapshot_preserves_active_pane_id ... ok
[INFO] [stdout] test agent_e2e_send_keys_and_capture_output ... ok
[INFO] [stdout] test agent_e2e_split_and_capture_new_pane ... ok
[INFO] [stdout] 
[INFO] [stdout] failures:
[INFO] [stdout] 
[INFO] [stdout] ---- snapshot_preserves_active_tab_index stdout ----
[INFO] [stdout] 
[INFO] [stdout] thread 'snapshot_preserves_active_tab_index' (1646) panicked at tests/session_lifecycle.rs:558:49:
[INFO] [stdout] called `Result::unwrap()` on an `Err` value: Io(Os { code: 2, kind: NotFound, message: "No such file or directory" })
[INFO] [stdout] stack backtrace:
[INFO] [stdout]    0:     0x5750583d7ef1 - <<std[70759c8f55707aa4]::sys::backtrace::BacktraceLock>::print::DisplayBacktrace as core[df12db4294e9bfd3]::fmt::Display>::fmt
[INFO] [stdout]    1:     0x5750583ed5aa - core[df12db4294e9bfd3]::fmt::write
[INFO] [stdout]    2:     0x5750583dc75c - <alloc[2182bb758b4b3781]::vec::Vec<u8> as core[df12db4294e9bfd3]::io::write::Write>::write_fmt
[INFO] [stdout]    3:     0x5750583b19e6 - std[70759c8f55707aa4]::panicking::default_hook::{closure#0}
[INFO] [stdout]    4:     0x5750583cf149 - std[70759c8f55707aa4]::panicking::default_hook
[INFO] [stdout]    5:     0x575058323ed0 - test[9d35eded1c95d3be]::test_main_inner::<test[9d35eded1c95d3be]::test_main_static::{closure#0}>::{closure#0}
[INFO] [stdout]    6:     0x5750583cf302 - std[70759c8f55707aa4]::panicking::panic_with_hook
[INFO] [stdout]    7:     0x5750583b1a92 - std[70759c8f55707aa4]::panicking::panic_handler::{closure#0}
[INFO] [stdout]    8:     0x5750583aa249 - std[70759c8f55707aa4]::sys::backtrace::__rust_end_short_backtrace::<std[70759c8f55707aa4]::panicking::panic_handler::{closure#0}, !>
[INFO] [stdout]    9:     0x5750583b281d - __rustc[8fa7c3cbc660c2b3]::rust_begin_unwind
[INFO] [stdout]   10:     0x5750583edcdc - core[df12db4294e9bfd3]::panicking::panic_fmt
[INFO] [stdout]   11:     0x5750583edab2 - core[df12db4294e9bfd3]::result::unwrap_failed
[INFO] [stdout]   12:     0x5750583065dc - <session_lifecycle[f92acb7ae3155a03]::snapshot_preserves_active_tab_index::{closure#0} as core[df12db4294e9bfd3]::ops::function::FnOnce<()>>::call_once
[INFO] [stdout]   13:     0x5750583171bb - test[9d35eded1c95d3be]::__rust_begin_short_backtrace::<core[df12db4294e9bfd3]::result::Result<(), alloc[2182bb758b4b3781]::string::String>, fn() -> core[df12db4294e9bfd3]::result::Result<(), alloc[2182bb758b4b3781]::string::String>>
[INFO] [stdout]   14:     0x575058324825 - test[9d35eded1c95d3be]::run_test::{closure#0}
[INFO] [stdout]   15:     0x57505831e0e4 - std[70759c8f55707aa4]::sys::backtrace::__rust_begin_short_backtrace::<test[9d35eded1c95d3be]::run_test::{closure#1}, ()>
[INFO] [stdout]   16:     0x575058327982 - <std[70759c8f55707aa4]::thread::lifecycle::spawn_unchecked<test[9d35eded1c95d3be]::run_test::{closure#1}, ()>::{closure#1} as core[df12db4294e9bfd3]::ops::function::FnOnce<()>>::call_once::{shim:vtable#0}
[INFO] [stdout]   17:     0x5750583d7269 - <std[70759c8f55707aa4]::sys::thread::unix::Thread>::new::thread_start
[INFO] [stdout]   18:     0x7c705e528dfa - <unknown>
[INFO] [stdout]   19:     0x7c705e5bc3d4 - clone
[INFO] [stdout]   20:                0x0 - <unknown>
[INFO] [stdout] 
[INFO] [stdout] 
[INFO] [stdout] failures:
[INFO] [stdout]     snapshot_preserves_active_tab_index
[INFO] [stdout] 
[INFO] [stdout] test result: FAILED. 48 passed; 1 failed; 0 ignored; 0 measured; 0 filtered out; finished in 1.05s
[INFO] [stdout] 
[INFO] [stderr] error: test failed, to rerun pass `--test session_lifecycle`
[INFO] running `Command { std: "docker" "inspect" "afa367b3f263135a8b001d6ac713252f45c43d423460402024e83d506398c92c", kill_on_drop: false }`
[INFO] running `Command { std: "docker" "rm" "-f" "afa367b3f263135a8b001d6ac713252f45c43d423460402024e83d506398c92c", kill_on_drop: false }`
[INFO] [stdout] afa367b3f263135a8b001d6ac713252f45c43d423460402024e83d506398c92c
