[INFO] fetching crate devset-cli 0.5.3...
[INFO] testing devset-cli-0.5.3 against 1.99.0-beta.8+cargoflags=--release for beta-release-1.100-3
[INFO] extracting crate devset-cli 0.5.3 into /workspace/builds/worker-3-tc1/source
[INFO] started tweaking crates.io crate devset-cli 0.5.3
[INFO] removed 0 missing tests
[INFO] finished tweaking crates.io crate devset-cli 0.5.3
[INFO] tweaked toml for crates.io crate devset-cli 0.5.3 written to /workspace/builds/worker-3-tc1/source/Cargo.toml
[INFO] validating manifest of crates.io crate devset-cli 0.5.3 on toolchain 1.99.0-beta.8
[INFO] running `Command { std: CARGO_HOME="/workspace/cargo-home" RUSTUP_HOME="/workspace/rustup-home" "/workspace/cargo-home/bin/cargo" "+1.99.0-beta.8" "metadata" "--manifest-path" "Cargo.toml" "--no-deps", kill_on_drop: false }`
[INFO] crate crates.io crate devset-cli 0.5.3 already has a lockfile, it will not be regenerated
[INFO] running `Command { std: CARGO_HOME="/workspace/cargo-home" RUSTUP_HOME="/workspace/rustup-home" "/workspace/cargo-home/bin/cargo" "+1.99.0-beta.8" "fetch" "--manifest-path" "Cargo.toml", kill_on_drop: false }`
[INFO] [stderr] warning: Cargo.toml: unused manifest key `lints.cargo` (may be supported in a future version)
[INFO] [stderr] 
[INFO] [stderr] this Cargo does not support nightly features, but if you
[INFO] [stderr] switch to nightly channel you can pass
[INFO] [stderr] `-Zcargo-lints` to enable this feature.
[INFO] [stderr] warning: `devset-cli` (manifest) generated 1 warning
[INFO] [stderr]     Updating crates.io index
[INFO] [stderr]  Downloading crates ...
[INFO] [stderr]   Downloaded unicode-ident v1.0.26
[INFO] [stderr]   Downloaded snapbox-macros v1.1.0
[INFO] [stderr]   Downloaded terminal_size v0.4.4
[INFO] [stderr]   Downloaded wait-timeout v0.2.1
[INFO] [stderr]   Downloaded github-actions v0.0.6
[INFO] [stderr]   Downloaded darling_macro v0.24.1
[INFO] [stderr]   Downloaded etcetera v0.11.0
[INFO] [stderr]   Downloaded content_inspector v0.2.4
[INFO] [stderr]   Downloaded memo-map v0.3.4
[INFO] [stderr]   Downloaded textwrap v0.16.4
[INFO] [stderr]   Downloaded toml v1.1.6+spec-1.1.0
[INFO] [stderr]   Downloaded fs-err v3.3.1
[INFO] [stderr]   Downloaded clap-cargo v0.19.0
[INFO] [stderr]   Downloaded serde_derive_internals v0.30.0
[INFO] [stderr]   Downloaded schemars_derive v1.2.2
[INFO] [stderr]   Downloaded encoding_rs_io v0.1.8
[INFO] [stderr]   Downloaded globset v0.4.20
[INFO] [stderr]   Downloaded find-msvc-tools v0.1.13
[INFO] [stderr]   Downloaded smallvec v1.16.1
[INFO] [stderr]   Downloaded camino-tempfile v1.4.1
[INFO] [stderr]   Downloaded snapbox v1.2.2
[INFO] [stderr]   Downloaded camino v1.2.6
[INFO] [stderr]   Downloaded dialoguer v0.12.0
[INFO] [stderr]   Downloaded console v0.16.6
[INFO] [stderr]   Downloaded rowan v0.16.1
[INFO] [stderr]   Downloaded serde_with_macros v3.23.0
[INFO] [stderr]   Downloaded annotate-snippets v0.12.16
[INFO] [stderr]   Downloaded darling v0.24.1
[INFO] [stderr]   Downloaded clap_complete v4.6.11
[INFO] [stderr]   Downloaded toml_edit v0.25.15+spec-1.1.0
[INFO] [stderr]   Downloaded ignore v0.4.33
[INFO] [stderr]   Downloaded darling_core v0.24.1
[INFO] [stderr]   Downloaded jsonc-parser v0.33.2
[INFO] [stderr]   Downloaded diffy v0.5.2
[INFO] [stderr]   Downloaded cc v1.4.7
[INFO] [stderr]   Downloaded similar v3.2.0
[INFO] [stderr]   Downloaded devset-core v0.5.3
[INFO] [stderr]   Downloaded syn v3.0.6
[INFO] [stderr]   Downloaded serde_with v3.23.0
[INFO] [stderr]   Downloaded granit-parser v1.3.0
[INFO] [stderr]   Downloaded minijinja v2.24.0
[INFO] [stderr]   Downloaded bstr v1.13.1
[INFO] [stderr]   Downloaded serde-saphyr v1.3.0
[INFO] [stderr]   Downloaded yaml-edit v0.3.2
[INFO] running `Command { std: "docker" "create" "-v" "/var/lib/crater-agent-workspace/builds/worker-3-tc1/source:/opt/rustwide/workdir:ro,Z" "-v" "/var/lib/crater-agent-workspace/builds/worker-3-tc1/target:/opt/rustwide/target:rw,Z" "-v" "/var/lib/crater-agent-workspace/cargo-home:/opt/rustwide/cargo-home:ro,Z" "-v" "/var/lib/crater-agent-workspace/rustup-home:/opt/rustwide/rustup-home:ro,Z" "-m" "1610612736" "--network" "none" "ghcr.io/rust-lang/crates-build-env/linux@sha256:77db811e55d90add9212f6832c23229e3de5f1c1f9905e8cb07319ea15df73ac" "sleep" "infinity", kill_on_drop: false }`
[INFO] [stdout] 6b291cce6b6231e75d1d943eb2145180a3385f283b3112d519da3b4037b8f922
[INFO] running `Command { std: "docker" "start" "6b291cce6b6231e75d1d943eb2145180a3385f283b3112d519da3b4037b8f922", kill_on_drop: false }`
[INFO] running `Command { std: "docker" "inspect" "6b291cce6b6231e75d1d943eb2145180a3385f283b3112d519da3b4037b8f922", kill_on_drop: false }`
[INFO] running `Command { std: "docker" "exec" "-e" "SOURCE_DIR=/opt/rustwide/workdir" "-e" "CARGO_HOME=/opt/rustwide/cargo-home" "-e" "RUSTUP_HOME=/opt/rustwide/rustup-home" "-e" "CARGO_TARGET_DIR=/opt/rustwide/target" "-w" "/opt/rustwide/workdir" "--user" "0:0" "6b291cce6b6231e75d1d943eb2145180a3385f283b3112d519da3b4037b8f922" "/opt/rustwide/cargo-home/bin/cargo" "+1.99.0-beta.8" "metadata" "--no-deps" "--format-version=1", kill_on_drop: false }`
[INFO] running `Command { std: "docker" "inspect" "6b291cce6b6231e75d1d943eb2145180a3385f283b3112d519da3b4037b8f922", kill_on_drop: false }`
[INFO] running `Command { std: "docker" "exec" "-e" "SOURCE_DIR=/opt/rustwide/workdir" "-e" "CARGO_HOME=/opt/rustwide/cargo-home" "-e" "RUSTUP_HOME=/opt/rustwide/rustup-home" "-e" "CARGO_TARGET_DIR=/opt/rustwide/target" "-e" "CARGO_INCREMENTAL=0" "-e" "RUST_BACKTRACE=full" "-e" "RUSTFLAGS=--cap-lints=warn" "-e" "RUSTDOCFLAGS=--cap-lints=warn" "-w" "/opt/rustwide/workdir" "--user" "0:0" "6b291cce6b6231e75d1d943eb2145180a3385f283b3112d519da3b4037b8f922" "/opt/rustwide/cargo-home/bin/cargo" "+1.99.0-beta.8" "build" "--frozen" "--message-format=json" "--release", kill_on_drop: false }`
[INFO] [stderr] warning: Cargo.toml: unused manifest key `lints.cargo` (may be supported in a future version)
[INFO] [stderr] 
[INFO] [stderr] this Cargo does not support nightly features, but if you
[INFO] [stderr] switch to nightly channel you can pass
[INFO] [stderr] `-Zcargo-lints` to enable this feature.
[INFO] [stderr] warning: `devset-cli` (manifest) generated 1 warning
[INFO] [stderr]    Compiling unicode-ident v1.0.26
[INFO] [stderr]    Compiling serde_core v1.0.229
[INFO] [stderr]    Compiling rustix v1.1.5
[INFO] [stderr]    Compiling rustversion v1.0.23
[INFO] [stderr]    Compiling cfg-if v1.0.5
[INFO] [stderr]    Compiling bitflags v2.13.2
[INFO] [stderr]    Compiling memchr v2.8.3
[INFO] [stderr]    Compiling foldhash v0.2.0
[INFO] [stderr]    Compiling libc v0.2.189
[INFO] [stderr]    Compiling proc-macro2 v1.0.107
[INFO] [stderr]    Compiling hashbrown v0.17.1
[INFO] [stderr]    Compiling zmij v1.0.23
[INFO] [stderr]    Compiling crossbeam-utils v0.8.23
[INFO] [stderr]    Compiling quote v1.0.47
[INFO] [stderr]    Compiling serde v1.0.229
[INFO] [stderr]    Compiling encoding_rs v0.8.41
[INFO] [stderr]    Compiling syn v3.0.6
[INFO] [stderr]    Compiling find-msvc-tools v0.1.13
[INFO] [stderr]    Compiling crossbeam-epoch v0.9.21
[INFO] [stderr]    Compiling unicode-width v0.2.2
[INFO] [stderr]    Compiling cc v1.4.7
[INFO] [stderr]    Compiling indexmap v2.14.2
[INFO] [stderr]    Compiling aho-corasick v1.1.5
[INFO] [stderr]    Compiling crossbeam-deque v0.8.8
[INFO] [stderr]    Compiling regex-syntax v0.8.11
[INFO] [stderr]    Compiling serde_json v1.0.151
[INFO] [stderr]    Compiling camino v1.2.6
[INFO] [stderr]    Compiling multiversion_no_op v1.0.0
[INFO] [stderr]    Compiling simdutf8 v0.1.5
[INFO] [stderr]    Compiling ref-cast v1.0.27
[INFO] [stderr]    Compiling clap_lex v1.1.1
[INFO] [stderr]    Compiling unicode-segmentation v1.13.3
[INFO] [stderr]    Compiling core_detect v1.0.0
[INFO] [stderr]    Compiling winnow v1.0.4
[INFO] [stderr]    Compiling blake3 v1.8.7
[INFO] [stderr]    Compiling convert_case v0.10.0
[INFO] [stderr]    Compiling terminal_size v0.4.4
[INFO] [stderr]    Compiling clap_builder v4.6.7
[INFO] [stderr]    Compiling serde_spanned v1.1.1
[INFO] [stderr]    Compiling toml_datetime v1.1.1+spec-1.1.0
[INFO] [stderr]    Compiling regex-automata v0.4.18
[INFO] [stderr]    Compiling getrandom v0.4.3
[INFO] [stderr]    Compiling syn v2.0.119
[INFO] [stderr]    Compiling toml_parser v1.1.3+spec-1.1.0
[INFO] [stderr]    Compiling bstr v1.13.1
[INFO] [stderr]    Compiling darling_core v0.24.1
[INFO] [stderr]    Compiling serde_derive_internals v0.30.0
[INFO] [stderr]    Compiling serde_derive v1.0.229
[INFO] [stderr]    Compiling multiversion-macros v0.9.0
[INFO] [stderr]    Compiling multiversion v0.9.0
[INFO] [stderr]    Compiling ref-cast-impl v1.0.27
[INFO] [stderr]    Compiling clap_derive v4.6.7
[INFO] [stderr]    Compiling darling_macro v0.24.1
[INFO] [stderr]    Compiling darling v0.24.1
[INFO] [stderr]    Compiling fs-err v3.3.1
[INFO] [stderr]    Compiling countme v3.0.1
[INFO] [stderr]    Compiling once_cell v1.21.4
[INFO] [stderr]    Compiling thiserror v2.0.20
[INFO] [stderr]    Compiling same-file v1.0.6
[INFO] [stderr]    Compiling fastrand v2.5.0
[INFO] [stderr]    Compiling text-size v1.1.1
[INFO] [stderr]    Compiling rustc-hash v1.1.0
[INFO] [stderr]    Compiling toml_writer v1.1.2+spec-1.1.0
[INFO] [stderr]    Compiling log v0.4.34
[INFO] [stderr]    Compiling smallvec v1.16.1
[INFO] [stderr]    Compiling arraydeque v0.5.1
[INFO] [stderr]    Compiling hashbrown v0.14.5
[INFO] [stderr]    Compiling globset v0.4.20
[INFO] [stderr]    Compiling granit-parser v1.3.0
[INFO] [stderr]    Compiling clap v4.6.7
[INFO] [stderr]    Compiling tempfile v3.27.0
[INFO] [stderr]    Compiling rowan v0.16.1
[INFO] [stderr]    Compiling derive_more-impl v2.1.1
[INFO] [stderr]    Compiling walkdir v2.5.0
[INFO] [stderr]    Compiling serde_with_macros v3.23.0
[INFO] [stderr]    Compiling encoding_rs_io v0.1.8
[INFO] [stderr]    Compiling schemars_derive v1.2.2
[INFO] [stderr]    Compiling thiserror-impl v2.0.20
[INFO] [stderr]    Compiling annotate-snippets v0.12.16
[INFO] [stderr]    Compiling tinyvec v1.13.3
[INFO] [stderr]    Compiling memo-map v0.3.4
[INFO] [stderr]    Compiling cpufeatures v0.3.1
[INFO] [stderr]    Compiling base64 v0.23.1
[INFO] [stderr]    Compiling constant_time_eq v0.4.2
[INFO] [stderr]    Compiling arrayvec v0.7.8
[INFO] [stderr]    Compiling unicode-normalization v0.1.25
[INFO] [stderr]    Compiling schemars v1.2.2
[INFO] [stderr]    Compiling serde-saphyr v1.3.0
[INFO] [stderr]    Compiling minijinja v2.24.0
[INFO] [stderr]    Compiling camino-tempfile v1.4.1
[INFO] [stderr]    Compiling derive_more v2.1.1
[INFO] [stderr]    Compiling ignore v0.4.33
[INFO] [stderr]    Compiling serde_with v3.23.0
[INFO] [stderr]    Compiling yaml-edit v0.3.2
[INFO] [stderr]    Compiling jsonc-parser v0.33.2
[INFO] [stderr]    Compiling toml_edit v0.25.15+spec-1.1.0
[INFO] [stderr]    Compiling toml v1.1.6+spec-1.1.0
[INFO] [stderr]    Compiling semver v1.0.28
[INFO] [stderr]    Compiling console v0.16.6
[INFO] [stderr]    Compiling diffy v0.5.2
[INFO] [stderr]    Compiling etcetera v0.11.0
[INFO] [stderr]    Compiling shlex v2.0.1
[INFO] [stderr]    Compiling shell-words v1.1.1
[INFO] [stderr]    Compiling dialoguer v0.12.0
[INFO] [stderr]    Compiling clap_complete v4.6.11
[INFO] [stderr]    Compiling devset-core v0.5.3
[INFO] [stderr]    Compiling clap-cargo v0.19.0
[INFO] [stderr]    Compiling textwrap v0.16.4
[INFO] [stderr]    Compiling github-actions v0.0.6
[INFO] [stderr]    Compiling devset-cli v0.5.3 (/opt/rustwide/workdir)
[INFO] [stderr]     Finished `release` profile [optimized] target(s) in 4m 59s
[INFO] running `Command { std: "docker" "inspect" "6b291cce6b6231e75d1d943eb2145180a3385f283b3112d519da3b4037b8f922", kill_on_drop: false }`
[INFO] running `Command { std: "docker" "exec" "-e" "SOURCE_DIR=/opt/rustwide/workdir" "-e" "CARGO_HOME=/opt/rustwide/cargo-home" "-e" "RUSTUP_HOME=/opt/rustwide/rustup-home" "-e" "CARGO_TARGET_DIR=/opt/rustwide/target" "-e" "CARGO_INCREMENTAL=0" "-e" "RUST_BACKTRACE=full" "-e" "RUSTFLAGS=--cap-lints=warn" "-e" "RUSTDOCFLAGS=--cap-lints=warn" "-w" "/opt/rustwide/workdir" "--user" "0:0" "6b291cce6b6231e75d1d943eb2145180a3385f283b3112d519da3b4037b8f922" "/opt/rustwide/cargo-home/bin/cargo" "+1.99.0-beta.8" "test" "--frozen" "--no-run" "--message-format=json" "--release", kill_on_drop: false }`
[INFO] [stderr] warning: Cargo.toml: unused manifest key `lints.cargo` (may be supported in a future version)
[INFO] [stderr] 
[INFO] [stderr] this Cargo does not support nightly features, but if you
[INFO] [stderr] switch to nightly channel you can pass
[INFO] [stderr] `-Zcargo-lints` to enable this feature.
[INFO] [stderr] warning: `devset-cli` (manifest) generated 1 warning
[INFO] [stderr]    Compiling snapbox-macros v1.1.0
[INFO] [stderr]    Compiling os_pipe v1.2.3
[INFO] [stderr]    Compiling wait-timeout v0.2.1
[INFO] [stderr]    Compiling filetime v0.2.29
[INFO] [stderr]    Compiling content_inspector v0.2.4
[INFO] [stderr]    Compiling similar v3.2.0
[INFO] [stderr]    Compiling dunce v1.0.5
[INFO] [stderr]    Compiling snapbox v1.2.2
[INFO] [stderr]    Compiling devset-cli v0.5.3 (/opt/rustwide/workdir)
[INFO] [stderr]     Finished `release` profile [optimized] target(s) in 28.44s
[INFO] running `Command { std: "docker" "inspect" "6b291cce6b6231e75d1d943eb2145180a3385f283b3112d519da3b4037b8f922", kill_on_drop: false }`
[INFO] running `Command { std: "docker" "exec" "-e" "SOURCE_DIR=/opt/rustwide/workdir" "-e" "CARGO_HOME=/opt/rustwide/cargo-home" "-e" "RUSTUP_HOME=/opt/rustwide/rustup-home" "-e" "CARGO_TARGET_DIR=/opt/rustwide/target" "-e" "CARGO_INCREMENTAL=0" "-e" "RUST_BACKTRACE=full" "-e" "RUSTFLAGS=--cap-lints=warn" "-e" "RUSTDOCFLAGS=--cap-lints=warn" "-w" "/opt/rustwide/workdir" "--user" "0:0" "6b291cce6b6231e75d1d943eb2145180a3385f283b3112d519da3b4037b8f922" "/opt/rustwide/cargo-home/bin/cargo" "+1.99.0-beta.8" "test" "--frozen" "--release", kill_on_drop: false }`
[INFO] [stderr] warning: Cargo.toml: unused manifest key `lints.cargo` (may be supported in a future version)
[INFO] [stderr] 
[INFO] [stderr] this Cargo does not support nightly features, but if you
[INFO] [stderr] switch to nightly channel you can pass
[INFO] [stderr] `-Zcargo-lints` to enable this feature.
[INFO] [stderr] warning: `devset-cli` (manifest) generated 1 warning
[INFO] [stderr]     Finished `release` profile [optimized] target(s) in 0.12s
[INFO] [stdout] 
[INFO] [stdout] running 5 tests
[INFO] [stderr]      Running unittests src/main.rs (/opt/rustwide/target/release/deps/devset-2de4bac0f7ec3786)
[INFO] [stdout] test report::status::tests::names_wrap_whole ... ok
[INFO] [stdout] test tests::sources_are_named_after_where_they_are ... ok
[INFO] [stdout] test tests::lexical_resolves_dots_by_name ... ok
[INFO] [stdout] test tests::a_note_names_the_newest_releases_and_counts_the_rest ... ok
[INFO] [stderr] error: test failed, to rerun pass `--bin devset`
[INFO] [stdout] test cli::tests::every_command_the_documents_show_parses ... FAILED
[INFO] [stdout] 
[INFO] [stdout] failures:
[INFO] [stdout] 
[INFO] [stdout] ---- cli::tests::every_command_the_documents_show_parses stdout ----
[INFO] [stdout] 
[INFO] [stdout] thread 'cli::tests::every_command_the_documents_show_parses' (2528) panicked at src/cli.rs:361:60:
[INFO] [stdout] the manual: Os { code: 2, kind: NotFound, message: "No such file or directory" }
[INFO] [stdout] stack backtrace:
[INFO] [stdout]    0:     0x5e397a88e671 - <<std[70759c8f55707aa4]::sys::backtrace::BacktraceLock>::print::DisplayBacktrace as core[df12db4294e9bfd3]::fmt::Display>::fmt
[INFO] [stdout]    1:     0x5e397a8a34da - core[df12db4294e9bfd3]::fmt::write
[INFO] [stdout]    2:     0x5e397a892e1c - <alloc[2182bb758b4b3781]::vec::Vec<u8> as core[df12db4294e9bfd3]::io::write::Write>::write_fmt
[INFO] [stdout]    3:     0x5e397a86a346 - std[70759c8f55707aa4]::panicking::default_hook::{closure#0}
[INFO] [stdout]    4:     0x5e397a886b99 - std[70759c8f55707aa4]::panicking::default_hook
[INFO] [stdout]    5:     0x5e397a7d0a00 - test[9d35eded1c95d3be]::test_main_inner::<test[9d35eded1c95d3be]::test_main_static::{closure#0}>::{closure#0}
[INFO] [stdout]    6:     0x5e397a886d52 - std[70759c8f55707aa4]::panicking::panic_with_hook
[INFO] [stdout]    7:     0x5e397a86a3f2 - std[70759c8f55707aa4]::panicking::panic_handler::{closure#0}
[INFO] [stdout]    8:     0x5e397a863059 - std[70759c8f55707aa4]::sys::backtrace::__rust_end_short_backtrace::<std[70759c8f55707aa4]::panicking::panic_handler::{closure#0}, !>
[INFO] [stdout]    9:     0x5e397a86b06d - __rustc[8fa7c3cbc660c2b3]::rust_begin_unwind
[INFO] [stdout]   10:     0x5e397a8a3c0c - core[df12db4294e9bfd3]::panicking::panic_fmt
[INFO] [stdout]   11:     0x5e397a8a39e2 - core[df12db4294e9bfd3]::result::unwrap_failed
[INFO] [stdout]   12:     0x5e397a793ee1 - devset[dffb932a3a140387]::cli::tests::every_command_the_documents_show_parses
[INFO] [stdout]   13:     0x5e397a7af769 - <devset[dffb932a3a140387]::cli::tests::every_command_the_documents_show_parses::{closure#0} as core[df12db4294e9bfd3]::ops::function::FnOnce<()>>::call_once
[INFO] [stdout]   14:     0x5e397a7c3ceb - test[9d35eded1c95d3be]::__rust_begin_short_backtrace::<core[df12db4294e9bfd3]::result::Result<(), alloc[2182bb758b4b3781]::string::String>, fn() -> core[df12db4294e9bfd3]::result::Result<(), alloc[2182bb758b4b3781]::string::String>>
[INFO] [stdout]   15:     0x5e397a7d1355 - test[9d35eded1c95d3be]::run_test::{closure#0}
[INFO] [stdout]   16:     0x5e397a7cac14 - std[70759c8f55707aa4]::sys::backtrace::__rust_begin_short_backtrace::<test[9d35eded1c95d3be]::run_test::{closure#1}, ()>
[INFO] [stdout]   17:     0x5e397a7d44b2 - <std[70759c8f55707aa4]::thread::lifecycle::spawn_unchecked<test[9d35eded1c95d3be]::run_test::{closure#1}, ()>::{closure#1} as core[df12db4294e9bfd3]::ops::function::FnOnce<()>>::call_once::{shim:vtable#0}
[INFO] [stdout]   18:     0x5e397a88df49 - <std[70759c8f55707aa4]::sys::thread::unix::Thread>::new::thread_start
[INFO] [stdout]   19:     0x747ba1af3dfa - <unknown>
[INFO] [stdout]   20:     0x747ba1b873d4 - clone
[INFO] [stdout]   21:                0x0 - <unknown>
[INFO] [stdout] 
[INFO] [stdout] 
[INFO] [stdout] failures:
[INFO] [stdout]     cli::tests::every_command_the_documents_show_parses
[INFO] [stdout] 
[INFO] [stdout] test result: FAILED. 4 passed; 1 failed; 0 ignored; 0 measured; 0 filtered out; finished in 0.00s
[INFO] [stdout] 
[INFO] running `Command { std: "docker" "inspect" "6b291cce6b6231e75d1d943eb2145180a3385f283b3112d519da3b4037b8f922", kill_on_drop: false }`
[INFO] running `Command { std: "docker" "rm" "-f" "6b291cce6b6231e75d1d943eb2145180a3385f283b3112d519da3b4037b8f922", kill_on_drop: false }`
[INFO] [stdout] 6b291cce6b6231e75d1d943eb2145180a3385f283b3112d519da3b4037b8f922
