[INFO] fetching crate devimg 0.2.7...
[INFO] testing devimg-0.2.7 against 1.100.0-beta.1+cargoflags=--release for beta-release-1.100-3
[INFO] extracting crate devimg 0.2.7 into /workspace/builds/worker-4-tc2/source
[INFO] started tweaking crates.io crate devimg 0.2.7
[INFO] removed 0 missing tests
[INFO] finished tweaking crates.io crate devimg 0.2.7
[INFO] tweaked toml for crates.io crate devimg 0.2.7 written to /workspace/builds/worker-4-tc2/source/Cargo.toml
[INFO] validating manifest of crates.io crate devimg 0.2.7 on toolchain 1.100.0-beta.1
[INFO] running `Command { std: CARGO_HOME="/workspace/cargo-home" RUSTUP_HOME="/workspace/rustup-home" "/workspace/cargo-home/bin/cargo" "+1.100.0-beta.1" "metadata" "--manifest-path" "Cargo.toml" "--no-deps", kill_on_drop: false }`
[INFO] crate crates.io crate devimg 0.2.7 already has a lockfile, it will not be regenerated
[INFO] running `Command { std: CARGO_HOME="/workspace/cargo-home" RUSTUP_HOME="/workspace/rustup-home" "/workspace/cargo-home/bin/cargo" "+1.100.0-beta.1" "fetch" "--manifest-path" "Cargo.toml", kill_on_drop: false }`
[INFO] [stderr] warning: `package.homepage` is redundant with `package.repository`
[INFO] [stderr]   --> Cargo.toml:33:12
[INFO] [stderr]    |
[INFO] [stderr] 33 | homepage = "https://github.com/cleissonom/devimg"
[INFO] [stderr]    |            ^^^^^^^^^^^^^^^^^^^^^^^^^^^^^^^^^^^^^^
[INFO] [stderr] ...
[INFO] [stderr] 38 | repository = "https://github.com/cleissonom/devimg"
[INFO] [stderr]    |              --------------------------------------
[INFO] [stderr]    |
[INFO] [stderr]    = note: `cargo::redundant_homepage` is set to `warn` by default
[INFO] [stderr] help: consider removing `package.homepage`
[INFO] [stderr] warning: `devimg` (manifest) generated 1 warning
[INFO] running `Command { std: "docker" "create" "-v" "/var/lib/crater-agent-workspace/builds/worker-4-tc2/source:/opt/rustwide/workdir:ro,Z" "-v" "/var/lib/crater-agent-workspace/builds/worker-4-tc2/target:/opt/rustwide/target:rw,Z" "-v" "/var/lib/crater-agent-workspace/cargo-home:/opt/rustwide/cargo-home:ro,Z" "-v" "/var/lib/crater-agent-workspace/rustup-home:/opt/rustwide/rustup-home:ro,Z" "-m" "1610612736" "--network" "none" "ghcr.io/rust-lang/crates-build-env/linux@sha256:77db811e55d90add9212f6832c23229e3de5f1c1f9905e8cb07319ea15df73ac" "sleep" "infinity", kill_on_drop: false }`
[INFO] [stdout] 2b5c61812cf08e6e8c5d91fb5ea09f0f6608091310eabf5ba2b96512b312d969
[INFO] running `Command { std: "docker" "start" "2b5c61812cf08e6e8c5d91fb5ea09f0f6608091310eabf5ba2b96512b312d969", kill_on_drop: false }`
[INFO] running `Command { std: "docker" "inspect" "2b5c61812cf08e6e8c5d91fb5ea09f0f6608091310eabf5ba2b96512b312d969", kill_on_drop: false }`
[INFO] running `Command { std: "docker" "exec" "-e" "SOURCE_DIR=/opt/rustwide/workdir" "-e" "CARGO_HOME=/opt/rustwide/cargo-home" "-e" "RUSTUP_HOME=/opt/rustwide/rustup-home" "-e" "CARGO_TARGET_DIR=/opt/rustwide/target" "-w" "/opt/rustwide/workdir" "--user" "0:0" "2b5c61812cf08e6e8c5d91fb5ea09f0f6608091310eabf5ba2b96512b312d969" "/opt/rustwide/cargo-home/bin/cargo" "+1.100.0-beta.1" "metadata" "--no-deps" "--format-version=1", kill_on_drop: false }`
[INFO] running `Command { std: "docker" "inspect" "2b5c61812cf08e6e8c5d91fb5ea09f0f6608091310eabf5ba2b96512b312d969", kill_on_drop: false }`
[INFO] running `Command { std: "docker" "exec" "-e" "SOURCE_DIR=/opt/rustwide/workdir" "-e" "CARGO_HOME=/opt/rustwide/cargo-home" "-e" "RUSTUP_HOME=/opt/rustwide/rustup-home" "-e" "CARGO_TARGET_DIR=/opt/rustwide/target" "-e" "CARGO_INCREMENTAL=0" "-e" "RUST_BACKTRACE=full" "-e" "RUSTFLAGS=--cap-lints=warn" "-e" "RUSTDOCFLAGS=--cap-lints=warn" "-w" "/opt/rustwide/workdir" "--user" "0:0" "2b5c61812cf08e6e8c5d91fb5ea09f0f6608091310eabf5ba2b96512b312d969" "/opt/rustwide/cargo-home/bin/cargo" "+1.100.0-beta.1" "build" "--frozen" "--message-format=json" "--release", kill_on_drop: false }`
[INFO] [stderr] warning: `package.homepage` is redundant with `package.repository`
[INFO] [stderr]   --> Cargo.toml:33:12
[INFO] [stderr]    |
[INFO] [stderr] 33 | homepage = "https://github.com/cleissonom/devimg"
[INFO] [stderr]    |            ^^^^^^^^^^^^^^^^^^^^^^^^^^^^^^^^^^^^^^
[INFO] [stderr] ...
[INFO] [stderr] 38 | repository = "https://github.com/cleissonom/devimg"
[INFO] [stderr]    |              --------------------------------------
[INFO] [stderr]    |
[INFO] [stderr]    = note: `cargo::redundant_homepage` is set to `warn` by default
[INFO] [stderr] help: consider removing `package.homepage`
[INFO] [stderr] warning: `devimg` (manifest) generated 1 warning
[INFO] [stderr]    Compiling libc v0.2.186
[INFO] [stderr]    Compiling stable_deref_trait v1.2.1
[INFO] [stderr]    Compiling find-msvc-tools v0.1.9
[INFO] [stderr]    Compiling memchr v2.8.0
[INFO] [stderr]    Compiling bytes v1.11.1
[INFO] [stderr]    Compiling pin-project-lite v0.2.17
[INFO] [stderr]    Compiling syn v2.0.117
[INFO] [stderr]    Compiling num-traits v0.2.19
[INFO] [stderr]    Compiling serde_core v1.0.228
[INFO] [stderr]    Compiling crossbeam-utils v0.8.21
[INFO] [stderr]    Compiling futures-core v0.3.32
[INFO] [stderr]    Compiling smallvec v1.15.1
[INFO] [stderr]    Compiling litemap v0.8.2
[INFO] [stderr]    Compiling writeable v0.6.3
[INFO] [stderr]    Compiling icu_normalizer_data v2.2.0
[INFO] [stderr]    Compiling jobserver v0.1.34
[INFO] [stderr]    Compiling cc v1.2.61
[INFO] [stderr]    Compiling icu_properties_data v2.2.0
[INFO] [stderr]    Compiling crossbeam-epoch v0.9.18
[INFO] [stderr]    Compiling mio v1.2.1
[INFO] [stderr]    Compiling socket2 v0.6.4
[INFO] [stderr]    Compiling num-integer v0.1.46
[INFO] [stderr]    Compiling http v1.4.1
[INFO] [stderr]    Compiling tokio v1.52.3
[INFO] [stderr]    Compiling arrayvec v0.7.6
[INFO] [stderr]    Compiling zeroize v1.8.2
[INFO] [stderr]    Compiling anyhow v1.0.102
[INFO] [stderr]    Compiling percent-encoding v2.3.2
[INFO] [stderr]    Compiling rustls-pki-types v1.14.1
[INFO] [stderr]    Compiling http-body v1.0.1
[INFO] [stderr]    Compiling ring v0.17.14
[INFO] [stderr]    Compiling num-bigint v0.4.6
[INFO] [stderr]    Compiling crossbeam-deque v0.8.6
[INFO] [stderr]    Compiling getrandom v0.2.17
[INFO] [stderr]    Compiling futures-task v0.3.32
[INFO] [stderr]    Compiling thiserror v2.0.18
[INFO] [stderr]    Compiling httparse v1.10.1
[INFO] [stderr]    Compiling synstructure v0.13.2
[INFO] [stderr]    Compiling slab v0.4.12
[INFO] [stderr]    Compiling simd-adler32 v0.3.9
[INFO] [stderr]    Compiling futures-io v0.3.32
[INFO] [stderr]    Compiling crc32fast v1.5.0
[INFO] [stderr]    Compiling futures-util v0.3.32
[INFO] [stderr]    Compiling rayon-core v1.13.0
[INFO] [stderr]    Compiling as-slice v0.2.1
[INFO] [stderr]    Compiling rustls v0.23.40
[INFO] [stderr]    Compiling serde v1.0.228
[INFO] [stderr]    Compiling num-rational v0.4.2
[INFO] [stderr]    Compiling av-scenechange v0.14.1
[INFO] [stderr]    Compiling built v0.8.0
[INFO] [stderr]    Compiling bitflags v2.11.1
[INFO] [stderr]    Compiling adler2 v2.0.1
[INFO] [stderr]    Compiling rav1e v0.8.1
[INFO] [stderr]    Compiling zerofrom-derive v0.1.7
[INFO] [stderr]    Compiling yoke-derive v0.8.2
[INFO] [stderr]    Compiling zerovec-derive v0.11.3
[INFO] [stderr]    Compiling displaydoc v0.2.6
[INFO] [stderr]    Compiling equator-macro v0.4.2
[INFO] [stderr]    Compiling thiserror-impl v2.0.18
[INFO] [stderr]    Compiling miniz_oxide v0.8.9
[INFO] [stderr]    Compiling arg_enum_proc_macro v0.3.4
[INFO] [stderr]    Compiling equator v0.4.2
[INFO] [stderr]    Compiling zerofrom v0.1.8
[INFO] [stderr]    Compiling yoke v0.8.2
[INFO] [stderr]    Compiling zerovec v0.11.6
[INFO] [stderr]    Compiling zerotrie v0.2.4
[INFO] [stderr]    Compiling aligned-vec v0.6.4
[INFO] [stderr]    Compiling serde_derive v1.0.228
[INFO] [stderr]    Compiling v_frame v0.3.9
[INFO] [stderr]    Compiling profiling-procmacros v1.0.17
[INFO] [stderr]    Compiling zmij v1.0.21
[INFO] [stderr]    Compiling tinystr v0.8.3
[INFO] [stderr]    Compiling potential_utf v0.1.5
[INFO] [stderr]    Compiling rayon v1.12.0
[INFO] [stderr]    Compiling icu_collections v2.2.0
[INFO] [stderr]    Compiling libwebp-sys v0.9.6
[INFO] [stderr]    Compiling icu_locale_core v2.2.0
[INFO] [stderr]    Compiling aligned v0.4.3
[INFO] [stderr]    Compiling form_urlencoded v1.2.2
[INFO] [stderr]    Compiling tracing-core v0.1.36
[INFO] [stderr]    Compiling futures-channel v0.3.32
[INFO] [stderr]    Compiling no_std_io2 v0.9.3
[INFO] [stderr]    Compiling nom v8.0.0
[INFO] [stderr]    Compiling pastey v0.1.1
[INFO] [stderr]    Compiling serde_json v1.0.150
[INFO] [stderr]    Compiling icu_provider v2.2.0
[INFO] [stderr]    Compiling subtle v2.6.1
[INFO] [stderr]    Compiling icu_properties v2.2.0
[INFO] [stderr]    Compiling icu_normalizer v2.2.0
[INFO] [stderr]    Compiling quick-error v2.0.1
[INFO] [stderr]    Compiling y4m v0.8.0
[INFO] [stderr]    Compiling hyper v1.10.1
[INFO] [stderr]    Compiling idna_adapter v1.2.2
[INFO] [stderr]    Compiling idna v1.1.0
[INFO] [stderr]    Compiling anstyle-parse v1.0.0
[INFO] [stderr]    Compiling tracing v0.1.44
[INFO] [stderr]    Compiling bitstream-io v4.10.0
[INFO] [stderr]    Compiling flate2 v1.1.9
[INFO] [stderr]    Compiling av1-grain v0.2.5
[INFO] [stderr]    Compiling profiling v1.0.17
[INFO] [stderr]    Compiling num-derive v0.4.2
[INFO] [stderr]    Compiling fdeflate v0.3.7
[INFO] [stderr]    Compiling itertools v0.14.0
[INFO] [stderr]    Compiling blake3 v1.8.5
[INFO] [stderr]    Compiling aho-corasick v1.1.4
[INFO] [stderr]    Compiling sync_wrapper v1.0.2
[INFO] [stderr]    Compiling simd_helpers v0.1.0
[INFO] [stderr]    Compiling maybe-rayon v0.1.1
[INFO] [stderr]    Compiling imgref v1.12.1
[INFO] [stderr]    Compiling is_terminal_polyfill v1.70.2
[INFO] [stderr]    Compiling new_debug_unreachable v1.0.6
[INFO] [stderr]    Compiling anstyle v1.0.14
[INFO] [stderr]    Compiling ipnet v2.12.0
[INFO] [stderr]    Compiling anstyle-query v1.1.5
[INFO] [stderr]    Compiling winnow v1.0.3
[INFO] [stderr]    Compiling zune-core v0.5.1
[INFO] [stderr]    Compiling byteorder-lite v0.1.0
[INFO] [stderr]    Compiling pxfm v0.1.29
[INFO] [stderr]    Compiling noop_proc_macro v0.3.0
[INFO] [stderr]    Compiling colorchoice v1.0.5
[INFO] [stderr]    Compiling regex-syntax v0.8.10
[INFO] [stderr]    Compiling anstream v1.0.0
[INFO] [stderr]    Compiling image-webp v0.2.4
[INFO] [stderr]    Compiling toml_parser v1.1.2+spec-1.1.0
[INFO] [stderr]    Compiling regex-automata v0.4.14
[INFO] [stderr]    Compiling moxcms v0.8.1
[INFO] [stderr]    Compiling rustls-webpki v0.103.13
[INFO] [stderr]    Compiling zune-jpeg v0.5.15
[INFO] [stderr]    Compiling hyper-util v0.1.20
[INFO] [stderr]    Compiling loop9 v0.1.5
[INFO] [stderr]    Compiling tower v0.5.3
[INFO] [stderr]    Compiling png v0.18.1
[INFO] [stderr]    Compiling url v2.5.8
[INFO] [stderr]    Compiling tokio-rustls v0.26.4
[INFO] [stderr]    Compiling serde_spanned v1.1.1
[INFO] [stderr]    Compiling toml_datetime v1.1.1+spec-1.1.0
[INFO] [stderr]    Compiling webpki-roots v1.0.7
[INFO] [stderr]    Compiling avif-serialize v0.8.6
[INFO] [stderr]    Compiling bstr v1.12.1
[INFO] [stderr]    Compiling constant_time_eq v0.4.2
[INFO] [stderr]    Compiling same-file v1.0.6
[INFO] [stderr]    Compiling toml_writer v1.1.1+spec-1.1.0
[INFO] [stderr]    Compiling clap_lex v1.1.0
[INFO] [stderr]    Compiling bytemuck v1.25.0
[INFO] [stderr]    Compiling cpufeatures v0.3.0
[INFO] [stderr]    Compiling rgb v0.8.53
[INFO] [stderr]    Compiling arrayref v0.3.9
[INFO] [stderr]    Compiling clap_derive v4.6.1
[INFO] [stderr]    Compiling image v0.25.10
[INFO] [stderr]    Compiling ravif v0.13.0
[INFO] [stderr]    Compiling clap_builder v4.6.0
[INFO] [stderr]    Compiling serde_urlencoded v0.7.1
[INFO] [stderr]    Compiling toml v1.1.2+spec-1.1.0
[INFO] [stderr]    Compiling globset v0.4.18
[INFO] [stderr]    Compiling walkdir v2.5.0
[INFO] [stderr]    Compiling hyper-rustls v0.27.9
[INFO] [stderr]    Compiling tower-http v0.6.11
[INFO] [stderr]    Compiling http-body-util v0.1.3
[INFO] [stderr]    Compiling reqwest v0.12.28
[INFO] [stderr]    Compiling clap v4.6.1
[INFO] [stderr]    Compiling webp v0.3.1
[INFO] [stderr]    Compiling devimg-core v0.2.7
[INFO] [stderr]    Compiling devimg v0.2.7 (/opt/rustwide/workdir)
[INFO] [stderr]     Finished `release` profile [optimized] target(s) in 1m 02s
[INFO] running `Command { std: "docker" "inspect" "2b5c61812cf08e6e8c5d91fb5ea09f0f6608091310eabf5ba2b96512b312d969", kill_on_drop: false }`
[INFO] running `Command { std: "docker" "exec" "-e" "SOURCE_DIR=/opt/rustwide/workdir" "-e" "CARGO_HOME=/opt/rustwide/cargo-home" "-e" "RUSTUP_HOME=/opt/rustwide/rustup-home" "-e" "CARGO_TARGET_DIR=/opt/rustwide/target" "-e" "CARGO_INCREMENTAL=0" "-e" "RUST_BACKTRACE=full" "-e" "RUSTFLAGS=--cap-lints=warn" "-e" "RUSTDOCFLAGS=--cap-lints=warn" "-w" "/opt/rustwide/workdir" "--user" "0:0" "2b5c61812cf08e6e8c5d91fb5ea09f0f6608091310eabf5ba2b96512b312d969" "/opt/rustwide/cargo-home/bin/cargo" "+1.100.0-beta.1" "test" "--frozen" "--no-run" "--message-format=json" "--release", kill_on_drop: false }`
[INFO] [stderr] warning: `package.homepage` is redundant with `package.repository`
[INFO] [stderr]   --> Cargo.toml:33:12
[INFO] [stderr]    |
[INFO] [stderr] 33 | homepage = "https://github.com/cleissonom/devimg"
[INFO] [stderr]    |            ^^^^^^^^^^^^^^^^^^^^^^^^^^^^^^^^^^^^^^
[INFO] [stderr] ...
[INFO] [stderr] 38 | repository = "https://github.com/cleissonom/devimg"
[INFO] [stderr]    |              --------------------------------------
[INFO] [stderr]    |
[INFO] [stderr]    = note: `cargo::redundant_homepage` is set to `warn` by default
[INFO] [stderr] help: consider removing `package.homepage`
[INFO] [stderr] warning: `devimg` (manifest) generated 1 warning
[INFO] [stderr]    Compiling devimg v0.2.7 (/opt/rustwide/workdir)
[INFO] [stderr]     Finished `release` profile [optimized] target(s) in 2.19s
[INFO] running `Command { std: "docker" "inspect" "2b5c61812cf08e6e8c5d91fb5ea09f0f6608091310eabf5ba2b96512b312d969", kill_on_drop: false }`
[INFO] running `Command { std: "docker" "exec" "-e" "SOURCE_DIR=/opt/rustwide/workdir" "-e" "CARGO_HOME=/opt/rustwide/cargo-home" "-e" "RUSTUP_HOME=/opt/rustwide/rustup-home" "-e" "CARGO_TARGET_DIR=/opt/rustwide/target" "-e" "CARGO_INCREMENTAL=0" "-e" "RUST_BACKTRACE=full" "-e" "RUSTFLAGS=--cap-lints=warn" "-e" "RUSTDOCFLAGS=--cap-lints=warn" "-w" "/opt/rustwide/workdir" "--user" "0:0" "2b5c61812cf08e6e8c5d91fb5ea09f0f6608091310eabf5ba2b96512b312d969" "/opt/rustwide/cargo-home/bin/cargo" "+1.100.0-beta.1" "test" "--frozen" "--release", kill_on_drop: false }`
[INFO] [stderr] warning: `package.homepage` is redundant with `package.repository`
[INFO] [stderr]   --> Cargo.toml:33:12
[INFO] [stderr]    |
[INFO] [stderr] 33 | homepage = "https://github.com/cleissonom/devimg"
[INFO] [stderr]    |            ^^^^^^^^^^^^^^^^^^^^^^^^^^^^^^^^^^^^^^
[INFO] [stderr] ...
[INFO] [stderr] 38 | repository = "https://github.com/cleissonom/devimg"
[INFO] [stderr]    |              --------------------------------------
[INFO] [stderr]    |
[INFO] [stderr]    = note: `cargo::redundant_homepage` is set to `warn` by default
[INFO] [stderr] help: consider removing `package.homepage`
[INFO] [stderr] warning: `devimg` (manifest) generated 1 warning
[INFO] [stderr]     Finished `release` profile [optimized] target(s) in 0.11s
[INFO] [stderr]      Running unittests src/main.rs (/opt/rustwide/target/release/build/devimg/f611953ef297911c/out/devimg-f611953ef297911c)
[INFO] [stdout] 
[INFO] [stdout] running 2 tests
[INFO] [stdout] test tests::env_line_parser_extracts_key_without_comments ... ok
[INFO] [stdout] test tests::openai_response_text_extraction_supports_responses_shape ... ok
[INFO] [stdout] 
[INFO] [stdout] test result: ok. 2 passed; 0 failed; 0 ignored; 0 measured; 0 filtered out; finished in 0.00s
[INFO] [stdout] 
[INFO] [stderr]      Running tests/cli.rs (/opt/rustwide/target/release/build/devimg/a9127ccf689a2e81/out/cli-a9127ccf689a2e81)
[INFO] [stdout] 
[INFO] [stdout] running 67 tests
[INFO] [stdout] test acknowledged_crop_warnings_remain_visible_but_do_not_fail_strict_check ... FAILED
[INFO] [stdout] test agent_task_output_refuses_existing_unless_forced_and_protects_instruction_files ... FAILED
[INFO] [stdout] test agent_task_stdout_default_uses_generic_and_keeps_secrets_out ... FAILED
[INFO] [stdout] test ai_consent_dry_run_works_without_keys_for_both_providers ... FAILED
[INFO] [stdout] test agent_task_includes_warning_context_and_generated_paths ... FAILED
[INFO] [stdout] test agent_task_custom_config_and_agent_guidance_are_distinct ... FAILED
[INFO] [stdout] test ai_consent_include_images_and_metadata_only_validation_are_stable ... FAILED
[INFO] [stdout] test ai_consent_loads_project_env_without_leaking_key_values ... FAILED
[INFO] [stdout] test ai_consent_never_prints_or_writes_fake_keys ... FAILED
[INFO] [stdout] test ai_consent_output_is_deterministic_and_refuses_overwrite ... FAILED
[INFO] [stdout] test ai_consent_preview_includes_generated_outputs_when_manifest_is_readable ... FAILED
[INFO] [stdout] test ai_consent_requires_provider_keys_when_not_dry_run ... FAILED
[INFO] [stdout] test alt_metadata_only_writes_json_and_markdown_without_keys ... FAILED
[INFO] [stdout] test alt_include_images_dry_run_default_output_and_overwrite_are_stable ... FAILED
[INFO] [stdout] test alt_validation_and_missing_key_errors_are_stable ... FAILED
[INFO] [stdout] test check_config_change_exits_3_for_stale_outputs ... FAILED
[INFO] [stdout] test check_fails_with_exit_3_when_output_is_deleted ... FAILED
[INFO] [stdout] test check_budget_failure_exits_3 ... FAILED
[INFO] [stdout] test check_no_report_keeps_report_path_read_only ... FAILED
[INFO] [stdout] test check_fail_on_warning_turns_warning_into_exit_3 ... FAILED
[INFO] [stdout] test default_config_commands_work_from_project_root ... FAILED
[INFO] [stdout] test content_hash_filename_mode_is_checkable ... FAILED
[INFO] [stdout] test deterministic_commands_keep_provider_secrets_out_of_output ... FAILED
[INFO] [stdout] test agent_init_stdout_and_invalid_target_are_stable ... ok
[INFO] [stdout] test doctor_detects_manifest_export_drift ... FAILED
[INFO] [stdout] test doctor_export_output_suppresses_framework_helper_warning ... FAILED
[INFO] [stdout] test doctor_framework_detection_handles_none_and_mixed_projects ... FAILED
[INFO] [stdout] test agent_init_refuses_existing_files_unless_forced ... ok
[INFO] [stdout] test doctor_passes_after_optimize_and_emits_json ... FAILED
[INFO] [stdout] test doctor_reports_framework_consumption_helpers ... FAILED
[INFO] [stdout] test doctor_reports_framework_diagnostics ... FAILED
[INFO] [stdout] test doctor_reports_stale_output_and_budget_failure ... FAILED
[INFO] [stdout] test doctor_reports_missing_manifest_without_writing ... FAILED
[INFO] [stdout] test dogfood_example_flow_covers_frontend_assets ... FAILED
[INFO] [stdout] test draft_dry_run_works_without_keys_for_both_providers ... FAILED
[INFO] [stdout] test draft_metadata_only_default_covers_all_draft_types ... FAILED
[INFO] [stdout] test dry_run_writes_nothing ... FAILED
[INFO] [stdout] test draft_provider_validation_errors_are_stable ... FAILED
[INFO] [stdout] test draft_output_is_deterministic_refuses_overwrite_and_ignores_provider_env ... FAILED
[INFO] [stdout] test compare_reports_manifest_diffs_for_people_and_json ... ok
[INFO] [stdout] test manifest_export_outputs_app_mapping ... FAILED
[INFO] [stdout] test agent_init_creates_codex_claude_and_both_targets_safely ... ok
[INFO] [stdout] test inspect_exit_codes_and_multiple_files_are_stable ... FAILED
[INFO] [stdout] test optimize_and_check_success ... FAILED
[INFO] [stdout] test quality_diagnostics_are_reported_and_can_fail_strict_check ... FAILED
[INFO] [stdout] test optimize_reports_incremental_skips_and_stale_work ... FAILED
[INFO] [stdout] test review_ai_dry_run_writes_json_and_markdown_without_keys ... FAILED
[INFO] [stdout] test doctor_reports_empty_and_missing_source_directories ... ok
[INFO] [stdout] test review_ai_validation_and_missing_key_errors_are_stable ... FAILED
[INFO] [stdout] test review_writes_visual_artifact_and_refuses_unsafe_overwrite ... FAILED
[INFO] [stdout] test review_ai_include_images_default_output_and_overwrite_are_stable ... FAILED
[INFO] [stdout] test init_profiles_emit_framework_paths_and_parse ... FAILED
[INFO] [stdout] test suggest_check_is_read_only_when_no_suggestions_block ... FAILED
[INFO] [stdout] test suggest_check_explicit_outputs_write_and_preflight_are_safe ... FAILED
[INFO] [stdout] test suggest_custom_config_warning_context_and_secrets_are_stable ... FAILED
[INFO] [stdout] test suggest_check_thresholds_handle_warnings_errors_and_advisories ... FAILED
[INFO] [stdout] test suggest_custom_output_markdown_force_and_preflight_are_safe ... FAILED
[INFO] [stdout] test missing_config_exits_2 ... ok
[INFO] [stdout] test suggest_default_output_is_valid_empty_json_and_deterministic ... FAILED
[INFO] [stdout] test suggest_requires_metadata_only_and_writes_nothing_without_it ... FAILED
[INFO] [stdout] test unsafe_overwrite_exits_4_unless_explicitly_allowed ... FAILED
[INFO] [stdout] test suggest_fail_on_severity_requires_check ... FAILED
[INFO] [stdout] test init_profile_refusal_force_and_unknown_profile_are_stable ... ok
[INFO] [stdout] test suggest_missing_config_keeps_existing_hint ... ok
[INFO] [stdout] test init_stdout_refusal_and_force_are_stable ... ok
[INFO] [stdout] test report_manifest_errors_use_stable_exit_codes ... ok
[INFO] [stdout] test help_and_usage_exit_codes_are_stable ... ok
[INFO] [stdout] 
[INFO] [stdout] failures:
[INFO] [stdout] 
[INFO] [stdout] ---- acknowledged_crop_warnings_remain_visible_but_do_not_fail_strict_check stdout ----
[INFO] [stdout] 
[INFO] [stdout] thread 'acknowledged_crop_warnings_remain_visible_but_do_not_fail_strict_check' (3504) panicked at tests/cli.rs:1997:40:
[INFO] [stdout] copy fixture image: Os { code: 2, kind: NotFound, message: "No such file or directory" }
[INFO] [stdout] stack backtrace:
[INFO] [stdout]    0:     0x5fb5b9f760e1 - <<std[617be2ca0a6fd877]::sys::backtrace::BacktraceLock>::print::DisplayBacktrace as core[a373ad73a504971]::fmt::Display>::fmt
[INFO] [stdout]    1:     0x5fb5b9f8b1ba - core[a373ad73a504971]::fmt::write
[INFO] [stdout]    2:     0x5fb5b9f7a5cc - <alloc[2e1b2a31b91974c5]::vec::Vec<u8> as core[a373ad73a504971]::io::write::Write>::write_fmt
[INFO] [stdout]    3:     0x5fb5b9f4f0d6 - std[617be2ca0a6fd877]::panicking::default_hook::{closure#0}
[INFO] [stdout]    4:     0x5fb5b9f6cb99 - std[617be2ca0a6fd877]::panicking::default_hook
[INFO] [stdout]    5:     0x5fb5b9f069d0 - test[aada8e7e76ba119b]::test_main_inner::{closure#0}
[INFO] [stdout]    6:     0x5fb5b9f6cd52 - std[617be2ca0a6fd877]::panicking::panic_with_hook
[INFO] [stdout]    7:     0x5fb5b9f4f182 - std[617be2ca0a6fd877]::panicking::panic_handler::{closure#0}
[INFO] [stdout]    8:     0x5fb5b9f47b49 - std[617be2ca0a6fd877]::sys::backtrace::__rust_end_short_backtrace::<std[617be2ca0a6fd877]::panicking::panic_handler::{closure#0}, !>
[INFO] [stdout]    9:     0x5fb5b9f4fd8d - __rustc[ea4f61d10b84890b]::rust_begin_unwind
[INFO] [stdout]   10:     0x5fb5b9f8b8ec - core[a373ad73a504971]::panicking::panic_fmt
[INFO] [stdout]   11:     0x5fb5b9f8b6c2 - core[a373ad73a504971]::result::unwrap_failed
[INFO] [stdout]   12:     0x5fb5b9ee9109 - <cli[78152a86a4860551]::acknowledged_crop_warnings_remain_visible_but_do_not_fail_strict_check::{closure#0} as core[a373ad73a504971]::ops::function::FnOnce<()>>::call_once
[INFO] [stdout]   13:     0x5fb5b9ef9e1b - test[aada8e7e76ba119b]::__rust_begin_short_backtrace::<core[a373ad73a504971]::result::Result<(), alloc[2e1b2a31b91974c5]::string::String>, fn() -> core[a373ad73a504971]::result::Result<(), alloc[2e1b2a31b91974c5]::string::String>>
[INFO] [stdout]   14:     0x5fb5b9f06ff5 - test[aada8e7e76ba119b]::run_test::{closure#0}
[INFO] [stdout]   15:     0x5fb5b9f008e4 - std[617be2ca0a6fd877]::sys::backtrace::__rust_begin_short_backtrace::<test[aada8e7e76ba119b]::run_test::{closure#1}, ()>
[INFO] [stdout]   16:     0x5fb5b9f0a082 - <std[617be2ca0a6fd877]::thread::lifecycle::spawn_unchecked<test[aada8e7e76ba119b]::run_test::{closure#1}, ()>::{closure#1} as core[a373ad73a504971]::ops::function::FnOnce<()>>::call_once::{shim:vtable#0}
[INFO] [stdout]   17:     0x5fb5b9f7533f - <std[617be2ca0a6fd877]::sys::thread::unix::Thread>::new::thread_start
[INFO] [stdout]   18:     0x73674955adfa - <unknown>
[INFO] [stdout]   19:     0x7367495ee3d4 - clone
[INFO] [stdout]   20:                0x0 - <unknown>
[INFO] [stdout] 
[INFO] [stdout] ---- agent_task_output_refuses_existing_unless_forced_and_protects_instruction_files stdout ----
[INFO] [stdout] 
[INFO] [stdout] thread 'agent_task_output_refuses_existing_unless_forced_and_protects_instruction_files' (3510) panicked at tests/cli.rs:3467:45:
[INFO] [stdout] copy fixture image: Os { code: 2, kind: NotFound, message: "No such file or directory" }
[INFO] [stdout] stack backtrace:
[INFO] [stdout]    0:     0x5fb5b9f760e1 - <<std[617be2ca0a6fd877]::sys::backtrace::BacktraceLock>::print::DisplayBacktrace as core[a373ad73a504971]::fmt::Display>::fmt
[INFO] [stdout]    1:     0x5fb5b9f8b1ba - core[a373ad73a504971]::fmt::write
[INFO] [stdout]    2:     0x5fb5b9f7a5cc - <alloc[2e1b2a31b91974c5]::vec::Vec<u8> as core[a373ad73a504971]::io::write::Write>::write_fmt
[INFO] [stdout]    3:     0x5fb5b9f4f0d6 - std[617be2ca0a6fd877]::panicking::default_hook::{closure#0}
[INFO] [stdout]    4:     0x5fb5b9f6cb99 - std[617be2ca0a6fd877]::panicking::default_hook
[INFO] [stdout]    5:     0x5fb5b9f069d0 - test[aada8e7e76ba119b]::test_main_inner::{closure#0}
[INFO] [stdout]    6:     0x5fb5b9f6cd52 - std[617be2ca0a6fd877]::panicking::panic_with_hook
[INFO] [stdout]    7:     0x5fb5b9f4f182 - std[617be2ca0a6fd877]::panicking::panic_handler::{closure#0}
[INFO] [stdout]    8:     0x5fb5b9f47b49 - std[617be2ca0a6fd877]::sys::backtrace::__rust_end_short_backtrace::<std[617be2ca0a6fd877]::panicking::panic_handler::{closure#0}, !>
[INFO] [stdout]    9:     0x5fb5b9f4fd8d - __rustc[ea4f61d10b84890b]::rust_begin_unwind
[INFO] [stdout]   10:     0x5fb5b9f8b8ec - core[a373ad73a504971]::panicking::panic_fmt
[INFO] [stdout]   11:     0x5fb5b9f8b6c2 - core[a373ad73a504971]::result::unwrap_failed
[INFO] [stdout]   12:     0x5fb5b9ebef03 - cli[78152a86a4860551]::fixture_project_with_project_settings
[INFO] [stdout]   13:     0x5fb5b9eeace4 - <cli[78152a86a4860551]::agent_task_output_refuses_existing_unless_forced_and_protects_instruction_files::{closure#0} as core[a373ad73a504971]::ops::function::FnOnce<()>>::call_once
[INFO] [stdout]   14:     0x5fb5b9ef9e1b - test[aada8e7e76ba119b]::__rust_begin_short_backtrace::<core[a373ad73a504971]::result::Result<(), alloc[2e1b2a31b91974c5]::string::String>, fn() -> core[a373ad73a504971]::result::Result<(), alloc[2e1b2a31b91974c5]::string::String>>
[INFO] [stdout]   15:     0x5fb5b9f06ff5 - test[aada8e7e76ba119b]::run_test::{closure#0}
[INFO] [stdout]   16:     0x5fb5b9f008e4 - std[617be2ca0a6fd877]::sys::backtrace::__rust_begin_short_backtrace::<test[aada8e7e76ba119b]::run_test::{closure#1}, ()>
[INFO] [stdout]   17:     0x5fb5b9f0a082 - <std[617be2ca0a6fd877]::thread::lifecycle::spawn_unchecked<test[aada8e7e76ba119b]::run_test::{closure#1}, ()>::{closure#1} as core[a373ad73a504971]::ops::function::FnOnce<()>>::call_once::{shim:vtable#0}
[INFO] [stdout]   18:     0x5fb5b9f7533f - <std[617be2ca0a6fd877]::sys::thread::unix::Thread>::new::thread_start
[INFO] [stdout]   19:     0x73674955adfa - <unknown>
[INFO] [stdout]   20:     0x7367495ee3d4 - clone
[INFO] [stdout]   21:                0x0 - <unknown>
[INFO] [stdout] 
[INFO] [stdout] ---- agent_task_stdout_default_uses_generic_and_keeps_secrets_out stdout ----
[INFO] [stdout] 
[INFO] [stdout] thread 'agent_task_stdout_default_uses_generic_and_keeps_secrets_out' (3511) panicked at tests/cli.rs:3467:45:
[INFO] [stdout] copy fixture image: Os { code: 2, kind: NotFound, message: "No such file or directory" }
[INFO] [stdout] stack backtrace:
[INFO] [stdout]    0:     0x5fb5b9f760e1 - <<std[617be2ca0a6fd877]::sys::backtrace::BacktraceLock>::print::DisplayBacktrace as core[a373ad73a504971]::fmt::Display>::fmt
[INFO] [stdout]    1:     0x5fb5b9f8b1ba - core[a373ad73a504971]::fmt::write
[INFO] [stdout]    2:     0x5fb5b9f7a5cc - <alloc[2e1b2a31b91974c5]::vec::Vec<u8> as core[a373ad73a504971]::io::write::Write>::write_fmt
[INFO] [stdout]    3:     0x5fb5b9f4f0d6 - std[617be2ca0a6fd877]::panicking::default_hook::{closure#0}
[INFO] [stdout]    4:     0x5fb5b9f6cb99 - std[617be2ca0a6fd877]::panicking::default_hook
[INFO] [stdout]    5:     0x5fb5b9f069d0 - test[aada8e7e76ba119b]::test_main_inner::{closure#0}
[INFO] [stdout]    6:     0x5fb5b9f6cd52 - std[617be2ca0a6fd877]::panicking::panic_with_hook
[INFO] [stdout]    7:     0x5fb5b9f4f182 - std[617be2ca0a6fd877]::panicking::panic_handler::{closure#0}
[INFO] [stdout]    8:     0x5fb5b9f47b49 - std[617be2ca0a6fd877]::sys::backtrace::__rust_end_short_backtrace::<std[617be2ca0a6fd877]::panicking::panic_handler::{closure#0}, !>
[INFO] [stdout]    9:     0x5fb5b9f4fd8d - __rustc[ea4f61d10b84890b]::rust_begin_unwind
[INFO] [stdout]   10:     0x5fb5b9f8b8ec - core[a373ad73a504971]::panicking::panic_fmt
[INFO] [stdout]   11:     0x5fb5b9f8b6c2 - core[a373ad73a504971]::result::unwrap_failed
[INFO] [stdout]   12:     0x5fb5b9ebef03 - cli[78152a86a4860551]::fixture_project_with_project_settings
[INFO] [stdout]   13:     0x5fb5b9ee2c74 - <cli[78152a86a4860551]::agent_task_stdout_default_uses_generic_and_keeps_secrets_out::{closure#0} as core[a373ad73a504971]::ops::function::FnOnce<()>>::call_once
[INFO] [stdout]   14:     0x5fb5b9ef9e1b - test[aada8e7e76ba119b]::__rust_begin_short_backtrace::<core[a373ad73a504971]::result::Result<(), alloc[2e1b2a31b91974c5]::string::String>, fn() -> core[a373ad73a504971]::result::Result<(), alloc[2e1b2a31b91974c5]::string::String>>
[INFO] [stdout]   15:     0x5fb5b9f06ff5 - test[aada8e7e76ba119b]::run_test::{closure#0}
[INFO] [stdout]   16:     0x5fb5b9f008e4 - std[617be2ca0a6fd877]::sys::backtrace::__rust_begin_short_backtrace::<test[aada8e7e76ba119b]::run_test::{closure#1}, ()>
[INFO] [stdout]   17:     0x5fb5b9f0a082 - <std[617be2ca0a6fd877]::thread::lifecycle::spawn_unchecked<test[aada8e7e76ba119b]::run_test::{closure#1}, ()>::{closure#1} as core[a373ad73a504971]::ops::function::FnOnce<()>>::call_once::{shim:vtable#0}
[INFO] [stdout]   18:     0x5fb5b9f7533f - <std[617be2ca0a6fd877]::sys::thread::unix::Thread>::new::thread_start
[INFO] [stdout]   19:     0x73674955adfa - <unknown>
[INFO] [stdout]   20:     0x7367495ee3d4 - clone
[INFO] [stdout]   21:                0x0 - <unknown>
[INFO] [stdout] 
[INFO] [stdout] ---- ai_consent_dry_run_works_without_keys_for_both_providers stdout ----
[INFO] [stdout] 
[INFO] [stdout] thread 'ai_consent_dry_run_works_without_keys_for_both_providers' (3515) panicked at tests/cli.rs:3467:45:
[INFO] [stdout] copy fixture image: Os { code: 2, kind: NotFound, message: "No such file or directory" }
[INFO] [stdout] stack backtrace:
[INFO] [stdout]    0:     0x5fb5b9f760e1 - <<std[617be2ca0a6fd877]::sys::backtrace::BacktraceLock>::print::DisplayBacktrace as core[a373ad73a504971]::fmt::Display>::fmt
[INFO] [stdout]    1:     0x5fb5b9f8b1ba - core[a373ad73a504971]::fmt::write
[INFO] [stdout]    2:     0x5fb5b9f7a5cc - <alloc[2e1b2a31b91974c5]::vec::Vec<u8> as core[a373ad73a504971]::io::write::Write>::write_fmt
[INFO] [stdout]    3:     0x5fb5b9f4f0d6 - std[617be2ca0a6fd877]::panicking::default_hook::{closure#0}
[INFO] [stdout]    4:     0x5fb5b9f6cb99 - std[617be2ca0a6fd877]::panicking::default_hook
[INFO] [stdout]    5:     0x5fb5b9f069d0 - test[aada8e7e76ba119b]::test_main_inner::{closure#0}
[INFO] [stdout]    6:     0x5fb5b9f6cd52 - std[617be2ca0a6fd877]::panicking::panic_with_hook
[INFO] [stdout]    7:     0x5fb5b9f4f182 - std[617be2ca0a6fd877]::panicking::panic_handler::{closure#0}
[INFO] [stdout]    8:     0x5fb5b9f47b49 - std[617be2ca0a6fd877]::sys::backtrace::__rust_end_short_backtrace::<std[617be2ca0a6fd877]::panicking::panic_handler::{closure#0}, !>
[INFO] [stdout]    9:     0x5fb5b9f4fd8d - __rustc[ea4f61d10b84890b]::rust_begin_unwind
[INFO] [stdout]   10:     0x5fb5b9f8b8ec - core[a373ad73a504971]::panicking::panic_fmt
[INFO] [stdout]   11:     0x5fb5b9f8b6c2 - core[a373ad73a504971]::result::unwrap_failed
[INFO] [stdout]   12:     0x5fb5b9ebef03 - cli[78152a86a4860551]::fixture_project_with_project_settings
[INFO] [stdout]   13:     0x5fb5b9edab49 - <cli[78152a86a4860551]::ai_consent_dry_run_works_without_keys_for_both_providers::{closure#0} as core[a373ad73a504971]::ops::function::FnOnce<()>>::call_once
[INFO] [stdout]   14:     0x5fb5b9ef9e1b - test[aada8e7e76ba119b]::__rust_begin_short_backtrace::<core[a373ad73a504971]::result::Result<(), alloc[2e1b2a31b91974c5]::string::String>, fn() -> core[a373ad73a504971]::result::Result<(), alloc[2e1b2a31b91974c5]::string::String>>
[INFO] [stdout]   15:     0x5fb5b9f06ff5 - test[aada8e7e76ba119b]::run_test::{closure#0}
[INFO] [stdout]   16:     0x5fb5b9f008e4 - std[617be2ca0a6fd877]::sys::backtrace::__rust_begin_short_backtrace::<test[aada8e7e76ba119b]::run_test::{closure#1}, ()>
[INFO] [stdout]   17:     0x5fb5b9f0a082 - <std[617be2ca0a6fd877]::thread::lifecycle::spawn_unchecked<test[aada8e7e76ba119b]::run_test::{closure#1}, ()>::{closure#1} as core[a373ad73a504971]::ops::function::FnOnce<()>>::call_once::{shim:vtable#0}
[INFO] [stdout]   18:     0x5fb5b9f7533f - <std[617be2ca0a6fd877]::sys::thread::unix::Thread>::new::thread_start
[INFO] [stdout]   19:     0x73674955adfa - <unknown>
[INFO] [stdout]   20:     0x7367495ee3d4 - clone
[INFO] [stdout]   21:                0x0 - <unknown>
[INFO] [stdout] 
[INFO] [stdout] ---- agent_task_includes_warning_context_and_generated_paths stdout ----
[INFO] [stdout] 
[INFO] [stdout] thread 'agent_task_includes_warning_context_and_generated_paths' (3509) panicked at tests/cli.rs:2874:40:
[INFO] [stdout] copy fixture image: Os { code: 2, kind: NotFound, message: "No such file or directory" }
[INFO] [stdout] stack backtrace:
[INFO] [stdout]    0:     0x5fb5b9f760e1 - <<std[617be2ca0a6fd877]::sys::backtrace::BacktraceLock>::print::DisplayBacktrace as core[a373ad73a504971]::fmt::Display>::fmt
[INFO] [stdout]    1:     0x5fb5b9f8b1ba - core[a373ad73a504971]::fmt::write
[INFO] [stdout]    2:     0x5fb5b9f7a5cc - <alloc[2e1b2a31b91974c5]::vec::Vec<u8> as core[a373ad73a504971]::io::write::Write>::write_fmt
[INFO] [stdout]    3:     0x5fb5b9f4f0d6 - std[617be2ca0a6fd877]::panicking::default_hook::{closure#0}
[INFO] [stdout]    4:     0x5fb5b9f6cb99 - std[617be2ca0a6fd877]::panicking::default_hook
[INFO] [stdout]    5:     0x5fb5b9f069d0 - test[aada8e7e76ba119b]::test_main_inner::{closure#0}
[INFO] [stdout]    6:     0x5fb5b9f6cd52 - std[617be2ca0a6fd877]::panicking::panic_with_hook
[INFO] [stdout]    7:     0x5fb5b9f4f182 - std[617be2ca0a6fd877]::panicking::panic_handler::{closure#0}
[INFO] [stdout]    8:     0x5fb5b9f47b49 - std[617be2ca0a6fd877]::sys::backtrace::__rust_end_short_backtrace::<std[617be2ca0a6fd877]::panicking::panic_handler::{closure#0}, !>
[INFO] [stdout]    9:     0x5fb5b9f4fd8d - __rustc[ea4f61d10b84890b]::rust_begin_unwind
[INFO] [stdout]   10:     0x5fb5b9f8b8ec - core[a373ad73a504971]::panicking::panic_fmt
[INFO] [stdout]   11:     0x5fb5b9f8b6c2 - core[a373ad73a504971]::result::unwrap_failed
[INFO] [stdout]   12:     0x5fb5b9ed73de - <cli[78152a86a4860551]::agent_task_includes_warning_context_and_generated_paths::{closure#0} as core[a373ad73a504971]::ops::function::FnOnce<()>>::call_once
[INFO] [stdout]   13:     0x5fb5b9ef9e1b - test[aada8e7e76ba119b]::__rust_begin_short_backtrace::<core[a373ad73a504971]::result::Result<(), alloc[2e1b2a31b91974c5]::string::String>, fn() -> core[a373ad73a504971]::result::Result<(), alloc[2e1b2a31b91974c5]::string::String>>
[INFO] [stdout]   14:     0x5fb5b9f06ff5 - test[aada8e7e76ba119b]::run_test::{closure#0}
[INFO] [stdout]   15:     0x5fb5b9f008e4 - std[617be2ca0a6fd877]::sys::backtrace::__rust_begin_short_backtrace::<test[aada8e7e76ba119b]::run_test::{closure#1}, ()>
[INFO] [stdout]   16:     0x5fb5b9f0a082 - <std[617be2ca0a6fd877]::thread::lifecycle::spawn_unchecked<test[aada8e7e76ba119b]::run_test::{closure#1}, ()>::{closure#1} as core[a373ad73a504971]::ops::function::FnOnce<()>>::call_once::{shim:vtable#0}
[INFO] [stdout]   17:     0x5fb5b9f7533f - <std[617be2ca0a6fd877]::sys::thread::unix::Thread>::new::thread_start
[INFO] [stdout]   18:     0x73674955adfa - <unknown>
[INFO] [stdout]   19:     0x7367495ee3d4 - clone
[INFO] [stdout]   20:                0x0 - <unknown>
[INFO] [stdout] 
[INFO] [stdout] ---- agent_task_custom_config_and_agent_guidance_are_distinct stdout ----
[INFO] [stdout] 
[INFO] [stdout] thread 'agent_task_custom_config_and_agent_guidance_are_distinct' (3508) panicked at tests/cli.rs:2400:40:
[INFO] [stdout] copy fixture image: Os { code: 2, kind: NotFound, message: "No such file or directory" }
[INFO] [stdout] stack backtrace:
[INFO] [stdout]    0:     0x5fb5b9f760e1 - <<std[617be2ca0a6fd877]::sys::backtrace::BacktraceLock>::print::DisplayBacktrace as core[a373ad73a504971]::fmt::Display>::fmt
[INFO] [stdout]    1:     0x5fb5b9f8b1ba - core[a373ad73a504971]::fmt::write
[INFO] [stdout]    2:     0x5fb5b9f7a5cc - <alloc[2e1b2a31b91974c5]::vec::Vec<u8> as core[a373ad73a504971]::io::write::Write>::write_fmt
[INFO] [stdout]    3:     0x5fb5b9f4f0d6 - std[617be2ca0a6fd877]::panicking::default_hook::{closure#0}
[INFO] [stdout]    4:     0x5fb5b9f6cb99 - std[617be2ca0a6fd877]::panicking::default_hook
[INFO] [stdout]    5:     0x5fb5b9f069d0 - test[aada8e7e76ba119b]::test_main_inner::{closure#0}
[INFO] [stdout]    6:     0x5fb5b9f6cd52 - std[617be2ca0a6fd877]::panicking::panic_with_hook
[INFO] [stdout]    7:     0x5fb5b9f4f182 - std[617be2ca0a6fd877]::panicking::panic_handler::{closure#0}
[INFO] [stdout]    8:     0x5fb5b9f47b49 - std[617be2ca0a6fd877]::sys::backtrace::__rust_end_short_backtrace::<std[617be2ca0a6fd877]::panicking::panic_handler::{closure#0}, !>
[INFO] [stdout]    9:     0x5fb5b9f4fd8d - __rustc[ea4f61d10b84890b]::rust_begin_unwind
[INFO] [stdout]   10:     0x5fb5b9f8b8ec - core[a373ad73a504971]::panicking::panic_fmt
[INFO] [stdout]   11:     0x5fb5b9f8b6c2 - core[a373ad73a504971]::result::unwrap_failed
[INFO] [stdout]   12:     0x5fb5b9eda7ad - <cli[78152a86a4860551]::agent_task_custom_config_and_agent_guidance_are_distinct::{closure#0} as core[a373ad73a504971]::ops::function::FnOnce<()>>::call_once
[INFO] [stdout]   13:     0x5fb5b9ef9e1b - test[aada8e7e76ba119b]::__rust_begin_short_backtrace::<core[a373ad73a504971]::result::Result<(), alloc[2e1b2a31b91974c5]::string::String>, fn() -> core[a373ad73a504971]::result::Result<(), alloc[2e1b2a31b91974c5]::string::String>>
[INFO] [stdout]   14:     0x5fb5b9f06ff5 - test[aada8e7e76ba119b]::run_test::{closure#0}
[INFO] [stdout]   15:     0x5fb5b9f008e4 - std[617be2ca0a6fd877]::sys::backtrace::__rust_begin_short_backtrace::<test[aada8e7e76ba119b]::run_test::{closure#1}, ()>
[INFO] [stdout]   16:     0x5fb5b9f0a082 - <std[617be2ca0a6fd877]::thread::lifecycle::spawn_unchecked<test[aada8e7e76ba119b]::run_test::{closure#1}, ()>::{closure#1} as core[a373ad73a504971]::ops::function::FnOnce<()>>::call_once::{shim:vtable#0}
[INFO] [stdout]   17:     0x5fb5b9f7533f - <std[617be2ca0a6fd877]::sys::thread::unix::Thread>::new::thread_start
[INFO] [stdout]   18:     0x73674955adfa - <unknown>
[INFO] [stdout]   19:     0x7367495ee3d4 - clone
[INFO] [stdout]   20:                0x0 - <unknown>
[INFO] [stdout] 
[INFO] [stdout] ---- ai_consent_include_images_and_metadata_only_validation_are_stable stdout ----
[INFO] [stdout] 
[INFO] [stdout] thread 'ai_consent_include_images_and_metadata_only_validation_are_stable' (3516) panicked at tests/cli.rs:3467:45:
[INFO] [stdout] copy fixture image: Os { code: 2, kind: NotFound, message: "No such file or directory" }
[INFO] [stdout] stack backtrace:
[INFO] [stdout]    0:     0x5fb5b9f760e1 - <<std[617be2ca0a6fd877]::sys::backtrace::BacktraceLock>::print::DisplayBacktrace as core[a373ad73a504971]::fmt::Display>::fmt
[INFO] [stdout]    1:     0x5fb5b9f8b1ba - core[a373ad73a504971]::fmt::write
[INFO] [stdout]    2:     0x5fb5b9f7a5cc - <alloc[2e1b2a31b91974c5]::vec::Vec<u8> as core[a373ad73a504971]::io::write::Write>::write_fmt
[INFO] [stdout]    3:     0x5fb5b9f4f0d6 - std[617be2ca0a6fd877]::panicking::default_hook::{closure#0}
[INFO] [stdout]    4:     0x5fb5b9f6cb99 - std[617be2ca0a6fd877]::panicking::default_hook
[INFO] [stdout]    5:     0x5fb5b9f069d0 - test[aada8e7e76ba119b]::test_main_inner::{closure#0}
[INFO] [stdout]    6:     0x5fb5b9f6cd52 - std[617be2ca0a6fd877]::panicking::panic_with_hook
[INFO] [stdout]    7:     0x5fb5b9f4f182 - std[617be2ca0a6fd877]::panicking::panic_handler::{closure#0}
[INFO] [stdout]    8:     0x5fb5b9f47b49 - std[617be2ca0a6fd877]::sys::backtrace::__rust_end_short_backtrace::<std[617be2ca0a6fd877]::panicking::panic_handler::{closure#0}, !>
[INFO] [stdout]    9:     0x5fb5b9f4fd8d - __rustc[ea4f61d10b84890b]::rust_begin_unwind
[INFO] [stdout]   10:     0x5fb5b9f8b8ec - core[a373ad73a504971]::panicking::panic_fmt
[INFO] [stdout]   11:     0x5fb5b9f8b6c2 - core[a373ad73a504971]::result::unwrap_failed
[INFO] [stdout]   12:     0x5fb5b9ebef03 - cli[78152a86a4860551]::fixture_project_with_project_settings
[INFO] [stdout]   13:     0x5fb5b9ee7034 - <cli[78152a86a4860551]::ai_consent_include_images_and_metadata_only_validation_are_stable::{closure#0} as core[a373ad73a504971]::ops::function::FnOnce<()>>::call_once
[INFO] [stdout]   14:     0x5fb5b9ef9e1b - test[aada8e7e76ba119b]::__rust_begin_short_backtrace::<core[a373ad73a504971]::result::Result<(), alloc[2e1b2a31b91974c5]::string::String>, fn() -> core[a373ad73a504971]::result::Result<(), alloc[2e1b2a31b91974c5]::string::String>>
[INFO] [stdout]   15:     0x5fb5b9f06ff5 - test[aada8e7e76ba119b]::run_test::{closure#0}
[INFO] [stdout]   16:     0x5fb5b9f008e4 - std[617be2ca0a6fd877]::sys::backtrace::__rust_begin_short_backtrace::<test[aada8e7e76ba119b]::run_test::{closure#1}, ()>
[INFO] [stdout]   17:     0x5fb5b9f0a082 - <std[617be2ca0a6fd877]::thread::lifecycle::spawn_unchecked<test[aada8e7e76ba119b]::run_test::{closure#1}, ()>::{closure#1} as core[a373ad73a504971]::ops::function::FnOnce<()>>::call_once::{shim:vtable#0}
[INFO] [stdout]   18:     0x5fb5b9f7533f - <std[617be2ca0a6fd877]::sys::thread::unix::Thread>::new::thread_start
[INFO] [stdout]   19:     0x73674955adfa - <unknown>
[INFO] [stdout]   20:     0x7367495ee3d4 - clone
[INFO] [stdout]   21:                0x0 - <unknown>
[INFO] [stdout] 
[INFO] [stdout] ---- ai_consent_loads_project_env_without_leaking_key_values stdout ----
[INFO] [stdout] 
[INFO] [stdout] thread 'ai_consent_loads_project_env_without_leaking_key_values' (3517) panicked at tests/cli.rs:3467:45:
[INFO] [stdout] copy fixture image: Os { code: 2, kind: NotFound, message: "No such file or directory" }
[INFO] [stdout] stack backtrace:
[INFO] [stdout]    0:     0x5fb5b9f760e1 - <<std[617be2ca0a6fd877]::sys::backtrace::BacktraceLock>::print::DisplayBacktrace as core[a373ad73a504971]::fmt::Display>::fmt
[INFO] [stdout]    1:     0x5fb5b9f8b1ba - core[a373ad73a504971]::fmt::write
[INFO] [stdout]    2:     0x5fb5b9f7a5cc - <alloc[2e1b2a31b91974c5]::vec::Vec<u8> as core[a373ad73a504971]::io::write::Write>::write_fmt
[INFO] [stdout]    3:     0x5fb5b9f4f0d6 - std[617be2ca0a6fd877]::panicking::default_hook::{closure#0}
[INFO] [stdout]    4:     0x5fb5b9f6cb99 - std[617be2ca0a6fd877]::panicking::default_hook
[INFO] [stdout]    5:     0x5fb5b9f069d0 - test[aada8e7e76ba119b]::test_main_inner::{closure#0}
[INFO] [stdout]    6:     0x5fb5b9f6cd52 - std[617be2ca0a6fd877]::panicking::panic_with_hook
[INFO] [stdout]    7:     0x5fb5b9f4f182 - std[617be2ca0a6fd877]::panicking::panic_handler::{closure#0}
[INFO] [stdout]    8:     0x5fb5b9f47b49 - std[617be2ca0a6fd877]::sys::backtrace::__rust_end_short_backtrace::<std[617be2ca0a6fd877]::panicking::panic_handler::{closure#0}, !>
[INFO] [stdout]    9:     0x5fb5b9f4fd8d - __rustc[ea4f61d10b84890b]::rust_begin_unwind
[INFO] [stdout]   10:     0x5fb5b9f8b8ec - core[a373ad73a504971]::panicking::panic_fmt
[INFO] [stdout]   11:     0x5fb5b9f8b6c2 - core[a373ad73a504971]::result::unwrap_failed
[INFO] [stdout]   12:     0x5fb5b9ebef03 - cli[78152a86a4860551]::fixture_project_with_project_settings
[INFO] [stdout]   13:     0x5fb5b9ed75c4 - <cli[78152a86a4860551]::ai_consent_loads_project_env_without_leaking_key_values::{closure#0} as core[a373ad73a504971]::ops::function::FnOnce<()>>::call_once
[INFO] [stdout]   14:     0x5fb5b9ef9e1b - test[aada8e7e76ba119b]::__rust_begin_short_backtrace::<core[a373ad73a504971]::result::Result<(), alloc[2e1b2a31b91974c5]::string::String>, fn() -> core[a373ad73a504971]::result::Result<(), alloc[2e1b2a31b91974c5]::string::String>>
[INFO] [stdout]   15:     0x5fb5b9f06ff5 - test[aada8e7e76ba119b]::run_test::{closure#0}
[INFO] [stdout]   16:     0x5fb5b9f008e4 - std[617be2ca0a6fd877]::sys::backtrace::__rust_begin_short_backtrace::<test[aada8e7e76ba119b]::run_test::{closure#1}, ()>
[INFO] [stdout]   17:     0x5fb5b9f0a082 - <std[617be2ca0a6fd877]::thread::lifecycle::spawn_unchecked<test[aada8e7e76ba119b]::run_test::{closure#1}, ()>::{closure#1} as core[a373ad73a504971]::ops::function::FnOnce<()>>::call_once::{shim:vtable#0}
[INFO] [stdout]   18:     0x5fb5b9f7533f - <std[617be2ca0a6fd877]::sys::thread::unix::Thread>::new::thread_start
[INFO] [stdout]   19:     0x73674955adfa - <unknown>
[INFO] [stdout]   20:     0x7367495ee3d4 - clone
[INFO] [stdout]   21:                0x0 - <unknown>
[INFO] [stdout] 
[INFO] [stdout] ---- ai_consent_never_prints_or_writes_fake_keys stdout ----
[INFO] [stdout] 
[INFO] [stdout] thread 'ai_consent_never_prints_or_writes_fake_keys' (3518) panicked at tests/cli.rs:3467:45:
[INFO] [stdout] copy fixture image: Os { code: 2, kind: NotFound, message: "No such file or directory" }
[INFO] [stdout] stack backtrace:
[INFO] [stdout]    0:     0x5fb5b9f760e1 - <<std[617be2ca0a6fd877]::sys::backtrace::BacktraceLock>::print::DisplayBacktrace as core[a373ad73a504971]::fmt::Display>::fmt
[INFO] [stdout]    1:     0x5fb5b9f8b1ba - core[a373ad73a504971]::fmt::write
[INFO] [stdout]    2:     0x5fb5b9f7a5cc - <alloc[2e1b2a31b91974c5]::vec::Vec<u8> as core[a373ad73a504971]::io::write::Write>::write_fmt
[INFO] [stdout]    3:     0x5fb5b9f4f0d6 - std[617be2ca0a6fd877]::panicking::default_hook::{closure#0}
[INFO] [stdout]    4:     0x5fb5b9f6cb99 - std[617be2ca0a6fd877]::panicking::default_hook
[INFO] [stdout]    5:     0x5fb5b9f069d0 - test[aada8e7e76ba119b]::test_main_inner::{closure#0}
[INFO] [stdout]    6:     0x5fb5b9f6cd52 - std[617be2ca0a6fd877]::panicking::panic_with_hook
[INFO] [stdout]    7:     0x5fb5b9f4f182 - std[617be2ca0a6fd877]::panicking::panic_handler::{closure#0}
[INFO] [stdout]    8:     0x5fb5b9f47b49 - std[617be2ca0a6fd877]::sys::backtrace::__rust_end_short_backtrace::<std[617be2ca0a6fd877]::panicking::panic_handler::{closure#0}, !>
[INFO] [stdout]    9:     0x5fb5b9f4fd8d - __rustc[ea4f61d10b84890b]::rust_begin_unwind
[INFO] [stdout]   10:     0x5fb5b9f8b8ec - core[a373ad73a504971]::panicking::panic_fmt
[INFO] [stdout]   11:     0x5fb5b9f8b6c2 - core[a373ad73a504971]::result::unwrap_failed
[INFO] [stdout]   12:     0x5fb5b9ebef03 - cli[78152a86a4860551]::fixture_project_with_project_settings
[INFO] [stdout]   13:     0x5fb5b9ec6829 - <cli[78152a86a4860551]::ai_consent_never_prints_or_writes_fake_keys::{closure#0} as core[a373ad73a504971]::ops::function::FnOnce<()>>::call_once
[INFO] [stdout]   14:     0x5fb5b9ef9e1b - test[aada8e7e76ba119b]::__rust_begin_short_backtrace::<core[a373ad73a504971]::result::Result<(), alloc[2e1b2a31b91974c5]::string::String>, fn() -> core[a373ad73a504971]::result::Result<(), alloc[2e1b2a31b91974c5]::string::String>>
[INFO] [stdout]   15:     0x5fb5b9f06ff5 - test[aada8e7e76ba119b]::run_test::{closure#0}
[INFO] [stdout]   16:     0x5fb5b9f008e4 - std[617be2ca0a6fd877]::sys::backtrace::__rust_begin_short_backtrace::<test[aada8e7e76ba119b]::run_test::{closure#1}, ()>
[INFO] [stdout]   17:     0x5fb5b9f0a082 - <std[617be2ca0a6fd877]::thread::lifecycle::spawn_unchecked<test[aada8e7e76ba119b]::run_test::{closure#1}, ()>::{closure#1} as core[a373ad73a504971]::ops::function::FnOnce<()>>::call_once::{shim:vtable#0}
[INFO] [stdout]   18:     0x5fb5b9f7533f - <std[617be2ca0a6fd877]::sys::thread::unix::Thread>::new::thread_start
[INFO] [stdout]   19:     0x73674955adfa - <unknown>
[INFO] [stdout]   20:     0x7367495ee3d4 - clone
[INFO] [stdout]   21:                0x0 - <unknown>
[INFO] [stdout] 
[INFO] [stdout] ---- ai_consent_output_is_deterministic_and_refuses_overwrite stdout ----
[INFO] [stdout] 
[INFO] [stdout] thread 'ai_consent_output_is_deterministic_and_refuses_overwrite' (3519) panicked at tests/cli.rs:3467:45:
[INFO] [stdout] copy fixture image: Os { code: 2, kind: NotFound, message: "No such file or directory" }
[INFO] [stdout] stack backtrace:
[INFO] [stdout]    0:     0x5fb5b9f760e1 - <<std[617be2ca0a6fd877]::sys::backtrace::BacktraceLock>::print::DisplayBacktrace as core[a373ad73a504971]::fmt::Display>::fmt
[INFO] [stdout]    1:     0x5fb5b9f8b1ba - core[a373ad73a504971]::fmt::write
[INFO] [stdout]    2:     0x5fb5b9f7a5cc - <alloc[2e1b2a31b91974c5]::vec::Vec<u8> as core[a373ad73a504971]::io::write::Write>::write_fmt
[INFO] [stdout]    3:     0x5fb5b9f4f0d6 - std[617be2ca0a6fd877]::panicking::default_hook::{closure#0}
[INFO] [stdout]    4:     0x5fb5b9f6cb99 - std[617be2ca0a6fd877]::panicking::default_hook
[INFO] [stdout]    5:     0x5fb5b9f069d0 - test[aada8e7e76ba119b]::test_main_inner::{closure#0}
[INFO] [stdout]    6:     0x5fb5b9f6cd52 - std[617be2ca0a6fd877]::panicking::panic_with_hook
[INFO] [stdout]    7:     0x5fb5b9f4f182 - std[617be2ca0a6fd877]::panicking::panic_handler::{closure#0}
[INFO] [stdout]    8:     0x5fb5b9f47b49 - std[617be2ca0a6fd877]::sys::backtrace::__rust_end_short_backtrace::<std[617be2ca0a6fd877]::panicking::panic_handler::{closure#0}, !>
[INFO] [stdout]    9:     0x5fb5b9f4fd8d - __rustc[ea4f61d10b84890b]::rust_begin_unwind
[INFO] [stdout]   10:     0x5fb5b9f8b8ec - core[a373ad73a504971]::panicking::panic_fmt
[INFO] [stdout]   11:     0x5fb5b9f8b6c2 - core[a373ad73a504971]::result::unwrap_failed
[INFO] [stdout]   12:     0x5fb5b9ebef03 - cli[78152a86a4860551]::fixture_project_with_project_settings
[INFO] [stdout]   13:     0x5fb5b9edb699 - <cli[78152a86a4860551]::ai_consent_output_is_deterministic_and_refuses_overwrite::{closure#0} as core[a373ad73a504971]::ops::function::FnOnce<()>>::call_once
[INFO] [stdout]   14:     0x5fb5b9ef9e1b - test[aada8e7e76ba119b]::__rust_begin_short_backtrace::<core[a373ad73a504971]::result::Result<(), alloc[2e1b2a31b91974c5]::string::String>, fn() -> core[a373ad73a504971]::result::Result<(), alloc[2e1b2a31b91974c5]::string::String>>
[INFO] [stdout]   15:     0x5fb5b9f06ff5 - test[aada8e7e76ba119b]::run_test::{closure#0}
[INFO] [stdout]   16:     0x5fb5b9f008e4 - std[617be2ca0a6fd877]::sys::backtrace::__rust_begin_short_backtrace::<test[aada8e7e76ba119b]::run_test::{closure#1}, ()>
[INFO] [stdout]   17:     0x5fb5b9f0a082 - <std[617be2ca0a6fd877]::thread::lifecycle::spawn_unchecked<test[aada8e7e76ba119b]::run_test::{closure#1}, ()>::{closure#1} as core[a373ad73a504971]::ops::function::FnOnce<()>>::call_once::{shim:vtable#0}
[INFO] [stdout]   18:     0x5fb5b9f7533f - <std[617be2ca0a6fd877]::sys::thread::unix::Thread>::new::thread_start
[INFO] [stdout]   19:     0x73674955adfa - <unknown>
[INFO] [stdout]   20:     0x7367495ee3d4 - clone
[INFO] [stdout]   21:                0x0 - <unknown>
[INFO] [stdout] 
[INFO] [stdout] ---- ai_consent_preview_includes_generated_outputs_when_manifest_is_readable stdout ----
[INFO] [stdout] 
[INFO] [stdout] thread 'ai_consent_preview_includes_generated_outputs_when_manifest_is_readable' (3520) panicked at tests/cli.rs:3467:45:
[INFO] [stdout] copy fixture image: Os { code: 2, kind: NotFound, message: "No such file or directory" }
[INFO] [stdout] stack backtrace:
[INFO] [stdout]    0:     0x5fb5b9f760e1 - <<std[617be2ca0a6fd877]::sys::backtrace::BacktraceLock>::print::DisplayBacktrace as core[a373ad73a504971]::fmt::Display>::fmt
[INFO] [stdout]    1:     0x5fb5b9f8b1ba - core[a373ad73a504971]::fmt::write
[INFO] [stdout]    2:     0x5fb5b9f7a5cc - <alloc[2e1b2a31b91974c5]::vec::Vec<u8> as core[a373ad73a504971]::io::write::Write>::write_fmt
[INFO] [stdout]    3:     0x5fb5b9f4f0d6 - std[617be2ca0a6fd877]::panicking::default_hook::{closure#0}
[INFO] [stdout]    4:     0x5fb5b9f6cb99 - std[617be2ca0a6fd877]::panicking::default_hook
[INFO] [stdout]    5:     0x5fb5b9f069d0 - test[aada8e7e76ba119b]::test_main_inner::{closure#0}
[INFO] [stdout]    6:     0x5fb5b9f6cd52 - std[617be2ca0a6fd877]::panicking::panic_with_hook
[INFO] [stdout]    7:     0x5fb5b9f4f182 - std[617be2ca0a6fd877]::panicking::panic_handler::{closure#0}
[INFO] [stdout]    8:     0x5fb5b9f47b49 - std[617be2ca0a6fd877]::sys::backtrace::__rust_end_short_backtrace::<std[617be2ca0a6fd877]::panicking::panic_handler::{closure#0}, !>
[INFO] [stdout]    9:     0x5fb5b9f4fd8d - __rustc[ea4f61d10b84890b]::rust_begin_unwind
[INFO] [stdout]   10:     0x5fb5b9f8b8ec - core[a373ad73a504971]::panicking::panic_fmt
[INFO] [stdout]   11:     0x5fb5b9f8b6c2 - core[a373ad73a504971]::result::unwrap_failed
[INFO] [stdout]   12:     0x5fb5b9ebef03 - cli[78152a86a4860551]::fixture_project_with_project_settings
[INFO] [stdout]   13:     0x5fb5b9ee95a4 - <cli[78152a86a4860551]::ai_consent_preview_includes_generated_outputs_when_manifest_is_readable::{closure#0} as core[a373ad73a504971]::ops::function::FnOnce<()>>::call_once
[INFO] [stdout]   14:     0x5fb5b9ef9e1b - test[aada8e7e76ba119b]::__rust_begin_short_backtrace::<core[a373ad73a504971]::result::Result<(), alloc[2e1b2a31b91974c5]::string::String>, fn() -> core[a373ad73a504971]::result::Result<(), alloc[2e1b2a31b91974c5]::string::String>>
[INFO] [stdout]   15:     0x5fb5b9f06ff5 - test[aada8e7e76ba119b]::run_test::{closure#0}
[INFO] [stdout]   16:     0x5fb5b9f008e4 - std[617be2ca0a6fd877]::sys::backtrace::__rust_begin_short_backtrace::<test[aada8e7e76ba119b]::run_test::{closure#1}, ()>
[INFO] [stdout]   17:     0x5fb5b9f0a082 - <std[617be2ca0a6fd877]::thread::lifecycle::spawn_unchecked<test[aada8e7e76ba119b]::run_test::{closure#1}, ()>::{closure#1} as core[a373ad73a504971]::ops::function::FnOnce<()>>::call_once::{shim:vtable#0}
[INFO] [stdout]   18:     0x5fb5b9f7533f - <std[617be2ca0a6fd877]::sys::thread::unix::Thread>::new::thread_start
[INFO] [stdout]   19:     0x73674955adfa - <unknown>
[INFO] [stdout]   20:     0x7367495ee3d4 - clone
[INFO] [stdout]   21:                0x0 - <unknown>
[INFO] [stdout] 
[INFO] [stdout] ---- ai_consent_requires_provider_keys_when_not_dry_run stdout ----
[INFO] [stdout] 
[INFO] [stdout] thread 'ai_consent_requires_provider_keys_when_not_dry_run' (3521) panicked at tests/cli.rs:3467:45:
[INFO] [stdout] copy fixture image: Os { code: 2, kind: NotFound, message: "No such file or directory" }
[INFO] [stdout] stack backtrace:
[INFO] [stdout]    0:     0x5fb5b9f760e1 - <<std[617be2ca0a6fd877]::sys::backtrace::BacktraceLock>::print::DisplayBacktrace as core[a373ad73a504971]::fmt::Display>::fmt
[INFO] [stdout]    1:     0x5fb5b9f8b1ba - core[a373ad73a504971]::fmt::write
[INFO] [stdout]    2:     0x5fb5b9f7a5cc - <alloc[2e1b2a31b91974c5]::vec::Vec<u8> as core[a373ad73a504971]::io::write::Write>::write_fmt
[INFO] [stdout]    3:     0x5fb5b9f4f0d6 - std[617be2ca0a6fd877]::panicking::default_hook::{closure#0}
[INFO] [stdout]    4:     0x5fb5b9f6cb99 - std[617be2ca0a6fd877]::panicking::default_hook
[INFO] [stdout]    5:     0x5fb5b9f069d0 - test[aada8e7e76ba119b]::test_main_inner::{closure#0}
[INFO] [stdout]    6:     0x5fb5b9f6cd52 - std[617be2ca0a6fd877]::panicking::panic_with_hook
[INFO] [stdout]    7:     0x5fb5b9f4f182 - std[617be2ca0a6fd877]::panicking::panic_handler::{closure#0}
[INFO] [stdout]    8:     0x5fb5b9f47b49 - std[617be2ca0a6fd877]::sys::backtrace::__rust_end_short_backtrace::<std[617be2ca0a6fd877]::panicking::panic_handler::{closure#0}, !>
[INFO] [stdout]    9:     0x5fb5b9f4fd8d - __rustc[ea4f61d10b84890b]::rust_begin_unwind
[INFO] [stdout]   10:     0x5fb5b9f8b8ec - core[a373ad73a504971]::panicking::panic_fmt
[INFO] [stdout]   11:     0x5fb5b9f8b6c2 - core[a373ad73a504971]::result::unwrap_failed
[INFO] [stdout]   12:     0x5fb5b9ebef03 - cli[78152a86a4860551]::fixture_project_with_project_settings
[INFO] [stdout]   13:     0x5fb5b9ed1401 - <cli[78152a86a4860551]::ai_consent_requires_provider_keys_when_not_dry_run::{closure#0} as core[a373ad73a504971]::ops::function::FnOnce<()>>::call_once
[INFO] [stdout]   14:     0x5fb5b9ef9e1b - test[aada8e7e76ba119b]::__rust_begin_short_backtrace::<core[a373ad73a504971]::result::Result<(), alloc[2e1b2a31b91974c5]::string::String>, fn() -> core[a373ad73a504971]::result::Result<(), alloc[2e1b2a31b91974c5]::string::String>>
[INFO] [stdout]   15:     0x5fb5b9f06ff5 - test[aada8e7e76ba119b]::run_test::{closure#0}
[INFO] [stdout]   16:     0x5fb5b9f008e4 - std[617be2ca0a6fd877]::sys::backtrace::__rust_begin_short_backtrace::<test[aada8e7e76ba119b]::run_test::{closure#1}, ()>
[INFO] [stdout]   17:     0x5fb5b9f0a082 - <std[617be2ca0a6fd877]::thread::lifecycle::spawn_unchecked<test[aada8e7e76ba119b]::run_test::{closure#1}, ()>::{closure#1} as core[a373ad73a504971]::ops::function::FnOnce<()>>::call_once::{shim:vtable#0}
[INFO] [stdout]   18:     0x5fb5b9f7533f - <std[617be2ca0a6fd877]::sys::thread::unix::Thread>::new::thread_start
[INFO] [stdout]   19:     0x73674955adfa - <unknown>
[INFO] [stdout]   20:     0x7367495ee3d4 - clone
[INFO] [stdout]   21:                0x0 - <unknown>
[INFO] [stdout] 
[INFO] [stdout] ---- alt_metadata_only_writes_json_and_markdown_without_keys stdout ----
[INFO] [stdout] 
[INFO] [stdout] thread 'alt_metadata_only_writes_json_and_markdown_without_keys' (3523) panicked at tests/cli.rs:3467:45:
[INFO] [stdout] copy fixture image: Os { code: 2, kind: NotFound, message: "No such file or directory" }
[INFO] [stdout] stack backtrace:
[INFO] [stdout]    0:     0x5fb5b9f760e1 - <<std[617be2ca0a6fd877]::sys::backtrace::BacktraceLock>::print::DisplayBacktrace as core[a373ad73a504971]::fmt::Display>::fmt
[INFO] [stdout]    1:     0x5fb5b9f8b1ba - core[a373ad73a504971]::fmt::write
[INFO] [stdout]    2:     0x5fb5b9f7a5cc - <alloc[2e1b2a31b91974c5]::vec::Vec<u8> as core[a373ad73a504971]::io::write::Write>::write_fmt
[INFO] [stdout]    3:     0x5fb5b9f4f0d6 - std[617be2ca0a6fd877]::panicking::default_hook::{closure#0}
[INFO] [stdout]    4:     0x5fb5b9f6cb99 - std[617be2ca0a6fd877]::panicking::default_hook
[INFO] [stdout]    5:     0x5fb5b9f069d0 - test[aada8e7e76ba119b]::test_main_inner::{closure#0}
[INFO] [stdout]    6:     0x5fb5b9f6cd52 - std[617be2ca0a6fd877]::panicking::panic_with_hook
[INFO] [stdout]    7:     0x5fb5b9f4f182 - std[617be2ca0a6fd877]::panicking::panic_handler::{closure#0}
[INFO] [stdout]    8:     0x5fb5b9f47b49 - std[617be2ca0a6fd877]::sys::backtrace::__rust_end_short_backtrace::<std[617be2ca0a6fd877]::panicking::panic_handler::{closure#0}, !>
[INFO] [stdout]    9:     0x5fb5b9f4fd8d - __rustc[ea4f61d10b84890b]::rust_begin_unwind
[INFO] [stdout]   10:     0x5fb5b9f8b8ec - core[a373ad73a504971]::panicking::panic_fmt
[INFO] [stdout]   11:     0x5fb5b9f8b6c2 - core[a373ad73a504971]::result::unwrap_failed
[INFO] [stdout]   12:     0x5fb5b9ebef03 - cli[78152a86a4860551]::fixture_project_with_project_settings
[INFO] [stdout]   13:     0x5fb5b9ed7e14 - <cli[78152a86a4860551]::alt_metadata_only_writes_json_and_markdown_without_keys::{closure#0} as core[a373ad73a504971]::ops::function::FnOnce<()>>::call_once
[INFO] [stdout]   14:     0x5fb5b9ef9e1b - test[aada8e7e76ba119b]::__rust_begin_short_backtrace::<core[a373ad73a504971]::result::Result<(), alloc[2e1b2a31b91974c5]::string::String>, fn() -> core[a373ad73a504971]::result::Result<(), alloc[2e1b2a31b91974c5]::string::String>>
[INFO] [stdout]   15:     0x5fb5b9f06ff5 - test[aada8e7e76ba119b]::run_test::{closure#0}
[INFO] [stdout]   16:     0x5fb5b9f008e4 - std[617be2ca0a6fd877]::sys::backtrace::__rust_begin_short_backtrace::<test[aada8e7e76ba119b]::run_test::{closure#1}, ()>
[INFO] [stdout]   17:     0x5fb5b9f0a082 - <std[617be2ca0a6fd877]::thread::lifecycle::spawn_unchecked<test[aada8e7e76ba119b]::run_test::{closure#1}, ()>::{closure#1} as core[a373ad73a504971]::ops::function::FnOnce<()>>::call_once::{shim:vtable#0}
[INFO] [stdout]   18:     0x5fb5b9f7533f - <std[617be2ca0a6fd877]::sys::thread::unix::Thread>::new::thread_start
[INFO] [stdout]   19:     0x73674955adfa - <unknown>
[INFO] [stdout]   20:     0x7367495ee3d4 - clone
[INFO] [stdout]   21:                0x0 - <unknown>
[INFO] [stdout] 
[INFO] [stdout] ---- alt_include_images_dry_run_default_output_and_overwrite_are_stable stdout ----
[INFO] [stdout] 
[INFO] [stdout] thread 'alt_include_images_dry_run_default_output_and_overwrite_are_stable' (3522) panicked at tests/cli.rs:3467:45:
[INFO] [stdout] copy fixture image: Os { code: 2, kind: NotFound, message: "No such file or directory" }
[INFO] [stdout] stack backtrace:
[INFO] [stdout]    0:     0x5fb5b9f760e1 - <<std[617be2ca0a6fd877]::sys::backtrace::BacktraceLock>::print::DisplayBacktrace as core[a373ad73a504971]::fmt::Display>::fmt
[INFO] [stdout]    1:     0x5fb5b9f8b1ba - core[a373ad73a504971]::fmt::write
[INFO] [stdout]    2:     0x5fb5b9f7a5cc - <alloc[2e1b2a31b91974c5]::vec::Vec<u8> as core[a373ad73a504971]::io::write::Write>::write_fmt
[INFO] [stdout]    3:     0x5fb5b9f4f0d6 - std[617be2ca0a6fd877]::panicking::default_hook::{closure#0}
[INFO] [stdout]    4:     0x5fb5b9f6cb99 - std[617be2ca0a6fd877]::panicking::default_hook
[INFO] [stdout]    5:     0x5fb5b9f069d0 - test[aada8e7e76ba119b]::test_main_inner::{closure#0}
[INFO] [stdout]    6:     0x5fb5b9f6cd52 - std[617be2ca0a6fd877]::panicking::panic_with_hook
[INFO] [stdout]    7:     0x5fb5b9f4f182 - std[617be2ca0a6fd877]::panicking::panic_handler::{closure#0}
[INFO] [stdout]    8:     0x5fb5b9f47b49 - std[617be2ca0a6fd877]::sys::backtrace::__rust_end_short_backtrace::<std[617be2ca0a6fd877]::panicking::panic_handler::{closure#0}, !>
[INFO] [stdout]    9:     0x5fb5b9f4fd8d - __rustc[ea4f61d10b84890b]::rust_begin_unwind
[INFO] [stdout]   10:     0x5fb5b9f8b8ec - core[a373ad73a504971]::panicking::panic_fmt
[INFO] [stdout]   11:     0x5fb5b9f8b6c2 - core[a373ad73a504971]::result::unwrap_failed
[INFO] [stdout]   12:     0x5fb5b9ebef03 - cli[78152a86a4860551]::fixture_project_with_project_settings
[INFO] [stdout]   13:     0x5fb5b9ee7934 - <cli[78152a86a4860551]::alt_include_images_dry_run_default_output_and_overwrite_are_stable::{closure#0} as core[a373ad73a504971]::ops::function::FnOnce<()>>::call_once
[INFO] [stdout]   14:     0x5fb5b9ef9e1b - test[aada8e7e76ba119b]::__rust_begin_short_backtrace::<core[a373ad73a504971]::result::Result<(), alloc[2e1b2a31b91974c5]::string::String>, fn() -> core[a373ad73a504971]::result::Result<(), alloc[2e1b2a31b91974c5]::string::String>>
[INFO] [stdout]   15:     0x5fb5b9f06ff5 - test[aada8e7e76ba119b]::run_test::{closure#0}
[INFO] [stdout]   16:     0x5fb5b9f008e4 - std[617be2ca0a6fd877]::sys::backtrace::__rust_begin_short_backtrace::<test[aada8e7e76ba119b]::run_test::{closure#1}, ()>
[INFO] [stdout]   17:     0x5fb5b9f0a082 - <std[617be2ca0a6fd877]::thread::lifecycle::spawn_unchecked<test[aada8e7e76ba119b]::run_test::{closure#1}, ()>::{closure#1} as core[a373ad73a504971]::ops::function::FnOnce<()>>::call_once::{shim:vtable#0}
[INFO] [stdout]   18:     0x5fb5b9f7533f - <std[617be2ca0a6fd877]::sys::thread::unix::Thread>::new::thread_start
[INFO] [stdout]   19:     0x73674955adfa - <unknown>
[INFO] [stdout]   20:     0x7367495ee3d4 - clone
[INFO] [stdout]   21:                0x0 - <unknown>
[INFO] [stdout] 
[INFO] [stdout] ---- alt_validation_and_missing_key_errors_are_stable stdout ----
[INFO] [stdout] 
[INFO] [stdout] thread 'alt_validation_and_missing_key_errors_are_stable' (3526) panicked at tests/cli.rs:3467:45:
[INFO] [stdout] copy fixture image: Os { code: 2, kind: NotFound, message: "No such file or directory" }
[INFO] [stdout] stack backtrace:
[INFO] [stdout]    0:     0x5fb5b9f760e1 - <<std[617be2ca0a6fd877]::sys::backtrace::BacktraceLock>::print::DisplayBacktrace as core[a373ad73a504971]::fmt::Display>::fmt
[INFO] [stdout]    1:     0x5fb5b9f8b1ba - core[a373ad73a504971]::fmt::write
[INFO] [stdout]    2:     0x5fb5b9f7a5cc - <alloc[2e1b2a31b91974c5]::vec::Vec<u8> as core[a373ad73a504971]::io::write::Write>::write_fmt
[INFO] [stdout]    3:     0x5fb5b9f4f0d6 - std[617be2ca0a6fd877]::panicking::default_hook::{closure#0}
[INFO] [stdout]    4:     0x5fb5b9f6cb99 - std[617be2ca0a6fd877]::panicking::default_hook
[INFO] [stdout]    5:     0x5fb5b9f069d0 - test[aada8e7e76ba119b]::test_main_inner::{closure#0}
[INFO] [stdout]    6:     0x5fb5b9f6cd52 - std[617be2ca0a6fd877]::panicking::panic_with_hook
[INFO] [stdout]    7:     0x5fb5b9f4f182 - std[617be2ca0a6fd877]::panicking::panic_handler::{closure#0}
[INFO] [stdout]    8:     0x5fb5b9f47b49 - std[617be2ca0a6fd877]::sys::backtrace::__rust_end_short_backtrace::<std[617be2ca0a6fd877]::panicking::panic_handler::{closure#0}, !>
[INFO] [stdout]    9:     0x5fb5b9f4fd8d - __rustc[ea4f61d10b84890b]::rust_begin_unwind
[INFO] [stdout]   10:     0x5fb5b9f8b8ec - core[a373ad73a504971]::panicking::panic_fmt
[INFO] [stdout]   11:     0x5fb5b9f8b6c2 - core[a373ad73a504971]::result::unwrap_failed
[INFO] [stdout]   12:     0x5fb5b9ebef03 - cli[78152a86a4860551]::fixture_project_with_project_settings
[INFO] [stdout]   13:     0x5fb5b9ecf594 - <cli[78152a86a4860551]::alt_validation_and_missing_key_errors_are_stable::{closure#0} as core[a373ad73a504971]::ops::function::FnOnce<()>>::call_once
[INFO] [stdout]   14:     0x5fb5b9ef9e1b - test[aada8e7e76ba119b]::__rust_begin_short_backtrace::<core[a373ad73a504971]::result::Result<(), alloc[2e1b2a31b91974c5]::string::String>, fn() -> core[a373ad73a504971]::result::Result<(), alloc[2e1b2a31b91974c5]::string::String>>
[INFO] [stdout]   15:     0x5fb5b9f06ff5 - test[aada8e7e76ba119b]::run_test::{closure#0}
[INFO] [stdout]   16:     0x5fb5b9f008e4 - std[617be2ca0a6fd877]::sys::backtrace::__rust_begin_short_backtrace::<test[aada8e7e76ba119b]::run_test::{closure#1}, ()>
[INFO] [stdout]   17:     0x5fb5b9f0a082 - <std[617be2ca0a6fd877]::thread::lifecycle::spawn_unchecked<test[aada8e7e76ba119b]::run_test::{closure#1}, ()>::{closure#1} as core[a373ad73a504971]::ops::function::FnOnce<()>>::call_once::{shim:vtable#0}
[INFO] [stdout]   18:     0x5fb5b9f7533f - <std[617be2ca0a6fd877]::sys::thread::unix::Thread>::new::thread_start
[INFO] [stdout]   19:     0x73674955adfa - <unknown>
[INFO] [stdout]   20:     0x7367495ee3d4 - clone
[INFO] [stdout]   21:                0x0 - <unknown>
[INFO] [stdout] 
[INFO] [stdout] ---- check_config_change_exits_3_for_stale_outputs stdout ----
[INFO] [stdout] 
[INFO] [stdout] thread 'check_config_change_exits_3_for_stale_outputs' (3528) panicked at tests/cli.rs:3467:45:
[INFO] [stdout] copy fixture image: Os { code: 2, kind: NotFound, message: "No such file or directory" }
[INFO] [stdout] stack backtrace:
[INFO] [stdout]    0:     0x5fb5b9f760e1 - <<std[617be2ca0a6fd877]::sys::backtrace::BacktraceLock>::print::DisplayBacktrace as core[a373ad73a504971]::fmt::Display>::fmt
[INFO] [stdout]    1:     0x5fb5b9f8b1ba - core[a373ad73a504971]::fmt::write
[INFO] [stdout]    2:     0x5fb5b9f7a5cc - <alloc[2e1b2a31b91974c5]::vec::Vec<u8> as core[a373ad73a504971]::io::write::Write>::write_fmt
[INFO] [stdout]    3:     0x5fb5b9f4f0d6 - std[617be2ca0a6fd877]::panicking::default_hook::{closure#0}
[INFO] [stdout]    4:     0x5fb5b9f6cb99 - std[617be2ca0a6fd877]::panicking::default_hook
[INFO] [stdout]    5:     0x5fb5b9f069d0 - test[aada8e7e76ba119b]::test_main_inner::{closure#0}
[INFO] [stdout]    6:     0x5fb5b9f6cd52 - std[617be2ca0a6fd877]::panicking::panic_with_hook
[INFO] [stdout]    7:     0x5fb5b9f4f182 - std[617be2ca0a6fd877]::panicking::panic_handler::{closure#0}
[INFO] [stdout]    8:     0x5fb5b9f47b49 - std[617be2ca0a6fd877]::sys::backtrace::__rust_end_short_backtrace::<std[617be2ca0a6fd877]::panicking::panic_handler::{closure#0}, !>
[INFO] [stdout]    9:     0x5fb5b9f4fd8d - __rustc[ea4f61d10b84890b]::rust_begin_unwind
[INFO] [stdout]   10:     0x5fb5b9f8b8ec - core[a373ad73a504971]::panicking::panic_fmt
[INFO] [stdout]   11:     0x5fb5b9f8b6c2 - core[a373ad73a504971]::result::unwrap_failed
[INFO] [stdout]   12:     0x5fb5b9ebef03 - cli[78152a86a4860551]::fixture_project_with_project_settings
[INFO] [stdout]   13:     0x5fb5b9eccb11 - <cli[78152a86a4860551]::check_config_change_exits_3_for_stale_outputs::{closure#0} as core[a373ad73a504971]::ops::function::FnOnce<()>>::call_once
[INFO] [stdout]   14:     0x5fb5b9ef9e1b - test[aada8e7e76ba119b]::__rust_begin_short_backtrace::<core[a373ad73a504971]::result::Result<(), alloc[2e1b2a31b91974c5]::string::String>, fn() -> core[a373ad73a504971]::result::Result<(), alloc[2e1b2a31b91974c5]::string::String>>
[INFO] [stdout]   15:     0x5fb5b9f06ff5 - test[aada8e7e76ba119b]::run_test::{closure#0}
[INFO] [stdout]   16:     0x5fb5b9f008e4 - std[617be2ca0a6fd877]::sys::backtrace::__rust_begin_short_backtrace::<test[aada8e7e76ba119b]::run_test::{closure#1}, ()>
[INFO] [stdout]   17:     0x5fb5b9f0a082 - <std[617be2ca0a6fd877]::thread::lifecycle::spawn_unchecked<test[aada8e7e76ba119b]::run_test::{closure#1}, ()>::{closure#1} as core[a373ad73a504971]::ops::function::FnOnce<()>>::call_once::{shim:vtable#0}
[INFO] [stdout]   18:     0x5fb5b9f7533f - <std[617be2ca0a6fd877]::sys::thread::unix::Thread>::new::thread_start
[INFO] [stdout]   19:     0x73674955adfa - <unknown>
[INFO] [stdout]   20:     0x7367495ee3d4 - clone
[INFO] [stdout]   21:                0x0 - <unknown>
[INFO] [stdout] 
[INFO] [stdout] ---- check_fails_with_exit_3_when_output_is_deleted stdout ----
[INFO] [stdout] 
[INFO] [stdout] thread 'check_fails_with_exit_3_when_output_is_deleted' (3530) panicked at tests/cli.rs:3467:45:
[INFO] [stdout] copy fixture image: Os { code: 2, kind: NotFound, message: "No such file or directory" }
[INFO] [stdout] stack backtrace:
[INFO] [stdout]    0:     0x5fb5b9f760e1 - <<std[617be2ca0a6fd877]::sys::backtrace::BacktraceLock>::print::DisplayBacktrace as core[a373ad73a504971]::fmt::Display>::fmt
[INFO] [stdout]    1:     0x5fb5b9f8b1ba - core[a373ad73a504971]::fmt::write
[INFO] [stdout]    2:     0x5fb5b9f7a5cc - <alloc[2e1b2a31b91974c5]::vec::Vec<u8> as core[a373ad73a504971]::io::write::Write>::write_fmt
[INFO] [stdout]    3:     0x5fb5b9f4f0d6 - std[617be2ca0a6fd877]::panicking::default_hook::{closure#0}
[INFO] [stdout]    4:     0x5fb5b9f6cb99 - std[617be2ca0a6fd877]::panicking::default_hook
[INFO] [stdout]    5:     0x5fb5b9f069d0 - test[aada8e7e76ba119b]::test_main_inner::{closure#0}
[INFO] [stdout]    6:     0x5fb5b9f6cd52 - std[617be2ca0a6fd877]::panicking::panic_with_hook
[INFO] [stdout]    7:     0x5fb5b9f4f182 - std[617be2ca0a6fd877]::panicking::panic_handler::{closure#0}
[INFO] [stdout]    8:     0x5fb5b9f47b49 - std[617be2ca0a6fd877]::sys::backtrace::__rust_end_short_backtrace::<std[617be2ca0a6fd877]::panicking::panic_handler::{closure#0}, !>
[INFO] [stdout]    9:     0x5fb5b9f4fd8d - __rustc[ea4f61d10b84890b]::rust_begin_unwind
[INFO] [stdout]   10:     0x5fb5b9f8b8ec - core[a373ad73a504971]::panicking::panic_fmt
[INFO] [stdout]   11:     0x5fb5b9f8b6c2 - core[a373ad73a504971]::result::unwrap_failed
[INFO] [stdout]   12:     0x5fb5b9ebef03 - cli[78152a86a4860551]::fixture_project_with_project_settings
[INFO] [stdout]   13:     0x5fb5b9ecce59 - <cli[78152a86a4860551]::check_fails_with_exit_3_when_output_is_deleted::{closure#0} as core[a373ad73a504971]::ops::function::FnOnce<()>>::call_once
[INFO] [stdout]   14:     0x5fb5b9ef9e1b - test[aada8e7e76ba119b]::__rust_begin_short_backtrace::<core[a373ad73a504971]::result::Result<(), alloc[2e1b2a31b91974c5]::string::String>, fn() -> core[a373ad73a504971]::result::Result<(), alloc[2e1b2a31b91974c5]::string::String>>
[INFO] [stdout]   15:     0x5fb5b9f06ff5 - test[aada8e7e76ba119b]::run_test::{closure#0}
[INFO] [stdout]   16:     0x5fb5b9f008e4 - std[617be2ca0a6fd877]::sys::backtrace::__rust_begin_short_backtrace::<test[aada8e7e76ba119b]::run_test::{closure#1}, ()>
[INFO] [stdout]   17:     0x5fb5b9f0a082 - <std[617be2ca0a6fd877]::thread::lifecycle::spawn_unchecked<test[aada8e7e76ba119b]::run_test::{closure#1}, ()>::{closure#1} as core[a373ad73a504971]::ops::function::FnOnce<()>>::call_once::{shim:vtable#0}
[INFO] [stdout]   18:     0x5fb5b9f7533f - <std[617be2ca0a6fd877]::sys::thread::unix::Thread>::new::thread_start
[INFO] [stdout]   19:     0x73674955adfa - <unknown>
[INFO] [stdout]   20:     0x7367495ee3d4 - clone
[INFO] [stdout]   21:                0x0 - <unknown>
[INFO] [stdout] 
[INFO] [stdout] ---- check_budget_failure_exits_3 stdout ----
[INFO] [stdout] 
[INFO] [stdout] thread 'check_budget_failure_exits_3' (3527) panicked at tests/cli.rs:3467:45:
[INFO] [stdout] copy fixture image: Os { code: 2, kind: NotFound, message: "No such file or directory" }
[INFO] [stdout] stack backtrace:
[INFO] [stdout]    0:     0x5fb5b9f760e1 - <<std[617be2ca0a6fd877]::sys::backtrace::BacktraceLock>::print::DisplayBacktrace as core[a373ad73a504971]::fmt::Display>::fmt
[INFO] [stdout]    1:     0x5fb5b9f8b1ba - core[a373ad73a504971]::fmt::write
[INFO] [stdout]    2:     0x5fb5b9f7a5cc - <alloc[2e1b2a31b91974c5]::vec::Vec<u8> as core[a373ad73a504971]::io::write::Write>::write_fmt
[INFO] [stdout]    3:     0x5fb5b9f4f0d6 - std[617be2ca0a6fd877]::panicking::default_hook::{closure#0}
[INFO] [stdout]    4:     0x5fb5b9f6cb99 - std[617be2ca0a6fd877]::panicking::default_hook
[INFO] [stdout]    5:     0x5fb5b9f069d0 - test[aada8e7e76ba119b]::test_main_inner::{closure#0}
[INFO] [stdout]    6:     0x5fb5b9f6cd52 - std[617be2ca0a6fd877]::panicking::panic_with_hook
[INFO] [stdout]    7:     0x5fb5b9f4f182 - std[617be2ca0a6fd877]::panicking::panic_handler::{closure#0}
[INFO] [stdout]    8:     0x5fb5b9f47b49 - std[617be2ca0a6fd877]::sys::backtrace::__rust_end_short_backtrace::<std[617be2ca0a6fd877]::panicking::panic_handler::{closure#0}, !>
[INFO] [stdout]    9:     0x5fb5b9f4fd8d - __rustc[ea4f61d10b84890b]::rust_begin_unwind
[INFO] [stdout]   10:     0x5fb5b9f8b8ec - core[a373ad73a504971]::panicking::panic_fmt
[INFO] [stdout]   11:     0x5fb5b9f8b6c2 - core[a373ad73a504971]::result::unwrap_failed
[INFO] [stdout]   12:     0x5fb5b9ebef03 - cli[78152a86a4860551]::fixture_project_with_project_settings
[INFO] [stdout]   13:     0x5fb5b9ec0c71 - <cli[78152a86a4860551]::check_budget_failure_exits_3::{closure#0} as core[a373ad73a504971]::ops::function::FnOnce<()>>::call_once
[INFO] [stdout]   14:     0x5fb5b9ef9e1b - test[aada8e7e76ba119b]::__rust_begin_short_backtrace::<core[a373ad73a504971]::result::Result<(), alloc[2e1b2a31b91974c5]::string::String>, fn() -> core[a373ad73a504971]::result::Result<(), alloc[2e1b2a31b91974c5]::string::String>>
[INFO] [stdout]   15:     0x5fb5b9f06ff5 - test[aada8e7e76ba119b]::run_test::{closure#0}
[INFO] [stdout]   16:     0x5fb5b9f008e4 - std[617be2ca0a6fd877]::sys::backtrace::__rust_begin_short_backtrace::<test[aada8e7e76ba119b]::run_test::{closure#1}, ()>
[INFO] [stdout]   17:     0x5fb5b9f0a082 - <std[617be2ca0a6fd877]::thread::lifecycle::spawn_unchecked<test[aada8e7e76ba119b]::run_test::{closure#1}, ()>::{closure#1} as core[a373ad73a504971]::ops::function::FnOnce<()>>::call_once::{shim:vtable#0}
[INFO] [stdout]   18:     0x5fb5b9f7533f - <std[617be2ca0a6fd877]::sys::thread::unix::Thread>::new::thread_start
[INFO] [stdout]   19:     0x73674955adfa - <unknown>
[INFO] [stdout]   20:     0x7367495ee3d4 - clone
[INFO] [stdout]   21:                0x0 - <unknown>
[INFO] [stdout] 
[INFO] [stdout] ---- check_no_report_keeps_report_path_read_only stdout ----
[INFO] [stdout] 
[INFO] [stdout] thread 'check_no_report_keeps_report_path_read_only' (3531) panicked at tests/cli.rs:3467:45:
[INFO] [stdout] copy fixture image: Os { code: 2, kind: NotFound, message: "No such file or directory" }
[INFO] [stdout] stack backtrace:
[INFO] [stdout]    0:     0x5fb5b9f760e1 - <<std[617be2ca0a6fd877]::sys::backtrace::BacktraceLock>::print::DisplayBacktrace as core[a373ad73a504971]::fmt::Display>::fmt
[INFO] [stdout]    1:     0x5fb5b9f8b1ba - core[a373ad73a504971]::fmt::write
[INFO] [stdout]    2:     0x5fb5b9f7a5cc - <alloc[2e1b2a31b91974c5]::vec::Vec<u8> as core[a373ad73a504971]::io::write::Write>::write_fmt
[INFO] [stdout]    3:     0x5fb5b9f4f0d6 - std[617be2ca0a6fd877]::panicking::default_hook::{closure#0}
[INFO] [stdout]    4:     0x5fb5b9f6cb99 - std[617be2ca0a6fd877]::panicking::default_hook
[INFO] [stdout]    5:     0x5fb5b9f069d0 - test[aada8e7e76ba119b]::test_main_inner::{closure#0}
[INFO] [stdout]    6:     0x5fb5b9f6cd52 - std[617be2ca0a6fd877]::panicking::panic_with_hook
[INFO] [stdout]    7:     0x5fb5b9f4f182 - std[617be2ca0a6fd877]::panicking::panic_handler::{closure#0}
[INFO] [stdout]    8:     0x5fb5b9f47b49 - std[617be2ca0a6fd877]::sys::backtrace::__rust_end_short_backtrace::<std[617be2ca0a6fd877]::panicking::panic_handler::{closure#0}, !>
[INFO] [stdout]    9:     0x5fb5b9f4fd8d - __rustc[ea4f61d10b84890b]::rust_begin_unwind
[INFO] [stdout]   10:     0x5fb5b9f8b8ec - core[a373ad73a504971]::panicking::panic_fmt
[INFO] [stdout]   11:     0x5fb5b9f8b6c2 - core[a373ad73a504971]::result::unwrap_failed
[INFO] [stdout]   12:     0x5fb5b9ebef03 - cli[78152a86a4860551]::fixture_project_with_project_settings
[INFO] [stdout]   13:     0x5fb5b9ec7374 - <cli[78152a86a4860551]::check_no_report_keeps_report_path_read_only::{closure#0} as core[a373ad73a504971]::ops::function::FnOnce<()>>::call_once
[INFO] [stdout]   14:     0x5fb5b9ef9e1b - test[aada8e7e76ba119b]::__rust_begin_short_backtrace::<core[a373ad73a504971]::result::Result<(), alloc[2e1b2a31b91974c5]::string::String>, fn() -> core[a373ad73a504971]::result::Result<(), alloc[2e1b2a31b91974c5]::string::String>>
[INFO] [stdout]   15:     0x5fb5b9f06ff5 - test[aada8e7e76ba119b]::run_test::{closure#0}
[INFO] [stdout]   16:     0x5fb5b9f008e4 - std[617be2ca0a6fd877]::sys::backtrace::__rust_begin_short_backtrace::<test[aada8e7e76ba119b]::run_test::{closure#1}, ()>
[INFO] [stdout]   17:     0x5fb5b9f0a082 - <std[617be2ca0a6fd877]::thread::lifecycle::spawn_unchecked<test[aada8e7e76ba119b]::run_test::{closure#1}, ()>::{closure#1} as core[a373ad73a504971]::ops::function::FnOnce<()>>::call_once::{shim:vtable#0}
[INFO] [stdout]   18:     0x5fb5b9f7533f - <std[617be2ca0a6fd877]::sys::thread::unix::Thread>::new::thread_start
[INFO] [stdout]   19:     0x73674955adfa - <unknown>
[INFO] [stdout]   20:     0x7367495ee3d4 - clone
[INFO] [stdout]   21:                0x0 - <unknown>
[INFO] [stdout] 
[INFO] [stdout] ---- check_fail_on_warning_turns_warning_into_exit_3 stdout ----
[INFO] [stdout] 
[INFO] [stdout] thread 'check_fail_on_warning_turns_warning_into_exit_3' (3529) panicked at tests/cli.rs:3467:45:
[INFO] [stdout] copy fixture image: Os { code: 2, kind: NotFound, message: "No such file or directory" }
[INFO] [stdout] stack backtrace:
[INFO] [stdout]    0:     0x5fb5b9f760e1 - <<std[617be2ca0a6fd877]::sys::backtrace::BacktraceLock>::print::DisplayBacktrace as core[a373ad73a504971]::fmt::Display>::fmt
[INFO] [stdout]    1:     0x5fb5b9f8b1ba - core[a373ad73a504971]::fmt::write
[INFO] [stdout]    2:     0x5fb5b9f7a5cc - <alloc[2e1b2a31b91974c5]::vec::Vec<u8> as core[a373ad73a504971]::io::write::Write>::write_fmt
[INFO] [stdout]    3:     0x5fb5b9f4f0d6 - std[617be2ca0a6fd877]::panicking::default_hook::{closure#0}
[INFO] [stdout]    4:     0x5fb5b9f6cb99 - std[617be2ca0a6fd877]::panicking::default_hook
[INFO] [stdout]    5:     0x5fb5b9f069d0 - test[aada8e7e76ba119b]::test_main_inner::{closure#0}
[INFO] [stdout]    6:     0x5fb5b9f6cd52 - std[617be2ca0a6fd877]::panicking::panic_with_hook
[INFO] [stdout]    7:     0x5fb5b9f4f182 - std[617be2ca0a6fd877]::panicking::panic_handler::{closure#0}
[INFO] [stdout]    8:     0x5fb5b9f47b49 - std[617be2ca0a6fd877]::sys::backtrace::__rust_end_short_backtrace::<std[617be2ca0a6fd877]::panicking::panic_handler::{closure#0}, !>
[INFO] [stdout]    9:     0x5fb5b9f4fd8d - __rustc[ea4f61d10b84890b]::rust_begin_unwind
[INFO] [stdout]   10:     0x5fb5b9f8b8ec - core[a373ad73a504971]::panicking::panic_fmt
[INFO] [stdout]   11:     0x5fb5b9f8b6c2 - core[a373ad73a504971]::result::unwrap_failed
[INFO] [stdout]   12:     0x5fb5b9ebef03 - cli[78152a86a4860551]::fixture_project_with_project_settings
[INFO] [stdout]   13:     0x5fb5b9eceb4e - <cli[78152a86a4860551]::check_fail_on_warning_turns_warning_into_exit_3::{closure#0} as core[a373ad73a504971]::ops::function::FnOnce<()>>::call_once
[INFO] [stdout]   14:     0x5fb5b9ef9e1b - test[aada8e7e76ba119b]::__rust_begin_short_backtrace::<core[a373ad73a504971]::result::Result<(), alloc[2e1b2a31b91974c5]::string::String>, fn() -> core[a373ad73a504971]::result::Result<(), alloc[2e1b2a31b91974c5]::string::String>>
[INFO] [stdout]   15:     0x5fb5b9f06ff5 - test[aada8e7e76ba119b]::run_test::{closure#0}
[INFO] [stdout]   16:     0x5fb5b9f008e4 - std[617be2ca0a6fd877]::sys::backtrace::__rust_begin_short_backtrace::<test[aada8e7e76ba119b]::run_test::{closure#1}, ()>
[INFO] [stdout]   17:     0x5fb5b9f0a082 - <std[617be2ca0a6fd877]::thread::lifecycle::spawn_unchecked<test[aada8e7e76ba119b]::run_test::{closure#1}, ()>::{closure#1} as core[a373ad73a504971]::ops::function::FnOnce<()>>::call_once::{shim:vtable#0}
[INFO] [stdout]   18:     0x5fb5b9f7533f - <std[617be2ca0a6fd877]::sys::thread::unix::Thread>::new::thread_start
[INFO] [stdout]   19:     0x73674955adfa - <unknown>
[INFO] [stdout]   20:     0x7367495ee3d4 - clone
[INFO] [stdout]   21:                0x0 - <unknown>
[INFO] [stdout] 
[INFO] [stdout] ---- default_config_commands_work_from_project_root stdout ----
[INFO] [stdout] 
[INFO] [stdout] thread 'default_config_commands_work_from_project_root' (3534) panicked at tests/cli.rs:3467:45:
[INFO] [stdout] copy fixture image: Os { code: 2, kind: NotFound, message: "No such file or directory" }
[INFO] [stdout] stack backtrace:
[INFO] [stdout]    0:     0x5fb5b9f760e1 - <<std[617be2ca0a6fd877]::sys::backtrace::BacktraceLock>::print::DisplayBacktrace as core[a373ad73a504971]::fmt::Display>::fmt
[INFO] [stdout]    1:     0x5fb5b9f8b1ba - core[a373ad73a504971]::fmt::write
[INFO] [stdout]    2:     0x5fb5b9f7a5cc - <alloc[2e1b2a31b91974c5]::vec::Vec<u8> as core[a373ad73a504971]::io::write::Write>::write_fmt
[INFO] [stdout]    3:     0x5fb5b9f4f0d6 - std[617be2ca0a6fd877]::panicking::default_hook::{closure#0}
[INFO] [stdout]    4:     0x5fb5b9f6cb99 - std[617be2ca0a6fd877]::panicking::default_hook
[INFO] [stdout]    5:     0x5fb5b9f069d0 - test[aada8e7e76ba119b]::test_main_inner::{closure#0}
[INFO] [stdout]    6:     0x5fb5b9f6cd52 - std[617be2ca0a6fd877]::panicking::panic_with_hook
[INFO] [stdout]    7:     0x5fb5b9f4f182 - std[617be2ca0a6fd877]::panicking::panic_handler::{closure#0}
[INFO] [stdout]    8:     0x5fb5b9f47b49 - std[617be2ca0a6fd877]::sys::backtrace::__rust_end_short_backtrace::<std[617be2ca0a6fd877]::panicking::panic_handler::{closure#0}, !>
[INFO] [stdout]    9:     0x5fb5b9f4fd8d - __rustc[ea4f61d10b84890b]::rust_begin_unwind
[INFO] [stdout]   10:     0x5fb5b9f8b8ec - core[a373ad73a504971]::panicking::panic_fmt
[INFO] [stdout]   11:     0x5fb5b9f8b6c2 - core[a373ad73a504971]::result::unwrap_failed
[INFO] [stdout]   12:     0x5fb5b9ebef03 - cli[78152a86a4860551]::fixture_project_with_project_settings
[INFO] [stdout]   13:     0x5fb5b9ecd211 - <cli[78152a86a4860551]::default_config_commands_work_from_project_root::{closure#0} as core[a373ad73a504971]::ops::function::FnOnce<()>>::call_once
[INFO] [stdout]   14:     0x5fb5b9ef9e1b - test[aada8e7e76ba119b]::__rust_begin_short_backtrace::<core[a373ad73a504971]::result::Result<(), alloc[2e1b2a31b91974c5]::string::String>, fn() -> core[a373ad73a504971]::result::Result<(), alloc[2e1b2a31b91974c5]::string::String>>
[INFO] [stdout]   15:     0x5fb5b9f06ff5 - test[aada8e7e76ba119b]::run_test::{closure#0}
[INFO] [stdout]   16:     0x5fb5b9f008e4 - std[617be2ca0a6fd877]::sys::backtrace::__rust_begin_short_backtrace::<test[aada8e7e76ba119b]::run_test::{closure#1}, ()>
[INFO] [stdout]   17:     0x5fb5b9f0a082 - <std[617be2ca0a6fd877]::thread::lifecycle::spawn_unchecked<test[aada8e7e76ba119b]::run_test::{closure#1}, ()>::{closure#1} as core[a373ad73a504971]::ops::function::FnOnce<()>>::call_once::{shim:vtable#0}
[INFO] [stdout]   18:     0x5fb5b9f7533f - <std[617be2ca0a6fd877]::sys::thread::unix::Thread>::new::thread_start
[INFO] [stdout]   19:     0x73674955adfa - <unknown>
[INFO] [stdout]   20:     0x7367495ee3d4 - clone
[INFO] [stdout]   21:                0x0 - <unknown>
[INFO] [stdout] 
[INFO] [stdout] ---- content_hash_filename_mode_is_checkable stdout ----
[INFO] [stdout] 
[INFO] [stdout] thread 'content_hash_filename_mode_is_checkable' (3533) panicked at tests/cli.rs:3467:45:
[INFO] [stdout] copy fixture image: Os { code: 2, kind: NotFound, message: "No such file or directory" }
[INFO] [stdout] stack backtrace:
[INFO] [stdout]    0:     0x5fb5b9f760e1 - <<std[617be2ca0a6fd877]::sys::backtrace::BacktraceLock>::print::DisplayBacktrace as core[a373ad73a504971]::fmt::Display>::fmt
[INFO] [stdout]    1:     0x5fb5b9f8b1ba - core[a373ad73a504971]::fmt::write
[INFO] [stdout]    2:     0x5fb5b9f7a5cc - <alloc[2e1b2a31b91974c5]::vec::Vec<u8> as core[a373ad73a504971]::io::write::Write>::write_fmt
[INFO] [stdout]    3:     0x5fb5b9f4f0d6 - std[617be2ca0a6fd877]::panicking::default_hook::{closure#0}
[INFO] [stdout]    4:     0x5fb5b9f6cb99 - std[617be2ca0a6fd877]::panicking::default_hook
[INFO] [stdout]    5:     0x5fb5b9f069d0 - test[aada8e7e76ba119b]::test_main_inner::{closure#0}
[INFO] [stdout]    6:     0x5fb5b9f6cd52 - std[617be2ca0a6fd877]::panicking::panic_with_hook
[INFO] [stdout]    7:     0x5fb5b9f4f182 - std[617be2ca0a6fd877]::panicking::panic_handler::{closure#0}
[INFO] [stdout]    8:     0x5fb5b9f47b49 - std[617be2ca0a6fd877]::sys::backtrace::__rust_end_short_backtrace::<std[617be2ca0a6fd877]::panicking::panic_handler::{closure#0}, !>
[INFO] [stdout]    9:     0x5fb5b9f4fd8d - __rustc[ea4f61d10b84890b]::rust_begin_unwind
[INFO] [stdout]   10:     0x5fb5b9f8b8ec - core[a373ad73a504971]::panicking::panic_fmt
[INFO] [stdout]   11:     0x5fb5b9f8b6c2 - core[a373ad73a504971]::result::unwrap_failed
[INFO] [stdout]   12:     0x5fb5b9ebef03 - cli[78152a86a4860551]::fixture_project_with_project_settings
[INFO] [stdout]   13:     0x5fb5b9ec520e - <cli[78152a86a4860551]::content_hash_filename_mode_is_checkable::{closure#0} as core[a373ad73a504971]::ops::function::FnOnce<()>>::call_once
[INFO] [stdout]   14:     0x5fb5b9ef9e1b - test[aada8e7e76ba119b]::__rust_begin_short_backtrace::<core[a373ad73a504971]::result::Result<(), alloc[2e1b2a31b91974c5]::string::String>, fn() -> core[a373ad73a504971]::result::Result<(), alloc[2e1b2a31b91974c5]::string::String>>
[INFO] [stdout]   15:     0x5fb5b9f06ff5 - test[aada8e7e76ba119b]::run_test::{closure#0}
[INFO] [stdout]   16:     0x5fb5b9f008e4 - std[617be2ca0a6fd877]::sys::backtrace::__rust_begin_short_backtrace::<test[aada8e7e76ba119b]::run_test::{closure#1}, ()>
[INFO] [stdout]   17:     0x5fb5b9f0a082 - <std[617be2ca0a6fd877]::thread::lifecycle::spawn_unchecked<test[aada8e7e76ba119b]::run_test::{closure#1}, ()>::{closure#1} as core[a373ad73a504971]::ops::function::FnOnce<()>>::call_once::{shim:vtable#0}
[INFO] [stdout]   18:     0x5fb5b9f7533f - <std[617be2ca0a6fd877]::sys::thread::unix::Thread>::new::thread_start
[INFO] [stdout]   19:     0x73674955adfa - <unknown>
[INFO] [stdout]   20:     0x7367495ee3d4 - clone
[INFO] [stdout]   21:                0x0 - <unknown>
[INFO] [stdout] 
[INFO] [stdout] ---- deterministic_commands_keep_provider_secrets_out_of_output stdout ----
[INFO] [stdout] 
[INFO] [stdout] thread 'deterministic_commands_keep_provider_secrets_out_of_output' (3537) panicked at tests/cli.rs:3467:45:
[INFO] [stdout] copy fixture image: Os { code: 2, kind: NotFound, message: "No such file or directory" }
[INFO] [stdout] stack backtrace:
[INFO] [stdout]    0:     0x5fb5b9f760e1 - <<std[617be2ca0a6fd877]::sys::backtrace::BacktraceLock>::print::DisplayBacktrace as core[a373ad73a504971]::fmt::Display>::fmt
[INFO] [stdout]    1:     0x5fb5b9f8b1ba - core[a373ad73a504971]::fmt::write
[INFO] [stdout]    2:     0x5fb5b9f7a5cc - <alloc[2e1b2a31b91974c5]::vec::Vec<u8> as core[a373ad73a504971]::io::write::Write>::write_fmt
[INFO] [stdout]    3:     0x5fb5b9f4f0d6 - std[617be2ca0a6fd877]::panicking::default_hook::{closure#0}
[INFO] [stdout]    4:     0x5fb5b9f6cb99 - std[617be2ca0a6fd877]::panicking::default_hook
[INFO] [stdout]    5:     0x5fb5b9f069d0 - test[aada8e7e76ba119b]::test_main_inner::{closure#0}
[INFO] [stdout]    6:     0x5fb5b9f6cd52 - std[617be2ca0a6fd877]::panicking::panic_with_hook
[INFO] [stdout]    7:     0x5fb5b9f4f182 - std[617be2ca0a6fd877]::panicking::panic_handler::{closure#0}
[INFO] [stdout]    8:     0x5fb5b9f47b49 - std[617be2ca0a6fd877]::sys::backtrace::__rust_end_short_backtrace::<std[617be2ca0a6fd877]::panicking::panic_handler::{closure#0}, !>
[INFO] [stdout]    9:     0x5fb5b9f4fd8d - __rustc[ea4f61d10b84890b]::rust_begin_unwind
[INFO] [stdout]   10:     0x5fb5b9f8b8ec - core[a373ad73a504971]::panicking::panic_fmt
[INFO] [stdout]   11:     0x5fb5b9f8b6c2 - core[a373ad73a504971]::result::unwrap_failed
[INFO] [stdout]   12:     0x5fb5b9ebef03 - cli[78152a86a4860551]::fixture_project_with_project_settings
[INFO] [stdout]   13:     0x5fb5b9edd5e4 - <cli[78152a86a4860551]::deterministic_commands_keep_provider_secrets_out_of_output::{closure#0} as core[a373ad73a504971]::ops::function::FnOnce<()>>::call_once
[INFO] [stdout]   14:     0x5fb5b9ef9e1b - test[aada8e7e76ba119b]::__rust_begin_short_backtrace::<core[a373ad73a504971]::result::Result<(), alloc[2e1b2a31b91974c5]::string::String>, fn() -> core[a373ad73a504971]::result::Result<(), alloc[2e1b2a31b91974c5]::string::String>>
[INFO] [stdout]   15:     0x5fb5b9f06ff5 - test[aada8e7e76ba119b]::run_test::{closure#0}
[INFO] [stdout]   16:     0x5fb5b9f008e4 - std[617be2ca0a6fd877]::sys::backtrace::__rust_begin_short_backtrace::<test[aada8e7e76ba119b]::run_test::{closure#1}, ()>
[INFO] [stdout]   17:     0x5fb5b9f0a082 - <std[617be2ca0a6fd877]::thread::lifecycle::spawn_unchecked<test[aada8e7e76ba119b]::run_test::{closure#1}, ()>::{closure#1} as core[a373ad73a504971]::ops::function::FnOnce<()>>::call_once::{shim:vtable#0}
[INFO] [stdout]   18:     0x5fb5b9f7533f - <std[617be2ca0a6fd877]::sys::thread::unix::Thread>::new::thread_start
[INFO] [stdout]   19:     0x73674955adfa - <unknown>
[INFO] [stdout]   20:     0x7367495ee3d4 - clone
[INFO] [stdout]   21:                0x0 - <unknown>
[INFO] [stdout] 
[INFO] [stdout] ---- doctor_detects_manifest_export_drift stdout ----
[INFO] [stdout] 
[INFO] [stdout] thread 'doctor_detects_manifest_export_drift' (3538) panicked at tests/cli.rs:3467:45:
[INFO] [stdout] copy fixture image: Os { code: 2, kind: NotFound, message: "No such file or directory" }
[INFO] [stdout] stack backtrace:
[INFO] [stdout]    0:     0x5fb5b9f760e1 - <<std[617be2ca0a6fd877]::sys::backtrace::BacktraceLock>::print::DisplayBacktrace as core[a373ad73a504971]::fmt::Display>::fmt
[INFO] [stdout]    1:     0x5fb5b9f8b1ba - core[a373ad73a504971]::fmt::write
[INFO] [stdout]    2:     0x5fb5b9f7a5cc - <alloc[2e1b2a31b91974c5]::vec::Vec<u8> as core[a373ad73a504971]::io::write::Write>::write_fmt
[INFO] [stdout]    3:     0x5fb5b9f4f0d6 - std[617be2ca0a6fd877]::panicking::default_hook::{closure#0}
[INFO] [stdout]    4:     0x5fb5b9f6cb99 - std[617be2ca0a6fd877]::panicking::default_hook
[INFO] [stdout]    5:     0x5fb5b9f069d0 - test[aada8e7e76ba119b]::test_main_inner::{closure#0}
[INFO] [stdout]    6:     0x5fb5b9f6cd52 - std[617be2ca0a6fd877]::panicking::panic_with_hook
[INFO] [stdout]    7:     0x5fb5b9f4f182 - std[617be2ca0a6fd877]::panicking::panic_handler::{closure#0}
[INFO] [stdout]    8:     0x5fb5b9f47b49 - std[617be2ca0a6fd877]::sys::backtrace::__rust_end_short_backtrace::<std[617be2ca0a6fd877]::panicking::panic_handler::{closure#0}, !>
[INFO] [stdout]    9:     0x5fb5b9f4fd8d - __rustc[ea4f61d10b84890b]::rust_begin_unwind
[INFO] [stdout]   10:     0x5fb5b9f8b8ec - core[a373ad73a504971]::panicking::panic_fmt
[INFO] [stdout]   11:     0x5fb5b9f8b6c2 - core[a373ad73a504971]::result::unwrap_failed
[INFO] [stdout]   12:     0x5fb5b9ebef03 - cli[78152a86a4860551]::fixture_project_with_project_settings
[INFO] [stdout]   13:     0x5fb5b9ec2c69 - <cli[78152a86a4860551]::doctor_detects_manifest_export_drift::{closure#0} as core[a373ad73a504971]::ops::function::FnOnce<()>>::call_once
[INFO] [stdout]   14:     0x5fb5b9ef9e1b - test[aada8e7e76ba119b]::__rust_begin_short_backtrace::<core[a373ad73a504971]::result::Result<(), alloc[2e1b2a31b91974c5]::string::String>, fn() -> core[a373ad73a504971]::result::Result<(), alloc[2e1b2a31b91974c5]::string::String>>
[INFO] [stdout]   15:     0x5fb5b9f06ff5 - test[aada8e7e76ba119b]::run_test::{closure#0}
[INFO] [stdout]   16:     0x5fb5b9f008e4 - std[617be2ca0a6fd877]::sys::backtrace::__rust_begin_short_backtrace::<test[aada8e7e76ba119b]::run_test::{closure#1}, ()>
[INFO] [stdout]   17:     0x5fb5b9f0a082 - <std[617be2ca0a6fd877]::thread::lifecycle::spawn_unchecked<test[aada8e7e76ba119b]::run_test::{closure#1}, ()>::{closure#1} as core[a373ad73a504971]::ops::function::FnOnce<()>>::call_once::{shim:vtable#0}
[INFO] [stdout]   18:     0x5fb5b9f7533f - <std[617be2ca0a6fd877]::sys::thread::unix::Thread>::new::thread_start
[INFO] [stdout]   19:     0x73674955adfa - <unknown>
[INFO] [stdout]   20:     0x7367495ee3d4 - clone
[INFO] [stdout]   21:                0x0 - <unknown>
[INFO] [stdout] 
[INFO] [stdout] ---- doctor_export_output_suppresses_framework_helper_warning stdout ----
[INFO] [stdout] 
[INFO] [stdout] thread 'doctor_export_output_suppresses_framework_helper_warning' (3539) panicked at tests/cli.rs:3467:45:
[INFO] [stdout] copy fixture image: Os { code: 2, kind: NotFound, message: "No such file or directory" }
[INFO] [stdout] stack backtrace:
[INFO] [stdout]    0:     0x5fb5b9f760e1 - <<std[617be2ca0a6fd877]::sys::backtrace::BacktraceLock>::print::DisplayBacktrace as core[a373ad73a504971]::fmt::Display>::fmt
[INFO] [stdout]    1:     0x5fb5b9f8b1ba - core[a373ad73a504971]::fmt::write
[INFO] [stdout]    2:     0x5fb5b9f7a5cc - <alloc[2e1b2a31b91974c5]::vec::Vec<u8> as core[a373ad73a504971]::io::write::Write>::write_fmt
[INFO] [stdout]    3:     0x5fb5b9f4f0d6 - std[617be2ca0a6fd877]::panicking::default_hook::{closure#0}
[INFO] [stdout]    4:     0x5fb5b9f6cb99 - std[617be2ca0a6fd877]::panicking::default_hook
[INFO] [stdout]    5:     0x5fb5b9f069d0 - test[aada8e7e76ba119b]::test_main_inner::{closure#0}
[INFO] [stdout]    6:     0x5fb5b9f6cd52 - std[617be2ca0a6fd877]::panicking::panic_with_hook
[INFO] [stdout]    7:     0x5fb5b9f4f182 - std[617be2ca0a6fd877]::panicking::panic_handler::{closure#0}
[INFO] [stdout]    8:     0x5fb5b9f47b49 - std[617be2ca0a6fd877]::sys::backtrace::__rust_end_short_backtrace::<std[617be2ca0a6fd877]::panicking::panic_handler::{closure#0}, !>
[INFO] [stdout]    9:     0x5fb5b9f4fd8d - __rustc[ea4f61d10b84890b]::rust_begin_unwind
[INFO] [stdout]   10:     0x5fb5b9f8b8ec - core[a373ad73a504971]::panicking::panic_fmt
[INFO] [stdout]   11:     0x5fb5b9f8b6c2 - core[a373ad73a504971]::result::unwrap_failed
[INFO] [stdout]   12:     0x5fb5b9ebef03 - cli[78152a86a4860551]::fixture_project_with_project_settings
[INFO] [stdout]   13:     0x5fb5b9edc3ae - <cli[78152a86a4860551]::doctor_export_output_suppresses_framework_helper_warning::{closure#0} as core[a373ad73a504971]::ops::function::FnOnce<()>>::call_once
[INFO] [stdout]   14:     0x5fb5b9ef9e1b - test[aada8e7e76ba119b]::__rust_begin_short_backtrace::<core[a373ad73a504971]::result::Result<(), alloc[2e1b2a31b91974c5]::string::String>, fn() -> core[a373ad73a504971]::result::Result<(), alloc[2e1b2a31b91974c5]::string::String>>
[INFO] [stdout]   15:     0x5fb5b9f06ff5 - test[aada8e7e76ba119b]::run_test::{closure#0}
[INFO] [stdout]   16:     0x5fb5b9f008e4 - std[617be2ca0a6fd877]::sys::backtrace::__rust_begin_short_backtrace::<test[aada8e7e76ba119b]::run_test::{closure#1}, ()>
[INFO] [stdout]   17:     0x5fb5b9f0a082 - <std[617be2ca0a6fd877]::thread::lifecycle::spawn_unchecked<test[aada8e7e76ba119b]::run_test::{closure#1}, ()>::{closure#1} as core[a373ad73a504971]::ops::function::FnOnce<()>>::call_once::{shim:vtable#0}
[INFO] [stdout]   18:     0x5fb5b9f7533f - <std[617be2ca0a6fd877]::sys::thread::unix::Thread>::new::thread_start
[INFO] [stdout]   19:     0x73674955adfa - <unknown>
[INFO] [stdout]   20:     0x7367495ee3d4 - clone
[INFO] [stdout]   21:                0x0 - <unknown>
[INFO] [stdout] 
[INFO] [stdout] ---- doctor_framework_detection_handles_none_and_mixed_projects stdout ----
[INFO] [stdout] 
[INFO] [stdout] thread 'doctor_framework_detection_handles_none_and_mixed_projects' (3540) panicked at tests/cli.rs:3467:45:
[INFO] [stdout] copy fixture image: Os { code: 2, kind: NotFound, message: "No such file or directory" }
[INFO] [stdout] stack backtrace:
[INFO] [stdout]    0:     0x5fb5b9f760e1 - <<std[617be2ca0a6fd877]::sys::backtrace::BacktraceLock>::print::DisplayBacktrace as core[a373ad73a504971]::fmt::Display>::fmt
[INFO] [stdout]    1:     0x5fb5b9f8b1ba - core[a373ad73a504971]::fmt::write
[INFO] [stdout]    2:     0x5fb5b9f7a5cc - <alloc[2e1b2a31b91974c5]::vec::Vec<u8> as core[a373ad73a504971]::io::write::Write>::write_fmt
[INFO] [stdout]    3:     0x5fb5b9f4f0d6 - std[617be2ca0a6fd877]::panicking::default_hook::{closure#0}
[INFO] [stdout]    4:     0x5fb5b9f6cb99 - std[617be2ca0a6fd877]::panicking::default_hook
[INFO] [stdout]    5:     0x5fb5b9f069d0 - test[aada8e7e76ba119b]::test_main_inner::{closure#0}
[INFO] [stdout]    6:     0x5fb5b9f6cd52 - std[617be2ca0a6fd877]::panicking::panic_with_hook
[INFO] [stdout]    7:     0x5fb5b9f4f182 - std[617be2ca0a6fd877]::panicking::panic_handler::{closure#0}
[INFO] [stdout]    8:     0x5fb5b9f47b49 - std[617be2ca0a6fd877]::sys::backtrace::__rust_end_short_backtrace::<std[617be2ca0a6fd877]::panicking::panic_handler::{closure#0}, !>
[INFO] [stdout]    9:     0x5fb5b9f4fd8d - __rustc[ea4f61d10b84890b]::rust_begin_unwind
[INFO] [stdout]   10:     0x5fb5b9f8b8ec - core[a373ad73a504971]::panicking::panic_fmt
[INFO] [stdout]   11:     0x5fb5b9f8b6c2 - core[a373ad73a504971]::result::unwrap_failed
[INFO] [stdout]   12:     0x5fb5b9ebef03 - cli[78152a86a4860551]::fixture_project_with_project_settings
[INFO] [stdout]   13:     0x5fb5b9eddd09 - <cli[78152a86a4860551]::doctor_framework_detection_handles_none_and_mixed_projects::{closure#0} as core[a373ad73a504971]::ops::function::FnOnce<()>>::call_once
[INFO] [stdout]   14:     0x5fb5b9ef9e1b - test[aada8e7e76ba119b]::__rust_begin_short_backtrace::<core[a373ad73a504971]::result::Result<(), alloc[2e1b2a31b91974c5]::string::String>, fn() -> core[a373ad73a504971]::result::Result<(), alloc[2e1b2a31b91974c5]::string::String>>
[INFO] [stdout]   15:     0x5fb5b9f06ff5 - test[aada8e7e76ba119b]::run_test::{closure#0}
[INFO] [stdout]   16:     0x5fb5b9f008e4 - std[617be2ca0a6fd877]::sys::backtrace::__rust_begin_short_backtrace::<test[aada8e7e76ba119b]::run_test::{closure#1}, ()>
[INFO] [stdout]   17:     0x5fb5b9f0a082 - <std[617be2ca0a6fd877]::thread::lifecycle::spawn_unchecked<test[aada8e7e76ba119b]::run_test::{closure#1}, ()>::{closure#1} as core[a373ad73a504971]::ops::function::FnOnce<()>>::call_once::{shim:vtable#0}
[INFO] [stdout]   18:     0x5fb5b9f7533f - <std[617be2ca0a6fd877]::sys::thread::unix::Thread>::new::thread_start
[INFO] [stdout]   19:     0x73674955adfa - <unknown>
[INFO] [stdout]   20:     0x7367495ee3d4 - clone
[INFO] [stdout]   21:                0x0 - <unknown>
[INFO] [stdout] 
[INFO] [stdout] ---- doctor_passes_after_optimize_and_emits_json stdout ----
[INFO] [stdout] 
[INFO] [stdout] thread 'doctor_passes_after_optimize_and_emits_json' (3541) panicked at tests/cli.rs:3467:45:
[INFO] [stdout] copy fixture image: Os { code: 2, kind: NotFound, message: "No such file or directory" }
[INFO] [stdout] stack backtrace:
[INFO] [stdout]    0:     0x5fb5b9f760e1 - <<std[617be2ca0a6fd877]::sys::backtrace::BacktraceLock>::print::DisplayBacktrace as core[a373ad73a504971]::fmt::Display>::fmt
[INFO] [stdout]    1:     0x5fb5b9f8b1ba - core[a373ad73a504971]::fmt::write
[INFO] [stdout]    2:     0x5fb5b9f7a5cc - <alloc[2e1b2a31b91974c5]::vec::Vec<u8> as core[a373ad73a504971]::io::write::Write>::write_fmt
[INFO] [stdout]    3:     0x5fb5b9f4f0d6 - std[617be2ca0a6fd877]::panicking::default_hook::{closure#0}
[INFO] [stdout]    4:     0x5fb5b9f6cb99 - std[617be2ca0a6fd877]::panicking::default_hook
[INFO] [stdout]    5:     0x5fb5b9f069d0 - test[aada8e7e76ba119b]::test_main_inner::{closure#0}
[INFO] [stdout]    6:     0x5fb5b9f6cd52 - std[617be2ca0a6fd877]::panicking::panic_with_hook
[INFO] [stdout]    7:     0x5fb5b9f4f182 - std[617be2ca0a6fd877]::panicking::panic_handler::{closure#0}
[INFO] [stdout]    8:     0x5fb5b9f47b49 - std[617be2ca0a6fd877]::sys::backtrace::__rust_end_short_backtrace::<std[617be2ca0a6fd877]::panicking::panic_handler::{closure#0}, !>
[INFO] [stdout]    9:     0x5fb5b9f4fd8d - __rustc[ea4f61d10b84890b]::rust_begin_unwind
[INFO] [stdout]   10:     0x5fb5b9f8b8ec - core[a373ad73a504971]::panicking::panic_fmt
[INFO] [stdout]   11:     0x5fb5b9f8b6c2 - core[a373ad73a504971]::result::unwrap_failed
[INFO] [stdout]   12:     0x5fb5b9ebef03 - cli[78152a86a4860551]::fixture_project_with_project_settings
[INFO] [stdout]   13:     0x5fb5b9ec7804 - <cli[78152a86a4860551]::doctor_passes_after_optimize_and_emits_json::{closure#0} as core[a373ad73a504971]::ops::function::FnOnce<()>>::call_once
[INFO] [stdout]   14:     0x5fb5b9ef9e1b - test[aada8e7e76ba119b]::__rust_begin_short_backtrace::<core[a373ad73a504971]::result::Result<(), alloc[2e1b2a31b91974c5]::string::String>, fn() -> core[a373ad73a504971]::result::Result<(), alloc[2e1b2a31b91974c5]::string::String>>
[INFO] [stdout]   15:     0x5fb5b9f06ff5 - test[aada8e7e76ba119b]::run_test::{closure#0}
[INFO] [stdout]   16:     0x5fb5b9f008e4 - std[617be2ca0a6fd877]::sys::backtrace::__rust_begin_short_backtrace::<test[aada8e7e76ba119b]::run_test::{closure#1}, ()>
[INFO] [stdout]   17:     0x5fb5b9f0a082 - <std[617be2ca0a6fd877]::thread::lifecycle::spawn_unchecked<test[aada8e7e76ba119b]::run_test::{closure#1}, ()>::{closure#1} as core[a373ad73a504971]::ops::function::FnOnce<()>>::call_once::{shim:vtable#0}
[INFO] [stdout]   18:     0x5fb5b9f7533f - <std[617be2ca0a6fd877]::sys::thread::unix::Thread>::new::thread_start
[INFO] [stdout]   19:     0x73674955adfa - <unknown>
[INFO] [stdout]   20:     0x7367495ee3d4 - clone
[INFO] [stdout]   21:                0x0 - <unknown>
[INFO] [stdout] 
[INFO] [stdout] ---- doctor_reports_framework_consumption_helpers stdout ----
[INFO] [stdout] 
[INFO] [stdout] thread 'doctor_reports_framework_consumption_helpers' (3543) panicked at tests/cli.rs:3467:45:
[INFO] [stdout] copy fixture image: Os { code: 2, kind: NotFound, message: "No such file or directory" }
[INFO] [stdout] stack backtrace:
[INFO] [stdout]    0:     0x5fb5b9f760e1 - <<std[617be2ca0a6fd877]::sys::backtrace::BacktraceLock>::print::DisplayBacktrace as core[a373ad73a504971]::fmt::Display>::fmt
[INFO] [stdout]    1:     0x5fb5b9f8b1ba - core[a373ad73a504971]::fmt::write
[INFO] [stdout]    2:     0x5fb5b9f7a5cc - <alloc[2e1b2a31b91974c5]::vec::Vec<u8> as core[a373ad73a504971]::io::write::Write>::write_fmt
[INFO] [stdout]    3:     0x5fb5b9f4f0d6 - std[617be2ca0a6fd877]::panicking::default_hook::{closure#0}
[INFO] [stdout]    4:     0x5fb5b9f6cb99 - std[617be2ca0a6fd877]::panicking::default_hook
[INFO] [stdout]    5:     0x5fb5b9f069d0 - test[aada8e7e76ba119b]::test_main_inner::{closure#0}
[INFO] [stdout]    6:     0x5fb5b9f6cd52 - std[617be2ca0a6fd877]::panicking::panic_with_hook
[INFO] [stdout]    7:     0x5fb5b9f4f182 - std[617be2ca0a6fd877]::panicking::panic_handler::{closure#0}
[INFO] [stdout]    8:     0x5fb5b9f47b49 - std[617be2ca0a6fd877]::sys::backtrace::__rust_end_short_backtrace::<std[617be2ca0a6fd877]::panicking::panic_handler::{closure#0}, !>
[INFO] [stdout]    9:     0x5fb5b9f4fd8d - __rustc[ea4f61d10b84890b]::rust_begin_unwind
[INFO] [stdout]   10:     0x5fb5b9f8b8ec - core[a373ad73a504971]::panicking::panic_fmt
[INFO] [stdout]   11:     0x5fb5b9f8b6c2 - core[a373ad73a504971]::result::unwrap_failed
[INFO] [stdout]   12:     0x5fb5b9ebef03 - cli[78152a86a4860551]::fixture_project_with_project_settings
[INFO] [stdout]   13:     0x5fb5b9ecacf9 - <cli[78152a86a4860551]::doctor_reports_framework_consumption_helpers::{closure#0} as core[a373ad73a504971]::ops::function::FnOnce<()>>::call_once
[INFO] [stdout]   14:     0x5fb5b9ef9e1b - test[aada8e7e76ba119b]::__rust_begin_short_backtrace::<core[a373ad73a504971]::result::Result<(), alloc[2e1b2a31b91974c5]::string::String>, fn() -> core[a373ad73a504971]::result::Result<(), alloc[2e1b2a31b91974c5]::string::String>>
[INFO] [stdout]   15:     0x5fb5b9f06ff5 - test[aada8e7e76ba119b]::run_test::{closure#0}
[INFO] [stdout]   16:     0x5fb5b9f008e4 - std[617be2ca0a6fd877]::sys::backtrace::__rust_begin_short_backtrace::<test[aada8e7e76ba119b]::run_test::{closure#1}, ()>
[INFO] [stdout]   17:     0x5fb5b9f0a082 - <std[617be2ca0a6fd877]::thread::lifecycle::spawn_unchecked<test[aada8e7e76ba119b]::run_test::{closure#1}, ()>::{closure#1} as core[a373ad73a504971]::ops::function::FnOnce<()>>::call_once::{shim:vtable#0}
[INFO] [stdout]   18:     0x5fb5b9f7533f - <std[617be2ca0a6fd877]::sys::thread::unix::Thread>::new::thread_start
[INFO] [stdout]   19:     0x73674955adfa - <unknown>
[INFO] [stdout]   20:     0x7367495ee3d4 - clone
[INFO] [stdout]   21:                0x0 - <unknown>
[INFO] [stdout] 
[INFO] [stdout] ---- doctor_reports_framework_diagnostics stdout ----
[INFO] [stdout] 
[INFO] [stdout] thread 'doctor_reports_framework_diagnostics' (3544) panicked at tests/cli.rs:3467:45:
[INFO] [stdout] copy fixture image: Os { code: 2, kind: NotFound, message: "No such file or directory" }
[INFO] [stdout] stack backtrace:
[INFO] [stdout]    0:     0x5fb5b9f760e1 - <<std[617be2ca0a6fd877]::sys::backtrace::BacktraceLock>::print::DisplayBacktrace as core[a373ad73a504971]::fmt::Display>::fmt
[INFO] [stdout]    1:     0x5fb5b9f8b1ba - core[a373ad73a504971]::fmt::write
[INFO] [stdout]    2:     0x5fb5b9f7a5cc - <alloc[2e1b2a31b91974c5]::vec::Vec<u8> as core[a373ad73a504971]::io::write::Write>::write_fmt
[INFO] [stdout]    3:     0x5fb5b9f4f0d6 - std[617be2ca0a6fd877]::panicking::default_hook::{closure#0}
[INFO] [stdout]    4:     0x5fb5b9f6cb99 - std[617be2ca0a6fd877]::panicking::default_hook
[INFO] [stdout]    5:     0x5fb5b9f069d0 - test[aada8e7e76ba119b]::test_main_inner::{closure#0}
[INFO] [stdout]    6:     0x5fb5b9f6cd52 - std[617be2ca0a6fd877]::panicking::panic_with_hook
[INFO] [stdout]    7:     0x5fb5b9f4f182 - std[617be2ca0a6fd877]::panicking::panic_handler::{closure#0}
[INFO] [stdout]    8:     0x5fb5b9f47b49 - std[617be2ca0a6fd877]::sys::backtrace::__rust_end_short_backtrace::<std[617be2ca0a6fd877]::panicking::panic_handler::{closure#0}, !>
[INFO] [stdout]    9:     0x5fb5b9f4fd8d - __rustc[ea4f61d10b84890b]::rust_begin_unwind
[INFO] [stdout]   10:     0x5fb5b9f8b8ec - core[a373ad73a504971]::panicking::panic_fmt
[INFO] [stdout]   11:     0x5fb5b9f8b6c2 - core[a373ad73a504971]::result::unwrap_failed
[INFO] [stdout]   12:     0x5fb5b9ebef03 - cli[78152a86a4860551]::fixture_project_with_project_settings
[INFO] [stdout]   13:     0x5fb5b9ec3884 - <cli[78152a86a4860551]::doctor_reports_framework_diagnostics::{closure#0} as core[a373ad73a504971]::ops::function::FnOnce<()>>::call_once
[INFO] [stdout]   14:     0x5fb5b9ef9e1b - test[aada8e7e76ba119b]::__rust_begin_short_backtrace::<core[a373ad73a504971]::result::Result<(), alloc[2e1b2a31b91974c5]::string::String>, fn() -> core[a373ad73a504971]::result::Result<(), alloc[2e1b2a31b91974c5]::string::String>>
[INFO] [stdout]   15:     0x5fb5b9f06ff5 - test[aada8e7e76ba119b]::run_test::{closure#0}
[INFO] [stdout]   16:     0x5fb5b9f008e4 - std[617be2ca0a6fd877]::sys::backtrace::__rust_begin_short_backtrace::<test[aada8e7e76ba119b]::run_test::{closure#1}, ()>
[INFO] [stdout]   17:     0x5fb5b9f0a082 - <std[617be2ca0a6fd877]::thread::lifecycle::spawn_unchecked<test[aada8e7e76ba119b]::run_test::{closure#1}, ()>::{closure#1} as core[a373ad73a504971]::ops::function::FnOnce<()>>::call_once::{shim:vtable#0}
[INFO] [stdout]   18:     0x5fb5b9f7533f - <std[617be2ca0a6fd877]::sys::thread::unix::Thread>::new::thread_start
[INFO] [stdout]   19:     0x73674955adfa - <unknown>
[INFO] [stdout]   20:     0x7367495ee3d4 - clone
[INFO] [stdout]   21:                0x0 - <unknown>
[INFO] [stdout] 
[INFO] [stdout] ---- doctor_reports_stale_output_and_budget_failure stdout ----
[INFO] [stdout] 
[INFO] [stdout] thread 'doctor_reports_stale_output_and_budget_failure' (3546) panicked at tests/cli.rs:3467:45:
[INFO] [stdout] copy fixture image: Os { code: 2, kind: NotFound, message: "No such file or directory" }
[INFO] [stdout] stack backtrace:
[INFO] [stdout]    0:     0x5fb5b9f760e1 - <<std[617be2ca0a6fd877]::sys::backtrace::BacktraceLock>::print::DisplayBacktrace as core[a373ad73a504971]::fmt::Display>::fmt
[INFO] [stderr] error: test failed, to rerun pass `--test cli`
[INFO] [stdout]    1:     0x5fb5b9f8b1ba - core[a373ad73a504971]::fmt::write
[INFO] [stdout]    2:     0x5fb5b9f7a5cc - <alloc[2e1b2a31b91974c5]::vec::Vec<u8> as core[a373ad73a504971]::io::write::Write>::write_fmt
[INFO] [stdout]    3:     0x5fb5b9f4f0d6 - std[617be2ca0a6fd877]::panicking::default_hook::{closure#0}
[INFO] [stdout]    4:     0x5fb5b9f6cb99 - std[617be2ca0a6fd877]::panicking::default_hook
[INFO] [stdout]    5:     0x5fb5b9f069d0 - test[aada8e7e76ba119b]::test_main_inner::{closure#0}
[INFO] [stdout]    6:     0x5fb5b9f6cd52 - std[617be2ca0a6fd877]::panicking::panic_with_hook
[INFO] [stdout]    7:     0x5fb5b9f4f182 - std[617be2ca0a6fd877]::panicking::panic_handler::{closure#0}
[INFO] [stdout]    8:     0x5fb5b9f47b49 - std[617be2ca0a6fd877]::sys::backtrace::__rust_end_short_backtrace::<std[617be2ca0a6fd877]::panicking::panic_handler::{closure#0}, !>
[INFO] [stdout]    9:     0x5fb5b9f4fd8d - __rustc[ea4f61d10b84890b]::rust_begin_unwind
[INFO] [stdout]   10:     0x5fb5b9f8b8ec - core[a373ad73a504971]::panicking::panic_fmt
[INFO] [stdout]   11:     0x5fb5b9f8b6c2 - core[a373ad73a504971]::result::unwrap_failed
[INFO] [stdout]   12:     0x5fb5b9ebef03 - cli[78152a86a4860551]::fixture_project_with_project_settings
[INFO] [stdout]   13:     0x5fb5b9ecd599 - <cli[78152a86a4860551]::doctor_reports_stale_output_and_budget_failure::{closure#0} as core[a373ad73a504971]::ops::function::FnOnce<()>>::call_once
[INFO] [stdout]   14:     0x5fb5b9ef9e1b - test[aada8e7e76ba119b]::__rust_begin_short_backtrace::<core[a373ad73a504971]::result::Result<(), alloc[2e1b2a31b91974c5]::string::String>, fn() -> core[a373ad73a504971]::result::Result<(), alloc[2e1b2a31b91974c5]::string::String>>
[INFO] [stdout]   15:     0x5fb5b9f06ff5 - test[aada8e7e76ba119b]::run_test::{closure#0}
[INFO] [stdout]   16:     0x5fb5b9f008e4 - std[617be2ca0a6fd877]::sys::backtrace::__rust_begin_short_backtrace::<test[aada8e7e76ba119b]::run_test::{closure#1}, ()>
[INFO] [stdout]   17:     0x5fb5b9f0a082 - <std[617be2ca0a6fd877]::thread::lifecycle::spawn_unchecked<test[aada8e7e76ba119b]::run_test::{closure#1}, ()>::{closure#1} as core[a373ad73a504971]::ops::function::FnOnce<()>>::call_once::{shim:vtable#0}
[INFO] [stdout]   18:     0x5fb5b9f7533f - <std[617be2ca0a6fd877]::sys::thread::unix::Thread>::new::thread_start
[INFO] [stdout]   19:     0x73674955adfa - <unknown>
[INFO] [stdout]   20:     0x7367495ee3d4 - clone
[INFO] [stdout]   21:                0x0 - <unknown>
[INFO] [stdout] 
[INFO] [stdout] ---- doctor_reports_missing_manifest_without_writing stdout ----
[INFO] [stdout] 
[INFO] [stdout] thread 'doctor_reports_missing_manifest_without_writing' (3545) panicked at tests/cli.rs:3467:45:
[INFO] [stdout] copy fixture image: Os { code: 2, kind: NotFound, message: "No such file or directory" }
[INFO] [stdout] stack backtrace:
[INFO] [stdout]    0:     0x5fb5b9f760e1 - <<std[617be2ca0a6fd877]::sys::backtrace::BacktraceLock>::print::DisplayBacktrace as core[a373ad73a504971]::fmt::Display>::fmt
[INFO] [stdout]    1:     0x5fb5b9f8b1ba - core[a373ad73a504971]::fmt::write
[INFO] [stdout]    2:     0x5fb5b9f7a5cc - <alloc[2e1b2a31b91974c5]::vec::Vec<u8> as core[a373ad73a504971]::io::write::Write>::write_fmt
[INFO] [stdout]    3:     0x5fb5b9f4f0d6 - std[617be2ca0a6fd877]::panicking::default_hook::{closure#0}
[INFO] [stdout]    4:     0x5fb5b9f6cb99 - std[617be2ca0a6fd877]::panicking::default_hook
[INFO] [stdout]    5:     0x5fb5b9f069d0 - test[aada8e7e76ba119b]::test_main_inner::{closure#0}
[INFO] [stdout]    6:     0x5fb5b9f6cd52 - std[617be2ca0a6fd877]::panicking::panic_with_hook
[INFO] [stdout]    7:     0x5fb5b9f4f182 - std[617be2ca0a6fd877]::panicking::panic_handler::{closure#0}
[INFO] [stdout]    8:     0x5fb5b9f47b49 - std[617be2ca0a6fd877]::sys::backtrace::__rust_end_short_backtrace::<std[617be2ca0a6fd877]::panicking::panic_handler::{closure#0}, !>
[INFO] [stdout]    9:     0x5fb5b9f4fd8d - __rustc[ea4f61d10b84890b]::rust_begin_unwind
[INFO] [stdout]   10:     0x5fb5b9f8b8ec - core[a373ad73a504971]::panicking::panic_fmt
[INFO] [stdout]   11:     0x5fb5b9f8b6c2 - core[a373ad73a504971]::result::unwrap_failed
[INFO] [stdout]   12:     0x5fb5b9ebef03 - cli[78152a86a4860551]::fixture_project_with_project_settings
[INFO] [stdout]   13:     0x5fb5b9ecee41 - <cli[78152a86a4860551]::doctor_reports_missing_manifest_without_writing::{closure#0} as core[a373ad73a504971]::ops::function::FnOnce<()>>::call_once
[INFO] [stdout]   14:     0x5fb5b9ef9e1b - test[aada8e7e76ba119b]::__rust_begin_short_backtrace::<core[a373ad73a504971]::result::Result<(), alloc[2e1b2a31b91974c5]::string::String>, fn() -> core[a373ad73a504971]::result::Result<(), alloc[2e1b2a31b91974c5]::string::String>>
[INFO] [stdout]   15:     0x5fb5b9f06ff5 - test[aada8e7e76ba119b]::run_test::{closure#0}
[INFO] [stdout]   16:     0x5fb5b9f008e4 - std[617be2ca0a6fd877]::sys::backtrace::__rust_begin_short_backtrace::<test[aada8e7e76ba119b]::run_test::{closure#1}, ()>
[INFO] [stdout]   17:     0x5fb5b9f0a082 - <std[617be2ca0a6fd877]::thread::lifecycle::spawn_unchecked<test[aada8e7e76ba119b]::run_test::{closure#1}, ()>::{closure#1} as core[a373ad73a504971]::ops::function::FnOnce<()>>::call_once::{shim:vtable#0}
[INFO] [stdout]   18:     0x5fb5b9f7533f - <std[617be2ca0a6fd877]::sys::thread::unix::Thread>::new::thread_start
[INFO] [stdout]   19:     0x73674955adfa - <unknown>
[INFO] [stdout]   20:     0x7367495ee3d4 - clone
[INFO] [stdout]   21:                0x0 - <unknown>
[INFO] [stdout] 
[INFO] [stdout] ---- dogfood_example_flow_covers_frontend_assets stdout ----
[INFO] [stdout] 
[INFO] [stdout] thread 'dogfood_example_flow_covers_frontend_assets' (3547) panicked at tests/cli.rs:3575:37:
[INFO] [stdout] read source dir: Os { code: 2, kind: NotFound, message: "No such file or directory" }
[INFO] [stdout] stack backtrace:
[INFO] [stdout]    0:     0x5fb5b9f760e1 - <<std[617be2ca0a6fd877]::sys::backtrace::BacktraceLock>::print::DisplayBacktrace as core[a373ad73a504971]::fmt::Display>::fmt
[INFO] [stdout]    1:     0x5fb5b9f8b1ba - core[a373ad73a504971]::fmt::write
[INFO] [stdout]    2:     0x5fb5b9f7a5cc - <alloc[2e1b2a31b91974c5]::vec::Vec<u8> as core[a373ad73a504971]::io::write::Write>::write_fmt
[INFO] [stdout]    3:     0x5fb5b9f4f0d6 - std[617be2ca0a6fd877]::panicking::default_hook::{closure#0}
[INFO] [stdout]    4:     0x5fb5b9f6cb99 - std[617be2ca0a6fd877]::panicking::default_hook
[INFO] [stdout]    5:     0x5fb5b9f069d0 - test[aada8e7e76ba119b]::test_main_inner::{closure#0}
[INFO] [stdout]    6:     0x5fb5b9f6cd52 - std[617be2ca0a6fd877]::panicking::panic_with_hook
[INFO] [stdout]    7:     0x5fb5b9f4f182 - std[617be2ca0a6fd877]::panicking::panic_handler::{closure#0}
[INFO] [stdout]    8:     0x5fb5b9f47b49 - std[617be2ca0a6fd877]::sys::backtrace::__rust_end_short_backtrace::<std[617be2ca0a6fd877]::panicking::panic_handler::{closure#0}, !>
[INFO] [stdout]    9:     0x5fb5b9f4fd8d - __rustc[ea4f61d10b84890b]::rust_begin_unwind
[INFO] [stdout]   10:     0x5fb5b9f8b8ec - core[a373ad73a504971]::panicking::panic_fmt
[INFO] [stdout]   11:     0x5fb5b9f8b6c2 - core[a373ad73a504971]::result::unwrap_failed
[INFO] [stdout]   12:     0x5fb5b9ebe27f - cli[78152a86a4860551]::copy_dir_all
[INFO] [stdout]   13:     0x5fb5b9ec7fb9 - <cli[78152a86a4860551]::dogfood_example_flow_covers_frontend_assets::{closure#0} as core[a373ad73a504971]::ops::function::FnOnce<()>>::call_once
[INFO] [stdout]   14:     0x5fb5b9ef9e1b - test[aada8e7e76ba119b]::__rust_begin_short_backtrace::<core[a373ad73a504971]::result::Result<(), alloc[2e1b2a31b91974c5]::string::String>, fn() -> core[a373ad73a504971]::result::Result<(), alloc[2e1b2a31b91974c5]::string::String>>
[INFO] [stdout]   15:     0x5fb5b9f06ff5 - test[aada8e7e76ba119b]::run_test::{closure#0}
[INFO] [stdout]   16:     0x5fb5b9f008e4 - std[617be2ca0a6fd877]::sys::backtrace::__rust_begin_short_backtrace::<test[aada8e7e76ba119b]::run_test::{closure#1}, ()>
[INFO] [stdout]   17:     0x5fb5b9f0a082 - <std[617be2ca0a6fd877]::thread::lifecycle::spawn_unchecked<test[aada8e7e76ba119b]::run_test::{closure#1}, ()>::{closure#1} as core[a373ad73a504971]::ops::function::FnOnce<()>>::call_once::{shim:vtable#0}
[INFO] [stdout]   18:     0x5fb5b9f7533f - <std[617be2ca0a6fd877]::sys::thread::unix::Thread>::new::thread_start
[INFO] [stdout]   19:     0x73674955adfa - <unknown>
[INFO] [stdout]   20:     0x7367495ee3d4 - clone
[INFO] [stdout]   21:                0x0 - <unknown>
[INFO] [stdout] 
[INFO] [stdout] ---- draft_dry_run_works_without_keys_for_both_providers stdout ----
[INFO] [stdout] 
[INFO] [stdout] thread 'draft_dry_run_works_without_keys_for_both_providers' (3548) panicked at tests/cli.rs:3467:45:
[INFO] [stdout] copy fixture image: Os { code: 2, kind: NotFound, message: "No such file or directory" }
[INFO] [stdout] stack backtrace:
[INFO] [stdout]    0:     0x5fb5b9f760e1 - <<std[617be2ca0a6fd877]::sys::backtrace::BacktraceLock>::print::DisplayBacktrace as core[a373ad73a504971]::fmt::Display>::fmt
[INFO] [stdout]    1:     0x5fb5b9f8b1ba - core[a373ad73a504971]::fmt::write
[INFO] [stdout]    2:     0x5fb5b9f7a5cc - <alloc[2e1b2a31b91974c5]::vec::Vec<u8> as core[a373ad73a504971]::io::write::Write>::write_fmt
[INFO] [stdout]    3:     0x5fb5b9f4f0d6 - std[617be2ca0a6fd877]::panicking::default_hook::{closure#0}
[INFO] [stdout]    4:     0x5fb5b9f6cb99 - std[617be2ca0a6fd877]::panicking::default_hook
[INFO] [stdout]    5:     0x5fb5b9f069d0 - test[aada8e7e76ba119b]::test_main_inner::{closure#0}
[INFO] [stdout]    6:     0x5fb5b9f6cd52 - std[617be2ca0a6fd877]::panicking::panic_with_hook
[INFO] [stdout]    7:     0x5fb5b9f4f182 - std[617be2ca0a6fd877]::panicking::panic_handler::{closure#0}
[INFO] [stdout]    8:     0x5fb5b9f47b49 - std[617be2ca0a6fd877]::sys::backtrace::__rust_end_short_backtrace::<std[617be2ca0a6fd877]::panicking::panic_handler::{closure#0}, !>
[INFO] [stdout]    9:     0x5fb5b9f4fd8d - __rustc[ea4f61d10b84890b]::rust_begin_unwind
[INFO] [stdout]   10:     0x5fb5b9f8b8ec - core[a373ad73a504971]::panicking::panic_fmt
[INFO] [stdout]   11:     0x5fb5b9f8b6c2 - core[a373ad73a504971]::result::unwrap_failed
[INFO] [stdout]   12:     0x5fb5b9ebef03 - cli[78152a86a4860551]::fixture_project_with_project_settings
[INFO] [stdout]   13:     0x5fb5b9ed4656 - <cli[78152a86a4860551]::draft_dry_run_works_without_keys_for_both_providers::{closure#0} as core[a373ad73a504971]::ops::function::FnOnce<()>>::call_once
[INFO] [stdout]   14:     0x5fb5b9ef9e1b - test[aada8e7e76ba119b]::__rust_begin_short_backtrace::<core[a373ad73a504971]::result::Result<(), alloc[2e1b2a31b91974c5]::string::String>, fn() -> core[a373ad73a504971]::result::Result<(), alloc[2e1b2a31b91974c5]::string::String>>
[INFO] [stdout]   15:     0x5fb5b9f06ff5 - test[aada8e7e76ba119b]::run_test::{closure#0}
[INFO] [stdout]   16:     0x5fb5b9f008e4 - std[617be2ca0a6fd877]::sys::backtrace::__rust_begin_short_backtrace::<test[aada8e7e76ba119b]::run_test::{closure#1}, ()>
[INFO] [stdout]   17:     0x5fb5b9f0a082 - <std[617be2ca0a6fd877]::thread::lifecycle::spawn_unchecked<test[aada8e7e76ba119b]::run_test::{closure#1}, ()>::{closure#1} as core[a373ad73a504971]::ops::function::FnOnce<()>>::call_once::{shim:vtable#0}
[INFO] [stdout]   18:     0x5fb5b9f7533f - <std[617be2ca0a6fd877]::sys::thread::unix::Thread>::new::thread_start
[INFO] [stdout]   19:     0x73674955adfa - <unknown>
[INFO] [stdout]   20:     0x7367495ee3d4 - clone
[INFO] [stdout]   21:                0x0 - <unknown>
[INFO] [stdout] 
[INFO] [stdout] ---- draft_metadata_only_default_covers_all_draft_types stdout ----
[INFO] [stdout] 
[INFO] [stdout] thread 'draft_metadata_only_default_covers_all_draft_types' (3549) panicked at tests/cli.rs:3467:45:
[INFO] [stdout] copy fixture image: Os { code: 2, kind: NotFound, message: "No such file or directory" }
[INFO] [stdout] stack backtrace:
[INFO] [stdout]    0:     0x5fb5b9f760e1 - <<std[617be2ca0a6fd877]::sys::backtrace::BacktraceLock>::print::DisplayBacktrace as core[a373ad73a504971]::fmt::Display>::fmt
[INFO] [stdout]    1:     0x5fb5b9f8b1ba - core[a373ad73a504971]::fmt::write
[INFO] [stdout]    2:     0x5fb5b9f7a5cc - <alloc[2e1b2a31b91974c5]::vec::Vec<u8> as core[a373ad73a504971]::io::write::Write>::write_fmt
[INFO] [stdout]    3:     0x5fb5b9f4f0d6 - std[617be2ca0a6fd877]::panicking::default_hook::{closure#0}
[INFO] [stdout]    4:     0x5fb5b9f6cb99 - std[617be2ca0a6fd877]::panicking::default_hook
[INFO] [stdout]    5:     0x5fb5b9f069d0 - test[aada8e7e76ba119b]::test_main_inner::{closure#0}
[INFO] [stdout]    6:     0x5fb5b9f6cd52 - std[617be2ca0a6fd877]::panicking::panic_with_hook
[INFO] [stdout]    7:     0x5fb5b9f4f182 - std[617be2ca0a6fd877]::panicking::panic_handler::{closure#0}
[INFO] [stdout]    8:     0x5fb5b9f47b49 - std[617be2ca0a6fd877]::sys::backtrace::__rust_end_short_backtrace::<std[617be2ca0a6fd877]::panicking::panic_handler::{closure#0}, !>
[INFO] [stdout]    9:     0x5fb5b9f4fd8d - __rustc[ea4f61d10b84890b]::rust_begin_unwind
[INFO] [stdout]   10:     0x5fb5b9f8b8ec - core[a373ad73a504971]::panicking::panic_fmt
[INFO] [stdout]   11:     0x5fb5b9f8b6c2 - core[a373ad73a504971]::result::unwrap_failed
[INFO] [stdout]   12:     0x5fb5b9ebef03 - cli[78152a86a4860551]::fixture_project_with_project_settings
[INFO] [stdout]   13:     0x5fb5b9ed32d4 - <cli[78152a86a4860551]::draft_metadata_only_default_covers_all_draft_types::{closure#0} as core[a373ad73a504971]::ops::function::FnOnce<()>>::call_once
[INFO] [stdout]   14:     0x5fb5b9ef9e1b - test[aada8e7e76ba119b]::__rust_begin_short_backtrace::<core[a373ad73a504971]::result::Result<(), alloc[2e1b2a31b91974c5]::string::String>, fn() -> core[a373ad73a504971]::result::Result<(), alloc[2e1b2a31b91974c5]::string::String>>
[INFO] [stdout]   15:     0x5fb5b9f06ff5 - test[aada8e7e76ba119b]::run_test::{closure#0}
[INFO] [stdout]   16:     0x5fb5b9f008e4 - std[617be2ca0a6fd877]::sys::backtrace::__rust_begin_short_backtrace::<test[aada8e7e76ba119b]::run_test::{closure#1}, ()>
[INFO] [stdout]   17:     0x5fb5b9f0a082 - <std[617be2ca0a6fd877]::thread::lifecycle::spawn_unchecked<test[aada8e7e76ba119b]::run_test::{closure#1}, ()>::{closure#1} as core[a373ad73a504971]::ops::function::FnOnce<()>>::call_once::{shim:vtable#0}
[INFO] [stdout]   18:     0x5fb5b9f7533f - <std[617be2ca0a6fd877]::sys::thread::unix::Thread>::new::thread_start
[INFO] [stdout]   19:     0x73674955adfa - <unknown>
[INFO] [stdout]   20:     0x7367495ee3d4 - clone
[INFO] [stdout]   21:                0x0 - <unknown>
[INFO] [stdout] 
[INFO] [stdout] ---- dry_run_writes_nothing stdout ----
[INFO] [stdout] 
[INFO] [stdout] thread 'dry_run_writes_nothing' (3552) panicked at tests/cli.rs:3467:45:
[INFO] [stdout] copy fixture image: Os { code: 2, kind: NotFound, message: "No such file or directory" }
[INFO] [stdout] stack backtrace:
[INFO] [stdout]    0:     0x5fb5b9f760e1 - <<std[617be2ca0a6fd877]::sys::backtrace::BacktraceLock>::print::DisplayBacktrace as core[a373ad73a504971]::fmt::Display>::fmt
[INFO] [stdout]    1:     0x5fb5b9f8b1ba - core[a373ad73a504971]::fmt::write
[INFO] [stdout]    2:     0x5fb5b9f7a5cc - <alloc[2e1b2a31b91974c5]::vec::Vec<u8> as core[a373ad73a504971]::io::write::Write>::write_fmt
[INFO] [stdout]    3:     0x5fb5b9f4f0d6 - std[617be2ca0a6fd877]::panicking::default_hook::{closure#0}
[INFO] [stdout]    4:     0x5fb5b9f6cb99 - std[617be2ca0a6fd877]::panicking::default_hook
[INFO] [stdout]    5:     0x5fb5b9f069d0 - test[aada8e7e76ba119b]::test_main_inner::{closure#0}
[INFO] [stdout]    6:     0x5fb5b9f6cd52 - std[617be2ca0a6fd877]::panicking::panic_with_hook
[INFO] [stdout]    7:     0x5fb5b9f4f182 - std[617be2ca0a6fd877]::panicking::panic_handler::{closure#0}
[INFO] [stdout]    8:     0x5fb5b9f47b49 - std[617be2ca0a6fd877]::sys::backtrace::__rust_end_short_backtrace::<std[617be2ca0a6fd877]::panicking::panic_handler::{closure#0}, !>
[INFO] [stdout]    9:     0x5fb5b9f4fd8d - __rustc[ea4f61d10b84890b]::rust_begin_unwind
[INFO] [stdout]   10:     0x5fb5b9f8b8ec - core[a373ad73a504971]::panicking::panic_fmt
[INFO] [stdout]   11:     0x5fb5b9f8b6c2 - core[a373ad73a504971]::result::unwrap_failed
[INFO] [stdout]   12:     0x5fb5b9ebef03 - cli[78152a86a4860551]::fixture_project_with_project_settings
[INFO] [stdout]   13:     0x5fb5b9ebff30 - <cli[78152a86a4860551]::dry_run_writes_nothing::{closure#0} as core[a373ad73a504971]::ops::function::FnOnce<()>>::call_once
[INFO] [stdout]   14:     0x5fb5b9ef9e1b - test[aada8e7e76ba119b]::__rust_begin_short_backtrace::<core[a373ad73a504971]::result::Result<(), alloc[2e1b2a31b91974c5]::string::String>, fn() -> core[a373ad73a504971]::result::Result<(), alloc[2e1b2a31b91974c5]::string::String>>
[INFO] [stdout]   15:     0x5fb5b9f06ff5 - test[aada8e7e76ba119b]::run_test::{closure#0}
[INFO] [stdout]   16:     0x5fb5b9f008e4 - std[617be2ca0a6fd877]::sys::backtrace::__rust_begin_short_backtrace::<test[aada8e7e76ba119b]::run_test::{closure#1}, ()>
[INFO] [stdout]   17:     0x5fb5b9f0a082 - <std[617be2ca0a6fd877]::thread::lifecycle::spawn_unchecked<test[aada8e7e76ba119b]::run_test::{closure#1}, ()>::{closure#1} as core[a373ad73a504971]::ops::function::FnOnce<()>>::call_once::{shim:vtable#0}
[INFO] [stdout]   18:     0x5fb5b9f7533f - <std[617be2ca0a6fd877]::sys::thread::unix::Thread>::new::thread_start
[INFO] [stdout]   19:     0x73674955adfa - <unknown>
[INFO] [stdout]   20:     0x7367495ee3d4 - clone
[INFO] [stdout]   21:                0x0 - <unknown>
[INFO] [stdout] 
[INFO] [stdout] ---- draft_provider_validation_errors_are_stable stdout ----
[INFO] [stdout] 
[INFO] [stdout] thread 'draft_provider_validation_errors_are_stable' (3551) panicked at tests/cli.rs:3467:45:
[INFO] [stdout] copy fixture image: Os { code: 2, kind: NotFound, message: "No such file or directory" }
[INFO] [stdout] stack backtrace:
[INFO] [stdout]    0:     0x5fb5b9f760e1 - <<std[617be2ca0a6fd877]::sys::backtrace::BacktraceLock>::print::DisplayBacktrace as core[a373ad73a504971]::fmt::Display>::fmt
[INFO] [stdout]    1:     0x5fb5b9f8b1ba - core[a373ad73a504971]::fmt::write
[INFO] [stdout]    2:     0x5fb5b9f7a5cc - <alloc[2e1b2a31b91974c5]::vec::Vec<u8> as core[a373ad73a504971]::io::write::Write>::write_fmt
[INFO] [stdout]    3:     0x5fb5b9f4f0d6 - std[617be2ca0a6fd877]::panicking::default_hook::{closure#0}
[INFO] [stdout]    4:     0x5fb5b9f6cb99 - std[617be2ca0a6fd877]::panicking::default_hook
[INFO] [stdout]    5:     0x5fb5b9f069d0 - test[aada8e7e76ba119b]::test_main_inner::{closure#0}
[INFO] [stdout]    6:     0x5fb5b9f6cd52 - std[617be2ca0a6fd877]::panicking::panic_with_hook
[INFO] [stdout]    7:     0x5fb5b9f4f182 - std[617be2ca0a6fd877]::panicking::panic_handler::{closure#0}
[INFO] [stdout]    8:     0x5fb5b9f47b49 - std[617be2ca0a6fd877]::sys::backtrace::__rust_end_short_backtrace::<std[617be2ca0a6fd877]::panicking::panic_handler::{closure#0}, !>
[INFO] [stdout]    9:     0x5fb5b9f4fd8d - __rustc[ea4f61d10b84890b]::rust_begin_unwind
[INFO] [stdout]   10:     0x5fb5b9f8b8ec - core[a373ad73a504971]::panicking::panic_fmt
[INFO] [stdout]   11:     0x5fb5b9f8b6c2 - core[a373ad73a504971]::result::unwrap_failed
[INFO] [stdout]   12:     0x5fb5b9ebef03 - cli[78152a86a4860551]::fixture_project_with_project_settings
[INFO] [stdout]   13:     0x5fb5b9ec9b54 - <cli[78152a86a4860551]::draft_provider_validation_errors_are_stable::{closure#0} as core[a373ad73a504971]::ops::function::FnOnce<()>>::call_once
[INFO] [stdout]   14:     0x5fb5b9ef9e1b - test[aada8e7e76ba119b]::__rust_begin_short_backtrace::<core[a373ad73a504971]::result::Result<(), alloc[2e1b2a31b91974c5]::string::String>, fn() -> core[a373ad73a504971]::result::Result<(), alloc[2e1b2a31b91974c5]::string::String>>
[INFO] [stdout]   15:     0x5fb5b9f06ff5 - test[aada8e7e76ba119b]::run_test::{closure#0}
[INFO] [stdout]   16:     0x5fb5b9f008e4 - std[617be2ca0a6fd877]::sys::backtrace::__rust_begin_short_backtrace::<test[aada8e7e76ba119b]::run_test::{closure#1}, ()>
[INFO] [stdout]   17:     0x5fb5b9f0a082 - <std[617be2ca0a6fd877]::thread::lifecycle::spawn_unchecked<test[aada8e7e76ba119b]::run_test::{closure#1}, ()>::{closure#1} as core[a373ad73a504971]::ops::function::FnOnce<()>>::call_once::{shim:vtable#0}
[INFO] [stdout]   18:     0x5fb5b9f7533f - <std[617be2ca0a6fd877]::sys::thread::unix::Thread>::new::thread_start
[INFO] [stdout]   19:     0x73674955adfa - <unknown>
[INFO] [stdout]   20:     0x7367495ee3d4 - clone
[INFO] [stdout]   21:                0x0 - <unknown>
[INFO] [stdout] 
[INFO] [stdout] ---- draft_output_is_deterministic_refuses_overwrite_and_ignores_provider_env stdout ----
[INFO] [stdout] 
[INFO] [stdout] thread 'draft_output_is_deterministic_refuses_overwrite_and_ignores_provider_env' (3550) panicked at tests/cli.rs:3467:45:
[INFO] [stdout] copy fixture image: Os { code: 2, kind: NotFound, message: "No such file or directory" }
[INFO] [stdout] stack backtrace:
[INFO] [stdout]    0:     0x5fb5b9f760e1 - <<std[617be2ca0a6fd877]::sys::backtrace::BacktraceLock>::print::DisplayBacktrace as core[a373ad73a504971]::fmt::Display>::fmt
[INFO] [stdout]    1:     0x5fb5b9f8b1ba - core[a373ad73a504971]::fmt::write
[INFO] [stdout]    2:     0x5fb5b9f7a5cc - <alloc[2e1b2a31b91974c5]::vec::Vec<u8> as core[a373ad73a504971]::io::write::Write>::write_fmt
[INFO] [stdout]    3:     0x5fb5b9f4f0d6 - std[617be2ca0a6fd877]::panicking::default_hook::{closure#0}
[INFO] [stdout]    4:     0x5fb5b9f6cb99 - std[617be2ca0a6fd877]::panicking::default_hook
[INFO] [stdout]    5:     0x5fb5b9f069d0 - test[aada8e7e76ba119b]::test_main_inner::{closure#0}
[INFO] [stdout]    6:     0x5fb5b9f6cd52 - std[617be2ca0a6fd877]::panicking::panic_with_hook
[INFO] [stdout]    7:     0x5fb5b9f4f182 - std[617be2ca0a6fd877]::panicking::panic_handler::{closure#0}
[INFO] [stdout]    8:     0x5fb5b9f47b49 - std[617be2ca0a6fd877]::sys::backtrace::__rust_end_short_backtrace::<std[617be2ca0a6fd877]::panicking::panic_handler::{closure#0}, !>
[INFO] [stdout]    9:     0x5fb5b9f4fd8d - __rustc[ea4f61d10b84890b]::rust_begin_unwind
[INFO] [stdout]   10:     0x5fb5b9f8b8ec - core[a373ad73a504971]::panicking::panic_fmt
[INFO] [stdout]   11:     0x5fb5b9f8b6c2 - core[a373ad73a504971]::result::unwrap_failed
[INFO] [stdout]   12:     0x5fb5b9ebef03 - cli[78152a86a4860551]::fixture_project_with_project_settings
[INFO] [stdout]   13:     0x5fb5b9ee9c64 - <cli[78152a86a4860551]::draft_output_is_deterministic_refuses_overwrite_and_ignores_provider_env::{closure#0} as core[a373ad73a504971]::ops::function::FnOnce<()>>::call_once
[INFO] [stdout]   14:     0x5fb5b9ef9e1b - test[aada8e7e76ba119b]::__rust_begin_short_backtrace::<core[a373ad73a504971]::result::Result<(), alloc[2e1b2a31b91974c5]::string::String>, fn() -> core[a373ad73a504971]::result::Result<(), alloc[2e1b2a31b91974c5]::string::String>>
[INFO] [stdout]   15:     0x5fb5b9f06ff5 - test[aada8e7e76ba119b]::run_test::{closure#0}
[INFO] [stdout]   16:     0x5fb5b9f008e4 - std[617be2ca0a6fd877]::sys::backtrace::__rust_begin_short_backtrace::<test[aada8e7e76ba119b]::run_test::{closure#1}, ()>
[INFO] [stdout]   17:     0x5fb5b9f0a082 - <std[617be2ca0a6fd877]::thread::lifecycle::spawn_unchecked<test[aada8e7e76ba119b]::run_test::{closure#1}, ()>::{closure#1} as core[a373ad73a504971]::ops::function::FnOnce<()>>::call_once::{shim:vtable#0}
[INFO] [stdout]   18:     0x5fb5b9f7533f - <std[617be2ca0a6fd877]::sys::thread::unix::Thread>::new::thread_start
[INFO] [stdout]   19:     0x73674955adfa - <unknown>
[INFO] [stdout]   20:     0x7367495ee3d4 - clone
[INFO] [stdout]   21:                0x0 - <unknown>
[INFO] [stdout] 
[INFO] [stdout] ---- manifest_export_outputs_app_mapping stdout ----
[INFO] [stdout] 
[INFO] [stdout] thread 'manifest_export_outputs_app_mapping' (3568) panicked at tests/cli.rs:3467:45:
[INFO] [stdout] copy fixture image: Os { code: 2, kind: NotFound, message: "No such file or directory" }
[INFO] [stdout] stack backtrace:
[INFO] [stdout]    0:     0x5fb5b9f760e1 - <<std[617be2ca0a6fd877]::sys::backtrace::BacktraceLock>::print::DisplayBacktrace as core[a373ad73a504971]::fmt::Display>::fmt
[INFO] [stdout]    1:     0x5fb5b9f8b1ba - core[a373ad73a504971]::fmt::write
[INFO] [stdout]    2:     0x5fb5b9f7a5cc - <alloc[2e1b2a31b91974c5]::vec::Vec<u8> as core[a373ad73a504971]::io::write::Write>::write_fmt
[INFO] [stdout]    3:     0x5fb5b9f4f0d6 - std[617be2ca0a6fd877]::panicking::default_hook::{closure#0}
[INFO] [stdout]    4:     0x5fb5b9f6cb99 - std[617be2ca0a6fd877]::panicking::default_hook
[INFO] [stdout]    5:     0x5fb5b9f069d0 - test[aada8e7e76ba119b]::test_main_inner::{closure#0}
[INFO] [stdout]    6:     0x5fb5b9f6cd52 - std[617be2ca0a6fd877]::panicking::panic_with_hook
[INFO] [stdout]    7:     0x5fb5b9f4f182 - std[617be2ca0a6fd877]::panicking::panic_handler::{closure#0}
[INFO] [stdout]    8:     0x5fb5b9f47b49 - std[617be2ca0a6fd877]::sys::backtrace::__rust_end_short_backtrace::<std[617be2ca0a6fd877]::panicking::panic_handler::{closure#0}, !>
[INFO] [stdout]    9:     0x5fb5b9f4fd8d - __rustc[ea4f61d10b84890b]::rust_begin_unwind
[INFO] [stdout]   10:     0x5fb5b9f8b8ec - core[a373ad73a504971]::panicking::panic_fmt
[INFO] [stdout]   11:     0x5fb5b9f8b6c2 - core[a373ad73a504971]::result::unwrap_failed
[INFO] [stdout]   12:     0x5fb5b9ebef03 - cli[78152a86a4860551]::fixture_project_with_project_settings
[INFO] [stdout]   13:     0x5fb5b9ec0ec4 - <cli[78152a86a4860551]::manifest_export_outputs_app_mapping::{closure#0} as core[a373ad73a504971]::ops::function::FnOnce<()>>::call_once
[INFO] [stdout]   14:     0x5fb5b9ef9e1b - test[aada8e7e76ba119b]::__rust_begin_short_backtrace::<core[a373ad73a504971]::result::Result<(), alloc[2e1b2a31b91974c5]::string::String>, fn() -> core[a373ad73a504971]::result::Result<(), alloc[2e1b2a31b91974c5]::string::String>>
[INFO] [stdout]   15:     0x5fb5b9f06ff5 - test[aada8e7e76ba119b]::run_test::{closure#0}
[INFO] [stdout]   16:     0x5fb5b9f008e4 - std[617be2ca0a6fd877]::sys::backtrace::__rust_begin_short_backtrace::<test[aada8e7e76ba119b]::run_test::{closure#1}, ()>
[INFO] [stdout]   17:     0x5fb5b9f0a082 - <std[617be2ca0a6fd877]::thread::lifecycle::spawn_unchecked<test[aada8e7e76ba119b]::run_test::{closure#1}, ()>::{closure#1} as core[a373ad73a504971]::ops::function::FnOnce<()>>::call_once::{shim:vtable#0}
[INFO] [stdout]   18:     0x5fb5b9f7533f - <std[617be2ca0a6fd877]::sys::thread::unix::Thread>::new::thread_start
[INFO] [stdout]   19:     0x73674955adfa - <unknown>
[INFO] [stdout]   20:     0x7367495ee3d4 - clone
[INFO] [stdout]   21:                0x0 - <unknown>
[INFO] [stdout] 
[INFO] [stdout] ---- inspect_exit_codes_and_multiple_files_are_stable stdout ----
[INFO] [stdout] 
[INFO] [stdout] thread 'inspect_exit_codes_and_multiple_files_are_stable' (3563) panicked at tests/cli.rs:3419:5:
[INFO] [stdout] assertion `left == right` failed: expected exit 0, got Some(1)
[INFO] [stdout] stdout:
[INFO] [stdout] 
[INFO] [stdout] stderr:
[INFO] [stdout] Error: I/O error at /opt/fixtures/images/sample.png: No such file or directory (os error 2)
[INFO] [stdout] 
[INFO] [stdout]   left: Some(1)
[INFO] [stdout]  right: Some(0)
[INFO] [stdout] stack backtrace:
[INFO] [stdout]    0:     0x5fb5b9f760e1 - <<std[617be2ca0a6fd877]::sys::backtrace::BacktraceLock>::print::DisplayBacktrace as core[a373ad73a504971]::fmt::Display>::fmt
[INFO] [stdout]    1:     0x5fb5b9f8b1ba - core[a373ad73a504971]::fmt::write
[INFO] [stdout]    2:     0x5fb5b9f7a5cc - <alloc[2e1b2a31b91974c5]::vec::Vec<u8> as core[a373ad73a504971]::io::write::Write>::write_fmt
[INFO] [stdout]    3:     0x5fb5b9f4f0d6 - std[617be2ca0a6fd877]::panicking::default_hook::{closure#0}
[INFO] [stdout]    4:     0x5fb5b9f6cb99 - std[617be2ca0a6fd877]::panicking::default_hook
[INFO] [stdout]    5:     0x5fb5b9f069d0 - test[aada8e7e76ba119b]::test_main_inner::{closure#0}
[INFO] [stdout]    6:     0x5fb5b9f6cd52 - std[617be2ca0a6fd877]::panicking::panic_with_hook
[INFO] [stdout]    7:     0x5fb5b9f4f182 - std[617be2ca0a6fd877]::panicking::panic_handler::{closure#0}
[INFO] [stdout]    8:     0x5fb5b9f47b49 - std[617be2ca0a6fd877]::sys::backtrace::__rust_end_short_backtrace::<std[617be2ca0a6fd877]::panicking::panic_handler::{closure#0}, !>
[INFO] [stdout]    9:     0x5fb5b9f4fd8d - __rustc[ea4f61d10b84890b]::rust_begin_unwind
[INFO] [stdout]   10:     0x5fb5b9f8b8ec - core[a373ad73a504971]::panicking::panic_fmt
[INFO] [stdout]   11:     0x5fb5b9f8b863 - core[a373ad73a504971]::panicking::assert_failed_inner
[INFO] [stdout]   12:     0x5fb5b9eef7cd - core[a373ad73a504971]::panicking::assert_failed::<core[a373ad73a504971]::option::Option<i32>, core[a373ad73a504971]::option::Option<i32>>
[INFO] [stdout]   13:     0x5fb5b9ebe73d - cli[78152a86a4860551]::assert_status
[INFO] [stdout]   14:     0x5fb5b9ed0645 - <cli[78152a86a4860551]::inspect_exit_codes_and_multiple_files_are_stable::{closure#0} as core[a373ad73a504971]::ops::function::FnOnce<()>>::call_once
[INFO] [stdout]   15:     0x5fb5b9ef9e1b - test[aada8e7e76ba119b]::__rust_begin_short_backtrace::<core[a373ad73a504971]::result::Result<(), alloc[2e1b2a31b91974c5]::string::String>, fn() -> core[a373ad73a504971]::result::Result<(), alloc[2e1b2a31b91974c5]::string::String>>
[INFO] [stdout]   16:     0x5fb5b9f06ff5 - test[aada8e7e76ba119b]::run_test::{closure#0}
[INFO] [stdout]   17:     0x5fb5b9f008e4 - std[617be2ca0a6fd877]::sys::backtrace::__rust_begin_short_backtrace::<test[aada8e7e76ba119b]::run_test::{closure#1}, ()>
[INFO] [stdout]   18:     0x5fb5b9f0a082 - <std[617be2ca0a6fd877]::thread::lifecycle::spawn_unchecked<test[aada8e7e76ba119b]::run_test::{closure#1}, ()>::{closure#1} as core[a373ad73a504971]::ops::function::FnOnce<()>>::call_once::{shim:vtable#0}
[INFO] [stdout]   19:     0x5fb5b9f7533f - <std[617be2ca0a6fd877]::sys::thread::unix::Thread>::new::thread_start
[INFO] [stdout]   20:     0x73674955adfa - <unknown>
[INFO] [stdout]   21:     0x7367495ee3d4 - clone
[INFO] [stdout]   22:                0x0 - <unknown>
[INFO] [stdout] 
[INFO] [stdout] ---- optimize_and_check_success stdout ----
[INFO] [stdout] 
[INFO] [stdout] thread 'optimize_and_check_success' (3572) panicked at tests/cli.rs:3467:45:
[INFO] [stdout] copy fixture image: Os { code: 2, kind: NotFound, message: "No such file or directory" }
[INFO] [stdout] stack backtrace:
[INFO] [stdout]    0:     0x5fb5b9f760e1 - <<std[617be2ca0a6fd877]::sys::backtrace::BacktraceLock>::print::DisplayBacktrace as core[a373ad73a504971]::fmt::Display>::fmt
[INFO] [stdout]    1:     0x5fb5b9f8b1ba - core[a373ad73a504971]::fmt::write
[INFO] [stdout]    2:     0x5fb5b9f7a5cc - <alloc[2e1b2a31b91974c5]::vec::Vec<u8> as core[a373ad73a504971]::io::write::Write>::write_fmt
[INFO] [stdout]    3:     0x5fb5b9f4f0d6 - std[617be2ca0a6fd877]::panicking::default_hook::{closure#0}
[INFO] [stdout]    4:     0x5fb5b9f6cb99 - std[617be2ca0a6fd877]::panicking::default_hook
[INFO] [stdout]    5:     0x5fb5b9f069d0 - test[aada8e7e76ba119b]::test_main_inner::{closure#0}
[INFO] [stdout]    6:     0x5fb5b9f6cd52 - std[617be2ca0a6fd877]::panicking::panic_with_hook
[INFO] [stdout]    7:     0x5fb5b9f4f182 - std[617be2ca0a6fd877]::panicking::panic_handler::{closure#0}
[INFO] [stdout]    8:     0x5fb5b9f47b49 - std[617be2ca0a6fd877]::sys::backtrace::__rust_end_short_backtrace::<std[617be2ca0a6fd877]::panicking::panic_handler::{closure#0}, !>
[INFO] [stdout]    9:     0x5fb5b9f4fd8d - __rustc[ea4f61d10b84890b]::rust_begin_unwind
[INFO] [stdout]   10:     0x5fb5b9f8b8ec - core[a373ad73a504971]::panicking::panic_fmt
[INFO] [stdout]   11:     0x5fb5b9f8b6c2 - core[a373ad73a504971]::result::unwrap_failed
[INFO] [stdout]   12:     0x5fb5b9ebef03 - cli[78152a86a4860551]::fixture_project_with_project_settings
[INFO] [stdout]   13:     0x5fb5b9ec0714 - <cli[78152a86a4860551]::optimize_and_check_success::{closure#0} as core[a373ad73a504971]::ops::function::FnOnce<()>>::call_once
[INFO] [stdout]   14:     0x5fb5b9ef9e1b - test[aada8e7e76ba119b]::__rust_begin_short_backtrace::<core[a373ad73a504971]::result::Result<(), alloc[2e1b2a31b91974c5]::string::String>, fn() -> core[a373ad73a504971]::result::Result<(), alloc[2e1b2a31b91974c5]::string::String>>
[INFO] [stdout]   15:     0x5fb5b9f06ff5 - test[aada8e7e76ba119b]::run_test::{closure#0}
[INFO] [stdout]   16:     0x5fb5b9f008e4 - std[617be2ca0a6fd877]::sys::backtrace::__rust_begin_short_backtrace::<test[aada8e7e76ba119b]::run_test::{closure#1}, ()>
[INFO] [stdout]   17:     0x5fb5b9f0a082 - <std[617be2ca0a6fd877]::thread::lifecycle::spawn_unchecked<test[aada8e7e76ba119b]::run_test::{closure#1}, ()>::{closure#1} as core[a373ad73a504971]::ops::function::FnOnce<()>>::call_once::{shim:vtable#0}
[INFO] [stdout]   18:     0x5fb5b9f7533f - <std[617be2ca0a6fd877]::sys::thread::unix::Thread>::new::thread_start
[INFO] [stdout]   19:     0x73674955adfa - <unknown>
[INFO] [stdout]   20:     0x7367495ee3d4 - clone
[INFO] [stdout]   21:                0x0 - <unknown>
[INFO] [stdout] 
[INFO] [stdout] ---- quality_diagnostics_are_reported_and_can_fail_strict_check stdout ----
[INFO] [stdout] 
[INFO] [stdout] thread 'quality_diagnostics_are_reported_and_can_fail_strict_check' (3575) panicked at tests/cli.rs:1920:40:
[INFO] [stdout] copy fixture image: Os { code: 2, kind: NotFound, message: "No such file or directory" }
[INFO] [stdout] stack backtrace:
[INFO] [stdout]    0:     0x5fb5b9f760e1 - <<std[617be2ca0a6fd877]::sys::backtrace::BacktraceLock>::print::DisplayBacktrace as core[a373ad73a504971]::fmt::Display>::fmt
[INFO] [stdout]    1:     0x5fb5b9f8b1ba - core[a373ad73a504971]::fmt::write
[INFO] [stdout]    2:     0x5fb5b9f7a5cc - <alloc[2e1b2a31b91974c5]::vec::Vec<u8> as core[a373ad73a504971]::io::write::Write>::write_fmt
[INFO] [stdout]    3:     0x5fb5b9f4f0d6 - std[617be2ca0a6fd877]::panicking::default_hook::{closure#0}
[INFO] [stdout]    4:     0x5fb5b9f6cb99 - std[617be2ca0a6fd877]::panicking::default_hook
[INFO] [stdout]    5:     0x5fb5b9f069d0 - test[aada8e7e76ba119b]::test_main_inner::{closure#0}
[INFO] [stdout]    6:     0x5fb5b9f6cd52 - std[617be2ca0a6fd877]::panicking::panic_with_hook
[INFO] [stdout]    7:     0x5fb5b9f4f182 - std[617be2ca0a6fd877]::panicking::panic_handler::{closure#0}
[INFO] [stdout]    8:     0x5fb5b9f47b49 - std[617be2ca0a6fd877]::sys::backtrace::__rust_end_short_backtrace::<std[617be2ca0a6fd877]::panicking::panic_handler::{closure#0}, !>
[INFO] [stdout]    9:     0x5fb5b9f4fd8d - __rustc[ea4f61d10b84890b]::rust_begin_unwind
[INFO] [stdout]   10:     0x5fb5b9f8b8ec - core[a373ad73a504971]::panicking::panic_fmt
[INFO] [stdout]   11:     0x5fb5b9f8b6c2 - core[a373ad73a504971]::result::unwrap_failed
[INFO] [stdout]   12:     0x5fb5b9edf356 - <cli[78152a86a4860551]::quality_diagnostics_are_reported_and_can_fail_strict_check::{closure#0} as core[a373ad73a504971]::ops::function::FnOnce<()>>::call_once
[INFO] [stdout]   13:     0x5fb5b9ef9e1b - test[aada8e7e76ba119b]::__rust_begin_short_backtrace::<core[a373ad73a504971]::result::Result<(), alloc[2e1b2a31b91974c5]::string::String>, fn() -> core[a373ad73a504971]::result::Result<(), alloc[2e1b2a31b91974c5]::string::String>>
[INFO] [stdout]   14:     0x5fb5b9f06ff5 - test[aada8e7e76ba119b]::run_test::{closure#0}
[INFO] [stdout]   15:     0x5fb5b9f008e4 - std[617be2ca0a6fd877]::sys::backtrace::__rust_begin_short_backtrace::<test[aada8e7e76ba119b]::run_test::{closure#1}, ()>
[INFO] [stdout]   16:     0x5fb5b9f0a082 - <std[617be2ca0a6fd877]::thread::lifecycle::spawn_unchecked<test[aada8e7e76ba119b]::run_test::{closure#1}, ()>::{closure#1} as core[a373ad73a504971]::ops::function::FnOnce<()>>::call_once::{shim:vtable#0}
[INFO] [stdout]   17:     0x5fb5b9f7533f - <std[617be2ca0a6fd877]::sys::thread::unix::Thread>::new::thread_start
[INFO] [stdout]   18:     0x73674955adfa - <unknown>
[INFO] [stdout]   19:     0x7367495ee3d4 - clone
[INFO] [stdout]   20:                0x0 - <unknown>
[INFO] [stdout] 
[INFO] [stdout] ---- optimize_reports_incremental_skips_and_stale_work stdout ----
[INFO] [stdout] 
[INFO] [stdout] thread 'optimize_reports_incremental_skips_and_stale_work' (3574) panicked at tests/cli.rs:3467:45:
[INFO] [stdout] copy fixture image: Os { code: 2, kind: NotFound, message: "No such file or directory" }
[INFO] [stdout] stack backtrace:
[INFO] [stdout]    0:     0x5fb5b9f760e1 - <<std[617be2ca0a6fd877]::sys::backtrace::BacktraceLock>::print::DisplayBacktrace as core[a373ad73a504971]::fmt::Display>::fmt
[INFO] [stdout]    1:     0x5fb5b9f8b1ba - core[a373ad73a504971]::fmt::write
[INFO] [stdout]    2:     0x5fb5b9f7a5cc - <alloc[2e1b2a31b91974c5]::vec::Vec<u8> as core[a373ad73a504971]::io::write::Write>::write_fmt
[INFO] [stdout]    3:     0x5fb5b9f4f0d6 - std[617be2ca0a6fd877]::panicking::default_hook::{closure#0}
[INFO] [stdout]    4:     0x5fb5b9f6cb99 - std[617be2ca0a6fd877]::panicking::default_hook
[INFO] [stdout]    5:     0x5fb5b9f069d0 - test[aada8e7e76ba119b]::test_main_inner::{closure#0}
[INFO] [stdout]    6:     0x5fb5b9f6cd52 - std[617be2ca0a6fd877]::panicking::panic_with_hook
[INFO] [stdout]    7:     0x5fb5b9f4f182 - std[617be2ca0a6fd877]::panicking::panic_handler::{closure#0}
[INFO] [stdout]    8:     0x5fb5b9f47b49 - std[617be2ca0a6fd877]::sys::backtrace::__rust_end_short_backtrace::<std[617be2ca0a6fd877]::panicking::panic_handler::{closure#0}, !>
[INFO] [stdout]    9:     0x5fb5b9f4fd8d - __rustc[ea4f61d10b84890b]::rust_begin_unwind
[INFO] [stdout]   10:     0x5fb5b9f8b8ec - core[a373ad73a504971]::panicking::panic_fmt
[INFO] [stdout]   11:     0x5fb5b9f8b6c2 - core[a373ad73a504971]::result::unwrap_failed
[INFO] [stdout]   12:     0x5fb5b9ebef03 - cli[78152a86a4860551]::fixture_project_with_project_settings
[INFO] [stdout]   13:     0x5fb5b9ed0c14 - <cli[78152a86a4860551]::optimize_reports_incremental_skips_and_stale_work::{closure#0} as core[a373ad73a504971]::ops::function::FnOnce<()>>::call_once
[INFO] [stdout]   14:     0x5fb5b9ef9e1b - test[aada8e7e76ba119b]::__rust_begin_short_backtrace::<core[a373ad73a504971]::result::Result<(), alloc[2e1b2a31b91974c5]::string::String>, fn() -> core[a373ad73a504971]::result::Result<(), alloc[2e1b2a31b91974c5]::string::String>>
[INFO] [stdout]   15:     0x5fb5b9f06ff5 - test[aada8e7e76ba119b]::run_test::{closure#0}
[INFO] [stdout]   16:     0x5fb5b9f008e4 - std[617be2ca0a6fd877]::sys::backtrace::__rust_begin_short_backtrace::<test[aada8e7e76ba119b]::run_test::{closure#1}, ()>
[INFO] [stdout]   17:     0x5fb5b9f0a082 - <std[617be2ca0a6fd877]::thread::lifecycle::spawn_unchecked<test[aada8e7e76ba119b]::run_test::{closure#1}, ()>::{closure#1} as core[a373ad73a504971]::ops::function::FnOnce<()>>::call_once::{shim:vtable#0}
[INFO] [stdout]   18:     0x5fb5b9f7533f - <std[617be2ca0a6fd877]::sys::thread::unix::Thread>::new::thread_start
[INFO] [stdout]   19:     0x73674955adfa - <unknown>
[INFO] [stdout]   20:     0x7367495ee3d4 - clone
[INFO] [stdout]   21:                0x0 - <unknown>
[INFO] [stdout] 
[INFO] [stdout] ---- review_ai_dry_run_writes_json_and_markdown_without_keys stdout ----
[INFO] [stdout] 
[INFO] [stdout] thread 'review_ai_dry_run_writes_json_and_markdown_without_keys' (3577) panicked at tests/cli.rs:3467:45:
[INFO] [stdout] copy fixture image: Os { code: 2, kind: NotFound, message: "No such file or directory" }
[INFO] [stdout] stack backtrace:
[INFO] [stdout]    0:     0x5fb5b9f760e1 - <<std[617be2ca0a6fd877]::sys::backtrace::BacktraceLock>::print::DisplayBacktrace as core[a373ad73a504971]::fmt::Display>::fmt
[INFO] [stdout]    1:     0x5fb5b9f8b1ba - core[a373ad73a504971]::fmt::write
[INFO] [stdout]    2:     0x5fb5b9f7a5cc - <alloc[2e1b2a31b91974c5]::vec::Vec<u8> as core[a373ad73a504971]::io::write::Write>::write_fmt
[INFO] [stdout]    3:     0x5fb5b9f4f0d6 - std[617be2ca0a6fd877]::panicking::default_hook::{closure#0}
[INFO] [stdout]    4:     0x5fb5b9f6cb99 - std[617be2ca0a6fd877]::panicking::default_hook
[INFO] [stdout]    5:     0x5fb5b9f069d0 - test[aada8e7e76ba119b]::test_main_inner::{closure#0}
[INFO] [stdout]    6:     0x5fb5b9f6cd52 - std[617be2ca0a6fd877]::panicking::panic_with_hook
[INFO] [stdout]    7:     0x5fb5b9f4f182 - std[617be2ca0a6fd877]::panicking::panic_handler::{closure#0}
[INFO] [stdout]    8:     0x5fb5b9f47b49 - std[617be2ca0a6fd877]::sys::backtrace::__rust_end_short_backtrace::<std[617be2ca0a6fd877]::panicking::panic_handler::{closure#0}, !>
[INFO] [stdout]    9:     0x5fb5b9f4fd8d - __rustc[ea4f61d10b84890b]::rust_begin_unwind
[INFO] [stdout]   10:     0x5fb5b9f8b8ec - core[a373ad73a504971]::panicking::panic_fmt
[INFO] [stdout]   11:     0x5fb5b9f8b6c2 - core[a373ad73a504971]::result::unwrap_failed
[INFO] [stdout]   12:     0x5fb5b9ebef03 - cli[78152a86a4860551]::fixture_project_with_project_settings
[INFO] [stdout]   13:     0x5fb5b9ed8f04 - <cli[78152a86a4860551]::review_ai_dry_run_writes_json_and_markdown_without_keys::{closure#0} as core[a373ad73a504971]::ops::function::FnOnce<()>>::call_once
[INFO] [stdout]   14:     0x5fb5b9ef9e1b - test[aada8e7e76ba119b]::__rust_begin_short_backtrace::<core[a373ad73a504971]::result::Result<(), alloc[2e1b2a31b91974c5]::string::String>, fn() -> core[a373ad73a504971]::result::Result<(), alloc[2e1b2a31b91974c5]::string::String>>
[INFO] [stdout]   15:     0x5fb5b9f06ff5 - test[aada8e7e76ba119b]::run_test::{closure#0}
[INFO] [stdout]   16:     0x5fb5b9f008e4 - std[617be2ca0a6fd877]::sys::backtrace::__rust_begin_short_backtrace::<test[aada8e7e76ba119b]::run_test::{closure#1}, ()>
[INFO] [stdout]   17:     0x5fb5b9f0a082 - <std[617be2ca0a6fd877]::thread::lifecycle::spawn_unchecked<test[aada8e7e76ba119b]::run_test::{closure#1}, ()>::{closure#1} as core[a373ad73a504971]::ops::function::FnOnce<()>>::call_once::{shim:vtable#0}
[INFO] [stdout]   18:     0x5fb5b9f7533f - <std[617be2ca0a6fd877]::sys::thread::unix::Thread>::new::thread_start
[INFO] [stdout]   19:     0x73674955adfa - <unknown>
[INFO] [stdout]   20:     0x7367495ee3d4 - clone
[INFO] [stdout]   21:                0x0 - <unknown>
[INFO] [stdout] 
[INFO] [stdout] ---- review_ai_validation_and_missing_key_errors_are_stable stdout ----
[INFO] [stdout] 
[INFO] [stdout] thread 'review_ai_validation_and_missing_key_errors_are_stable' (3581) panicked at tests/cli.rs:3467:45:
[INFO] [stdout] copy fixture image: Os { code: 2, kind: NotFound, message: "No such file or directory" }
[INFO] [stdout] stack backtrace:
[INFO] [stdout]    0:     0x5fb5b9f760e1 - <<std[617be2ca0a6fd877]::sys::backtrace::BacktraceLock>::print::DisplayBacktrace as core[a373ad73a504971]::fmt::Display>::fmt
[INFO] [stdout]    1:     0x5fb5b9f8b1ba - core[a373ad73a504971]::fmt::write
[INFO] [stdout]    2:     0x5fb5b9f7a5cc - <alloc[2e1b2a31b91974c5]::vec::Vec<u8> as core[a373ad73a504971]::io::write::Write>::write_fmt
[INFO] [stdout]    3:     0x5fb5b9f4f0d6 - std[617be2ca0a6fd877]::panicking::default_hook::{closure#0}
[INFO] [stdout]    4:     0x5fb5b9f6cb99 - std[617be2ca0a6fd877]::panicking::default_hook
[INFO] [stdout]    5:     0x5fb5b9f069d0 - test[aada8e7e76ba119b]::test_main_inner::{closure#0}
[INFO] [stdout]    6:     0x5fb5b9f6cd52 - std[617be2ca0a6fd877]::panicking::panic_with_hook
[INFO] [stdout]    7:     0x5fb5b9f4f182 - std[617be2ca0a6fd877]::panicking::panic_handler::{closure#0}
[INFO] [stdout]    8:     0x5fb5b9f47b49 - std[617be2ca0a6fd877]::sys::backtrace::__rust_end_short_backtrace::<std[617be2ca0a6fd877]::panicking::panic_handler::{closure#0}, !>
[INFO] [stdout]    9:     0x5fb5b9f4fd8d - __rustc[ea4f61d10b84890b]::rust_begin_unwind
[INFO] [stdout]   10:     0x5fb5b9f8b8ec - core[a373ad73a504971]::panicking::panic_fmt
[INFO] [stdout]   11:     0x5fb5b9f8b6c2 - core[a373ad73a504971]::result::unwrap_failed
[INFO] [stdout]   12:     0x5fb5b9ebef03 - cli[78152a86a4860551]::fixture_project_with_project_settings
[INFO] [stdout]   13:     0x5fb5b9ed55f9 - <cli[78152a86a4860551]::review_ai_validation_and_missing_key_errors_are_stable::{closure#0} as core[a373ad73a504971]::ops::function::FnOnce<()>>::call_once
[INFO] [stdout]   14:     0x5fb5b9ef9e1b - test[aada8e7e76ba119b]::__rust_begin_short_backtrace::<core[a373ad73a504971]::result::Result<(), alloc[2e1b2a31b91974c5]::string::String>, fn() -> core[a373ad73a504971]::result::Result<(), alloc[2e1b2a31b91974c5]::string::String>>
[INFO] [stdout]   15:     0x5fb5b9f06ff5 - test[aada8e7e76ba119b]::run_test::{closure#0}
[INFO] [stdout]   16:     0x5fb5b9f008e4 - std[617be2ca0a6fd877]::sys::backtrace::__rust_begin_short_backtrace::<test[aada8e7e76ba119b]::run_test::{closure#1}, ()>
[INFO] [stdout]   17:     0x5fb5b9f0a082 - <std[617be2ca0a6fd877]::thread::lifecycle::spawn_unchecked<test[aada8e7e76ba119b]::run_test::{closure#1}, ()>::{closure#1} as core[a373ad73a504971]::ops::function::FnOnce<()>>::call_once::{shim:vtable#0}
[INFO] [stdout]   18:     0x5fb5b9f7533f - <std[617be2ca0a6fd877]::sys::thread::unix::Thread>::new::thread_start
[INFO] [stdout]   19:     0x73674955adfa - <unknown>
[INFO] [stdout]   20:     0x7367495ee3d4 - clone
[INFO] [stdout]   21:                0x0 - <unknown>
[INFO] [stdout] 
[INFO] [stdout] ---- review_writes_visual_artifact_and_refuses_unsafe_overwrite stdout ----
[INFO] [stdout] 
[INFO] [stdout] thread 'review_writes_visual_artifact_and_refuses_unsafe_overwrite' (3583) panicked at tests/cli.rs:3467:45:
[INFO] [stdout] copy fixture image: Os { code: 2, kind: NotFound, message: "No such file or directory" }
[INFO] [stdout] stack backtrace:
[INFO] [stdout]    0:     0x5fb5b9f760e1 - <<std[617be2ca0a6fd877]::sys::backtrace::BacktraceLock>::print::DisplayBacktrace as core[a373ad73a504971]::fmt::Display>::fmt
[INFO] [stdout]    1:     0x5fb5b9f8b1ba - core[a373ad73a504971]::fmt::write
[INFO] [stdout]    2:     0x5fb5b9f7a5cc - <alloc[2e1b2a31b91974c5]::vec::Vec<u8> as core[a373ad73a504971]::io::write::Write>::write_fmt
[INFO] [stdout]    3:     0x5fb5b9f4f0d6 - std[617be2ca0a6fd877]::panicking::default_hook::{closure#0}
[INFO] [stdout]    4:     0x5fb5b9f6cb99 - std[617be2ca0a6fd877]::panicking::default_hook
[INFO] [stdout]    5:     0x5fb5b9f069d0 - test[aada8e7e76ba119b]::test_main_inner::{closure#0}
[INFO] [stdout]    6:     0x5fb5b9f6cd52 - std[617be2ca0a6fd877]::panicking::panic_with_hook
[INFO] [stdout]    7:     0x5fb5b9f4f182 - std[617be2ca0a6fd877]::panicking::panic_handler::{closure#0}
[INFO] [stdout]    8:     0x5fb5b9f47b49 - std[617be2ca0a6fd877]::sys::backtrace::__rust_end_short_backtrace::<std[617be2ca0a6fd877]::panicking::panic_handler::{closure#0}, !>
[INFO] [stdout]    9:     0x5fb5b9f4fd8d - __rustc[ea4f61d10b84890b]::rust_begin_unwind
[INFO] [stdout]   10:     0x5fb5b9f8b8ec - core[a373ad73a504971]::panicking::panic_fmt
[INFO] [stdout]   11:     0x5fb5b9f8b6c2 - core[a373ad73a504971]::result::unwrap_failed
[INFO] [stdout]   12:     0x5fb5b9ebef03 - cli[78152a86a4860551]::fixture_project_with_project_settings
[INFO] [stdout]   13:     0x5fb5b9edfa89 - <cli[78152a86a4860551]::review_writes_visual_artifact_and_refuses_unsafe_overwrite::{closure#0} as core[a373ad73a504971]::ops::function::FnOnce<()>>::call_once
[INFO] [stdout]   14:     0x5fb5b9ef9e1b - test[aada8e7e76ba119b]::__rust_begin_short_backtrace::<core[a373ad73a504971]::result::Result<(), alloc[2e1b2a31b91974c5]::string::String>, fn() -> core[a373ad73a504971]::result::Result<(), alloc[2e1b2a31b91974c5]::string::String>>
[INFO] [stdout]   15:     0x5fb5b9f06ff5 - test[aada8e7e76ba119b]::run_test::{closure#0}
[INFO] [stdout]   16:     0x5fb5b9f008e4 - std[617be2ca0a6fd877]::sys::backtrace::__rust_begin_short_backtrace::<test[aada8e7e76ba119b]::run_test::{closure#1}, ()>
[INFO] [stdout]   17:     0x5fb5b9f0a082 - <std[617be2ca0a6fd877]::thread::lifecycle::spawn_unchecked<test[aada8e7e76ba119b]::run_test::{closure#1}, ()>::{closure#1} as core[a373ad73a504971]::ops::function::FnOnce<()>>::call_once::{shim:vtable#0}
[INFO] [stdout]   18:     0x5fb5b9f7533f - <std[617be2ca0a6fd877]::sys::thread::unix::Thread>::new::thread_start
[INFO] [stdout]   19:     0x73674955adfa - <unknown>
[INFO] [stdout]   20:     0x7367495ee3d4 - clone
[INFO] [stdout]   21:                0x0 - <unknown>
[INFO] [stdout] 
[INFO] [stdout] ---- review_ai_include_images_default_output_and_overwrite_are_stable stdout ----
[INFO] [stdout] 
[INFO] [stdout] thread 'review_ai_include_images_default_output_and_overwrite_are_stable' (3580) panicked at tests/cli.rs:3467:45:
[INFO] [stdout] copy fixture image: Os { code: 2, kind: NotFound, message: "No such file or directory" }
[INFO] [stdout] stack backtrace:
[INFO] [stdout]    0:     0x5fb5b9f760e1 - <<std[617be2ca0a6fd877]::sys::backtrace::BacktraceLock>::print::DisplayBacktrace as core[a373ad73a504971]::fmt::Display>::fmt
[INFO] [stdout]    1:     0x5fb5b9f8b1ba - core[a373ad73a504971]::fmt::write
[INFO] [stdout]    2:     0x5fb5b9f7a5cc - <alloc[2e1b2a31b91974c5]::vec::Vec<u8> as core[a373ad73a504971]::io::write::Write>::write_fmt
[INFO] [stdout]    3:     0x5fb5b9f4f0d6 - std[617be2ca0a6fd877]::panicking::default_hook::{closure#0}
[INFO] [stdout]    4:     0x5fb5b9f6cb99 - std[617be2ca0a6fd877]::panicking::default_hook
[INFO] [stdout]    5:     0x5fb5b9f069d0 - test[aada8e7e76ba119b]::test_main_inner::{closure#0}
[INFO] [stdout]    6:     0x5fb5b9f6cd52 - std[617be2ca0a6fd877]::panicking::panic_with_hook
[INFO] [stdout]    7:     0x5fb5b9f4f182 - std[617be2ca0a6fd877]::panicking::panic_handler::{closure#0}
[INFO] [stdout]    8:     0x5fb5b9f47b49 - std[617be2ca0a6fd877]::sys::backtrace::__rust_end_short_backtrace::<std[617be2ca0a6fd877]::panicking::panic_handler::{closure#0}, !>
[INFO] [stdout]    9:     0x5fb5b9f4fd8d - __rustc[ea4f61d10b84890b]::rust_begin_unwind
[INFO] [stdout]   10:     0x5fb5b9f8b8ec - core[a373ad73a504971]::panicking::panic_fmt
[INFO] [stdout]   11:     0x5fb5b9f8b6c2 - core[a373ad73a504971]::result::unwrap_failed
[INFO] [stdout]   12:     0x5fb5b9ebef03 - cli[78152a86a4860551]::fixture_project_with_project_settings
[INFO] [stdout]   13:     0x5fb5b9ee6354 - <cli[78152a86a4860551]::review_ai_include_images_default_output_and_overwrite_are_stable::{closure#0} as core[a373ad73a504971]::ops::function::FnOnce<()>>::call_once
[INFO] [stdout]   14:     0x5fb5b9ef9e1b - test[aada8e7e76ba119b]::__rust_begin_short_backtrace::<core[a373ad73a504971]::result::Result<(), alloc[2e1b2a31b91974c5]::string::String>, fn() -> core[a373ad73a504971]::result::Result<(), alloc[2e1b2a31b91974c5]::string::String>>
[INFO] [stdout]   15:     0x5fb5b9f06ff5 - test[aada8e7e76ba119b]::run_test::{closure#0}
[INFO] [stdout]   16:     0x5fb5b9f008e4 - std[617be2ca0a6fd877]::sys::backtrace::__rust_begin_short_backtrace::<test[aada8e7e76ba119b]::run_test::{closure#1}, ()>
[INFO] [stdout]   17:     0x5fb5b9f0a082 - <std[617be2ca0a6fd877]::thread::lifecycle::spawn_unchecked<test[aada8e7e76ba119b]::run_test::{closure#1}, ()>::{closure#1} as core[a373ad73a504971]::ops::function::FnOnce<()>>::call_once::{shim:vtable#0}
[INFO] [stdout]   18:     0x5fb5b9f7533f - <std[617be2ca0a6fd877]::sys::thread::unix::Thread>::new::thread_start
[INFO] [stdout]   19:     0x73674955adfa - <unknown>
[INFO] [stdout]   20:     0x7367495ee3d4 - clone
[INFO] [stdout]   21:                0x0 - <unknown>
[INFO] [stdout] 
[INFO] [stdout] ---- init_profiles_emit_framework_paths_and_parse stdout ----
[INFO] [stdout] 
[INFO] [stdout] thread 'init_profiles_emit_framework_paths_and_parse' (3557) panicked at tests/cli.rs:2107:49:
[INFO] [stdout] copy fixture image: Os { code: 2, kind: NotFound, message: "No such file or directory" }
[INFO] [stdout] stack backtrace:
[INFO] [stdout]    0:     0x5fb5b9f760e1 - <<std[617be2ca0a6fd877]::sys::backtrace::BacktraceLock>::print::DisplayBacktrace as core[a373ad73a504971]::fmt::Display>::fmt
[INFO] [stdout]    1:     0x5fb5b9f8b1ba - core[a373ad73a504971]::fmt::write
[INFO] [stdout]    2:     0x5fb5b9f7a5cc - <alloc[2e1b2a31b91974c5]::vec::Vec<u8> as core[a373ad73a504971]::io::write::Write>::write_fmt
[INFO] [stdout]    3:     0x5fb5b9f4f0d6 - std[617be2ca0a6fd877]::panicking::default_hook::{closure#0}
[INFO] [stdout]    4:     0x5fb5b9f6cb99 - std[617be2ca0a6fd877]::panicking::default_hook
[INFO] [stdout]    5:     0x5fb5b9f069d0 - test[aada8e7e76ba119b]::test_main_inner::{closure#0}
[INFO] [stdout]    6:     0x5fb5b9f6cd52 - std[617be2ca0a6fd877]::panicking::panic_with_hook
[INFO] [stdout]    7:     0x5fb5b9f4f182 - std[617be2ca0a6fd877]::panicking::panic_handler::{closure#0}
[INFO] [stdout]    8:     0x5fb5b9f47b49 - std[617be2ca0a6fd877]::sys::backtrace::__rust_end_short_backtrace::<std[617be2ca0a6fd877]::panicking::panic_handler::{closure#0}, !>
[INFO] [stdout]    9:     0x5fb5b9f4fd8d - __rustc[ea4f61d10b84890b]::rust_begin_unwind
[INFO] [stdout]   10:     0x5fb5b9f8b8ec - core[a373ad73a504971]::panicking::panic_fmt
[INFO] [stdout]   11:     0x5fb5b9f8b6c2 - core[a373ad73a504971]::result::unwrap_failed
[INFO] [stdout]   12:     0x5fb5b9ecc381 - <cli[78152a86a4860551]::init_profiles_emit_framework_paths_and_parse::{closure#0} as core[a373ad73a504971]::ops::function::FnOnce<()>>::call_once
[INFO] [stdout]   13:     0x5fb5b9ef9e1b - test[aada8e7e76ba119b]::__rust_begin_short_backtrace::<core[a373ad73a504971]::result::Result<(), alloc[2e1b2a31b91974c5]::string::String>, fn() -> core[a373ad73a504971]::result::Result<(), alloc[2e1b2a31b91974c5]::string::String>>
[INFO] [stdout]   14:     0x5fb5b9f06ff5 - test[aada8e7e76ba119b]::run_test::{closure#0}
[INFO] [stdout]   15:     0x5fb5b9f008e4 - std[617be2ca0a6fd877]::sys::backtrace::__rust_begin_short_backtrace::<test[aada8e7e76ba119b]::run_test::{closure#1}, ()>
[INFO] [stdout]   16:     0x5fb5b9f0a082 - <std[617be2ca0a6fd877]::thread::lifecycle::spawn_unchecked<test[aada8e7e76ba119b]::run_test::{closure#1}, ()>::{closure#1} as core[a373ad73a504971]::ops::function::FnOnce<()>>::call_once::{shim:vtable#0}
[INFO] [stdout]   17:     0x5fb5b9f7533f - <std[617be2ca0a6fd877]::sys::thread::unix::Thread>::new::thread_start
[INFO] [stdout]   18:     0x73674955adfa - <unknown>
[INFO] [stdout]   19:     0x7367495ee3d4 - clone
[INFO] [stdout]   20:                0x0 - <unknown>
[INFO] [stdout] 
[INFO] [stdout] ---- suggest_check_is_read_only_when_no_suggestions_block stdout ----
[INFO] [stdout] 
[INFO] [stdout] thread 'suggest_check_is_read_only_when_no_suggestions_block' (3587) panicked at tests/cli.rs:3467:45:
[INFO] [stdout] copy fixture image: Os { code: 2, kind: NotFound, message: "No such file or directory" }
[INFO] [stdout] stack backtrace:
[INFO] [stdout]    0:     0x5fb5b9f760e1 - <<std[617be2ca0a6fd877]::sys::backtrace::BacktraceLock>::print::DisplayBacktrace as core[a373ad73a504971]::fmt::Display>::fmt
[INFO] [stdout]    1:     0x5fb5b9f8b1ba - core[a373ad73a504971]::fmt::write
[INFO] [stdout]    2:     0x5fb5b9f7a5cc - <alloc[2e1b2a31b91974c5]::vec::Vec<u8> as core[a373ad73a504971]::io::write::Write>::write_fmt
[INFO] [stdout]    3:     0x5fb5b9f4f0d6 - std[617be2ca0a6fd877]::panicking::default_hook::{closure#0}
[INFO] [stdout]    4:     0x5fb5b9f6cb99 - std[617be2ca0a6fd877]::panicking::default_hook
[INFO] [stdout]    5:     0x5fb5b9f069d0 - test[aada8e7e76ba119b]::test_main_inner::{closure#0}
[INFO] [stdout]    6:     0x5fb5b9f6cd52 - std[617be2ca0a6fd877]::panicking::panic_with_hook
[INFO] [stdout]    7:     0x5fb5b9f4f182 - std[617be2ca0a6fd877]::panicking::panic_handler::{closure#0}
[INFO] [stdout]    8:     0x5fb5b9f47b49 - std[617be2ca0a6fd877]::sys::backtrace::__rust_end_short_backtrace::<std[617be2ca0a6fd877]::panicking::panic_handler::{closure#0}, !>
[INFO] [stdout]    9:     0x5fb5b9f4fd8d - __rustc[ea4f61d10b84890b]::rust_begin_unwind
[INFO] [stdout]   10:     0x5fb5b9f8b8ec - core[a373ad73a504971]::panicking::panic_fmt
[INFO] [stdout]   11:     0x5fb5b9f8b6c2 - core[a373ad73a504971]::result::unwrap_failed
[INFO] [stdout]   12:     0x5fb5b9ebef03 - cli[78152a86a4860551]::fixture_project_with_project_settings
[INFO] [stdout]   13:     0x5fb5b9ed50f1 - <cli[78152a86a4860551]::suggest_check_is_read_only_when_no_suggestions_block::{closure#0} as core[a373ad73a504971]::ops::function::FnOnce<()>>::call_once
[INFO] [stdout]   14:     0x5fb5b9ef9e1b - test[aada8e7e76ba119b]::__rust_begin_short_backtrace::<core[a373ad73a504971]::result::Result<(), alloc[2e1b2a31b91974c5]::string::String>, fn() -> core[a373ad73a504971]::result::Result<(), alloc[2e1b2a31b91974c5]::string::String>>
[INFO] [stdout]   15:     0x5fb5b9f06ff5 - test[aada8e7e76ba119b]::run_test::{closure#0}
[INFO] [stdout]   16:     0x5fb5b9f008e4 - std[617be2ca0a6fd877]::sys::backtrace::__rust_begin_short_backtrace::<test[aada8e7e76ba119b]::run_test::{closure#1}, ()>
[INFO] [stdout]   17:     0x5fb5b9f0a082 - <std[617be2ca0a6fd877]::thread::lifecycle::spawn_unchecked<test[aada8e7e76ba119b]::run_test::{closure#1}, ()>::{closure#1} as core[a373ad73a504971]::ops::function::FnOnce<()>>::call_once::{shim:vtable#0}
[INFO] [stdout]   18:     0x5fb5b9f7533f - <std[617be2ca0a6fd877]::sys::thread::unix::Thread>::new::thread_start
[INFO] [stdout]   19:     0x73674955adfa - <unknown>
[INFO] [stdout]   20:     0x7367495ee3d4 - clone
[INFO] [stdout]   21:                0x0 - <unknown>
[INFO] [stdout] 
[INFO] [stdout] ---- suggest_check_explicit_outputs_write_and_preflight_are_safe stdout ----
[INFO] [stdout] 
[INFO] [stdout] thread 'suggest_check_explicit_outputs_write_and_preflight_are_safe' (3586) panicked at tests/cli.rs:3467:45:
[INFO] [stdout] copy fixture image: Os { code: 2, kind: NotFound, message: "No such file or directory" }
[INFO] [stdout] stack backtrace:
[INFO] [stdout]    0:     0x5fb5b9f760e1 - <<std[617be2ca0a6fd877]::sys::backtrace::BacktraceLock>::print::DisplayBacktrace as core[a373ad73a504971]::fmt::Display>::fmt
[INFO] [stdout]    1:     0x5fb5b9f8b1ba - core[a373ad73a504971]::fmt::write
[INFO] [stdout]    2:     0x5fb5b9f7a5cc - <alloc[2e1b2a31b91974c5]::vec::Vec<u8> as core[a373ad73a504971]::io::write::Write>::write_fmt
[INFO] [stdout]    3:     0x5fb5b9f4f0d6 - std[617be2ca0a6fd877]::panicking::default_hook::{closure#0}
[INFO] [stdout]    4:     0x5fb5b9f6cb99 - std[617be2ca0a6fd877]::panicking::default_hook
[INFO] [stdout]    5:     0x5fb5b9f069d0 - test[aada8e7e76ba119b]::test_main_inner::{closure#0}
[INFO] [stdout]    6:     0x5fb5b9f6cd52 - std[617be2ca0a6fd877]::panicking::panic_with_hook
[INFO] [stdout]    7:     0x5fb5b9f4f182 - std[617be2ca0a6fd877]::panicking::panic_handler::{closure#0}
[INFO] [stdout]    8:     0x5fb5b9f47b49 - std[617be2ca0a6fd877]::sys::backtrace::__rust_end_short_backtrace::<std[617be2ca0a6fd877]::panicking::panic_handler::{closure#0}, !>
[INFO] [stdout]    9:     0x5fb5b9f4fd8d - __rustc[ea4f61d10b84890b]::rust_begin_unwind
[INFO] [stdout]   10:     0x5fb5b9f8b8ec - core[a373ad73a504971]::panicking::panic_fmt
[INFO] [stdout]   11:     0x5fb5b9f8b6c2 - core[a373ad73a504971]::result::unwrap_failed
[INFO] [stdout]   12:     0x5fb5b9ebef03 - cli[78152a86a4860551]::fixture_project_with_project_settings
[INFO] [stdout]   13:     0x5fb5b9ee0944 - <cli[78152a86a4860551]::suggest_check_explicit_outputs_write_and_preflight_are_safe::{closure#0} as core[a373ad73a504971]::ops::function::FnOnce<()>>::call_once
[INFO] [stdout]   14:     0x5fb5b9ef9e1b - test[aada8e7e76ba119b]::__rust_begin_short_backtrace::<core[a373ad73a504971]::result::Result<(), alloc[2e1b2a31b91974c5]::string::String>, fn() -> core[a373ad73a504971]::result::Result<(), alloc[2e1b2a31b91974c5]::string::String>>
[INFO] [stdout]   15:     0x5fb5b9f06ff5 - test[aada8e7e76ba119b]::run_test::{closure#0}
[INFO] [stdout]   16:     0x5fb5b9f008e4 - std[617be2ca0a6fd877]::sys::backtrace::__rust_begin_short_backtrace::<test[aada8e7e76ba119b]::run_test::{closure#1}, ()>
[INFO] [stdout]   17:     0x5fb5b9f0a082 - <std[617be2ca0a6fd877]::thread::lifecycle::spawn_unchecked<test[aada8e7e76ba119b]::run_test::{closure#1}, ()>::{closure#1} as core[a373ad73a504971]::ops::function::FnOnce<()>>::call_once::{shim:vtable#0}
[INFO] [stdout]   18:     0x5fb5b9f7533f - <std[617be2ca0a6fd877]::sys::thread::unix::Thread>::new::thread_start
[INFO] [stdout]   19:     0x73674955adfa - <unknown>
[INFO] [stdout]   20:     0x7367495ee3d4 - clone
[INFO] [stdout]   21:                0x0 - <unknown>
[INFO] [stdout] 
[INFO] [stdout] ---- suggest_custom_config_warning_context_and_secrets_are_stable stdout ----
[INFO] [stdout] 
[INFO] [stdout] thread 'suggest_custom_config_warning_context_and_secrets_are_stable' (3589) panicked at tests/cli.rs:3292:40:
[INFO] [stdout] copy fixture image: Os { code: 2, kind: NotFound, message: "No such file or directory" }
[INFO] [stdout] stack backtrace:
[INFO] [stdout]    0:     0x5fb5b9f760e1 - <<std[617be2ca0a6fd877]::sys::backtrace::BacktraceLock>::print::DisplayBacktrace as core[a373ad73a504971]::fmt::Display>::fmt
[INFO] [stdout]    1:     0x5fb5b9f8b1ba - core[a373ad73a504971]::fmt::write
[INFO] [stdout]    2:     0x5fb5b9f7a5cc - <alloc[2e1b2a31b91974c5]::vec::Vec<u8> as core[a373ad73a504971]::io::write::Write>::write_fmt
[INFO] [stdout]    3:     0x5fb5b9f4f0d6 - std[617be2ca0a6fd877]::panicking::default_hook::{closure#0}
[INFO] [stdout]    4:     0x5fb5b9f6cb99 - std[617be2ca0a6fd877]::panicking::default_hook
[INFO] [stdout]    5:     0x5fb5b9f069d0 - test[aada8e7e76ba119b]::test_main_inner::{closure#0}
[INFO] [stdout]    6:     0x5fb5b9f6cd52 - std[617be2ca0a6fd877]::panicking::panic_with_hook
[INFO] [stdout]    7:     0x5fb5b9f4f182 - std[617be2ca0a6fd877]::panicking::panic_handler::{closure#0}
[INFO] [stdout]    8:     0x5fb5b9f47b49 - std[617be2ca0a6fd877]::sys::backtrace::__rust_end_short_backtrace::<std[617be2ca0a6fd877]::panicking::panic_handler::{closure#0}, !>
[INFO] [stdout]    9:     0x5fb5b9f4fd8d - __rustc[ea4f61d10b84890b]::rust_begin_unwind
[INFO] [stdout]   10:     0x5fb5b9f8b8ec - core[a373ad73a504971]::panicking::panic_fmt
[INFO] [stdout]   11:     0x5fb5b9f8b6c2 - core[a373ad73a504971]::result::unwrap_failed
[INFO] [stdout]   12:     0x5fb5b9ee4077 - <cli[78152a86a4860551]::suggest_custom_config_warning_context_and_secrets_are_stable::{closure#0} as core[a373ad73a504971]::ops::function::FnOnce<()>>::call_once
[INFO] [stdout]   13:     0x5fb5b9ef9e1b - test[aada8e7e76ba119b]::__rust_begin_short_backtrace::<core[a373ad73a504971]::result::Result<(), alloc[2e1b2a31b91974c5]::string::String>, fn() -> core[a373ad73a504971]::result::Result<(), alloc[2e1b2a31b91974c5]::string::String>>
[INFO] [stdout]   14:     0x5fb5b9f06ff5 - test[aada8e7e76ba119b]::run_test::{closure#0}
[INFO] [stdout]   15:     0x5fb5b9f008e4 - std[617be2ca0a6fd877]::sys::backtrace::__rust_begin_short_backtrace::<test[aada8e7e76ba119b]::run_test::{closure#1}, ()>
[INFO] [stdout]   16:     0x5fb5b9f0a082 - <std[617be2ca0a6fd877]::thread::lifecycle::spawn_unchecked<test[aada8e7e76ba119b]::run_test::{closure#1}, ()>::{closure#1} as core[a373ad73a504971]::ops::function::FnOnce<()>>::call_once::{shim:vtable#0}
[INFO] [stdout]   17:     0x5fb5b9f7533f - <std[617be2ca0a6fd877]::sys::thread::unix::Thread>::new::thread_start
[INFO] [stdout]   18:     0x73674955adfa - <unknown>
[INFO] [stdout]   19:     0x7367495ee3d4 - clone
[INFO] [stdout]   20:                0x0 - <unknown>
[INFO] [stdout] 
[INFO] [stdout] ---- suggest_check_thresholds_handle_warnings_errors_and_advisories stdout ----
[INFO] [stdout] 
[INFO] [stdout] thread 'suggest_check_thresholds_handle_warnings_errors_and_advisories' (3588) panicked at tests/cli.rs:3467:45:
[INFO] [stdout] copy fixture image: Os { code: 2, kind: NotFound, message: "No such file or directory" }
[INFO] [stdout] stack backtrace:
[INFO] [stdout]    0:     0x5fb5b9f760e1 - <<std[617be2ca0a6fd877]::sys::backtrace::BacktraceLock>::print::DisplayBacktrace as core[a373ad73a504971]::fmt::Display>::fmt
[INFO] [stdout]    1:     0x5fb5b9f8b1ba - core[a373ad73a504971]::fmt::write
[INFO] [stdout]    2:     0x5fb5b9f7a5cc - <alloc[2e1b2a31b91974c5]::vec::Vec<u8> as core[a373ad73a504971]::io::write::Write>::write_fmt
[INFO] [stdout]    3:     0x5fb5b9f4f0d6 - std[617be2ca0a6fd877]::panicking::default_hook::{closure#0}
[INFO] [stdout]    4:     0x5fb5b9f6cb99 - std[617be2ca0a6fd877]::panicking::default_hook
[INFO] [stdout]    5:     0x5fb5b9f069d0 - test[aada8e7e76ba119b]::test_main_inner::{closure#0}
[INFO] [stdout]    6:     0x5fb5b9f6cd52 - std[617be2ca0a6fd877]::panicking::panic_with_hook
[INFO] [stdout]    7:     0x5fb5b9f4f182 - std[617be2ca0a6fd877]::panicking::panic_handler::{closure#0}
[INFO] [stdout]    8:     0x5fb5b9f47b49 - std[617be2ca0a6fd877]::sys::backtrace::__rust_end_short_backtrace::<std[617be2ca0a6fd877]::panicking::panic_handler::{closure#0}, !>
[INFO] [stdout]    9:     0x5fb5b9f4fd8d - __rustc[ea4f61d10b84890b]::rust_begin_unwind
[INFO] [stdout]   10:     0x5fb5b9f8b8ec - core[a373ad73a504971]::panicking::panic_fmt
[INFO] [stdout]   11:     0x5fb5b9f8b6c2 - core[a373ad73a504971]::result::unwrap_failed
[INFO] [stdout]   12:     0x5fb5b9ebef03 - cli[78152a86a4860551]::fixture_project_with_project_settings
[INFO] [stdout]   13:     0x5fb5b9ee5499 - <cli[78152a86a4860551]::suggest_check_thresholds_handle_warnings_errors_and_advisories::{closure#0} as core[a373ad73a504971]::ops::function::FnOnce<()>>::call_once
[INFO] [stdout]   14:     0x5fb5b9ef9e1b - test[aada8e7e76ba119b]::__rust_begin_short_backtrace::<core[a373ad73a504971]::result::Result<(), alloc[2e1b2a31b91974c5]::string::String>, fn() -> core[a373ad73a504971]::result::Result<(), alloc[2e1b2a31b91974c5]::string::String>>
[INFO] [stdout]   15:     0x5fb5b9f06ff5 - test[aada8e7e76ba119b]::run_test::{closure#0}
[INFO] [stdout]   16:     0x5fb5b9f008e4 - std[617be2ca0a6fd877]::sys::backtrace::__rust_begin_short_backtrace::<test[aada8e7e76ba119b]::run_test::{closure#1}, ()>
[INFO] [stdout]   17:     0x5fb5b9f0a082 - <std[617be2ca0a6fd877]::thread::lifecycle::spawn_unchecked<test[aada8e7e76ba119b]::run_test::{closure#1}, ()>::{closure#1} as core[a373ad73a504971]::ops::function::FnOnce<()>>::call_once::{shim:vtable#0}
[INFO] [stdout]   18:     0x5fb5b9f7533f - <std[617be2ca0a6fd877]::sys::thread::unix::Thread>::new::thread_start
[INFO] [stdout]   19:     0x73674955adfa - <unknown>
[INFO] [stdout]   20:     0x7367495ee3d4 - clone
[INFO] [stdout]   21:                0x0 - <unknown>
[INFO] [stdout] 
[INFO] [stdout] ---- suggest_custom_output_markdown_force_and_preflight_are_safe stdout ----
[INFO] [stdout] 
[INFO] [stdout] thread 'suggest_custom_output_markdown_force_and_preflight_are_safe' (3591) panicked at tests/cli.rs:3467:45:
[INFO] [stdout] copy fixture image: Os { code: 2, kind: NotFound, message: "No such file or directory" }
[INFO] [stdout] stack backtrace:
[INFO] [stdout]    0:     0x5fb5b9f760e1 - <<std[617be2ca0a6fd877]::sys::backtrace::BacktraceLock>::print::DisplayBacktrace as core[a373ad73a504971]::fmt::Display>::fmt
[INFO] [stdout]    1:     0x5fb5b9f8b1ba - core[a373ad73a504971]::fmt::write
[INFO] [stdout]    2:     0x5fb5b9f7a5cc - <alloc[2e1b2a31b91974c5]::vec::Vec<u8> as core[a373ad73a504971]::io::write::Write>::write_fmt
[INFO] [stdout]    3:     0x5fb5b9f4f0d6 - std[617be2ca0a6fd877]::panicking::default_hook::{closure#0}
[INFO] [stdout]    4:     0x5fb5b9f6cb99 - std[617be2ca0a6fd877]::panicking::default_hook
[INFO] [stdout]    5:     0x5fb5b9f069d0 - test[aada8e7e76ba119b]::test_main_inner::{closure#0}
[INFO] [stdout]    6:     0x5fb5b9f6cd52 - std[617be2ca0a6fd877]::panicking::panic_with_hook
[INFO] [stdout]    7:     0x5fb5b9f4f182 - std[617be2ca0a6fd877]::panicking::panic_handler::{closure#0}
[INFO] [stdout]    8:     0x5fb5b9f47b49 - std[617be2ca0a6fd877]::sys::backtrace::__rust_end_short_backtrace::<std[617be2ca0a6fd877]::panicking::panic_handler::{closure#0}, !>
[INFO] [stdout]    9:     0x5fb5b9f4fd8d - __rustc[ea4f61d10b84890b]::rust_begin_unwind
[INFO] [stdout]   10:     0x5fb5b9f8b8ec - core[a373ad73a504971]::panicking::panic_fmt
[INFO] [stdout]   11:     0x5fb5b9f8b6c2 - core[a373ad73a504971]::result::unwrap_failed
[INFO] [stdout]   12:     0x5fb5b9ebef03 - cli[78152a86a4860551]::fixture_project_with_project_settings
[INFO] [stdout]   13:     0x5fb5b9ee1839 - <cli[78152a86a4860551]::suggest_custom_output_markdown_force_and_preflight_are_safe::{closure#0} as core[a373ad73a504971]::ops::function::FnOnce<()>>::call_once
[INFO] [stdout]   14:     0x5fb5b9ef9e1b - test[aada8e7e76ba119b]::__rust_begin_short_backtrace::<core[a373ad73a504971]::result::Result<(), alloc[2e1b2a31b91974c5]::string::String>, fn() -> core[a373ad73a504971]::result::Result<(), alloc[2e1b2a31b91974c5]::string::String>>
[INFO] [stdout]   15:     0x5fb5b9f06ff5 - test[aada8e7e76ba119b]::run_test::{closure#0}
[INFO] [stdout]   16:     0x5fb5b9f008e4 - std[617be2ca0a6fd877]::sys::backtrace::__rust_begin_short_backtrace::<test[aada8e7e76ba119b]::run_test::{closure#1}, ()>
[INFO] [stdout]   17:     0x5fb5b9f0a082 - <std[617be2ca0a6fd877]::thread::lifecycle::spawn_unchecked<test[aada8e7e76ba119b]::run_test::{closure#1}, ()>::{closure#1} as core[a373ad73a504971]::ops::function::FnOnce<()>>::call_once::{shim:vtable#0}
[INFO] [stdout]   18:     0x5fb5b9f7533f - <std[617be2ca0a6fd877]::sys::thread::unix::Thread>::new::thread_start
[INFO] [stdout]   19:     0x73674955adfa - <unknown>
[INFO] [stdout]   20:     0x7367495ee3d4 - clone
[INFO] [stdout]   21:                0x0 - <unknown>
[INFO] [stdout] 
[INFO] [stdout] ---- suggest_default_output_is_valid_empty_json_and_deterministic stdout ----
[INFO] [stdout] 
[INFO] [stdout] thread 'suggest_default_output_is_valid_empty_json_and_deterministic' (3593) panicked at tests/cli.rs:3467:45:
[INFO] [stdout] copy fixture image: Os { code: 2, kind: NotFound, message: "No such file or directory" }
[INFO] [stdout] stack backtrace:
[INFO] [stdout]    0:     0x5fb5b9f760e1 - <<std[617be2ca0a6fd877]::sys::backtrace::BacktraceLock>::print::DisplayBacktrace as core[a373ad73a504971]::fmt::Display>::fmt
[INFO] [stdout]    1:     0x5fb5b9f8b1ba - core[a373ad73a504971]::fmt::write
[INFO] [stdout]    2:     0x5fb5b9f7a5cc - <alloc[2e1b2a31b91974c5]::vec::Vec<u8> as core[a373ad73a504971]::io::write::Write>::write_fmt
[INFO] [stdout]    3:     0x5fb5b9f4f0d6 - std[617be2ca0a6fd877]::panicking::default_hook::{closure#0}
[INFO] [stdout]    4:     0x5fb5b9f6cb99 - std[617be2ca0a6fd877]::panicking::default_hook
[INFO] [stdout]    5:     0x5fb5b9f069d0 - test[aada8e7e76ba119b]::test_main_inner::{closure#0}
[INFO] [stdout]    6:     0x5fb5b9f6cd52 - std[617be2ca0a6fd877]::panicking::panic_with_hook
[INFO] [stdout]    7:     0x5fb5b9f4f182 - std[617be2ca0a6fd877]::panicking::panic_handler::{closure#0}
[INFO] [stdout]    8:     0x5fb5b9f47b49 - std[617be2ca0a6fd877]::sys::backtrace::__rust_end_short_backtrace::<std[617be2ca0a6fd877]::panicking::panic_handler::{closure#0}, !>
[INFO] [stdout]    9:     0x5fb5b9f4fd8d - __rustc[ea4f61d10b84890b]::rust_begin_unwind
[INFO] [stdout]   10:     0x5fb5b9f8b8ec - core[a373ad73a504971]::panicking::panic_fmt
[INFO] [stdout]   11:     0x5fb5b9f8b6c2 - core[a373ad73a504971]::result::unwrap_failed
[INFO] [stdout]   12:     0x5fb5b9ebef03 - cli[78152a86a4860551]::fixture_project_with_project_settings
[INFO] [stdout]   13:     0x5fb5b9ee4524 - <cli[78152a86a4860551]::suggest_default_output_is_valid_empty_json_and_deterministic::{closure#0} as core[a373ad73a504971]::ops::function::FnOnce<()>>::call_once
[INFO] [stdout]   14:     0x5fb5b9ef9e1b - test[aada8e7e76ba119b]::__rust_begin_short_backtrace::<core[a373ad73a504971]::result::Result<(), alloc[2e1b2a31b91974c5]::string::String>, fn() -> core[a373ad73a504971]::result::Result<(), alloc[2e1b2a31b91974c5]::string::String>>
[INFO] [stdout]   15:     0x5fb5b9f06ff5 - test[aada8e7e76ba119b]::run_test::{closure#0}
[INFO] [stdout]   16:     0x5fb5b9f008e4 - std[617be2ca0a6fd877]::sys::backtrace::__rust_begin_short_backtrace::<test[aada8e7e76ba119b]::run_test::{closure#1}, ()>
[INFO] [stdout]   17:     0x5fb5b9f0a082 - <std[617be2ca0a6fd877]::thread::lifecycle::spawn_unchecked<test[aada8e7e76ba119b]::run_test::{closure#1}, ()>::{closure#1} as core[a373ad73a504971]::ops::function::FnOnce<()>>::call_once::{shim:vtable#0}
[INFO] [stdout]   18:     0x5fb5b9f7533f - <std[617be2ca0a6fd877]::sys::thread::unix::Thread>::new::thread_start
[INFO] [stdout]   19:     0x73674955adfa - <unknown>
[INFO] [stdout]   20:     0x7367495ee3d4 - clone
[INFO] [stdout]   21:                0x0 - <unknown>
[INFO] [stdout] 
[INFO] [stdout] ---- suggest_requires_metadata_only_and_writes_nothing_without_it stdout ----
[INFO] [stdout] 
[INFO] [stdout] thread 'suggest_requires_metadata_only_and_writes_nothing_without_it' (3597) panicked at tests/cli.rs:3467:45:
[INFO] [stdout] copy fixture image: Os { code: 2, kind: NotFound, message: "No such file or directory" }
[INFO] [stdout] stack backtrace:
[INFO] [stdout]    0:     0x5fb5b9f760e1 - <<std[617be2ca0a6fd877]::sys::backtrace::BacktraceLock>::print::DisplayBacktrace as core[a373ad73a504971]::fmt::Display>::fmt
[INFO] [stdout]    1:     0x5fb5b9f8b1ba - core[a373ad73a504971]::fmt::write
[INFO] [stdout]    2:     0x5fb5b9f7a5cc - <alloc[2e1b2a31b91974c5]::vec::Vec<u8> as core[a373ad73a504971]::io::write::Write>::write_fmt
[INFO] [stdout]    3:     0x5fb5b9f4f0d6 - std[617be2ca0a6fd877]::panicking::default_hook::{closure#0}
[INFO] [stdout]    4:     0x5fb5b9f6cb99 - std[617be2ca0a6fd877]::panicking::default_hook
[INFO] [stdout]    5:     0x5fb5b9f069d0 - test[aada8e7e76ba119b]::test_main_inner::{closure#0}
[INFO] [stdout]    6:     0x5fb5b9f6cd52 - std[617be2ca0a6fd877]::panicking::panic_with_hook
[INFO] [stdout]    7:     0x5fb5b9f4f182 - std[617be2ca0a6fd877]::panicking::panic_handler::{closure#0}
[INFO] [stdout]    8:     0x5fb5b9f47b49 - std[617be2ca0a6fd877]::sys::backtrace::__rust_end_short_backtrace::<std[617be2ca0a6fd877]::panicking::panic_handler::{closure#0}, !>
[INFO] [stdout]    9:     0x5fb5b9f4fd8d - __rustc[ea4f61d10b84890b]::rust_begin_unwind
[INFO] [stdout]   10:     0x5fb5b9f8b8ec - core[a373ad73a504971]::panicking::panic_fmt
[INFO] [stdout]   11:     0x5fb5b9f8b6c2 - core[a373ad73a504971]::result::unwrap_failed
[INFO] [stdout]   12:     0x5fb5b9ebef03 - cli[78152a86a4860551]::fixture_project_with_project_settings
[INFO] [stdout]   13:     0x5fb5b9ee5101 - <cli[78152a86a4860551]::suggest_requires_metadata_only_and_writes_nothing_without_it::{closure#0} as core[a373ad73a504971]::ops::function::FnOnce<()>>::call_once
[INFO] [stdout]   14:     0x5fb5b9ef9e1b - test[aada8e7e76ba119b]::__rust_begin_short_backtrace::<core[a373ad73a504971]::result::Result<(), alloc[2e1b2a31b91974c5]::string::String>, fn() -> core[a373ad73a504971]::result::Result<(), alloc[2e1b2a31b91974c5]::string::String>>
[INFO] [stdout]   15:     0x5fb5b9f06ff5 - test[aada8e7e76ba119b]::run_test::{closure#0}
[INFO] [stdout]   16:     0x5fb5b9f008e4 - std[617be2ca0a6fd877]::sys::backtrace::__rust_begin_short_backtrace::<test[aada8e7e76ba119b]::run_test::{closure#1}, ()>
[INFO] [stdout]   17:     0x5fb5b9f0a082 - <std[617be2ca0a6fd877]::thread::lifecycle::spawn_unchecked<test[aada8e7e76ba119b]::run_test::{closure#1}, ()>::{closure#1} as core[a373ad73a504971]::ops::function::FnOnce<()>>::call_once::{shim:vtable#0}
[INFO] [stdout]   18:     0x5fb5b9f7533f - <std[617be2ca0a6fd877]::sys::thread::unix::Thread>::new::thread_start
[INFO] [stdout]   19:     0x73674955adfa - <unknown>
[INFO] [stdout]   20:     0x7367495ee3d4 - clone
[INFO] [stdout]   21:                0x0 - <unknown>
[INFO] [stdout] 
[INFO] [stdout] ---- unsafe_overwrite_exits_4_unless_explicitly_allowed stdout ----
[INFO] [stdout] 
[INFO] [stdout] thread 'unsafe_overwrite_exits_4_unless_explicitly_allowed' (3598) panicked at tests/cli.rs:3467:45:
[INFO] [stdout] copy fixture image: Os { code: 2, kind: NotFound, message: "No such file or directory" }
[INFO] [stdout] stack backtrace:
[INFO] [stdout]    0:     0x5fb5b9f760e1 - <<std[617be2ca0a6fd877]::sys::backtrace::BacktraceLock>::print::DisplayBacktrace as core[a373ad73a504971]::fmt::Display>::fmt
[INFO] [stdout]    1:     0x5fb5b9f8b1ba - core[a373ad73a504971]::fmt::write
[INFO] [stdout]    2:     0x5fb5b9f7a5cc - <alloc[2e1b2a31b91974c5]::vec::Vec<u8> as core[a373ad73a504971]::io::write::Write>::write_fmt
[INFO] [stdout]    3:     0x5fb5b9f4f0d6 - std[617be2ca0a6fd877]::panicking::default_hook::{closure#0}
[INFO] [stdout]    4:     0x5fb5b9f6cb99 - std[617be2ca0a6fd877]::panicking::default_hook
[INFO] [stdout]    5:     0x5fb5b9f069d0 - test[aada8e7e76ba119b]::test_main_inner::{closure#0}
[INFO] [stdout]    6:     0x5fb5b9f6cd52 - std[617be2ca0a6fd877]::panicking::panic_with_hook
[INFO] [stdout]    7:     0x5fb5b9f4f182 - std[617be2ca0a6fd877]::panicking::panic_handler::{closure#0}
[INFO] [stdout]    8:     0x5fb5b9f47b49 - std[617be2ca0a6fd877]::sys::backtrace::__rust_end_short_backtrace::<std[617be2ca0a6fd877]::panicking::panic_handler::{closure#0}, !>
[INFO] [stdout]    9:     0x5fb5b9f4fd8d - __rustc[ea4f61d10b84890b]::rust_begin_unwind
[INFO] [stdout]   10:     0x5fb5b9f8b8ec - core[a373ad73a504971]::panicking::panic_fmt
[INFO] [stdout]   11:     0x5fb5b9f8b6c2 - core[a373ad73a504971]::result::unwrap_failed
[INFO] [stdout]   12:     0x5fb5b9ebef03 - cli[78152a86a4860551]::fixture_project_with_project_settings
[INFO] [stdout]   13:     0x5fb5b9ed3c84 - <cli[78152a86a4860551]::unsafe_overwrite_exits_4_unless_explicitly_allowed::{closure#0} as core[a373ad73a504971]::ops::function::FnOnce<()>>::call_once
[INFO] [stdout]   14:     0x5fb5b9ef9e1b - test[aada8e7e76ba119b]::__rust_begin_short_backtrace::<core[a373ad73a504971]::result::Result<(), alloc[2e1b2a31b91974c5]::string::String>, fn() -> core[a373ad73a504971]::result::Result<(), alloc[2e1b2a31b91974c5]::string::String>>
[INFO] [stdout]   15:     0x5fb5b9f06ff5 - test[aada8e7e76ba119b]::run_test::{closure#0}
[INFO] [stdout]   16:     0x5fb5b9f008e4 - std[617be2ca0a6fd877]::sys::backtrace::__rust_begin_short_backtrace::<test[aada8e7e76ba119b]::run_test::{closure#1}, ()>
[INFO] [stdout]   17:     0x5fb5b9f0a082 - <std[617be2ca0a6fd877]::thread::lifecycle::spawn_unchecked<test[aada8e7e76ba119b]::run_test::{closure#1}, ()>::{closure#1} as core[a373ad73a504971]::ops::function::FnOnce<()>>::call_once::{shim:vtable#0}
[INFO] [stdout]   18:     0x5fb5b9f7533f - <std[617be2ca0a6fd877]::sys::thread::unix::Thread>::new::thread_start
[INFO] [stdout]   19:     0x73674955adfa - <unknown>
[INFO] [stdout]   20:     0x7367495ee3d4 - clone
[INFO] [stdout]   21:                0x0 - <unknown>
[INFO] [stdout] 
[INFO] [stdout] ---- suggest_fail_on_severity_requires_check stdout ----
[INFO] [stdout] 
[INFO] [stdout] thread 'suggest_fail_on_severity_requires_check' (3594) panicked at tests/cli.rs:3467:45:
[INFO] [stdout] copy fixture image: Os { code: 2, kind: NotFound, message: "No such file or directory" }
[INFO] [stdout] stack backtrace:
[INFO] [stdout]    0:     0x5fb5b9f760e1 - <<std[617be2ca0a6fd877]::sys::backtrace::BacktraceLock>::print::DisplayBacktrace as core[a373ad73a504971]::fmt::Display>::fmt
[INFO] [stdout]    1:     0x5fb5b9f8b1ba - core[a373ad73a504971]::fmt::write
[INFO] [stdout]    2:     0x5fb5b9f7a5cc - <alloc[2e1b2a31b91974c5]::vec::Vec<u8> as core[a373ad73a504971]::io::write::Write>::write_fmt
[INFO] [stdout]    3:     0x5fb5b9f4f0d6 - std[617be2ca0a6fd877]::panicking::default_hook::{closure#0}
[INFO] [stdout]    4:     0x5fb5b9f6cb99 - std[617be2ca0a6fd877]::panicking::default_hook
[INFO] [stdout]    5:     0x5fb5b9f069d0 - test[aada8e7e76ba119b]::test_main_inner::{closure#0}
[INFO] [stdout]    6:     0x5fb5b9f6cd52 - std[617be2ca0a6fd877]::panicking::panic_with_hook
[INFO] [stdout]    7:     0x5fb5b9f4f182 - std[617be2ca0a6fd877]::panicking::panic_handler::{closure#0}
[INFO] [stdout]    8:     0x5fb5b9f47b49 - std[617be2ca0a6fd877]::sys::backtrace::__rust_end_short_backtrace::<std[617be2ca0a6fd877]::panicking::panic_handler::{closure#0}, !>
[INFO] [stdout]    9:     0x5fb5b9f4fd8d - __rustc[ea4f61d10b84890b]::rust_begin_unwind
[INFO] [stdout]   10:     0x5fb5b9f8b8ec - core[a373ad73a504971]::panicking::panic_fmt
[INFO] [stdout]   11:     0x5fb5b9f8b6c2 - core[a373ad73a504971]::result::unwrap_failed
[INFO] [stdout]   12:     0x5fb5b9ebef03 - cli[78152a86a4860551]::fixture_project_with_project_settings
[INFO] [stdout]   13:     0x5fb5b9ec5bb1 - <cli[78152a86a4860551]::suggest_fail_on_severity_requires_check::{closure#0} as core[a373ad73a504971]::ops::function::FnOnce<()>>::call_once
[INFO] [stdout]   14:     0x5fb5b9ef9e1b - test[aada8e7e76ba119b]::__rust_begin_short_backtrace::<core[a373ad73a504971]::result::Result<(), alloc[2e1b2a31b91974c5]::string::String>, fn() -> core[a373ad73a504971]::result::Result<(), alloc[2e1b2a31b91974c5]::string::String>>
[INFO] [stdout]   15:     0x5fb5b9f06ff5 - test[aada8e7e76ba119b]::run_test::{closure#0}
[INFO] [stdout]   16:     0x5fb5b9f008e4 - std[617be2ca0a6fd877]::sys::backtrace::__rust_begin_short_backtrace::<test[aada8e7e76ba119b]::run_test::{closure#1}, ()>
[INFO] [stdout]   17:     0x5fb5b9f0a082 - <std[617be2ca0a6fd877]::thread::lifecycle::spawn_unchecked<test[aada8e7e76ba119b]::run_test::{closure#1}, ()>::{closure#1} as core[a373ad73a504971]::ops::function::FnOnce<()>>::call_once::{shim:vtable#0}
[INFO] [stdout]   18:     0x5fb5b9f7533f - <std[617be2ca0a6fd877]::sys::thread::unix::Thread>::new::thread_start
[INFO] [stdout]   19:     0x73674955adfa - <unknown>
[INFO] [stdout]   20:     0x7367495ee3d4 - clone
[INFO] [stdout]   21:                0x0 - <unknown>
[INFO] [stdout] 
[INFO] [stdout] 
[INFO] [stdout] failures:
[INFO] [stdout]     acknowledged_crop_warnings_remain_visible_but_do_not_fail_strict_check
[INFO] [stdout]     agent_task_custom_config_and_agent_guidance_are_distinct
[INFO] [stdout]     agent_task_includes_warning_context_and_generated_paths
[INFO] [stdout]     agent_task_output_refuses_existing_unless_forced_and_protects_instruction_files
[INFO] [stdout]     agent_task_stdout_default_uses_generic_and_keeps_secrets_out
[INFO] [stdout]     ai_consent_dry_run_works_without_keys_for_both_providers
[INFO] [stdout]     ai_consent_include_images_and_metadata_only_validation_are_stable
[INFO] [stdout]     ai_consent_loads_project_env_without_leaking_key_values
[INFO] [stdout]     ai_consent_never_prints_or_writes_fake_keys
[INFO] [stdout]     ai_consent_output_is_deterministic_and_refuses_overwrite
[INFO] [stdout]     ai_consent_preview_includes_generated_outputs_when_manifest_is_readable
[INFO] [stdout]     ai_consent_requires_provider_keys_when_not_dry_run
[INFO] [stdout]     alt_include_images_dry_run_default_output_and_overwrite_are_stable
[INFO] [stdout]     alt_metadata_only_writes_json_and_markdown_without_keys
[INFO] [stdout]     alt_validation_and_missing_key_errors_are_stable
[INFO] [stdout]     check_budget_failure_exits_3
[INFO] [stdout]     check_config_change_exits_3_for_stale_outputs
[INFO] [stdout]     check_fail_on_warning_turns_warning_into_exit_3
[INFO] [stdout]     check_fails_with_exit_3_when_output_is_deleted
[INFO] [stdout]     check_no_report_keeps_report_path_read_only
[INFO] [stdout]     content_hash_filename_mode_is_checkable
[INFO] [stdout]     default_config_commands_work_from_project_root
[INFO] [stdout]     deterministic_commands_keep_provider_secrets_out_of_output
[INFO] [stdout]     doctor_detects_manifest_export_drift
[INFO] [stdout]     doctor_export_output_suppresses_framework_helper_warning
[INFO] [stdout]     doctor_framework_detection_handles_none_and_mixed_projects
[INFO] [stdout]     doctor_passes_after_optimize_and_emits_json
[INFO] [stdout]     doctor_reports_framework_consumption_helpers
[INFO] [stdout]     doctor_reports_framework_diagnostics
[INFO] [stdout]     doctor_reports_missing_manifest_without_writing
[INFO] [stdout]     doctor_reports_stale_output_and_budget_failure
[INFO] [stdout]     dogfood_example_flow_covers_frontend_assets
[INFO] [stdout]     draft_dry_run_works_without_keys_for_both_providers
[INFO] [stdout]     draft_metadata_only_default_covers_all_draft_types
[INFO] [stdout]     draft_output_is_deterministic_refuses_overwrite_and_ignores_provider_env
[INFO] [stdout]     draft_provider_validation_errors_are_stable
[INFO] [stdout]     dry_run_writes_nothing
[INFO] [stdout]     init_profiles_emit_framework_paths_and_parse
[INFO] [stdout]     inspect_exit_codes_and_multiple_files_are_stable
[INFO] [stdout]     manifest_export_outputs_app_mapping
[INFO] [stdout]     optimize_and_check_success
[INFO] [stdout]     optimize_reports_incremental_skips_and_stale_work
[INFO] [stdout]     quality_diagnostics_are_reported_and_can_fail_strict_check
[INFO] [stdout]     review_ai_dry_run_writes_json_and_markdown_without_keys
[INFO] [stdout]     review_ai_include_images_default_output_and_overwrite_are_stable
[INFO] [stdout]     review_ai_validation_and_missing_key_errors_are_stable
[INFO] [stdout]     review_writes_visual_artifact_and_refuses_unsafe_overwrite
[INFO] [stdout]     suggest_check_explicit_outputs_write_and_preflight_are_safe
[INFO] [stdout]     suggest_check_is_read_only_when_no_suggestions_block
[INFO] [stdout]     suggest_check_thresholds_handle_warnings_errors_and_advisories
[INFO] [stdout]     suggest_custom_config_warning_context_and_secrets_are_stable
[INFO] [stdout]     suggest_custom_output_markdown_force_and_preflight_are_safe
[INFO] [stdout]     suggest_default_output_is_valid_empty_json_and_deterministic
[INFO] [stdout]     suggest_fail_on_severity_requires_check
[INFO] [stdout]     suggest_requires_metadata_only_and_writes_nothing_without_it
[INFO] [stdout]     unsafe_overwrite_exits_4_unless_explicitly_allowed
[INFO] [stdout] 
[INFO] [stdout] test result: FAILED. 11 passed; 56 failed; 0 ignored; 0 measured; 0 filtered out; finished in 0.03s
[INFO] [stdout] 
[INFO] running `Command { std: "docker" "inspect" "2b5c61812cf08e6e8c5d91fb5ea09f0f6608091310eabf5ba2b96512b312d969", kill_on_drop: false }`
[INFO] running `Command { std: "docker" "rm" "-f" "2b5c61812cf08e6e8c5d91fb5ea09f0f6608091310eabf5ba2b96512b312d969", kill_on_drop: false }`
[INFO] [stdout] 2b5c61812cf08e6e8c5d91fb5ea09f0f6608091310eabf5ba2b96512b312d969
