[INFO] fetching crate csonpath 0.19.1...
[INFO] testing csonpath-0.19.1 against 1.100.0-beta.1+cargoflags=--release for beta-release-1.100-3
[INFO] extracting crate csonpath 0.19.1 into /workspace/builds/worker-7-tc2/source
[INFO] started tweaking crates.io crate csonpath 0.19.1
[INFO] finished tweaking crates.io crate csonpath 0.19.1
[INFO] tweaked toml for crates.io crate csonpath 0.19.1 written to /workspace/builds/worker-7-tc2/source/Cargo.toml
[INFO] validating manifest of crates.io crate csonpath 0.19.1 on toolchain 1.100.0-beta.1
[INFO] running `Command { std: CARGO_HOME="/workspace/cargo-home" RUSTUP_HOME="/workspace/rustup-home" "/workspace/cargo-home/bin/cargo" "+1.100.0-beta.1" "metadata" "--manifest-path" "Cargo.toml" "--no-deps", kill_on_drop: false }`
[INFO] crate crates.io crate csonpath 0.19.1 already has a lockfile, it will not be regenerated
[INFO] running `Command { std: CARGO_HOME="/workspace/cargo-home" RUSTUP_HOME="/workspace/rustup-home" "/workspace/cargo-home/bin/cargo" "+1.100.0-beta.1" "fetch" "--manifest-path" "Cargo.toml", kill_on_drop: false }`
[INFO] [stderr] warning: `package.homepage` is redundant with `package.repository`
[INFO] [stderr]   --> Cargo.toml:38:12
[INFO] [stderr]    |
[INFO] [stderr] 38 | homepage = "https://github.com/Outscale/csonpath"
[INFO] [stderr]    |            ^^^^^^^^^^^^^^^^^^^^^^^^^^^^^^^^^^^^^^
[INFO] [stderr] ...
[INFO] [stderr] 42 | repository = "https://github.com/Outscale/csonpath"
[INFO] [stderr]    |              --------------------------------------
[INFO] [stderr]    |
[INFO] [stderr]    = note: `cargo::redundant_homepage` is set to `warn` by default
[INFO] [stderr] help: consider removing `package.homepage`
[INFO] [stderr] warning: `csonpath` (manifest) generated 1 warning
[INFO] [stderr]     Blocking waiting for file lock on package cache
[INFO] running `Command { std: "docker" "create" "-v" "/var/lib/crater-agent-workspace/builds/worker-7-tc2/source:/opt/rustwide/workdir:ro,Z" "-v" "/var/lib/crater-agent-workspace/builds/worker-7-tc2/target:/opt/rustwide/target:rw,Z" "-v" "/var/lib/crater-agent-workspace/cargo-home:/opt/rustwide/cargo-home:ro,Z" "-v" "/var/lib/crater-agent-workspace/rustup-home:/opt/rustwide/rustup-home:ro,Z" "-m" "1610612736" "--network" "none" "ghcr.io/rust-lang/crates-build-env/linux@sha256:77db811e55d90add9212f6832c23229e3de5f1c1f9905e8cb07319ea15df73ac" "sleep" "infinity", kill_on_drop: false }`
[INFO] [stdout] 8fe403aecd8605d5840a3770e9c8948f3ecdccf29fd5105d5603b25b14856438
[INFO] running `Command { std: "docker" "start" "8fe403aecd8605d5840a3770e9c8948f3ecdccf29fd5105d5603b25b14856438", kill_on_drop: false }`
[INFO] running `Command { std: "docker" "inspect" "8fe403aecd8605d5840a3770e9c8948f3ecdccf29fd5105d5603b25b14856438", kill_on_drop: false }`
[INFO] running `Command { std: "docker" "exec" "-e" "SOURCE_DIR=/opt/rustwide/workdir" "-e" "CARGO_HOME=/opt/rustwide/cargo-home" "-e" "RUSTUP_HOME=/opt/rustwide/rustup-home" "-e" "CARGO_TARGET_DIR=/opt/rustwide/target" "-w" "/opt/rustwide/workdir" "--user" "0:0" "8fe403aecd8605d5840a3770e9c8948f3ecdccf29fd5105d5603b25b14856438" "/opt/rustwide/cargo-home/bin/cargo" "+1.100.0-beta.1" "metadata" "--no-deps" "--format-version=1", kill_on_drop: false }`
[INFO] running `Command { std: "docker" "inspect" "8fe403aecd8605d5840a3770e9c8948f3ecdccf29fd5105d5603b25b14856438", kill_on_drop: false }`
[INFO] running `Command { std: "docker" "exec" "-e" "SOURCE_DIR=/opt/rustwide/workdir" "-e" "CARGO_HOME=/opt/rustwide/cargo-home" "-e" "RUSTUP_HOME=/opt/rustwide/rustup-home" "-e" "CARGO_TARGET_DIR=/opt/rustwide/target" "-e" "CARGO_INCREMENTAL=0" "-e" "RUST_BACKTRACE=full" "-e" "RUSTFLAGS=--cap-lints=warn" "-e" "RUSTDOCFLAGS=--cap-lints=warn" "-w" "/opt/rustwide/workdir" "--user" "0:0" "8fe403aecd8605d5840a3770e9c8948f3ecdccf29fd5105d5603b25b14856438" "/opt/rustwide/cargo-home/bin/cargo" "+1.100.0-beta.1" "build" "--frozen" "--message-format=json" "--release", kill_on_drop: false }`
[INFO] [stderr] warning: `package.homepage` is redundant with `package.repository`
[INFO] [stderr]   --> Cargo.toml:38:12
[INFO] [stderr]    |
[INFO] [stderr] 38 | homepage = "https://github.com/Outscale/csonpath"
[INFO] [stderr]    |            ^^^^^^^^^^^^^^^^^^^^^^^^^^^^^^^^^^^^^^
[INFO] [stderr] ...
[INFO] [stderr] 42 | repository = "https://github.com/Outscale/csonpath"
[INFO] [stderr]    |              --------------------------------------
[INFO] [stderr]    |
[INFO] [stderr]    = note: `cargo::redundant_homepage` is set to `warn` by default
[INFO] [stderr] help: consider removing `package.homepage`
[INFO] [stderr] warning: `csonpath` (manifest) generated 1 warning
[INFO] [stderr]    Compiling proc-macro2 v1.0.107
[INFO] [stderr]    Compiling unicode-ident v1.0.26
[INFO] [stderr]    Compiling quote v1.0.47
[INFO] [stderr]    Compiling serde_core v1.0.229
[INFO] [stderr]    Compiling find-msvc-tools v0.1.14
[INFO] [stderr]    Compiling shlex v2.0.1
[INFO] [stderr]    Compiling regex-syntax v0.8.11
[INFO] [stderr]    Compiling serde v1.0.229
[INFO] [stderr]    Compiling aho-corasick v1.1.5
[INFO] [stderr]    Compiling cc v1.5.1
[INFO] [stderr]    Compiling syn v3.0.6
[INFO] [stderr]    Compiling csonpath v0.19.1 (/opt/rustwide/workdir)
[INFO] [stderr]    Compiling regex-automata v0.4.18
[INFO] [stderr]    Compiling serde_derive v1.0.229
[INFO] [stderr]    Compiling serde_json v1.0.151
[INFO] [stderr] warning: csonpath@0.19.1: In file included from csonpath.h:1288,
[INFO] [stderr] warning: csonpath@0.19.1:                  from csonpath_rust_backend.h:190,
[INFO] [stderr] warning: csonpath@0.19.1:                  from csonpath_rust_backend.c:2:
[INFO] [stderr] warning: csonpath@0.19.1: csonpath_do.h: In function 'csonpath_find_first':
[INFO] [stderr] warning: csonpath@0.19.1: csonpath_do.h:521:9: warning: array subscript 48 is outside array bounds of 'struct csonpath[1]' [-Warray-bounds=]
[INFO] [stderr] warning: csonpath@0.19.1:   521 |     if (*walker == CSONPATH_INST_BROKEN) {
[INFO] [stderr] warning: csonpath@0.19.1:       |         ^~~~~~~
[INFO] [stderr] warning: csonpath@0.19.1: csonpath_do.h:514:71: note: at offset 48 into object 'cjp' of size [0, 48]
[INFO] [stderr] warning: csonpath@0.19.1:   514 | CSONPATH_STATINLINE CSONPATH_DO_RET_TYPE csonpath_do_(struct csonpath cjp[static 1],
[INFO] [stderr] warning: csonpath@0.19.1:       |                                                       ~~~~~~~~~~~~~~~~^~~~~~~~~~~~~
[INFO] [stderr] warning: csonpath@0.19.1: In file included from csonpath.h:1319:
[INFO] [stderr] warning: csonpath@0.19.1: csonpath_do.h: In function 'csonpath_find_all':
[INFO] [stderr] warning: csonpath@0.19.1: csonpath_do.h:521:9: warning: array subscript 48 is outside array bounds of 'struct csonpath[1]' [-Warray-bounds=]
[INFO] [stderr] warning: csonpath@0.19.1:   521 |     if (*walker == CSONPATH_INST_BROKEN) {
[INFO] [stderr] warning: csonpath@0.19.1:       |         ^~~~~~~
[INFO] [stderr] warning: csonpath@0.19.1: csonpath_do.h:514:71: note: at offset 48 into object 'cjp' of size [0, 48]
[INFO] [stderr] warning: csonpath@0.19.1:   514 | CSONPATH_STATINLINE CSONPATH_DO_RET_TYPE csonpath_do_(struct csonpath cjp[static 1],
[INFO] [stderr] warning: csonpath@0.19.1:       |                                                       ~~~~~~~~~~~~~~~~^~~~~~~~~~~~~
[INFO] [stderr] warning: csonpath@0.19.1: In file included from csonpath.h:1410:
[INFO] [stderr] warning: csonpath@0.19.1: csonpath_do.h: In function 'csonpath_remove':
[INFO] [stderr] warning: csonpath@0.19.1: csonpath_do.h:521:9: warning: array subscript 48 is outside array bounds of 'struct csonpath[1]' [-Warray-bounds=]
[INFO] [stderr] warning: csonpath@0.19.1:   521 |     if (*walker == CSONPATH_INST_BROKEN) {
[INFO] [stderr] warning: csonpath@0.19.1:       |         ^~~~~~~
[INFO] [stderr] warning: csonpath@0.19.1: csonpath_do.h:514:71: note: at offset 48 into object 'cjp' of size [0, 48]
[INFO] [stderr] warning: csonpath@0.19.1:   514 | CSONPATH_STATINLINE CSONPATH_DO_RET_TYPE csonpath_do_(struct csonpath cjp[static 1],
[INFO] [stderr] warning: csonpath@0.19.1:       |                                                       ~~~~~~~~~~~~~~~~^~~~~~~~~~~~~
[INFO] [stderr] warning: csonpath@0.19.1: In file included from csonpath.h:1571:
[INFO] [stderr] warning: csonpath@0.19.1: csonpath_do.h: In function 'csonpath_update_or_create':
[INFO] [stderr] warning: csonpath@0.19.1: csonpath_do.h:521:9: warning: array subscript 48 is outside array bounds of 'struct csonpath[1]' [-Warray-bounds=]
[INFO] [stderr] warning: csonpath@0.19.1:   521 |     if (*walker == CSONPATH_INST_BROKEN) {
[INFO] [stderr] warning: csonpath@0.19.1:       |         ^~~~~~~
[INFO] [stderr] warning: csonpath@0.19.1: csonpath_do.h:514:71: note: at offset 48 into object 'cjp' of size [0, 48]
[INFO] [stderr] warning: csonpath@0.19.1:   514 | CSONPATH_STATINLINE CSONPATH_DO_RET_TYPE csonpath_do_(struct csonpath cjp[static 1],
[INFO] [stderr] warning: csonpath@0.19.1:       |                                                       ~~~~~~~~~~~~~~~~^~~~~~~~~~~~~
[INFO] [stderr] warning: csonpath@0.19.1: In file included from csonpath.h:1609:
[INFO] [stderr] warning: csonpath@0.19.1: csonpath_do.h: In function 'csonpath_callback':
[INFO] [stderr] warning: csonpath@0.19.1: csonpath_do.h:521:9: warning: array subscript 48 is outside array bounds of 'struct csonpath[1]' [-Warray-bounds=]
[INFO] [stderr] warning: csonpath@0.19.1:   521 |     if (*walker == CSONPATH_INST_BROKEN) {
[INFO] [stderr] warning: csonpath@0.19.1:       |         ^~~~~~~
[INFO] [stderr] warning: csonpath@0.19.1: csonpath_do.h:514:71: note: at offset 48 into object 'cjp' of size [0, 48]
[INFO] [stderr] warning: csonpath@0.19.1:   514 | CSONPATH_STATINLINE CSONPATH_DO_RET_TYPE csonpath_do_(struct csonpath cjp[static 1],
[INFO] [stderr] warning: csonpath@0.19.1:       |                                                       ~~~~~~~~~~~~~~~~^~~~~~~~~~~~~
[INFO] [stderr] warning: csonpath@0.19.1: In file included from csonpath.h:1688:
[INFO] [stderr] warning: csonpath@0.19.1: csonpath_do.h: In function 'csonpath_update_or_create_callback':
[INFO] [stderr] warning: csonpath@0.19.1: csonpath_do.h:521:9: warning: array subscript 48 is outside array bounds of 'struct csonpath[1]' [-Warray-bounds=]
[INFO] [stderr] warning: csonpath@0.19.1:   521 |     if (*walker == CSONPATH_INST_BROKEN) {
[INFO] [stderr] warning: csonpath@0.19.1:       |         ^~~~~~~
[INFO] [stderr] warning: csonpath@0.19.1: csonpath_do.h:514:71: note: at offset 48 into object 'cjp' of size [0, 48]
[INFO] [stderr] warning: csonpath@0.19.1:   514 | CSONPATH_STATINLINE CSONPATH_DO_RET_TYPE csonpath_do_(struct csonpath cjp[static 1],
[INFO] [stderr] warning: csonpath@0.19.1:       |                                                       ~~~~~~~~~~~~~~~~^~~~~~~~~~~~~
[INFO] [stderr]    Compiling regex v1.13.1
[INFO] [stderr] warning: unused dependency `serde`
[INFO] [stderr]   --> Cargo.toml:15:15
[INFO] [stderr]    |
[INFO] [stderr] 15 | [dependencies.serde]
[INFO] [stderr]    |               ^^^^^^
[INFO] [stderr]    |
[INFO] [stderr]    = note: `cargo::unused_dependencies` is set to `warn` by default
[INFO] [stderr] help: consider removing the dependency on `serde`
[INFO] [stderr] warning: `csonpath` (manifest) generated 1 warning
[INFO] [stderr]     Finished `release` profile [optimized] target(s) in 23.77s
[INFO] running `Command { std: "docker" "inspect" "8fe403aecd8605d5840a3770e9c8948f3ecdccf29fd5105d5603b25b14856438", kill_on_drop: false }`
[INFO] running `Command { std: "docker" "exec" "-e" "SOURCE_DIR=/opt/rustwide/workdir" "-e" "CARGO_HOME=/opt/rustwide/cargo-home" "-e" "RUSTUP_HOME=/opt/rustwide/rustup-home" "-e" "CARGO_TARGET_DIR=/opt/rustwide/target" "-e" "CARGO_INCREMENTAL=0" "-e" "RUST_BACKTRACE=full" "-e" "RUSTFLAGS=--cap-lints=warn" "-e" "RUSTDOCFLAGS=--cap-lints=warn" "-w" "/opt/rustwide/workdir" "--user" "0:0" "8fe403aecd8605d5840a3770e9c8948f3ecdccf29fd5105d5603b25b14856438" "/opt/rustwide/cargo-home/bin/cargo" "+1.100.0-beta.1" "test" "--frozen" "--no-run" "--message-format=json" "--release", kill_on_drop: false }`
[INFO] [stderr] warning: `package.homepage` is redundant with `package.repository`
[INFO] [stderr]   --> Cargo.toml:38:12
[INFO] [stderr]    |
[INFO] [stderr] 38 | homepage = "https://github.com/Outscale/csonpath"
[INFO] [stderr]    |            ^^^^^^^^^^^^^^^^^^^^^^^^^^^^^^^^^^^^^^
[INFO] [stderr] ...
[INFO] [stderr] 42 | repository = "https://github.com/Outscale/csonpath"
[INFO] [stderr]    |              --------------------------------------
[INFO] [stderr]    |
[INFO] [stderr]    = note: `cargo::redundant_homepage` is set to `warn` by default
[INFO] [stderr] help: consider removing `package.homepage`
[INFO] [stderr] warning: `csonpath` (manifest) generated 1 warning
[INFO] [stderr]    Compiling csonpath v0.19.1 (/opt/rustwide/workdir)
[INFO] [stderr] warning: csonpath@0.19.1: In file included from csonpath.h:1288,
[INFO] [stderr] warning: csonpath@0.19.1:                  from csonpath_rust_backend.h:190,
[INFO] [stderr] warning: csonpath@0.19.1:                  from csonpath_rust_backend.c:2:
[INFO] [stderr] warning: csonpath@0.19.1: csonpath_do.h: In function 'csonpath_find_first':
[INFO] [stderr] warning: csonpath@0.19.1: csonpath_do.h:521:9: warning: array subscript 48 is outside array bounds of 'struct csonpath[1]' [-Warray-bounds=]
[INFO] [stderr] warning: csonpath@0.19.1:   521 |     if (*walker == CSONPATH_INST_BROKEN) {
[INFO] [stderr] warning: csonpath@0.19.1:       |         ^~~~~~~
[INFO] [stderr] warning: csonpath@0.19.1: csonpath_do.h:514:71: note: at offset 48 into object 'cjp' of size [0, 48]
[INFO] [stderr] warning: csonpath@0.19.1:   514 | CSONPATH_STATINLINE CSONPATH_DO_RET_TYPE csonpath_do_(struct csonpath cjp[static 1],
[INFO] [stderr] warning: csonpath@0.19.1:       |                                                       ~~~~~~~~~~~~~~~~^~~~~~~~~~~~~
[INFO] [stderr] warning: csonpath@0.19.1: In file included from csonpath.h:1319:
[INFO] [stderr] warning: csonpath@0.19.1: csonpath_do.h: In function 'csonpath_find_all':
[INFO] [stderr] warning: csonpath@0.19.1: csonpath_do.h:521:9: warning: array subscript 48 is outside array bounds of 'struct csonpath[1]' [-Warray-bounds=]
[INFO] [stderr] warning: csonpath@0.19.1:   521 |     if (*walker == CSONPATH_INST_BROKEN) {
[INFO] [stderr] warning: csonpath@0.19.1:       |         ^~~~~~~
[INFO] [stderr] warning: csonpath@0.19.1: csonpath_do.h:514:71: note: at offset 48 into object 'cjp' of size [0, 48]
[INFO] [stderr] warning: csonpath@0.19.1:   514 | CSONPATH_STATINLINE CSONPATH_DO_RET_TYPE csonpath_do_(struct csonpath cjp[static 1],
[INFO] [stderr] warning: csonpath@0.19.1:       |                                                       ~~~~~~~~~~~~~~~~^~~~~~~~~~~~~
[INFO] [stderr] warning: csonpath@0.19.1: In file included from csonpath.h:1410:
[INFO] [stderr] warning: csonpath@0.19.1: csonpath_do.h: In function 'csonpath_remove':
[INFO] [stderr] warning: csonpath@0.19.1: csonpath_do.h:521:9: warning: array subscript 48 is outside array bounds of 'struct csonpath[1]' [-Warray-bounds=]
[INFO] [stderr] warning: csonpath@0.19.1:   521 |     if (*walker == CSONPATH_INST_BROKEN) {
[INFO] [stderr] warning: csonpath@0.19.1:       |         ^~~~~~~
[INFO] [stderr] warning: csonpath@0.19.1: csonpath_do.h:514:71: note: at offset 48 into object 'cjp' of size [0, 48]
[INFO] [stderr] warning: csonpath@0.19.1:   514 | CSONPATH_STATINLINE CSONPATH_DO_RET_TYPE csonpath_do_(struct csonpath cjp[static 1],
[INFO] [stderr] warning: csonpath@0.19.1:       |                                                       ~~~~~~~~~~~~~~~~^~~~~~~~~~~~~
[INFO] [stderr] warning: csonpath@0.19.1: In file included from csonpath.h:1571:
[INFO] [stderr] warning: csonpath@0.19.1: csonpath_do.h: In function 'csonpath_update_or_create':
[INFO] [stderr] warning: csonpath@0.19.1: csonpath_do.h:521:9: warning: array subscript 48 is outside array bounds of 'struct csonpath[1]' [-Warray-bounds=]
[INFO] [stderr] warning: csonpath@0.19.1:   521 |     if (*walker == CSONPATH_INST_BROKEN) {
[INFO] [stderr] warning: csonpath@0.19.1:       |         ^~~~~~~
[INFO] [stderr] warning: csonpath@0.19.1: csonpath_do.h:514:71: note: at offset 48 into object 'cjp' of size [0, 48]
[INFO] [stderr] warning: csonpath@0.19.1:   514 | CSONPATH_STATINLINE CSONPATH_DO_RET_TYPE csonpath_do_(struct csonpath cjp[static 1],
[INFO] [stderr] warning: csonpath@0.19.1:       |                                                       ~~~~~~~~~~~~~~~~^~~~~~~~~~~~~
[INFO] [stderr] warning: csonpath@0.19.1: In file included from csonpath.h:1609:
[INFO] [stderr] warning: csonpath@0.19.1: csonpath_do.h: In function 'csonpath_callback':
[INFO] [stderr] warning: csonpath@0.19.1: csonpath_do.h:521:9: warning: array subscript 48 is outside array bounds of 'struct csonpath[1]' [-Warray-bounds=]
[INFO] [stderr] warning: csonpath@0.19.1:   521 |     if (*walker == CSONPATH_INST_BROKEN) {
[INFO] [stderr] warning: csonpath@0.19.1:       |         ^~~~~~~
[INFO] [stderr] warning: csonpath@0.19.1: csonpath_do.h:514:71: note: at offset 48 into object 'cjp' of size [0, 48]
[INFO] [stderr] warning: csonpath@0.19.1:   514 | CSONPATH_STATINLINE CSONPATH_DO_RET_TYPE csonpath_do_(struct csonpath cjp[static 1],
[INFO] [stderr] warning: csonpath@0.19.1:       |                                                       ~~~~~~~~~~~~~~~~^~~~~~~~~~~~~
[INFO] [stderr] warning: csonpath@0.19.1: In file included from csonpath.h:1688:
[INFO] [stderr] warning: csonpath@0.19.1: csonpath_do.h: In function 'csonpath_update_or_create_callback':
[INFO] [stderr] warning: csonpath@0.19.1: csonpath_do.h:521:9: warning: array subscript 48 is outside array bounds of 'struct csonpath[1]' [-Warray-bounds=]
[INFO] [stderr] warning: csonpath@0.19.1:   521 |     if (*walker == CSONPATH_INST_BROKEN) {
[INFO] [stderr] warning: csonpath@0.19.1:       |         ^~~~~~~
[INFO] [stderr] warning: csonpath@0.19.1: csonpath_do.h:514:71: note: at offset 48 into object 'cjp' of size [0, 48]
[INFO] [stderr] warning: csonpath@0.19.1:   514 | CSONPATH_STATINLINE CSONPATH_DO_RET_TYPE csonpath_do_(struct csonpath cjp[static 1],
[INFO] [stderr] warning: csonpath@0.19.1:       |                                                       ~~~~~~~~~~~~~~~~^~~~~~~~~~~~~
[INFO] [stderr] warning: unused dependency `serde`
[INFO] [stderr]   --> Cargo.toml:15:15
[INFO] [stderr]    |
[INFO] [stderr] 15 | [dependencies.serde]
[INFO] [stderr]    |               ^^^^^^
[INFO] [stderr]    |
[INFO] [stderr]    = note: `cargo::unused_dependencies` is set to `warn` by default
[INFO] [stderr] help: consider removing the dependency on `serde`
[INFO] [stderr] warning: `csonpath` (manifest) generated 1 warning
[INFO] [stderr]     Finished `release` profile [optimized] target(s) in 5.11s
[INFO] running `Command { std: "docker" "inspect" "8fe403aecd8605d5840a3770e9c8948f3ecdccf29fd5105d5603b25b14856438", kill_on_drop: false }`
[INFO] running `Command { std: "docker" "exec" "-e" "SOURCE_DIR=/opt/rustwide/workdir" "-e" "CARGO_HOME=/opt/rustwide/cargo-home" "-e" "RUSTUP_HOME=/opt/rustwide/rustup-home" "-e" "CARGO_TARGET_DIR=/opt/rustwide/target" "-e" "CARGO_INCREMENTAL=0" "-e" "RUST_BACKTRACE=full" "-e" "RUSTFLAGS=--cap-lints=warn" "-e" "RUSTDOCFLAGS=--cap-lints=warn" "-w" "/opt/rustwide/workdir" "--user" "0:0" "8fe403aecd8605d5840a3770e9c8948f3ecdccf29fd5105d5603b25b14856438" "/opt/rustwide/cargo-home/bin/cargo" "+1.100.0-beta.1" "test" "--frozen" "--release", kill_on_drop: false }`
[INFO] [stderr] warning: `package.homepage` is redundant with `package.repository`
[INFO] [stderr]   --> Cargo.toml:38:12
[INFO] [stderr]    |
[INFO] [stderr] 38 | homepage = "https://github.com/Outscale/csonpath"
[INFO] [stderr]    |            ^^^^^^^^^^^^^^^^^^^^^^^^^^^^^^^^^^^^^^
[INFO] [stderr] ...
[INFO] [stderr] 42 | repository = "https://github.com/Outscale/csonpath"
[INFO] [stderr]    |              --------------------------------------
[INFO] [stderr]    |
[INFO] [stderr]    = note: `cargo::redundant_homepage` is set to `warn` by default
[INFO] [stderr] help: consider removing `package.homepage`
[INFO] [stderr] warning: `csonpath` (manifest) generated 1 warning
[INFO] [stderr]    Compiling csonpath v0.19.1 (/opt/rustwide/workdir)
[INFO] [stderr] warning: csonpath@0.19.1: In file included from csonpath.h:1288,
[INFO] [stderr] warning: csonpath@0.19.1:                  from csonpath_rust_backend.h:190,
[INFO] [stderr] warning: csonpath@0.19.1:                  from csonpath_rust_backend.c:2:
[INFO] [stderr] warning: csonpath@0.19.1: csonpath_do.h: In function 'csonpath_find_first':
[INFO] [stderr] warning: csonpath@0.19.1: csonpath_do.h:521:9: warning: array subscript 48 is outside array bounds of 'struct csonpath[1]' [-Warray-bounds=]
[INFO] [stderr] warning: csonpath@0.19.1:   521 |     if (*walker == CSONPATH_INST_BROKEN) {
[INFO] [stderr] warning: csonpath@0.19.1:       |         ^~~~~~~
[INFO] [stderr] warning: csonpath@0.19.1: csonpath_do.h:514:71: note: at offset 48 into object 'cjp' of size [0, 48]
[INFO] [stderr] warning: csonpath@0.19.1:   514 | CSONPATH_STATINLINE CSONPATH_DO_RET_TYPE csonpath_do_(struct csonpath cjp[static 1],
[INFO] [stderr] warning: csonpath@0.19.1:       |                                                       ~~~~~~~~~~~~~~~~^~~~~~~~~~~~~
[INFO] [stderr] warning: csonpath@0.19.1: In file included from csonpath.h:1319:
[INFO] [stderr] warning: csonpath@0.19.1: csonpath_do.h: In function 'csonpath_find_all':
[INFO] [stderr] warning: csonpath@0.19.1: csonpath_do.h:521:9: warning: array subscript 48 is outside array bounds of 'struct csonpath[1]' [-Warray-bounds=]
[INFO] [stderr] warning: csonpath@0.19.1:   521 |     if (*walker == CSONPATH_INST_BROKEN) {
[INFO] [stderr] warning: csonpath@0.19.1:       |         ^~~~~~~
[INFO] [stderr] warning: csonpath@0.19.1: csonpath_do.h:514:71: note: at offset 48 into object 'cjp' of size [0, 48]
[INFO] [stderr] warning: csonpath@0.19.1:   514 | CSONPATH_STATINLINE CSONPATH_DO_RET_TYPE csonpath_do_(struct csonpath cjp[static 1],
[INFO] [stderr] warning: csonpath@0.19.1:       |                                                       ~~~~~~~~~~~~~~~~^~~~~~~~~~~~~
[INFO] [stderr] warning: csonpath@0.19.1: In file included from csonpath.h:1410:
[INFO] [stderr] warning: csonpath@0.19.1: csonpath_do.h: In function 'csonpath_remove':
[INFO] [stderr] warning: csonpath@0.19.1: csonpath_do.h:521:9: warning: array subscript 48 is outside array bounds of 'struct csonpath[1]' [-Warray-bounds=]
[INFO] [stderr] warning: csonpath@0.19.1:   521 |     if (*walker == CSONPATH_INST_BROKEN) {
[INFO] [stderr] warning: csonpath@0.19.1:       |         ^~~~~~~
[INFO] [stderr] warning: csonpath@0.19.1: csonpath_do.h:514:71: note: at offset 48 into object 'cjp' of size [0, 48]
[INFO] [stderr] warning: csonpath@0.19.1:   514 | CSONPATH_STATINLINE CSONPATH_DO_RET_TYPE csonpath_do_(struct csonpath cjp[static 1],
[INFO] [stderr] warning: csonpath@0.19.1:       |                                                       ~~~~~~~~~~~~~~~~^~~~~~~~~~~~~
[INFO] [stderr] warning: csonpath@0.19.1: In file included from csonpath.h:1571:
[INFO] [stderr] warning: csonpath@0.19.1: csonpath_do.h: In function 'csonpath_update_or_create':
[INFO] [stderr] warning: csonpath@0.19.1: csonpath_do.h:521:9: warning: array subscript 48 is outside array bounds of 'struct csonpath[1]' [-Warray-bounds=]
[INFO] [stderr] warning: csonpath@0.19.1:   521 |     if (*walker == CSONPATH_INST_BROKEN) {
[INFO] [stderr] warning: csonpath@0.19.1:       |         ^~~~~~~
[INFO] [stderr] warning: csonpath@0.19.1: csonpath_do.h:514:71: note: at offset 48 into object 'cjp' of size [0, 48]
[INFO] [stderr] warning: csonpath@0.19.1:   514 | CSONPATH_STATINLINE CSONPATH_DO_RET_TYPE csonpath_do_(struct csonpath cjp[static 1],
[INFO] [stderr] warning: csonpath@0.19.1:       |                                                       ~~~~~~~~~~~~~~~~^~~~~~~~~~~~~
[INFO] [stderr] warning: csonpath@0.19.1: In file included from csonpath.h:1609:
[INFO] [stderr] warning: csonpath@0.19.1: csonpath_do.h: In function 'csonpath_callback':
[INFO] [stderr] warning: csonpath@0.19.1: csonpath_do.h:521:9: warning: array subscript 48 is outside array bounds of 'struct csonpath[1]' [-Warray-bounds=]
[INFO] [stderr] warning: csonpath@0.19.1:   521 |     if (*walker == CSONPATH_INST_BROKEN) {
[INFO] [stderr] warning: csonpath@0.19.1:       |         ^~~~~~~
[INFO] [stderr] warning: csonpath@0.19.1: csonpath_do.h:514:71: note: at offset 48 into object 'cjp' of size [0, 48]
[INFO] [stderr] warning: csonpath@0.19.1:   514 | CSONPATH_STATINLINE CSONPATH_DO_RET_TYPE csonpath_do_(struct csonpath cjp[static 1],
[INFO] [stderr] warning: csonpath@0.19.1:       |                                                       ~~~~~~~~~~~~~~~~^~~~~~~~~~~~~
[INFO] [stderr] warning: csonpath@0.19.1: In file included from csonpath.h:1688:
[INFO] [stderr] warning: csonpath@0.19.1: csonpath_do.h: In function 'csonpath_update_or_create_callback':
[INFO] [stderr] warning: csonpath@0.19.1: csonpath_do.h:521:9: warning: array subscript 48 is outside array bounds of 'struct csonpath[1]' [-Warray-bounds=]
[INFO] [stderr] warning: csonpath@0.19.1:   521 |     if (*walker == CSONPATH_INST_BROKEN) {
[INFO] [stderr] warning: csonpath@0.19.1:       |         ^~~~~~~
[INFO] [stderr] warning: csonpath@0.19.1: csonpath_do.h:514:71: note: at offset 48 into object 'cjp' of size [0, 48]
[INFO] [stderr] warning: csonpath@0.19.1:   514 | CSONPATH_STATINLINE CSONPATH_DO_RET_TYPE csonpath_do_(struct csonpath cjp[static 1],
[INFO] [stderr] warning: csonpath@0.19.1:       |                                                       ~~~~~~~~~~~~~~~~^~~~~~~~~~~~~
[INFO] [stderr] warning: unused dependency `serde`
[INFO] [stderr]   --> Cargo.toml:15:15
[INFO] [stderr]    |
[INFO] [stderr] 15 | [dependencies.serde]
[INFO] [stderr]    |               ^^^^^^
[INFO] [stderr]    |
[INFO] [stderr]    = note: `cargo::unused_dependencies` is set to `warn` by default
[INFO] [stderr] help: consider removing the dependency on `serde`
[INFO] [stderr] warning: `csonpath` (manifest) generated 1 warning
[INFO] [stderr]     Finished `release` profile [optimized] target(s) in 5.24s
[INFO] [stderr]      Running unittests src/lib.rs (/opt/rustwide/target/release/build/csonpath/d442b708d312be1e/out/csonpath-d442b708d312be1e)
[INFO] [stdout] 
[INFO] [stdout] running 42 tests
[INFO] [stdout] test backend_serde::tests::test_get_str_no_leak ... ok
[INFO] [stdout] test tests::test_extra_roots_replace ... ok
[INFO] [stdout] test tests::test_f64_cast_to_i64 ... ok
[INFO] [stdout] test tests::test_filter_gt ... ok
[INFO] [stdout] test tests::test_filter_eq_str ... ok
[INFO] [stdout] test tests::test_callback_abort ... ok
[INFO] [stdout] test tests::test_exec_on_invalid_path_returns_runtime_error ... ok
[INFO] [stdout] test tests::test_filter_ne ... ok
[INFO] [stdout] test tests::test_dollar_key_literal ... ok
[INFO] [stdout] test tests::test_callback_modify ... ok
[INFO] [stdout] test tests::test_filter_string_with_nul_no_panic ... ok
[INFO] [stdout] test tests::test_callback_sum ... ok
[INFO] [stdout] test tests::test_auto_root ... ok
[INFO] [stdout] test tests::test_extra_roots_find_all ... ok
[INFO] [stdout] test tests::test_chain_compile_exec ... ok
[INFO] [stdout] test tests::test_empty_result ... ok
[INFO] [stdout] test tests::test_new_lenient_invalid ... ok
[INFO] [stdout] test tests::test_new_lenient_with_flags ... ok
[INFO] [stdout] test tests::test_remove_all_array_no_panic ... ok
[INFO] [stdout] test tests::test_subpath ... ok
[INFO] [stdout] test tests::test_input_not_modified ... ok
[INFO] [stdout] test tests::test_new_with_flags_auto_root ... ok
[INFO] [stdout] test tests::test_new_with_flags_invalid ... ok
[INFO] [stdout] test tests::test_find_first_simple ... ok
[INFO] [stdout] test tests::test_new_with_flags_return_empty_array ... ok
[INFO] [stdout] test tests::test_subpath_missing_prefix_does_not_crash ... ok
[INFO] [stdout] test tests::test_union ... ok
[INFO] [stdout] test tests::test_update_or_create ... ok
[INFO] [stdout] test tests::test_update_or_create_callback ... ok
[INFO] [stdout] test tests::test_recursive_descent ... FAILED
[INFO] [stdout] test tests::test_find_all_array ... ok
[INFO] [stdout] test tests::test_update_or_create_huge_array_index_rejected ... ok
[INFO] [stdout] test tests::test_invalid_path ... ok
[INFO] [stdout] test tests::test_remove_obj ... ok
[INFO] [stdout] test tests::test_update_or_create_create_after_array_pad ... ok
[INFO] [stdout] test tests::test_remove_array ... ok
[INFO] [stdout] test tests::test_runtime_error_capture ... ok
[INFO] [stdout] test tests::test_update_or_create_create_nested_obj ... ok
[INFO] [stdout] test tests::test_update_or_create_create_single_obj ... ok
[INFO] [stdout] test tests::test_extra_roots_find_first ... ok
[INFO] [stdout] test tests::test_new_lenient_valid ... ok
[INFO] [stdout] test tests::test_new_with_flags_basic ... ok
[INFO] [stdout] 
[INFO] [stdout] failures:
[INFO] [stdout] 
[INFO] [stdout] ---- tests::test_recursive_descent stdout ----
[INFO] [stdout] 
[INFO] [stdout] thread 'tests::test_recursive_descent' (903) panicked at src/lib.rs:407:9:
[INFO] [stdout] assertion `left == right` failed
[INFO] [stdout]   left: 1
[INFO] [stdout]  right: 2
[INFO] [stdout] stack backtrace:
[INFO] [stdout]    0:     0x5d847613efb1 - <<std[617be2ca0a6fd877]::sys::backtrace::BacktraceLock>::print::DisplayBacktrace as core[a373ad73a504971]::fmt::Display>::fmt
[INFO] [stdout]    1:     0x5d84761533ba - core[a373ad73a504971]::fmt::write
[INFO] [stdout]    2:     0x5d84761431cc - <alloc[2e1b2a31b91974c5]::vec::Vec<u8> as core[a373ad73a504971]::io::write::Write>::write_fmt
[INFO] [stdout]    3:     0x5d847611b416 - std[617be2ca0a6fd877]::panicking::default_hook::{closure#0}
[INFO] [stdout]    4:     0x5d8476137649 - std[617be2ca0a6fd877]::panicking::default_hook
[INFO] [stdout]    5:     0x5d84760d1860 - test[aada8e7e76ba119b]::test_main_inner::{closure#0}
[INFO] [stdout]    6:     0x5d8476137802 - std[617be2ca0a6fd877]::panicking::panic_with_hook
[INFO] [stdout]    7:     0x5d847611b4c2 - std[617be2ca0a6fd877]::panicking::panic_handler::{closure#0}
[INFO] [stdout]    8:     0x5d84761141d9 - std[617be2ca0a6fd877]::sys::backtrace::__rust_end_short_backtrace::<std[617be2ca0a6fd877]::panicking::panic_handler::{closure#0}, !>
[INFO] [stdout]    9:     0x5d847611c0cd - __rustc[ea4f61d10b84890b]::rust_begin_unwind
[INFO] [stdout]   10:     0x5d8476153b1c - core[a373ad73a504971]::panicking::panic_fmt
[INFO] [stdout]   11:     0x5d8476153a33 - core[a373ad73a504971]::panicking::assert_failed_inner
[INFO] [stdout]   12:     0x5d847614fec8 - core[a373ad73a504971]::panicking::assert_failed::<usize, usize>
[INFO] [stdout]   13:     0x5d84760a9e47 - <csonpath[e744d1370dc79167]::tests::test_recursive_descent::{closure#0} as core[a373ad73a504971]::ops::function::FnOnce<()>>::call_once
[INFO] [stdout]   14:     0x5d84760c4cab - test[aada8e7e76ba119b]::__rust_begin_short_backtrace::<core[a373ad73a504971]::result::Result<(), alloc[2e1b2a31b91974c5]::string::String>, fn() -> core[a373ad73a504971]::result::Result<(), alloc[2e1b2a31b91974c5]::string::String>>
[INFO] [stdout]   15:     0x5d84760d1e85 - test[aada8e7e76ba119b]::run_test::{closure#0}
[INFO] [stdout]   16:     0x5d84760cb774 - std[617be2ca0a6fd877]::sys::backtrace::__rust_begin_short_backtrace::<test[aada8e7e76ba119b]::run_test::{closure#1}, ()>
[INFO] [stdout]   17:     0x5d84760d4f12 - <std[617be2ca0a6fd877]::thread::lifecycle::spawn_unchecked<test[aada8e7e76ba119b]::run_test::{closure#1}, ()>::{closure#1} as core[a373ad73a504971]::ops::function::FnOnce<()>>::call_once::{shim:vtable#0}
[INFO] [stdout]   18:     0x5d847613e80f - <std[617be2ca0a6fd877]::sys::thread::unix::Thread>::new::thread_start
[INFO] [stdout]   19:     0x75e2c1d9cdfa - <unknown>
[INFO] [stdout]   20:     0x75e2c1e303d4 - clone
[INFO] [stdout]   21:                0x0 - <unknown>
[INFO] [stdout] 
[INFO] [stdout] 
[INFO] [stdout] failures:
[INFO] [stdout]     tests::test_recursive_descent
[INFO] [stdout] 
[INFO] [stdout] test result: FAILED. 41 passed; 1 failed; 0 ignored; 0 measured; 0 filtered out; finished in 0.02s
[INFO] [stdout] 
[INFO] [stderr] error: test failed, to rerun pass `--lib`
[INFO] running `Command { std: "docker" "inspect" "8fe403aecd8605d5840a3770e9c8948f3ecdccf29fd5105d5603b25b14856438", kill_on_drop: false }`
[INFO] running `Command { std: "docker" "rm" "-f" "8fe403aecd8605d5840a3770e9c8948f3ecdccf29fd5105d5603b25b14856438", kill_on_drop: false }`
[INFO] [stdout] 8fe403aecd8605d5840a3770e9c8948f3ecdccf29fd5105d5603b25b14856438
