[INFO] cloning repository https://github.com/ryanrudd/weave
[INFO] running `Command { std: "git" "-c" "credential.helper=" "-c" "credential.helper=/workspace/cargo-home/bin/git-credential-null" "clone" "--bare" "https://github.com/ryanrudd/weave" "/workspace/cache/git-repos/https%3A%2F%2Fgithub.com%2Fryanrudd%2Fweave", kill_on_drop: false }`
[INFO] [stderr] Cloning into bare repository '/workspace/cache/git-repos/https%3A%2F%2Fgithub.com%2Fryanrudd%2Fweave'...
[INFO] running `Command { std: "git" "rev-parse" "HEAD", kill_on_drop: false }`
[INFO] [stdout] f66ef100f55a488f9bb68f1e3a9babae1373ac5e
[INFO] testing ryanrudd/weave against 1.100.0-beta.1+cargoflags=--release for beta-release-1.100-3
[INFO] running `Command { std: "git" "clone" "/workspace/cache/git-repos/https%3A%2F%2Fgithub.com%2Fryanrudd%2Fweave" "/workspace/builds/worker-6-tc2/source", kill_on_drop: false }`
[INFO] [stderr] Cloning into '/workspace/builds/worker-6-tc2/source'...
[INFO] [stderr] done.
[INFO] started tweaking git repo https://github.com/ryanrudd/weave
[INFO] finished tweaking git repo https://github.com/ryanrudd/weave
[INFO] tweaked toml for git repo https://github.com/ryanrudd/weave written to /workspace/builds/worker-6-tc2/source/Cargo.toml
[INFO] validating manifest of git repo https://github.com/ryanrudd/weave on toolchain 1.100.0-beta.1
[INFO] running `Command { std: CARGO_HOME="/workspace/cargo-home" RUSTUP_HOME="/workspace/rustup-home" "/workspace/cargo-home/bin/cargo" "+1.100.0-beta.1" "metadata" "--manifest-path" "Cargo.toml" "--no-deps", kill_on_drop: false }`
[INFO] crate git repo https://github.com/ryanrudd/weave already has a lockfile, it will not be regenerated
[INFO] running `Command { std: CARGO_HOME="/workspace/cargo-home" RUSTUP_HOME="/workspace/rustup-home" "/workspace/cargo-home/bin/cargo" "+1.100.0-beta.1" "fetch" "--manifest-path" "Cargo.toml", kill_on_drop: false }`
[INFO] running `Command { std: "docker" "create" "-v" "/var/lib/crater-agent-workspace/builds/worker-6-tc2/source:/opt/rustwide/workdir:ro,Z" "-v" "/var/lib/crater-agent-workspace/builds/worker-6-tc2/target:/opt/rustwide/target:rw,Z" "-v" "/var/lib/crater-agent-workspace/cargo-home:/opt/rustwide/cargo-home:ro,Z" "-v" "/var/lib/crater-agent-workspace/rustup-home:/opt/rustwide/rustup-home:ro,Z" "-m" "1610612736" "--network" "none" "ghcr.io/rust-lang/crates-build-env/linux@sha256:77db811e55d90add9212f6832c23229e3de5f1c1f9905e8cb07319ea15df73ac" "sleep" "infinity", kill_on_drop: false }`
[INFO] [stdout] f7023480a3ddd3bdb1e69ed99bb2d7c6008ce183041bc08d4511ce0d38564e7f
[INFO] running `Command { std: "docker" "start" "f7023480a3ddd3bdb1e69ed99bb2d7c6008ce183041bc08d4511ce0d38564e7f", kill_on_drop: false }`
[INFO] running `Command { std: "docker" "inspect" "f7023480a3ddd3bdb1e69ed99bb2d7c6008ce183041bc08d4511ce0d38564e7f", kill_on_drop: false }`
[INFO] running `Command { std: "docker" "exec" "-e" "SOURCE_DIR=/opt/rustwide/workdir" "-e" "CARGO_HOME=/opt/rustwide/cargo-home" "-e" "RUSTUP_HOME=/opt/rustwide/rustup-home" "-e" "CARGO_TARGET_DIR=/opt/rustwide/target" "-w" "/opt/rustwide/workdir" "--user" "0:0" "f7023480a3ddd3bdb1e69ed99bb2d7c6008ce183041bc08d4511ce0d38564e7f" "/opt/rustwide/cargo-home/bin/cargo" "+1.100.0-beta.1" "metadata" "--no-deps" "--format-version=1", kill_on_drop: false }`
[INFO] running `Command { std: "docker" "inspect" "f7023480a3ddd3bdb1e69ed99bb2d7c6008ce183041bc08d4511ce0d38564e7f", kill_on_drop: false }`
[INFO] running `Command { std: "docker" "exec" "-e" "SOURCE_DIR=/opt/rustwide/workdir" "-e" "CARGO_HOME=/opt/rustwide/cargo-home" "-e" "RUSTUP_HOME=/opt/rustwide/rustup-home" "-e" "CARGO_TARGET_DIR=/opt/rustwide/target" "-e" "CARGO_INCREMENTAL=0" "-e" "RUST_BACKTRACE=full" "-e" "RUSTFLAGS=--cap-lints=warn" "-e" "RUSTDOCFLAGS=--cap-lints=warn" "-w" "/opt/rustwide/workdir" "--user" "0:0" "f7023480a3ddd3bdb1e69ed99bb2d7c6008ce183041bc08d4511ce0d38564e7f" "/opt/rustwide/cargo-home/bin/cargo" "+1.100.0-beta.1" "build" "--frozen" "--message-format=json" "--release", kill_on_drop: false }`
[INFO] [stderr]    Compiling quote v1.0.45
[INFO] [stderr]    Compiling proc-macro2 v1.0.106
[INFO] [stderr]    Compiling libc v0.2.183
[INFO] [stderr]    Compiling signal-hook v0.3.18
[INFO] [stderr]    Compiling strsim v0.11.1
[INFO] [stderr]    Compiling smallvec v1.15.1
[INFO] [stderr]    Compiling rustix v0.38.44
[INFO] [stderr]    Compiling bitflags v2.11.0
[INFO] [stderr]    Compiling colorchoice v1.0.5
[INFO] [stderr]    Compiling anstyle v1.0.14
[INFO] [stderr]    Compiling yansi v1.0.1
[INFO] [stderr]    Compiling linux-raw-sys v0.4.15
[INFO] [stderr]    Compiling diff v0.1.13
[INFO] [stderr]    Compiling foldhash v0.1.5
[INFO] [stderr]    Compiling castaway v0.2.4
[INFO] [stderr]    Compiling itertools v0.13.0
[INFO] [stderr]    Compiling unicode-segmentation v1.12.0
[INFO] [stderr]    Compiling hashbrown v0.15.5
[INFO] [stderr]    Compiling indoc v2.0.7
[INFO] [stderr]    Compiling ryu v1.0.23
[INFO] [stderr]    Compiling serde_json v1.0.149
[INFO] [stderr]    Compiling unicode-width v0.1.14
[INFO] [stderr]    Compiling cassowary v0.3.0
[INFO] [stderr]    Compiling anstream v0.6.21
[INFO] [stderr]    Compiling compact_str v0.8.1
[INFO] [stderr]    Compiling pretty_assertions v1.4.1
[INFO] [stderr]    Compiling clap_builder v4.5.23
[INFO] [stderr]    Compiling syn v2.0.117
[INFO] [stderr]    Compiling lru v0.12.5
[INFO] [stderr]    Compiling errno v0.3.14
[INFO] [stderr]    Compiling mio v0.8.11
[INFO] [stderr]    Compiling mio v1.1.1
[INFO] [stderr]    Compiling parking_lot_core v0.9.12
[INFO] [stderr]    Compiling signal-hook-registry v1.4.8
[INFO] [stderr]    Compiling parking_lot v0.12.5
[INFO] [stderr]    Compiling signal-hook-mio v0.2.5
[INFO] [stderr]    Compiling crossterm v0.28.1
[INFO] [stderr]    Compiling crossterm v0.27.0
[INFO] [stderr]    Compiling unicode-truncate v1.1.0
[INFO] [stderr]    Compiling darling_core v0.20.11
[INFO] [stderr]    Compiling strum_macros v0.26.4
[INFO] [stderr]    Compiling clap_derive v4.5.18
[INFO] [stderr]    Compiling serde_derive v1.0.228
[INFO] [stderr]    Compiling strum v0.26.3
[INFO] [stderr]    Compiling clap v4.5.23
[INFO] [stderr]    Compiling darling_macro v0.20.11
[INFO] [stderr]    Compiling darling v0.20.11
[INFO] [stderr]    Compiling instability v0.3.4
[INFO] [stderr]    Compiling ratatui v0.28.1
[INFO] [stderr]    Compiling serde v1.0.228
[INFO] [stderr]    Compiling weave v0.1.0 (/opt/rustwide/workdir)
[INFO] [stderr]     Finished `release` profile [optimized] target(s) in 43.98s
[INFO] running `Command { std: "docker" "inspect" "f7023480a3ddd3bdb1e69ed99bb2d7c6008ce183041bc08d4511ce0d38564e7f", kill_on_drop: false }`
[INFO] running `Command { std: "docker" "exec" "-e" "SOURCE_DIR=/opt/rustwide/workdir" "-e" "CARGO_HOME=/opt/rustwide/cargo-home" "-e" "RUSTUP_HOME=/opt/rustwide/rustup-home" "-e" "CARGO_TARGET_DIR=/opt/rustwide/target" "-e" "CARGO_INCREMENTAL=0" "-e" "RUST_BACKTRACE=full" "-e" "RUSTFLAGS=--cap-lints=warn" "-e" "RUSTDOCFLAGS=--cap-lints=warn" "-w" "/opt/rustwide/workdir" "--user" "0:0" "f7023480a3ddd3bdb1e69ed99bb2d7c6008ce183041bc08d4511ce0d38564e7f" "/opt/rustwide/cargo-home/bin/cargo" "+1.100.0-beta.1" "test" "--frozen" "--no-run" "--message-format=json" "--release", kill_on_drop: false }`
[INFO] [stderr]    Compiling weave v0.1.0 (/opt/rustwide/workdir)
[INFO] [stdout] warning: unused import: `CommitId`
[INFO] [stdout]  --> tests/persistence_tests.rs:3:34
[INFO] [stdout]   |
[INFO] [stdout] 3 | use weave::repository::{storage, CommitId, Repository};
[INFO] [stdout]   |                                  ^^^^^^^^
[INFO] [stdout]   |
[INFO] [stdout]   = note: `#[warn(unused_imports)]` (part of `#[warn(unused)]`) on by default
[INFO] [stdout] 
[INFO] [stdout] 
[INFO] [stdout] warning: function `make_repo` is never used
[INFO] [stdout]   --> tests/persistence_tests.rs:21:4
[INFO] [stdout]    |
[INFO] [stdout] 21 | fn make_repo(site: u64) -> Repository<LineCRDT> {
[INFO] [stdout]    |    ^^^^^^^^^
[INFO] [stdout]    |
[INFO] [stdout]    = note: `#[warn(dead_code)]` (part of `#[warn(unused)]`) on by default
[INFO] [stdout] 
[INFO] [stdout] 
[INFO] [stdout] warning: unused variable: `id_first`
[INFO] [stdout]    --> tests/crdt_properties.rs:410:9
[INFO] [stdout]     |
[INFO] [stdout] 410 |     let id_first = doc.append("first".into());
[INFO] [stdout]     |         ^^^^^^^^ help: if this is intentional, prefix it with an underscore: `_id_first`
[INFO] [stdout]     |
[INFO] [stdout]     = note: `#[warn(unused_variables)]` (part of `#[warn(unused)]`) on by default
[INFO] [stdout] 
[INFO] [stdout] 
[INFO] [stdout] warning: function `raw_delete` is never used
[INFO] [stdout]   --> tests/crdt_properties.rs:23:4
[INFO] [stdout]    |
[INFO] [stdout] 23 | fn raw_delete(ts: u64, site: u64) -> Operation {
[INFO] [stdout]    |    ^^^^^^^^^^
[INFO] [stdout]    |
[INFO] [stdout]    = note: `#[warn(dead_code)]` (part of `#[warn(unused)]`) on by default
[INFO] [stdout] 
[INFO] [stdout] 
[INFO] [stdout] warning: unused import: `MergeStrategy`
[INFO] [stdout]  --> tests/merge_tests.rs:1:19
[INFO] [stdout]   |
[INFO] [stdout] 1 | use weave::crdt::{MergeStrategy, SiteId};
[INFO] [stdout]   |                   ^^^^^^^^^^^^^
[INFO] [stdout]   |
[INFO] [stdout]   = note: `#[warn(unused_imports)]` (part of `#[warn(unused)]`) on by default
[INFO] [stdout] 
[INFO] [stdout] 
[INFO] [stdout] warning: unused variable: `id1`
[INFO] [stdout]   --> tests/merge_tests.rs:32:9
[INFO] [stdout]    |
[INFO] [stdout] 32 |     let id1 = doc.append("keep".into());
[INFO] [stdout]    |         ^^^ help: if this is intentional, prefix it with an underscore: `_id1`
[INFO] [stdout]    |
[INFO] [stdout]    = note: `#[warn(unused_variables)]` (part of `#[warn(unused)]`) on by default
[INFO] [stdout] 
[INFO] [stdout] 
[INFO] [stderr]     Finished `release` profile [optimized] target(s) in 7.28s
[INFO] running `Command { std: "docker" "inspect" "f7023480a3ddd3bdb1e69ed99bb2d7c6008ce183041bc08d4511ce0d38564e7f", kill_on_drop: false }`
[INFO] running `Command { std: "docker" "exec" "-e" "SOURCE_DIR=/opt/rustwide/workdir" "-e" "CARGO_HOME=/opt/rustwide/cargo-home" "-e" "RUSTUP_HOME=/opt/rustwide/rustup-home" "-e" "CARGO_TARGET_DIR=/opt/rustwide/target" "-e" "CARGO_INCREMENTAL=0" "-e" "RUST_BACKTRACE=full" "-e" "RUSTFLAGS=--cap-lints=warn" "-e" "RUSTDOCFLAGS=--cap-lints=warn" "-w" "/opt/rustwide/workdir" "--user" "0:0" "f7023480a3ddd3bdb1e69ed99bb2d7c6008ce183041bc08d4511ce0d38564e7f" "/opt/rustwide/cargo-home/bin/cargo" "+1.100.0-beta.1" "test" "--frozen" "--release", kill_on_drop: false }`
[INFO] [stderr] warning: unused import: `CommitId`
[INFO] [stderr]  --> tests/persistence_tests.rs:3:34
[INFO] [stderr]   |
[INFO] [stderr] 3 | use weave::repository::{storage, CommitId, Repository};
[INFO] [stderr]   |                                  ^^^^^^^^
[INFO] [stderr]   |
[INFO] [stderr]   = note: `#[warn(unused_imports)]` (part of `#[warn(unused)]`) on by default
[INFO] [stderr] 
[INFO] [stderr] warning: function `make_repo` is never used
[INFO] [stderr]   --> tests/persistence_tests.rs:21:4
[INFO] [stderr]    |
[INFO] [stderr] 21 | fn make_repo(site: u64) -> Repository<LineCRDT> {
[INFO] [stderr]    |    ^^^^^^^^^
[INFO] [stderr]    |
[INFO] [stderr]    = note: `#[warn(dead_code)]` (part of `#[warn(unused)]`) on by default
[INFO] [stderr] 
[INFO] [stderr] warning: unused variable: `id_first`
[INFO] [stderr]    --> tests/crdt_properties.rs:410:9
[INFO] [stderr]     |
[INFO] [stderr] 410 |     let id_first = doc.append("first".into());
[INFO] [stderr]     |         ^^^^^^^^ help: if this is intentional, prefix it with an underscore: `_id_first`
[INFO] [stderr]     |
[INFO] [stderr]     = note: `#[warn(unused_variables)]` (part of `#[warn(unused)]`) on by default
[INFO] [stderr] 
[INFO] [stderr] warning: function `raw_delete` is never used
[INFO] [stderr]   --> tests/crdt_properties.rs:23:4
[INFO] [stderr]    |
[INFO] [stderr] 23 | fn raw_delete(ts: u64, site: u64) -> Operation {
[INFO] [stderr]    |    ^^^^^^^^^^
[INFO] [stderr]    |
[INFO] [stderr]    = note: `#[warn(dead_code)]` (part of `#[warn(unused)]`) on by default
[INFO] [stderr] 
[INFO] [stderr] warning: unused import: `MergeStrategy`
[INFO] [stderr]  --> tests/merge_tests.rs:1:19
[INFO] [stderr]   |
[INFO] [stderr] 1 | use weave::crdt::{MergeStrategy, SiteId};
[INFO] [stderr]   |                   ^^^^^^^^^^^^^
[INFO] [stderr]   |
[INFO] [stderr]   = note: `#[warn(unused_imports)]` (part of `#[warn(unused)]`) on by default
[INFO] [stderr] 
[INFO] [stderr] warning: unused variable: `id1`
[INFO] [stderr]   --> tests/merge_tests.rs:32:9
[INFO] [stderr]    |
[INFO] [stderr] 32 |     let id1 = doc.append("keep".into());
[INFO] [stderr]    |         ^^^ help: if this is intentional, prefix it with an underscore: `_id1`
[INFO] [stderr]    |
[INFO] [stderr]    = note: `#[warn(unused_variables)]` (part of `#[warn(unused)]`) on by default
[INFO] [stderr] 
[INFO] [stderr] warning: `weave` (test "persistence_tests") generated 2 warnings (run `cargo fix --test "persistence_tests" -p weave` to apply 1 suggestion)
[INFO] [stderr] warning: `weave` (test "crdt_properties") generated 2 warnings (run `cargo fix --test "crdt_properties" -p weave` to apply 1 suggestion)
[INFO] [stderr] warning: `weave` (test "merge_tests") generated 2 warnings (run `cargo fix --test "merge_tests" -p weave` to apply 1 suggestion)
[INFO] [stderr]     Finished `release` profile [optimized] target(s) in 0.13s
[INFO] [stderr]      Running unittests src/lib.rs (/opt/rustwide/target/release/build/weave/258e8a78379a7f52/out/weave-258e8a78379a7f52)
[INFO] [stdout] 
[INFO] [stdout] running 0 tests
[INFO] [stdout] 
[INFO] [stdout] test result: ok. 0 passed; 0 failed; 0 ignored; 0 measured; 0 filtered out; finished in 0.00s
[INFO] [stdout] 
[INFO] [stderr]      Running unittests src/main.rs (/opt/rustwide/target/release/build/weave/54907f55bc2c611a/out/weave-54907f55bc2c611a)
[INFO] [stdout] 
[INFO] [stdout] running 0 tests
[INFO] [stdout] 
[INFO] [stdout] test result: ok. 0 passed; 0 failed; 0 ignored; 0 measured; 0 filtered out; finished in 0.00s
[INFO] [stdout] 
[INFO] [stderr]      Running tests/cli_edge_cases.rs (/opt/rustwide/target/release/build/weave/373e1216463e1d10/out/cli_edge_cases-373e1216463e1d10)
[INFO] [stdout] 
[INFO] [stdout] running 8 tests
[INFO] [stdout] test checkout_nonexistent_branch_fails_cli ... FAILED
[INFO] [stdout] test add_then_readd_with_append ... FAILED
[INFO] [stdout] test commands_outside_repo_fail ... FAILED
[INFO] [stdout] test add_nonexistent_file_fails ... FAILED
[INFO] [stdout] test cat_unknown_file_fails ... FAILED
[INFO] [stdout] test merge_nonexistent_branch_fails_cli ... FAILED
[INFO] [stdout] test full_workflow_via_cli ... FAILED
[INFO] [stdout] test double_init_fails ... FAILED
[INFO] [stdout] 
[INFO] [stdout] failures:
[INFO] [stdout] 
[INFO] [stdout] ---- checkout_nonexistent_branch_fails_cli stdout ----
[INFO] [stdout] 
[INFO] [stdout] thread 'checkout_nonexistent_branch_fails_cli' (1480) panicked at tests/cli_edge_cases.rs:26:10:
[INFO] [stdout] Failed to run weave: Os { code: 2, kind: NotFound, message: "No such file or directory" }
[INFO] [stdout] stack backtrace:
[INFO] [stdout]    0:     0x58f3c7ab2441 - <<std[617be2ca0a6fd877]::sys::backtrace::BacktraceLock>::print::DisplayBacktrace as core[a373ad73a504971]::fmt::Display>::fmt
[INFO] [stdout]    1:     0x58f3c7ac69ca - core[a373ad73a504971]::fmt::write
[INFO] [stdout]    2:     0x58f3c7ab68bc - <alloc[2e1b2a31b91974c5]::vec::Vec<u8> as core[a373ad73a504971]::io::write::Write>::write_fmt
[INFO] [stdout]    3:     0x58f3c7a8d316 - std[617be2ca0a6fd877]::panicking::default_hook::{closure#0}
[INFO] [stdout]    4:     0x58f3c7aaa219 - std[617be2ca0a6fd877]::panicking::default_hook
[INFO] [stdout]    5:     0x58f3c7a45a00 - test[aada8e7e76ba119b]::test_main_inner::{closure#0}
[INFO] [stdout]    6:     0x58f3c7aaa3d2 - std[617be2ca0a6fd877]::panicking::panic_with_hook
[INFO] [stdout]    7:     0x58f3c7a8d3c2 - std[617be2ca0a6fd877]::panicking::panic_handler::{closure#0}
[INFO] [stdout]    8:     0x58f3c7a85fb9 - std[617be2ca0a6fd877]::sys::backtrace::__rust_end_short_backtrace::<std[617be2ca0a6fd877]::panicking::panic_handler::{closure#0}, !>
[INFO] [stdout]    9:     0x58f3c7a8dfcd - __rustc[ea4f61d10b84890b]::rust_begin_unwind
[INFO] [stdout]   10:     0x58f3c7ac70fc - core[a373ad73a504971]::panicking::panic_fmt
[INFO] [stdout]   11:     0x58f3c7ac6ed2 - core[a373ad73a504971]::result::unwrap_failed
[INFO] [stdout]   12:     0x58f3c7a363e4 - cli_edge_cases[e66c3e80142509ca]::init_test_repo
[INFO] [stdout]   13:     0x58f3c7a38cd4 - <cli_edge_cases[e66c3e80142509ca]::checkout_nonexistent_branch_fails_cli::{closure#0} as core[a373ad73a504971]::ops::function::FnOnce<()>>::call_once
[INFO] [stdout]   14:     0x58f3c7a38e4b - test[aada8e7e76ba119b]::__rust_begin_short_backtrace::<core[a373ad73a504971]::result::Result<(), alloc[2e1b2a31b91974c5]::string::String>, fn() -> core[a373ad73a504971]::result::Result<(), alloc[2e1b2a31b91974c5]::string::String>>
[INFO] [stdout]   15:     0x58f3c7a46025 - test[aada8e7e76ba119b]::run_test::{closure#0}
[INFO] [stdout]   16:     0x58f3c7a3f914 - std[617be2ca0a6fd877]::sys::backtrace::__rust_begin_short_backtrace::<test[aada8e7e76ba119b]::run_test::{closure#1}, ()>
[INFO] [stdout]   17:     0x58f3c7a490b2 - <std[617be2ca0a6fd877]::thread::lifecycle::spawn_unchecked<test[aada8e7e76ba119b]::run_test::{closure#1}, ()>::{closure#1} as core[a373ad73a504971]::ops::function::FnOnce<()>>::call_once::{shim:vtable#0}
[INFO] [stdout]   18:     0x58f3c7ab1abf - <std[617be2ca0a6fd877]::sys::thread::unix::Thread>::new::thread_start
[INFO] [stdout]   19:     0x7bc61d14edfa - <unknown>
[INFO] [stdout]   20:     0x7bc61d1e23d4 - clone
[INFO] [stdout]   21:                0x0 - <unknown>
[INFO] [stdout] 
[INFO] [stdout] ---- add_then_readd_with_append stdout ----
[INFO] [stdout] 
[INFO] [stdout] thread 'add_then_readd_with_append' (1478) panicked at tests/cli_edge_cases.rs:26:10:
[INFO] [stdout] Failed to run weave: Os { code: 2, kind: NotFound, message: "No such file or directory" }
[INFO] [stdout] stack backtrace:
[INFO] [stdout]    0:     0x58f3c7ab2441 - <<std[617be2ca0a6fd877]::sys::backtrace::BacktraceLock>::print::DisplayBacktrace as core[a373ad73a504971]::fmt::Display>::fmt
[INFO] [stdout]    1:     0x58f3c7ac69ca - core[a373ad73a504971]::fmt::write
[INFO] [stdout]    2:     0x58f3c7ab68bc - <alloc[2e1b2a31b91974c5]::vec::Vec<u8> as core[a373ad73a504971]::io::write::Write>::write_fmt
[INFO] [stdout]    3:     0x58f3c7a8d316 - std[617be2ca0a6fd877]::panicking::default_hook::{closure#0}
[INFO] [stdout]    4:     0x58f3c7aaa219 - std[617be2ca0a6fd877]::panicking::default_hook
[INFO] [stdout]    5:     0x58f3c7a45a00 - test[aada8e7e76ba119b]::test_main_inner::{closure#0}
[INFO] [stdout]    6:     0x58f3c7aaa3d2 - std[617be2ca0a6fd877]::panicking::panic_with_hook
[INFO] [stdout]    7:     0x58f3c7a8d3c2 - std[617be2ca0a6fd877]::panicking::panic_handler::{closure#0}
[INFO] [stdout]    8:     0x58f3c7a85fb9 - std[617be2ca0a6fd877]::sys::backtrace::__rust_end_short_backtrace::<std[617be2ca0a6fd877]::panicking::panic_handler::{closure#0}, !>
[INFO] [stdout]    9:     0x58f3c7a8dfcd - __rustc[ea4f61d10b84890b]::rust_begin_unwind
[INFO] [stdout]   10:     0x58f3c7ac70fc - core[a373ad73a504971]::panicking::panic_fmt
[INFO] [stdout]   11:     0x58f3c7ac6ed2 - core[a373ad73a504971]::result::unwrap_failed
[INFO] [stdout]   12:     0x58f3c7a363e4 - cli_edge_cases[e66c3e80142509ca]::init_test_repo
[INFO] [stdout]   13:     0x58f3c7a3822e - <cli_edge_cases[e66c3e80142509ca]::add_then_readd_with_append::{closure#0} as core[a373ad73a504971]::ops::function::FnOnce<()>>::call_once
[INFO] [stdout]   14:     0x58f3c7a38e4b - test[aada8e7e76ba119b]::__rust_begin_short_backtrace::<core[a373ad73a504971]::result::Result<(), alloc[2e1b2a31b91974c5]::string::String>, fn() -> core[a373ad73a504971]::result::Result<(), alloc[2e1b2a31b91974c5]::string::String>>
[INFO] [stdout]   15:     0x58f3c7a46025 - test[aada8e7e76ba119b]::run_test::{closure#0}
[INFO] [stdout]   16:     0x58f3c7a3f914 - std[617be2ca0a6fd877]::sys::backtrace::__rust_begin_short_backtrace::<test[aada8e7e76ba119b]::run_test::{closure#1}, ()>
[INFO] [stdout]   17:     0x58f3c7a490b2 - <std[617be2ca0a6fd877]::thread::lifecycle::spawn_unchecked<test[aada8e7e76ba119b]::run_test::{closure#1}, ()>::{closure#1} as core[a373ad73a504971]::ops::function::FnOnce<()>>::call_once::{shim:vtable#0}
[INFO] [stdout]   18:     0x58f3c7ab1abf - <std[617be2ca0a6fd877]::sys::thread::unix::Thread>::new::thread_start
[INFO] [stdout]   19:     0x7bc61d14edfa - <unknown>
[INFO] [stdout]   20:     0x7bc61d1e23d4 - clone
[INFO] [stdout]   21:                0x0 - <unknown>
[INFO] [stdout] 
[INFO] [stdout] ---- commands_outside_repo_fail stdout ----
[INFO] [stdout] 
[INFO] [stdout] thread 'commands_outside_repo_fail' (1481) panicked at tests/cli_edge_cases.rs:37:10:
[INFO] [stdout] Failed to run weave: Os { code: 2, kind: NotFound, message: "No such file or directory" }
[INFO] [stdout] stack backtrace:
[INFO] [stdout]    0:     0x58f3c7ab2441 - <<std[617be2ca0a6fd877]::sys::backtrace::BacktraceLock>::print::DisplayBacktrace as core[a373ad73a504971]::fmt::Display>::fmt
[INFO] [stdout]    1:     0x58f3c7ac69ca - core[a373ad73a504971]::fmt::write
[INFO] [stdout]    2:     0x58f3c7ab68bc - <alloc[2e1b2a31b91974c5]::vec::Vec<u8> as core[a373ad73a504971]::io::write::Write>::write_fmt
[INFO] [stdout]    3:     0x58f3c7a8d316 - std[617be2ca0a6fd877]::panicking::default_hook::{closure#0}
[INFO] [stdout]    4:     0x58f3c7aaa219 - std[617be2ca0a6fd877]::panicking::default_hook
[INFO] [stdout]    5:     0x58f3c7a45a00 - test[aada8e7e76ba119b]::test_main_inner::{closure#0}
[INFO] [stdout]    6:     0x58f3c7aaa3d2 - std[617be2ca0a6fd877]::panicking::panic_with_hook
[INFO] [stdout]    7:     0x58f3c7a8d3c2 - std[617be2ca0a6fd877]::panicking::panic_handler::{closure#0}
[INFO] [stdout]    8:     0x58f3c7a85fb9 - std[617be2ca0a6fd877]::sys::backtrace::__rust_end_short_backtrace::<std[617be2ca0a6fd877]::panicking::panic_handler::{closure#0}, !>
[INFO] [stdout]    9:     0x58f3c7a8dfcd - __rustc[ea4f61d10b84890b]::rust_begin_unwind
[INFO] [stdout]   10:     0x58f3c7ac70fc - core[a373ad73a504971]::panicking::panic_fmt
[INFO] [stdout]   11:     0x58f3c7ac6ed2 - core[a373ad73a504971]::result::unwrap_failed
[INFO] [stdout]   12:     0x58f3c7a366d9 - cli_edge_cases[e66c3e80142509ca]::run_weave
[INFO] [stdout]   13:     0x58f3c7a388ed - <cli_edge_cases[e66c3e80142509ca]::commands_outside_repo_fail::{closure#0} as core[a373ad73a504971]::ops::function::FnOnce<()>>::call_once
[INFO] [stdout]   14:     0x58f3c7a38e4b - test[aada8e7e76ba119b]::__rust_begin_short_backtrace::<core[a373ad73a504971]::result::Result<(), alloc[2e1b2a31b91974c5]::string::String>, fn() -> core[a373ad73a504971]::result::Result<(), alloc[2e1b2a31b91974c5]::string::String>>
[INFO] [stdout]   15:     0x58f3c7a46025 - test[aada8e7e76ba119b]::run_test::{closure#0}
[INFO] [stdout]   16:     0x58f3c7a3f914 - std[617be2ca0a6fd877]::sys::backtrace::__rust_begin_short_backtrace::<test[aada8e7e76ba119b]::run_test::{closure#1}, ()>
[INFO] [stdout]   17:     0x58f3c7a490b2 - <std[617be2ca0a6fd877]::thread::lifecycle::spawn_unchecked<test[aada8e7e76ba119b]::run_test::{closure#1}, ()>::{closure#1} as core[a373ad73a504971]::ops::function::FnOnce<()>>::call_once::{shim:vtable#0}
[INFO] [stdout]   18:     0x58f3c7ab1abf - <std[617be2ca0a6fd877]::sys::thread::unix::Thread>::new::thread_start
[INFO] [stdout]   19:     0x7bc61d14edfa - <unknown>
[INFO] [stdout]   20:     0x7bc61d1e23d4 - clone
[INFO] [stdout]   21:                0x0 - <unknown>
[INFO] [stdout] 
[INFO] [stdout] ---- add_nonexistent_file_fails stdout ----
[INFO] [stdout] 
[INFO] [stdout] thread 'add_nonexistent_file_fails' (1477) panicked at tests/cli_edge_cases.rs:26:10:
[INFO] [stdout] Failed to run weave: Os { code: 2, kind: NotFound, message: "No such file or directory" }
[INFO] [stdout] stack backtrace:
[INFO] [stdout]    0:     0x58f3c7ab2441 - <<std[617be2ca0a6fd877]::sys::backtrace::BacktraceLock>::print::DisplayBacktrace as core[a373ad73a504971]::fmt::Display>::fmt
[INFO] [stdout]    1:     0x58f3c7ac69ca - core[a373ad73a504971]::fmt::write
[INFO] [stdout]    2:     0x58f3c7ab68bc - <alloc[2e1b2a31b91974c5]::vec::Vec<u8> as core[a373ad73a504971]::io::write::Write>::write_fmt
[INFO] [stdout]    3:     0x58f3c7a8d316 - std[617be2ca0a6fd877]::panicking::default_hook::{closure#0}
[INFO] [stdout]    4:     0x58f3c7aaa219 - std[617be2ca0a6fd877]::panicking::default_hook
[INFO] [stdout]    5:     0x58f3c7a45a00 - test[aada8e7e76ba119b]::test_main_inner::{closure#0}
[INFO] [stdout]    6:     0x58f3c7aaa3d2 - std[617be2ca0a6fd877]::panicking::panic_with_hook
[INFO] [stdout]    7:     0x58f3c7a8d3c2 - std[617be2ca0a6fd877]::panicking::panic_handler::{closure#0}
[INFO] [stdout]    8:     0x58f3c7a85fb9 - std[617be2ca0a6fd877]::sys::backtrace::__rust_end_short_backtrace::<std[617be2ca0a6fd877]::panicking::panic_handler::{closure#0}, !>
[INFO] [stdout]    9:     0x58f3c7a8dfcd - __rustc[ea4f61d10b84890b]::rust_begin_unwind
[INFO] [stdout]   10:     0x58f3c7ac70fc - core[a373ad73a504971]::panicking::panic_fmt
[INFO] [stdout]   11:     0x58f3c7ac6ed2 - core[a373ad73a504971]::result::unwrap_failed
[INFO] [stdout]   12:     0x58f3c7a363e4 - cli_edge_cases[e66c3e80142509ca]::init_test_repo
[INFO] [stdout]   13:     0x58f3c7a38059 - <cli_edge_cases[e66c3e80142509ca]::add_nonexistent_file_fails::{closure#0} as core[a373ad73a504971]::ops::function::FnOnce<()>>::call_once
[INFO] [stdout]   14:     0x58f3c7a38e4b - test[aada8e7e76ba119b]::__rust_begin_short_backtrace::<core[a373ad73a504971]::result::Result<(), alloc[2e1b2a31b91974c5]::string::String>, fn() -> core[a373ad73a504971]::result::Result<(), alloc[2e1b2a31b91974c5]::string::String>>
[INFO] [stdout]   15:     0x58f3c7a46025 - test[aada8e7e76ba119b]::run_test::{closure#0}
[INFO] [stdout]   16:     0x58f3c7a3f914 - std[617be2ca0a6fd877]::sys::backtrace::__rust_begin_short_backtrace::<test[aada8e7e76ba119b]::run_test::{closure#1}, ()>
[INFO] [stdout]   17:     0x58f3c7a490b2 - <std[617be2ca0a6fd877]::thread::lifecycle::spawn_unchecked<test[aada8e7e76ba119b]::run_test::{closure#1}, ()>::{closure#1} as core[a373ad73a504971]::ops::function::FnOnce<()>>::call_once::{shim:vtable#0}
[INFO] [stdout]   18:     0x58f3c7ab1abf - <std[617be2ca0a6fd877]::sys::thread::unix::Thread>::new::thread_start
[INFO] [stdout]   19:     0x7bc61d14edfa - <unknown>
[INFO] [stdout]   20:     0x7bc61d1e23d4 - clone
[INFO] [stdout]   21:                0x0 - <unknown>
[INFO] [stdout] 
[INFO] [stdout] ---- cat_unknown_file_fails stdout ----
[INFO] [stdout] 
[INFO] [stdout] thread 'cat_unknown_file_fails' (1479) panicked at tests/cli_edge_cases.rs:26:10:
[INFO] [stdout] Failed to run weave: Os { code: 2, kind: NotFound, message: "No such file or directory" }
[INFO] [stdout] stack backtrace:
[INFO] [stdout]    0:     0x58f3c7ab2441 - <<std[617be2ca0a6fd877]::sys::backtrace::BacktraceLock>::print::DisplayBacktrace as core[a373ad73a504971]::fmt::Display>::fmt
[INFO] [stdout]    1:     0x58f3c7ac69ca - core[a373ad73a504971]::fmt::write
[INFO] [stdout]    2:     0x58f3c7ab68bc - <alloc[2e1b2a31b91974c5]::vec::Vec<u8> as core[a373ad73a504971]::io::write::Write>::write_fmt
[INFO] [stdout]    3:     0x58f3c7a8d316 - std[617be2ca0a6fd877]::panicking::default_hook::{closure#0}
[INFO] [stdout]    4:     0x58f3c7aaa219 - std[617be2ca0a6fd877]::panicking::default_hook
[INFO] [stdout]    5:     0x58f3c7a45a00 - test[aada8e7e76ba119b]::test_main_inner::{closure#0}
[INFO] [stdout]    6:     0x58f3c7aaa3d2 - std[617be2ca0a6fd877]::panicking::panic_with_hook
[INFO] [stdout]    7:     0x58f3c7a8d3c2 - std[617be2ca0a6fd877]::panicking::panic_handler::{closure#0}
[INFO] [stdout]    8:     0x58f3c7a85fb9 - std[617be2ca0a6fd877]::sys::backtrace::__rust_end_short_backtrace::<std[617be2ca0a6fd877]::panicking::panic_handler::{closure#0}, !>
[INFO] [stdout]    9:     0x58f3c7a8dfcd - __rustc[ea4f61d10b84890b]::rust_begin_unwind
[INFO] [stdout]   10:     0x58f3c7ac70fc - core[a373ad73a504971]::panicking::panic_fmt
[INFO] [stdout]   11:     0x58f3c7ac6ed2 - core[a373ad73a504971]::result::unwrap_failed
[INFO] [stdout]   12:     0x58f3c7a363e4 - cli_edge_cases[e66c3e80142509ca]::init_test_repo
[INFO] [stdout]   13:     0x58f3c7a37e89 - <cli_edge_cases[e66c3e80142509ca]::cat_unknown_file_fails::{closure#0} as core[a373ad73a504971]::ops::function::FnOnce<()>>::call_once
[INFO] [stdout]   14:     0x58f3c7a38e4b - test[aada8e7e76ba119b]::__rust_begin_short_backtrace::<core[a373ad73a504971]::result::Result<(), alloc[2e1b2a31b91974c5]::string::String>, fn() -> core[a373ad73a504971]::result::Result<(), alloc[2e1b2a31b91974c5]::string::String>>
[INFO] [stdout]   15:     0x58f3c7a46025 - test[aada8e7e76ba119b]::run_test::{closure#0}
[INFO] [stdout]   16:     0x58f3c7a3f914 - std[617be2ca0a6fd877]::sys::backtrace::__rust_begin_short_backtrace::<test[aada8e7e76ba119b]::run_test::{closure#1}, ()>
[INFO] [stdout]   17:     0x58f3c7a490b2 - <std[617be2ca0a6fd877]::thread::lifecycle::spawn_unchecked<test[aada8e7e76ba119b]::run_test::{closure#1}, ()>::{closure#1} as core[a373ad73a504971]::ops::function::FnOnce<()>>::call_once::{shim:vtable#0}
[INFO] [stdout]   18:     0x58f3c7ab1abf - <std[617be2ca0a6fd877]::sys::thread::unix::Thread>::new::thread_start
[INFO] [stdout]   19:     0x7bc61d14edfa - <unknown>
[INFO] [stdout]   20:     0x7bc61d1e23d4 - clone
[INFO] [stdout]   21:                0x0 - <unknown>
[INFO] [stdout] 
[INFO] [stdout] ---- merge_nonexistent_branch_fails_cli stdout ----
[INFO] [stdout] 
[INFO] [stdout] thread 'merge_nonexistent_branch_fails_cli' (1484) panicked at tests/cli_edge_cases.rs:26:10:
[INFO] [stdout] Failed to run weave: Os { code: 2, kind: NotFound, message: "No such file or directory" }
[INFO] [stdout] stack backtrace:
[INFO] [stdout]    0:     0x58f3c7ab2441 - <<std[617be2ca0a6fd877]::sys::backtrace::BacktraceLock>::print::DisplayBacktrace as core[a373ad73a504971]::fmt::Display>::fmt
[INFO] [stdout]    1:     0x58f3c7ac69ca - core[a373ad73a504971]::fmt::write
[INFO] [stdout]    2:     0x58f3c7ab68bc - <alloc[2e1b2a31b91974c5]::vec::Vec<u8> as core[a373ad73a504971]::io::write::Write>::write_fmt
[INFO] [stdout]    3:     0x58f3c7a8d316 - std[617be2ca0a6fd877]::panicking::default_hook::{closure#0}
[INFO] [stdout]    4:     0x58f3c7aaa219 - std[617be2ca0a6fd877]::panicking::default_hook
[INFO] [stdout]    5:     0x58f3c7a45a00 - test[aada8e7e76ba119b]::test_main_inner::{closure#0}
[INFO] [stdout]    6:     0x58f3c7aaa3d2 - std[617be2ca0a6fd877]::panicking::panic_with_hook
[INFO] [stdout]    7:     0x58f3c7a8d3c2 - std[617be2ca0a6fd877]::panicking::panic_handler::{closure#0}
[INFO] [stdout]    8:     0x58f3c7a85fb9 - std[617be2ca0a6fd877]::sys::backtrace::__rust_end_short_backtrace::<std[617be2ca0a6fd877]::panicking::panic_handler::{closure#0}, !>
[INFO] [stdout]    9:     0x58f3c7a8dfcd - __rustc[ea4f61d10b84890b]::rust_begin_unwind
[INFO] [stdout]   10:     0x58f3c7ac70fc - core[a373ad73a504971]::panicking::panic_fmt
[INFO] [stdout]   11:     0x58f3c7ac6ed2 - core[a373ad73a504971]::result::unwrap_failed
[INFO] [stdout]   12:     0x58f3c7a363e4 - cli_edge_cases[e66c3e80142509ca]::init_test_repo
[INFO] [stdout]   13:     0x58f3c7a38ba4 - <cli_edge_cases[e66c3e80142509ca]::merge_nonexistent_branch_fails_cli::{closure#0} as core[a373ad73a504971]::ops::function::FnOnce<()>>::call_once
[INFO] [stdout]   14:     0x58f3c7a38e4b - test[aada8e7e76ba119b]::__rust_begin_short_backtrace::<core[a373ad73a504971]::result::Result<(), alloc[2e1b2a31b91974c5]::string::String>, fn() -> core[a373ad73a504971]::result::Result<(), alloc[2e1b2a31b91974c5]::string::String>>
[INFO] [stdout]   15:     0x58f3c7a46025 - test[aada8e7e76ba119b]::run_test::{closure#0}
[INFO] [stdout]   16:     0x58f3c7a3f914 - std[617be2ca0a6fd877]::sys::backtrace::__rust_begin_short_backtrace::<test[aada8e7e76ba119b]::run_test::{closure#1}, ()>
[INFO] [stdout]   17:     0x58f3c7a490b2 - <std[617be2ca0a6fd877]::thread::lifecycle::spawn_unchecked<test[aada8e7e76ba119b]::run_test::{closure#1}, ()>::{closure#1} as core[a373ad73a504971]::ops::function::FnOnce<()>>::call_once::{shim:vtable#0}
[INFO] [stdout]   18:     0x58f3c7ab1abf - <std[617be2ca0a6fd877]::sys::thread::unix::Thread>::new::thread_start
[INFO] [stdout]   19:     0x7bc61d14edfa - <unknown>
[INFO] [stdout]   20:     0x7bc61d1e23d4 - clone
[INFO] [stdout]   21:                0x0 - <unknown>
[INFO] [stdout] 
[INFO] [stdout] ---- full_workflow_via_cli stdout ----
[INFO] [stdout] 
[INFO] [stdout] thread 'full_workflow_via_cli' (1483) panicked at tests/cli_edge_cases.rs:26:10:
[INFO] [stdout] Failed to run weave: Os { code: 2, kind: NotFound, message: "No such file or directory" }
[INFO] [stdout] stack backtrace:
[INFO] [stdout]    0:     0x58f3c7ab2441 - <<std[617be2ca0a6fd877]::sys::backtrace::BacktraceLock>::print::DisplayBacktrace as core[a373ad73a504971]::fmt::Display>::fmt
[INFO] [stdout]    1:     0x58f3c7ac69ca - core[a373ad73a504971]::fmt::write
[INFO] [stdout]    2:     0x58f3c7ab68bc - <alloc[2e1b2a31b91974c5]::vec::Vec<u8> as core[a373ad73a504971]::io::write::Write>::write_fmt
[INFO] [stdout]    3:     0x58f3c7a8d316 - std[617be2ca0a6fd877]::panicking::default_hook::{closure#0}
[INFO] [stdout]    4:     0x58f3c7aaa219 - std[617be2ca0a6fd877]::panicking::default_hook
[INFO] [stdout]    5:     0x58f3c7a45a00 - test[aada8e7e76ba119b]::test_main_inner::{closure#0}
[INFO] [stdout]    6:     0x58f3c7aaa3d2 - std[617be2ca0a6fd877]::panicking::panic_with_hook
[INFO] [stdout]    7:     0x58f3c7a8d3c2 - std[617be2ca0a6fd877]::panicking::panic_handler::{closure#0}
[INFO] [stdout]    8:     0x58f3c7a85fb9 - std[617be2ca0a6fd877]::sys::backtrace::__rust_end_short_backtrace::<std[617be2ca0a6fd877]::panicking::panic_handler::{closure#0}, !>
[INFO] [stdout]    9:     0x58f3c7a8dfcd - __rustc[ea4f61d10b84890b]::rust_begin_unwind
[INFO] [stdout]   10:     0x58f3c7ac70fc - core[a373ad73a504971]::panicking::panic_fmt
[INFO] [stdout]   11:     0x58f3c7ac6ed2 - core[a373ad73a504971]::result::unwrap_failed
[INFO] [stdout]   12:     0x58f3c7a363e4 - cli_edge_cases[e66c3e80142509ca]::init_test_repo
[INFO] [stdout]   13:     0x58f3c7a375c0 - <cli_edge_cases[e66c3e80142509ca]::full_workflow_via_cli::{closure#0} as core[a373ad73a504971]::ops::function::FnOnce<()>>::call_once
[INFO] [stdout]   14:     0x58f3c7a38e4b - test[aada8e7e76ba119b]::__rust_begin_short_backtrace::<core[a373ad73a504971]::result::Result<(), alloc[2e1b2a31b91974c5]::string::String>, fn() -> core[a373ad73a504971]::result::Result<(), alloc[2e1b2a31b91974c5]::string::String>>
[INFO] [stdout]   15:     0x58f3c7a46025 - test[aada8e7e76ba119b]::run_test::{closure#0}
[INFO] [stdout]   16:     0x58f3c7a3f914 - std[617be2ca0a6fd877]::sys::backtrace::__rust_begin_short_backtrace::<test[aada8e7e76ba119b]::run_test::{closure#1}, ()>
[INFO] [stdout]   17:     0x58f3c7a490b2 - <std[617be2ca0a6fd877]::thread::lifecycle::spawn_unchecked<test[aada8e7e76ba119b]::run_test::{closure#1}, ()>::{closure#1} as core[a373ad73a504971]::ops::function::FnOnce<()>>::call_once::{shim:vtable#0}
[INFO] [stdout]   18:     0x58f3c7ab1abf - <std[617be2ca0a6fd877]::sys::thread::unix::Thread>::new::thread_start
[INFO] [stdout]   19:     0x7bc61d14edfa - <unknown>
[INFO] [stdout]   20:     0x7bc61d1e23d4 - clone
[INFO] [stdout]   21:                0x0 - <unknown>
[INFO] [stdout] 
[INFO] [stdout] ---- double_init_fails stdout ----
[INFO] [stdout] 
[INFO] [stdout] thread 'double_init_fails' (1482) panicked at tests/cli_edge_cases.rs:26:10:
[INFO] [stdout] Failed to run weave: Os { code: 2, kind: NotFound, message: "No such file or directory" }
[INFO] [stdout] stack backtrace:
[INFO] [stdout]    0:     0x58f3c7ab2441 - <<std[617be2ca0a6fd877]::sys::backtrace::BacktraceLock>::print::DisplayBacktrace as core[a373ad73a504971]::fmt::Display>::fmt
[INFO] [stdout]    1:     0x58f3c7ac69ca - core[a373ad73a504971]::fmt::write
[INFO] [stdout]    2:     0x58f3c7ab68bc - <alloc[2e1b2a31b91974c5]::vec::Vec<u8> as core[a373ad73a504971]::io::write::Write>::write_fmt
[INFO] [stdout]    3:     0x58f3c7a8d316 - std[617be2ca0a6fd877]::panicking::default_hook::{closure#0}
[INFO] [stdout]    4:     0x58f3c7aaa219 - std[617be2ca0a6fd877]::panicking::default_hook
[INFO] [stdout]    5:     0x58f3c7a45a00 - test[aada8e7e76ba119b]::test_main_inner::{closure#0}
[INFO] [stdout]    6:     0x58f3c7aaa3d2 - std[617be2ca0a6fd877]::panicking::panic_with_hook
[INFO] [stdout]    7:     0x58f3c7a8d3c2 - std[617be2ca0a6fd877]::panicking::panic_handler::{closure#0}
[INFO] [stdout]    8:     0x58f3c7a85fb9 - std[617be2ca0a6fd877]::sys::backtrace::__rust_end_short_backtrace::<std[617be2ca0a6fd877]::panicking::panic_handler::{closure#0}, !>
[INFO] [stdout]    9:     0x58f3c7a8dfcd - __rustc[ea4f61d10b84890b]::rust_begin_unwind
[INFO] [stdout]   10:     0x58f3c7ac70fc - core[a373ad73a504971]::panicking::panic_fmt
[INFO] [stdout]   11:     0x58f3c7ac6ed2 - core[a373ad73a504971]::result::unwrap_failed
[INFO] [stdout]   12:     0x58f3c7a363e4 - cli_edge_cases[e66c3e80142509ca]::init_test_repo
[INFO] [stdout]   13:     0x58f3c7a373e9 - <cli_edge_cases[e66c3e80142509ca]::double_init_fails::{closure#0} as core[a373ad73a504971]::ops::function::FnOnce<()>>::call_once
[INFO] [stdout]   14:     0x58f3c7a38e4b - test[aada8e7e76ba119b]::__rust_begin_short_backtrace::<core[a373ad73a504971]::result::Result<(), alloc[2e1b2a31b91974c5]::string::String>, fn() -> core[a373ad73a504971]::result::Result<(), alloc[2e1b2a31b91974c5]::string::String>>
[INFO] [stdout]   15:     0x58f3c7a46025 - test[aada8e7e76ba119b]::run_test::{closure#0}
[INFO] [stdout]   16:     0x58f3c7a3f914 - std[617be2ca0a6fd877]::sys::backtrace::__rust_begin_short_backtrace::<test[aada8e7e76ba119b]::run_test::{closure#1}, ()>
[INFO] [stdout]   17:     0x58f3c7a490b2 - <std[617be2ca0a6fd877]::thread::lifecycle::spawn_unchecked<test[aada8e7e76ba119b]::run_test::{closure#1}, ()>::{closure#1} as core[a373ad73a504971]::ops::function::FnOnce<()>>::call_once::{shim:vtable#0}
[INFO] [stdout]   18:     0x58f3c7ab1abf - <std[617be2ca0a6fd877]::sys::thread::unix::Thread>::new::thread_start
[INFO] [stdout]   19:     0x7bc61d14edfa - <unknown>
[INFO] [stdout]   20:     0x7bc61d1e23d4 - clone
[INFO] [stdout]   21:                0x0 - <unknown>
[INFO] [stdout] 
[INFO] [stdout] 
[INFO] [stdout] failures:
[INFO] [stdout]     add_nonexistent_file_fails
[INFO] [stdout]     add_then_readd_with_append
[INFO] [stdout]     cat_unknown_file_fails
[INFO] [stdout]     checkout_nonexistent_branch_fails_cli
[INFO] [stdout]     commands_outside_repo_fail
[INFO] [stdout]     double_init_fails
[INFO] [stdout]     full_workflow_via_cli
[INFO] [stdout]     merge_nonexistent_branch_fails_cli
[INFO] [stdout] 
[INFO] [stdout] test result: FAILED. 0 passed; 8 failed; 0 ignored; 0 measured; 0 filtered out; finished in 0.06s
[INFO] [stdout] 
[INFO] [stderr] error: test failed, to rerun pass `--test cli_edge_cases`
[INFO] running `Command { std: "docker" "inspect" "f7023480a3ddd3bdb1e69ed99bb2d7c6008ce183041bc08d4511ce0d38564e7f", kill_on_drop: false }`
[INFO] running `Command { std: "docker" "rm" "-f" "f7023480a3ddd3bdb1e69ed99bb2d7c6008ce183041bc08d4511ce0d38564e7f", kill_on_drop: false }`
[INFO] [stdout] f7023480a3ddd3bdb1e69ed99bb2d7c6008ce183041bc08d4511ce0d38564e7f
