[INFO] cloning repository https://github.com/rishwanthvallala/ajar
[INFO] running `Command { std: "git" "-c" "credential.helper=" "-c" "credential.helper=/workspace/cargo-home/bin/git-credential-null" "clone" "--bare" "https://github.com/rishwanthvallala/ajar" "/workspace/cache/git-repos/https%3A%2F%2Fgithub.com%2Frishwanthvallala%2Fajar", kill_on_drop: false }`
[INFO] [stderr] Cloning into bare repository '/workspace/cache/git-repos/https%3A%2F%2Fgithub.com%2Frishwanthvallala%2Fajar'...
[INFO] running `Command { std: "git" "rev-parse" "HEAD", kill_on_drop: false }`
[INFO] [stdout] e99290f52dc8a3762aa36fb3ec77a7f864c3efa5
[INFO] testing rishwanthvallala/ajar against 1.100.0-beta.1+cargoflags=--release for beta-release-1.100-3
[INFO] running `Command { std: "git" "clone" "/workspace/cache/git-repos/https%3A%2F%2Fgithub.com%2Frishwanthvallala%2Fajar" "/workspace/builds/worker-0-tc2/source", kill_on_drop: false }`
[INFO] [stderr] Cloning into '/workspace/builds/worker-0-tc2/source'...
[INFO] [stderr] done.
[INFO] started tweaking git repo https://github.com/rishwanthvallala/ajar
[INFO] finished tweaking git repo https://github.com/rishwanthvallala/ajar
[INFO] tweaked toml for git repo https://github.com/rishwanthvallala/ajar written to /workspace/builds/worker-0-tc2/source/Cargo.toml
[INFO] validating manifest of git repo https://github.com/rishwanthvallala/ajar on toolchain 1.100.0-beta.1
[INFO] running `Command { std: CARGO_HOME="/workspace/cargo-home" RUSTUP_HOME="/workspace/rustup-home" "/workspace/cargo-home/bin/cargo" "+1.100.0-beta.1" "metadata" "--manifest-path" "Cargo.toml" "--no-deps", kill_on_drop: false }`
[INFO] crate git repo https://github.com/rishwanthvallala/ajar already has a lockfile, it will not be regenerated
[INFO] running `Command { std: CARGO_HOME="/workspace/cargo-home" RUSTUP_HOME="/workspace/rustup-home" "/workspace/cargo-home/bin/cargo" "+1.100.0-beta.1" "fetch" "--manifest-path" "Cargo.toml", kill_on_drop: false }`
[INFO] [stderr] warning: unused field `repository` in `workspace.package`
[INFO] [stderr]   --> Cargo.toml:12:1
[INFO] [stderr]    |
[INFO] [stderr] 12 | repository = "https://github.com/rishwanthvallala/ajar"
[INFO] [stderr]    | ^^^^^^^^^^
[INFO] [stderr]    |
[INFO] [stderr]    = note: `cargo::unused_workspace_package_fields` is set to `warn` by default
[INFO] [stderr] help: consider removing the field `workspace.package.repository`
[INFO] [stderr] warning: workspace (manifest) generated 1 warning
[INFO] running `Command { std: "docker" "create" "-v" "/var/lib/crater-agent-workspace/builds/worker-0-tc2/source:/opt/rustwide/workdir:ro,Z" "-v" "/var/lib/crater-agent-workspace/builds/worker-0-tc2/target:/opt/rustwide/target:rw,Z" "-v" "/var/lib/crater-agent-workspace/cargo-home:/opt/rustwide/cargo-home:ro,Z" "-v" "/var/lib/crater-agent-workspace/rustup-home:/opt/rustwide/rustup-home:ro,Z" "-m" "1610612736" "--network" "none" "ghcr.io/rust-lang/crates-build-env/linux@sha256:77db811e55d90add9212f6832c23229e3de5f1c1f9905e8cb07319ea15df73ac" "sleep" "infinity", kill_on_drop: false }`
[INFO] [stdout] 1e9653db520c300f537f9f6d426ada6f71ad8a0b7137289d46937ee6802bd134
[INFO] running `Command { std: "docker" "start" "1e9653db520c300f537f9f6d426ada6f71ad8a0b7137289d46937ee6802bd134", kill_on_drop: false }`
[INFO] running `Command { std: "docker" "inspect" "1e9653db520c300f537f9f6d426ada6f71ad8a0b7137289d46937ee6802bd134", kill_on_drop: false }`
[INFO] running `Command { std: "docker" "exec" "-e" "SOURCE_DIR=/opt/rustwide/workdir" "-e" "CARGO_HOME=/opt/rustwide/cargo-home" "-e" "RUSTUP_HOME=/opt/rustwide/rustup-home" "-e" "CARGO_TARGET_DIR=/opt/rustwide/target" "-w" "/opt/rustwide/workdir" "--user" "0:0" "1e9653db520c300f537f9f6d426ada6f71ad8a0b7137289d46937ee6802bd134" "/opt/rustwide/cargo-home/bin/cargo" "+1.100.0-beta.1" "metadata" "--no-deps" "--format-version=1", kill_on_drop: false }`
[INFO] running `Command { std: "docker" "inspect" "1e9653db520c300f537f9f6d426ada6f71ad8a0b7137289d46937ee6802bd134", kill_on_drop: false }`
[INFO] running `Command { std: "docker" "exec" "-e" "SOURCE_DIR=/opt/rustwide/workdir" "-e" "CARGO_HOME=/opt/rustwide/cargo-home" "-e" "RUSTUP_HOME=/opt/rustwide/rustup-home" "-e" "CARGO_TARGET_DIR=/opt/rustwide/target" "-e" "CARGO_INCREMENTAL=0" "-e" "RUST_BACKTRACE=full" "-e" "RUSTFLAGS=--cap-lints=warn" "-e" "RUSTDOCFLAGS=--cap-lints=warn" "-w" "/opt/rustwide/workdir" "--user" "0:0" "1e9653db520c300f537f9f6d426ada6f71ad8a0b7137289d46937ee6802bd134" "/opt/rustwide/cargo-home/bin/cargo" "+1.100.0-beta.1" "build" "--frozen" "--message-format=json" "--release", kill_on_drop: false }`
[INFO] [stderr] warning: unused field `repository` in `workspace.package`
[INFO] [stderr]   --> Cargo.toml:12:1
[INFO] [stderr]    |
[INFO] [stderr] 12 | repository = "https://github.com/rishwanthvallala/ajar"
[INFO] [stderr]    | ^^^^^^^^^^
[INFO] [stderr]    |
[INFO] [stderr]    = note: `cargo::unused_workspace_package_fields` is set to `warn` by default
[INFO] [stderr] help: consider removing the field `workspace.package.repository`
[INFO] [stderr] warning: workspace (manifest) generated 1 warning
[INFO] [stderr]    Compiling libc v0.2.189
[INFO] [stderr]    Compiling proc-macro2 v1.0.107
[INFO] [stderr]    Compiling unicode-ident v1.0.24
[INFO] [stderr]    Compiling quote v1.0.47
[INFO] [stderr]    Compiling cfg-if v1.0.4
[INFO] [stderr]    Compiling log v0.4.34
[INFO] [stderr]    Compiling typenum v1.20.1
[INFO] [stderr]    Compiling itoa v1.0.18
[INFO] [stderr]    Compiling pin-project-lite v0.2.17
[INFO] [stderr]    Compiling bytes v1.12.1
[INFO] [stderr]    Compiling getrandom v0.4.3
[INFO] [stderr]    Compiling rand_core v0.10.1
[INFO] [stderr]    Compiling thiserror v2.0.20
[INFO] [stderr]    Compiling shlex v2.0.1
[INFO] [stderr]    Compiling find-msvc-tools v0.1.11
[INFO] [stderr]    Compiling bitflags v2.13.1
[INFO] [stderr]    Compiling smallvec v1.15.2
[INFO] [stderr]    Compiling cc v1.4.4
[INFO] [stderr]    Compiling once_cell v1.21.4
[INFO] [stderr]    Compiling memchr v2.8.3
[INFO] [stderr]    Compiling futures-core v0.3.34
[INFO] [stderr]    Compiling foldhash v0.2.0
[INFO] [stderr]    Compiling http v1.5.0
[INFO] [stderr]    Compiling httparse v1.10.1
[INFO] [stderr]    Compiling allocator-api2 v0.2.21
[INFO] [stderr]    Compiling syn v3.0.3
[INFO] [stderr]    Compiling syn v2.0.119
[INFO] [stderr]    Compiling hybrid-array v0.4.14
[INFO] [stderr]    Compiling version_check v0.9.5
[INFO] [stderr]    Compiling equivalent v1.0.2
[INFO] [stderr]    Compiling generic-array v0.14.7
[INFO] [stderr]    Compiling rustversion v1.0.23
[INFO] [stderr]    Compiling serde_core v1.0.229
[INFO] [stderr]    Compiling cpufeatures v0.3.0
[INFO] [stderr]    Compiling block-buffer v0.12.1
[INFO] [stderr]    Compiling parking_lot_core v0.9.12
[INFO] [stderr]    Compiling heck v0.5.0
[INFO] [stderr]    Compiling ring v0.17.14
[INFO] [stderr]    Compiling zeroize v1.9.0
[INFO] [stderr]    Compiling errno v0.3.14
[INFO] [stderr]    Compiling mio v1.2.2
[INFO] [stderr]    Compiling socket2 v0.6.5
[INFO] [stderr]    Compiling signal-hook-registry v1.4.8
[INFO] [stderr]    Compiling crypto-common v0.2.2
[INFO] [stderr]    Compiling rustls-pki-types v1.15.1
[INFO] [stderr]    Compiling hashbrown v0.17.1
[INFO] [stderr]    Compiling scopeguard v1.2.0
[INFO] [stderr]    Compiling ryu v1.0.23
[INFO] [stderr]    Compiling lock_api v0.4.14
[INFO] [stderr]    Compiling getrandom v0.2.17
[INFO] [stderr]    Compiling serde v1.0.229
[INFO] [stderr]    Compiling zerocopy v0.8.56
[INFO] [stderr]    Compiling untrusted v0.9.0
[INFO] [stderr]    Compiling zmij v1.0.23
[INFO] [stderr]    Compiling crossbeam-utils v0.8.22
[INFO] [stderr]    Compiling futures-sink v0.3.34
[INFO] [stderr]    Compiling strsim v0.11.1
[INFO] [stderr]    Compiling ident_case v1.0.1
[INFO] [stderr]    Compiling getrandom v0.3.4
[INFO] [stderr]    Compiling crypto-common v0.1.7
[INFO] [stderr]    Compiling block-buffer v0.10.4
[INFO] [stderr]    Compiling inout v0.2.2
[INFO] [stderr]    Compiling tracing-core v0.1.36
[INFO] [stderr]    Compiling slab v0.4.12
[INFO] [stderr]    Compiling serde_json v1.0.151
[INFO] [stderr]    Compiling either v1.18.0
[INFO] [stderr]    Compiling rustls v0.23.43
[INFO] [stderr]    Compiling cmov v0.5.4
[INFO] [stderr]    Compiling futures-task v0.3.34
[INFO] [stderr]    Compiling itertools v0.14.0
[INFO] [stderr]    Compiling darling_core v0.24.1
[INFO] [stderr]    Compiling ctutils v0.4.2
[INFO] [stderr]    Compiling digest v0.10.7
[INFO] [stderr]    Compiling castaway v0.2.4
[INFO] [stderr]    Compiling http-body v1.1.0
[INFO] [stderr]    Compiling hashbrown v0.16.1
[INFO] [stderr]    Compiling aho-corasick v1.1.5
[INFO] [stderr]    Compiling unicode-width v0.2.2
[INFO] [stderr]    Compiling unicode-segmentation v1.13.3
[INFO] [stderr]    Compiling tracing-attributes v0.1.31
[INFO] [stderr]    Compiling thiserror-impl v2.0.20
[INFO] [stderr]    Compiling tokio-macros v2.7.2
[INFO] [stderr]    Compiling futures-macro v0.3.34
[INFO] [stderr]    Compiling tokio v1.53.1
[INFO] [stderr]    Compiling serde_derive v1.0.229
[INFO] [stderr]    Compiling futures-util v0.3.34
[INFO] [stderr]    Compiling strum_macros v0.28.0
[INFO] [stderr]    Compiling darling_macro v0.24.1
[INFO] [stderr]    Compiling cpufeatures v0.2.17
[INFO] [stderr]    Compiling subtle v2.6.1
[INFO] [stderr]    Compiling signal-hook v0.3.18
[INFO] [stderr]    Compiling data-encoding v2.11.1
[INFO] [stderr]    Compiling regex-syntax v0.8.11
[INFO] [stderr]    Compiling cpubits v0.1.1
[INFO] [stderr]    Compiling instability v0.3.13
[INFO] [stderr]    Compiling static_assertions v1.1.0
[INFO] [stderr]    Compiling compact_str v0.9.1
[INFO] [stderr]    Compiling strum v0.28.0
[INFO] [stderr]    Compiling ppv-lite86 v0.2.21
[INFO] [stderr]    Compiling convert_case v0.10.0
[INFO] [stderr]    Compiling darling v0.24.1
[INFO] [stderr]    Compiling kasuari v0.4.12
[INFO] [stderr]    Compiling tracing v0.1.44
[INFO] [stderr]    Compiling unicode-truncate v2.0.1
[INFO] [stderr]    Compiling rand_core v0.9.5
[INFO] [stderr]    Compiling regex-automata v0.4.18
[INFO] [stderr]    Compiling universal-hash v0.6.1
[INFO] [stderr]    Compiling cipher v0.5.2
[INFO] [stderr]    Compiling lru v0.18.2
[INFO] [stderr]    Compiling parking_lot v0.12.5
[INFO] [stderr]    Compiling indoc v2.0.7
[INFO] [stderr]    Compiling rustix v1.1.4
[INFO] [stderr]    Compiling percent-encoding v2.3.2
[INFO] [stderr]    Compiling utf8parse v0.2.2
[INFO] [stderr]    Compiling critical-section v1.2.0
[INFO] [stderr]    Compiling tower-service v0.3.3
[INFO] [stderr]    Compiling ratatui-core v0.1.2
[INFO] [stderr]    Compiling anstyle-parse v1.0.0
[INFO] [stderr]    Compiling polyval v0.7.3
[INFO] [stderr]    Compiling rand_chacha v0.9.0
[INFO] [stderr]    Compiling derive_more-impl v2.1.1
[INFO] [stderr]    Compiling base64 v0.23.1
[INFO] [stderr]    Compiling unicase v2.9.0
[INFO] [stderr]    Compiling httpdate v1.0.3
[INFO] [stderr]    Compiling anstyle-query v1.1.5
[INFO] [stderr]    Compiling inotify-sys v0.1.8
[INFO] [stderr]    Compiling crc32fast v1.5.2
[INFO] [stderr]    Compiling linux-raw-sys v0.12.1
[INFO] [stderr]    Compiling pkg-config v0.3.34
[INFO] [stderr]    Compiling colorchoice v1.0.5
[INFO] [stderr]    Compiling crossbeam-epoch v0.9.20
[INFO] [stderr]    Compiling const-oid v0.10.2
[INFO] [stderr]    Compiling deranged v0.5.8
[INFO] [stderr]    Compiling litrs v1.0.0
[INFO] [stderr]    Compiling num-conv v0.2.2
[INFO] [stderr]    Compiling anyhow v1.0.104
[INFO] [stderr]    Compiling anstyle v1.0.14
[INFO] [stderr]    Compiling vcpkg v0.2.15
[INFO] [stderr]    Compiling cfg_aliases v0.1.1
[INFO] [stderr]    Compiling num_threads v0.1.7
[INFO] [stderr]    Compiling is_terminal_polyfill v1.70.2
[INFO] [stderr]    Compiling rustls-webpki v0.103.15
[INFO] [stderr]    Compiling thiserror v1.0.69
[INFO] [stderr]    Compiling tower-layer v0.3.3
[INFO] [stderr]    Compiling parking v2.2.1
[INFO] [stderr]    Compiling powerfmt v0.2.0
[INFO] [stderr]    Compiling mime v0.3.17
[INFO] [stderr]    Compiling time-core v0.1.9
[INFO] [stderr]    Compiling event-listener v5.4.2
[INFO] [stderr]    Compiling time v0.3.55
[INFO] [stderr]    Compiling libsqlite3-sys v0.38.2
[INFO] [stderr]    Compiling anstream v1.0.0
[INFO] [stderr]    Compiling document-features v0.2.12
[INFO] [stderr]    Compiling nix v0.28.0
[INFO] [stderr]    Compiling digest v0.11.3
[INFO] [stderr]    Compiling derive_more v2.1.1
[INFO] [stderr]    Compiling mime_guess v2.0.5
[INFO] [stderr]    Compiling signal-hook-mio v0.2.5
[INFO] [stderr]    Compiling rand v0.9.5
[INFO] [stderr]    Compiling ghash v0.6.0
[INFO] [stderr]    Compiling aes v0.9.2
[INFO] [stderr]    Compiling ctr v0.10.1
[INFO] [stderr]    Compiling sha1 v0.10.7
[INFO] [stderr]    Compiling thiserror-impl v1.0.69
[INFO] [stderr]    Compiling http-body-util v0.1.5
[INFO] [stderr]    Compiling aead v0.6.1
[INFO] [stderr]    Compiling chacha20 v0.10.1
[INFO] [stderr]    Compiling futures-channel v0.3.34
[INFO] [stderr]    Compiling line-clipping v0.3.8
[INFO] [stderr]    Compiling atomic-waker v1.1.2
[INFO] [stderr]    Compiling same-file v1.0.6
[INFO] [stderr]    Compiling lazy_static v1.5.0
[INFO] [stderr]    Compiling crossbeam-deque v0.8.7
[INFO] [stderr]    Compiling adler2 v2.0.1
[INFO] [stderr]    Compiling simd-adler32 v0.3.10
[INFO] [stderr]    Compiling sync_wrapper v1.0.2
[INFO] [stderr]    Compiling clap_lex v1.1.0
[INFO] [stderr]    Compiling hashbrown v0.14.5
[INFO] [stderr]    Compiling sharded-slab v0.1.7
[INFO] [stderr]    Compiling clap_builder v4.6.6
[INFO] [stderr]    Compiling miniz_oxide v0.9.1
[INFO] [stderr]    Compiling rand v0.10.2
[INFO] [stderr]    Compiling walkdir v2.5.0
[INFO] [stderr]    Compiling dashmap v6.2.1
[INFO] [stderr]    Compiling hyper v1.11.0
[INFO] [stderr]    Compiling ratatui-widgets v0.3.2
[INFO] [stderr]    Compiling crossterm v0.29.0
[INFO] [stderr]    Compiling aes-gcm v0.11.1
[INFO] [stderr]    Compiling tungstenite v0.29.0
[INFO] [stderr]    Compiling sha1 v0.11.0
[INFO] [stderr]    Compiling event-listener-strategy v0.5.4
[INFO] [stderr]    Compiling matchers v0.2.0
[INFO] [stderr]    Compiling form_urlencoded v1.2.2
[INFO] [stderr]    Compiling clap_derive v4.6.4
[INFO] [stderr]    Compiling enumflags2_derive v0.7.12
[INFO] [stderr]    Compiling tracing-log v0.2.0
[INFO] [stderr]    Compiling bstr v1.13.1
[INFO] [stderr]    Compiling thread_local v1.1.10
[INFO] [stderr]    Compiling openssl-probe v0.2.1
[INFO] [stderr]    Compiling nu-ansi-term v0.50.3
[INFO] [stderr]    Compiling rustls-native-certs v0.8.4
[INFO] [stderr]    Compiling tracing-subscriber v0.3.23
[INFO] [stderr]    Compiling globset v0.4.20
[INFO] [stderr]    Compiling enumflags2 v0.7.12
[INFO] [stderr]    Compiling serde_urlencoded v0.7.1
[INFO] [stderr]    Compiling async-lock v3.4.2
[INFO] [stderr]    Compiling clap v4.6.6
[INFO] [stderr]    Compiling ratatui-macros v0.7.2
[INFO] [stderr]    Compiling tokio-rustls v0.26.4
[INFO] [stderr]    Compiling tungstenite v0.30.0
[INFO] [stderr]    Compiling tokio-tungstenite v0.29.0
[INFO] [stderr]    Compiling flate2 v1.1.10
[INFO] [stderr]    Compiling hyper-util v0.1.20
[INFO] [stderr]    Compiling inotify v0.11.5
[INFO] [stderr]    Compiling ratatui-crossterm v0.1.2
[INFO] [stderr]    Compiling ajar-proto v0.0.8 (/opt/rustwide/workdir/crates/ajar-proto)
[INFO] [stderr]    Compiling filedescriptor v0.8.3
[INFO] [stderr]    Compiling axum-core v0.5.6
[INFO] [stderr]    Compiling tower v0.5.3
[INFO] [stderr]    Compiling ureq-proto v0.6.4
[INFO] [stderr]    Compiling tokio-util v0.7.19
[INFO] [stderr]    Compiling sha2 v0.10.9
[INFO] [stderr]    Compiling async-trait v0.1.92
[INFO] [stderr]    Compiling serde_path_to_error v0.1.20
[INFO] [stderr]    Compiling hashlink v0.12.2
[INFO] [stderr]    Compiling arc-swap v1.9.2
[INFO] [stderr]    Compiling webpki-roots v1.0.9
[INFO] [stderr]    Compiling serial2 v0.2.38
[INFO] [stderr]    Compiling smallstr v0.3.1
[INFO] [stderr]    Compiling notify-types v2.1.0
[INFO] [stderr]    Compiling http-range-header v0.4.2
[INFO] [stderr]    Compiling utf8-zero v0.8.1
[INFO] [stderr]    Compiling base64 v0.22.1
[INFO] [stderr]    Compiling matchit v0.8.4
[INFO] [stderr]    Compiling shell-words v1.1.1
[INFO] [stderr]    Compiling downcast-rs v1.2.1
[INFO] [stderr]    Compiling fastrand v2.5.0
[INFO] [stderr]    Compiling fallible-iterator v0.3.0
[INFO] [stderr]    Compiling fallible-streaming-iterator v0.1.9
[INFO] [stderr]    Compiling portable-pty v0.9.0
[INFO] [stderr]    Compiling notify v8.2.0
[INFO] [stderr]    Compiling axum v0.8.9
[INFO] [stderr]    Compiling yrs v0.27.4
[INFO] [stderr]    Compiling ureq v3.4.2
[INFO] [stderr]    Compiling tower-http v0.7.0
[INFO] [stderr]    Compiling ratatui v0.30.2
[INFO] [stderr]    Compiling tokio-tungstenite v0.30.0
[INFO] [stderr]    Compiling ignore v0.4.33
[INFO] [stderr]    Compiling landlock v0.4.7
[INFO] [stderr]    Compiling sysinfo v0.39.6
[INFO] [stderr]    Compiling ajar v0.0.8 (/opt/rustwide/workdir/crates/ajar)
[INFO] [stderr]    Compiling rusqlite v0.40.2
[INFO] [stderr]    Compiling ajar-relay v0.0.8 (/opt/rustwide/workdir/crates/ajar-relay)
[INFO] [stderr]     Finished `release` profile [optimized] target(s) in 1m 59s
[INFO] [stderr] warning: the following packages contain code that will be rejected by a future version of Rust: nix v0.28.0
[INFO] [stderr] note: to see what the problems were, use the option `--future-incompat-report`, or run `cargo report future-incompatibilities --id 1`
[INFO] running `Command { std: "docker" "inspect" "1e9653db520c300f537f9f6d426ada6f71ad8a0b7137289d46937ee6802bd134", kill_on_drop: false }`
[INFO] running `Command { std: "docker" "exec" "-e" "SOURCE_DIR=/opt/rustwide/workdir" "-e" "CARGO_HOME=/opt/rustwide/cargo-home" "-e" "RUSTUP_HOME=/opt/rustwide/rustup-home" "-e" "CARGO_TARGET_DIR=/opt/rustwide/target" "-e" "CARGO_INCREMENTAL=0" "-e" "RUST_BACKTRACE=full" "-e" "RUSTFLAGS=--cap-lints=warn" "-e" "RUSTDOCFLAGS=--cap-lints=warn" "-w" "/opt/rustwide/workdir" "--user" "0:0" "1e9653db520c300f537f9f6d426ada6f71ad8a0b7137289d46937ee6802bd134" "/opt/rustwide/cargo-home/bin/cargo" "+1.100.0-beta.1" "test" "--frozen" "--no-run" "--message-format=json" "--release", kill_on_drop: false }`
[INFO] [stderr] warning: unused field `repository` in `workspace.package`
[INFO] [stderr]   --> Cargo.toml:12:1
[INFO] [stderr]    |
[INFO] [stderr] 12 | repository = "https://github.com/rishwanthvallala/ajar"
[INFO] [stderr]    | ^^^^^^^^^^
[INFO] [stderr]    |
[INFO] [stderr]    = note: `cargo::unused_workspace_package_fields` is set to `warn` by default
[INFO] [stderr] help: consider removing the field `workspace.package.repository`
[INFO] [stderr] warning: workspace (manifest) generated 1 warning
[INFO] [stderr]    Compiling ajar-relay v0.0.8 (/opt/rustwide/workdir/crates/ajar-relay)
[INFO] [stderr]    Compiling ajar-proto v0.0.8 (/opt/rustwide/workdir/crates/ajar-proto)
[INFO] [stderr]    Compiling ajar v0.0.8 (/opt/rustwide/workdir/crates/ajar)
[INFO] [stderr]     Finished `release` profile [optimized] target(s) in 49.26s
[INFO] [stderr] warning: the following packages contain code that will be rejected by a future version of Rust: nix v0.28.0
[INFO] [stderr] note: to see what the problems were, use the option `--future-incompat-report`, or run `cargo report future-incompatibilities --id 1`
[INFO] running `Command { std: "docker" "inspect" "1e9653db520c300f537f9f6d426ada6f71ad8a0b7137289d46937ee6802bd134", kill_on_drop: false }`
[INFO] running `Command { std: "docker" "exec" "-e" "SOURCE_DIR=/opt/rustwide/workdir" "-e" "CARGO_HOME=/opt/rustwide/cargo-home" "-e" "RUSTUP_HOME=/opt/rustwide/rustup-home" "-e" "CARGO_TARGET_DIR=/opt/rustwide/target" "-e" "CARGO_INCREMENTAL=0" "-e" "RUST_BACKTRACE=full" "-e" "RUSTFLAGS=--cap-lints=warn" "-e" "RUSTDOCFLAGS=--cap-lints=warn" "-w" "/opt/rustwide/workdir" "--user" "0:0" "1e9653db520c300f537f9f6d426ada6f71ad8a0b7137289d46937ee6802bd134" "/opt/rustwide/cargo-home/bin/cargo" "+1.100.0-beta.1" "test" "--frozen" "--release", kill_on_drop: false }`
[INFO] [stderr] warning: unused field `repository` in `workspace.package`
[INFO] [stderr]   --> Cargo.toml:12:1
[INFO] [stderr]    |
[INFO] [stderr] 12 | repository = "https://github.com/rishwanthvallala/ajar"
[INFO] [stderr]    | ^^^^^^^^^^
[INFO] [stderr]    |
[INFO] [stderr]    = note: `cargo::unused_workspace_package_fields` is set to `warn` by default
[INFO] [stderr] help: consider removing the field `workspace.package.repository`
[INFO] [stderr] warning: workspace (manifest) generated 1 warning
[INFO] [stderr]     Finished `release` profile [optimized] target(s) in 0.28s
[INFO] [stderr] warning: the following packages contain code that will be rejected by a future version of Rust: nix v0.28.0
[INFO] [stderr] note: to see what the problems were, use the option `--future-incompat-report`, or run `cargo report future-incompatibilities --id 1`
[INFO] [stderr]      Running unittests src/main.rs (/opt/rustwide/target/release/build/ajar/6d6d35da3512810e/out/ajar-6d6d35da3512810e)
[INFO] [stdout] 
[INFO] [stdout] running 112 tests
[INFO] [stdout] test archive::tests::a_zip_lists_what_went_in_and_ends_where_it_says ... ok
[INFO] [stdout] test archive::tests::a_folder_downloads_as_itself_and_nothing_else ... ok
[INFO] [stdout] test archive::tests::dates_come_out_as_dos_writes_them ... ok
[INFO] [stdout] test archive::tests::crc_matches_the_standard_check_value ... ok
[INFO] [stdout] test checkpoint::tests::the_printed_command_is_short_enough_to_read ... ok
[INFO] [stdout] test checkpoint::tests::a_plain_directory_has_no_checkpoint ... ok
[INFO] [stdout] test client::tests::a_failure_says_why_once ... ok
[INFO] [stdout] test client::tests::backoff_is_bounded ... ok
[INFO] [stdout] test client::tests::builds_the_join_url ... ok
[INFO] [stdout] test client::tests::draining_discards_instead_of_queueing ... ok
[INFO] [stdout] test client::tests::rejects_a_bare_host ... ok
[INFO] [stdout] test client::tests::upgrades_http_schemes ... ok
[INFO] [stdout] test docs::tests::a_change_on_disk_and_typing_in_the_same_place_both_survive ... ok
[INFO] [stdout] test docs::tests::a_change_on_disk_keeps_typing_that_was_not_written_yet ... ok
[INFO] [stdout] test docs::tests::a_change_on_disk_reaches_the_document ... ok
[INFO] [stdout] test docs::tests::a_change_on_disk_with_nothing_unsaved_is_not_written_back ... ok
[INFO] [stdout] test docs::tests::a_deletion_touches_only_the_deletion ... ok
[INFO] [stdout] test docs::tests::a_disconnect_closes_everything_that_participant_had_open ... ok
[INFO] [stdout] test docs::tests::a_disk_change_replays_onto_another_replica ... ok
[INFO] [stdout] test docs::tests::a_document_survives_until_the_last_reader_leaves ... ok
[INFO] [stdout] test docs::tests::a_failed_write_remains_pending_until_acknowledged ... ok
[INFO] [stdout] test docs::tests::a_guest_cannot_open_every_file_in_the_folder ... ok
[INFO] [stdout] test docs::tests::a_one_line_change_in_a_large_file_stays_small ... ok
[INFO] [stdout] test docs::tests::an_echo_does_not_undo_typing_that_happened_since ... ok
[INFO] [stdout] test docs::tests::an_insertion_touches_only_the_insertion ... ok
[INFO] [stdout] test docs::tests::doc_kind_tags_round_trip ... ok
[INFO] [stdout] test docs::tests::edits_are_written_back_once_typing_stops ... ok
[INFO] [stdout] test docs::tests::emoji_offsets_stay_whole ... ok
[INFO] [stdout] test docs::tests::identical_text_is_not_an_edit ... ok
[INFO] [stdout] test docs::tests::opening_twice_shares_one_document ... ok
[INFO] [stdout] test docs::tests::our_own_write_coming_back_is_not_an_edit ... ok
[INFO] [stdout] test docs::tests::removing_an_emoji_stays_whole ... ok
[INFO] [stdout] test checkpoint::tests::a_clean_repository_checkpoints_at_head ... ok
[INFO] [stdout] test checkpoint::tests::uncommitted_work_is_captured_without_disturbing_it ... ok
[INFO] [stdout] test docs::tests::replacing_everything_still_works ... ok
[INFO] [stdout] test docs::tests::shutdown_takes_edits_still_inside_the_debounce_window ... ok
[INFO] [stdout] test guard::tests::refuses_the_home_directory ... ok
[INFO] [stdout] test ids::tests::has_three_parts ... ok
[INFO] [stdout] test guard::tests::accepts_an_ordinary_directory ... ok
[INFO] [stdout] test guard::tests::spots_a_wsl_windows_mount ... ok
[INFO] [stdout] test ids::tests::is_not_constant ... ok
[INFO] [stdout] test checkpoint::tests::untracked_files_are_reported_too ... ok
[INFO] [stdout] test checkpoint::tests::status_paths_survive_the_leading_space ... ok
[INFO] [stdout] test checkpoint::tests::an_uncommitted_new_file_can_be_put_back ... ok
[INFO] [stdout] test checkpoint::tests::restoring_undoes_what_a_guest_did ... ok
[INFO] [stdout] test limits::tests::arguments_survive_the_wrapper ... ok
[INFO] [stdout] test limits::tests::the_summary_never_claims_a_cap_it_cannot_apply ... ok
[INFO] [stdout] test limits::tests::the_summary_admits_what_is_not_covered ... ok
[INFO] [stdout] test checkpoint::tests::ignored_files_stay_out ... ok
[INFO] [stdout] test limits::tests::the_wrapper_runs_the_command_it_was_given ... ok
[INFO] [stdout] test pty::tests::input_past_the_cap_is_dropped_not_held ... ok
[INFO] [stdout] test pty::tests::ring_handles_one_oversized_write ... ok
[INFO] [stdout] test secrets::tests::credentials_in_the_environment_are_withheld ... ok
[INFO] [stdout] test secrets::tests::finds_a_private_key_by_its_header ... ok
[INFO] [stdout] test pty::tests::ring_keeps_only_the_tail ... ok
[INFO] [stdout] test secrets::tests::a_summary_stays_short ... ok
[INFO] [stdout] test secrets::tests::finds_an_env_file ... ok
[INFO] [stdout] test secrets::tests::leaves_env_templates_alone ... ok
[INFO] [stdout] test secrets::tests::finds_credentials_hiding_in_source ... ok
[INFO] [stdout] test secrets::tests::honours_gitignore_the_same_way_the_tree_does ... ok
[INFO] [stdout] test secrets::tests::the_toolchain_environment_is_left_alone ... ok
[INFO] [stdout] test ui::tests::a_digit_can_be_taken_back ... ok
[INFO] [stdout] test ui::tests::a_guest_numbered_over_nine_can_be_kicked ... ok
[INFO] [stdout] test ui::tests::activity_keeps_only_the_recent_lines ... ok
[INFO] [stdout] test secrets::tests::ordinary_source_is_not_suspicious ... ok
[INFO] [stdout] test ui::tests::any_other_key_cancels_without_acting ... ok
[INFO] [stdout] test secrets::tests::never_wanders_into_dependencies ... ok
[INFO] [stdout] test ui::tests::at_eighty_columns_the_whole_link_is_on_screen ... ok
[INFO] [stdout] test ui::tests::key_releases_are_ignored ... ok
[INFO] [stdout] test ui::tests::digits_alone_kick_nobody ... ok
[INFO] [stdout] test ui::tests::quitting_still_quits_mid_question ... ok
[INFO] [stdout] test ui::tests::q_and_ctrl_c_both_quit ... ok
[INFO] [stdout] test ui::tests::terminal_rows_survive_a_missing_sample ... ok
[INFO] [stdout] test ui::tests::the_advertised_keys_all_do_something ... ok
[INFO] [stdout] test ui::tests::every_warning_is_on_screen ... ok
[INFO] [stdout] test ui::tests::relative_times_read_naturally ... ok
[INFO] [stdout] test pty::tests::input_to_a_terminal_that_is_not_reading_never_blocks_and_ctrl_c_jumps_the_queue ... ok
[INFO] [stdout] test ui::tests::the_number_being_typed_for_a_kick_is_on_screen_at_eighty_columns ... ok
[INFO] [stdout] test usage::tests::formats_bytes_readably ... ok
[INFO] [stdout] test workspace::filter::tests::a_nested_file_overrides_the_one_above ... ok
[INFO] [stdout] test workspace::filter::tests::an_edited_ignore_file_is_read_again ... ok
[INFO] [stdout] test workspace::filter::tests::honours_a_nested_gitignore ... ok
[INFO] [stdout] test workspace::filter::tests::dotfiles_are_visible_unless_ignored ... ok
[INFO] [stdout] test workspace::filter::tests::honours_the_projects_own_gitignore ... ok
[INFO] [stdout] test workspace::filter::tests::honours_the_repositorys_info_exclude ... ok
[INFO] [stdout] test workspace::filter::tests::refuses_a_symlink_that_points_outside ... ok
[INFO] [stdout] test workspace::filter::tests::relative_paths_use_forward_slashes ... ok
[INFO] [stdout] test workspace::filter::tests::skips_generated_directories_without_any_gitignore ... ok
[INFO] [stdout] test workspace::filter::tests::refuses_paths_that_escape_the_workspace ... ok
[INFO] [stdout] test workspace::tests::a_deleted_file_becomes_a_removal ... ok
[INFO] [stdout] test workspace::tests::a_file_created_and_deleted_in_one_window_produces_nothing ... ok
[INFO] [stdout] test workspace::tests::a_folder_renamed_or_moved_in_arrives_with_what_is_in_it ... ok
[INFO] [stdout] test workspace::tests::a_new_file_becomes_an_addition ... ok
[INFO] [stdout] test workspace::tests::a_read_by_path_is_refused_what_the_tree_hides ... ok
[INFO] [stdout] test workspace::tests::a_touch_that_changed_nothing_produces_nothing ... ok
[INFO] [stdout] test workspace::tests::flags_binary_instead_of_shipping_it ... ok
[INFO] [stdout] test workspace::tests::reads_a_text_file ... ok
[INFO] [stdout] test workspace::tests::refuses_to_read_outside_the_workspace ... ok
[INFO] [stdout] test workspace::tests::scans_source_and_skips_dependencies ... ok
[INFO] [stdout] test workspace::tests::stops_at_the_entry_limit ... ok
[INFO] [stdout] test workspace::tests::only_files_the_editor_keeps_byte_for_byte_are_editable ... ok
[INFO] [stdout] test workspace::watch::tests::a_batch_at_the_threshold_is_still_described ... ok
[INFO] [stdout] test workspace::watch::tests::a_small_batch_is_described ... ok
[INFO] [stdout] test workspace::tests::truncates_a_file_over_the_cap ... ok
[INFO] [stdout] test workspace::watch::tests::an_oversized_batch_asks_for_a_resync ... ok
[INFO] [stdout] test usage::tests::an_unknown_pid_samples_as_nothing ... ok
[INFO] [stdout] test workspace::watch::tests::an_install_sized_batch_asks_for_a_resync ... ok
[INFO] [stdout] test usage::tests::samples_our_own_process_tree ... ok
[INFO] [stdout] test limits::tests::a_busy_host_does_not_stop_a_guest_running_anything ... ok
[INFO] [stdout] test limits::tests::a_fork_bomb_hits_the_wall_instead_of_the_machine ... FAILED
[INFO] [stdout] test limits::tests::a_guests_own_processes_do_not_raise_their_ceiling ... ok
[INFO] [stdout] test limits::tests::the_process_limit_is_actually_in_force ... ok
[INFO] [stdout] 
[INFO] [stdout] failures:
[INFO] [stderr] error: test failed, to rerun pass `-p ajar --bin ajar`
[INFO] [stdout] 
[INFO] [stdout] ---- limits::tests::a_fork_bomb_hits_the_wall_instead_of_the_machine stdout ----
[INFO] [stdout] 
[INFO] [stdout] thread 'limits::tests::a_fork_bomb_hits_the_wall_instead_of_the_machine' (5610) panicked at crates/ajar/src/limits.rs:410:9:
[INFO] [stdout] forking was never refused, so the limit is not reaching the shell: ""
[INFO] [stdout] stack backtrace:
[INFO] [stdout]    0:     0x60c7e2dbf9b6 - <unknown>
[INFO] [stdout]    1:     0x60c7e2c5696a - <unknown>
[INFO] [stdout]    2:     0x60c7e2dc58ec - <unknown>
[INFO] [stdout]    3:     0x60c7e2d983a2 - <unknown>
[INFO] [stdout]    4:     0x60c7e2db57d1 - <unknown>
[INFO] [stdout]    5:     0x60c7e2db5c12 - <unknown>
[INFO] [stdout]    6:     0x60c7e2d98452 - <unknown>
[INFO] [stdout]    7:     0x60c7e2d90949 - <unknown>
[INFO] [stdout]    8:     0x60c7e2d9956d - <unknown>
[INFO] [stdout]    9:     0x60c7e2c5708c - <unknown>
[INFO] [stdout]   10:     0x60c7e2c444df - <unknown>
[INFO] [stdout]   11:     0x60c7e2ddcadb - <unknown>
[INFO] [stdout]   12:     0x60c7e2dea984 - <unknown>
[INFO] [stdout]   13:     0x60c7e2de40b4 - <unknown>
[INFO] [stdout]   14:     0x60c7e2dee742 - <unknown>
[INFO] [stdout]   15:     0x60c7e2dbe704 - <unknown>
[INFO] [stdout]   16:     0x752acf1dedfa - <unknown>
[INFO] [stdout]   17:     0x752acf2723d4 - clone
[INFO] [stdout]   18:                0x0 - <unknown>
[INFO] [stdout] 
[INFO] [stdout] 
[INFO] [stdout] failures:
[INFO] [stdout]     limits::tests::a_fork_bomb_hits_the_wall_instead_of_the_machine
[INFO] [stdout] 
[INFO] [stdout] test result: FAILED. 111 passed; 1 failed; 0 ignored; 0 measured; 0 filtered out; finished in 3.63s
[INFO] [stdout] 
[INFO] running `Command { std: "docker" "inspect" "1e9653db520c300f537f9f6d426ada6f71ad8a0b7137289d46937ee6802bd134", kill_on_drop: false }`
[INFO] running `Command { std: "docker" "rm" "-f" "1e9653db520c300f537f9f6d426ada6f71ad8a0b7137289d46937ee6802bd134", kill_on_drop: false }`
[INFO] [stdout] 1e9653db520c300f537f9f6d426ada6f71ad8a0b7137289d46937ee6802bd134
