[INFO] cloning repository https://github.com/quantum-box/yaml-seeder
[INFO] running `Command { std: "git" "-c" "credential.helper=" "-c" "credential.helper=/workspace/cargo-home/bin/git-credential-null" "clone" "--bare" "https://github.com/quantum-box/yaml-seeder" "/workspace/cache/git-repos/https%3A%2F%2Fgithub.com%2Fquantum-box%2Fyaml-seeder", kill_on_drop: false }`
[INFO] [stderr] Cloning into bare repository '/workspace/cache/git-repos/https%3A%2F%2Fgithub.com%2Fquantum-box%2Fyaml-seeder'...
[INFO] running `Command { std: "git" "rev-parse" "HEAD", kill_on_drop: false }`
[INFO] [stdout] c6129713d946d62923f0192d02fa627ab72c5b61
[INFO] testing quantum-box/yaml-seeder against 1.100.0-beta.1+cargoflags=--release for beta-release-1.100-3
[INFO] running `Command { std: "git" "clone" "/workspace/cache/git-repos/https%3A%2F%2Fgithub.com%2Fquantum-box%2Fyaml-seeder" "/workspace/builds/worker-6-tc2/source", kill_on_drop: false }`
[INFO] [stderr] Cloning into '/workspace/builds/worker-6-tc2/source'...
[INFO] [stderr] done.
[INFO] started tweaking git repo https://github.com/quantum-box/yaml-seeder
[INFO] finished tweaking git repo https://github.com/quantum-box/yaml-seeder
[INFO] tweaked toml for git repo https://github.com/quantum-box/yaml-seeder written to /workspace/builds/worker-6-tc2/source/Cargo.toml
[INFO] validating manifest of git repo https://github.com/quantum-box/yaml-seeder on toolchain 1.100.0-beta.1
[INFO] running `Command { std: CARGO_HOME="/workspace/cargo-home" RUSTUP_HOME="/workspace/rustup-home" "/workspace/cargo-home/bin/cargo" "+1.100.0-beta.1" "metadata" "--manifest-path" "Cargo.toml" "--no-deps", kill_on_drop: false }`
[INFO] crate git repo https://github.com/quantum-box/yaml-seeder already has a lockfile, it will not be regenerated
[INFO] running `Command { std: CARGO_HOME="/workspace/cargo-home" RUSTUP_HOME="/workspace/rustup-home" "/workspace/cargo-home/bin/cargo" "+1.100.0-beta.1" "fetch" "--manifest-path" "Cargo.toml", kill_on_drop: false }`
[INFO] running `Command { std: "docker" "create" "-v" "/var/lib/crater-agent-workspace/builds/worker-6-tc2/source:/opt/rustwide/workdir:ro,Z" "-v" "/var/lib/crater-agent-workspace/builds/worker-6-tc2/target:/opt/rustwide/target:rw,Z" "-v" "/var/lib/crater-agent-workspace/cargo-home:/opt/rustwide/cargo-home:ro,Z" "-v" "/var/lib/crater-agent-workspace/rustup-home:/opt/rustwide/rustup-home:ro,Z" "-m" "1610612736" "--network" "none" "ghcr.io/rust-lang/crates-build-env/linux@sha256:77db811e55d90add9212f6832c23229e3de5f1c1f9905e8cb07319ea15df73ac" "sleep" "infinity", kill_on_drop: false }`
[INFO] [stdout] 9cfb5ed3a7766a1617ca4c04bed6163c7ccc1dae9268bea939e73e69d52e601e
[INFO] running `Command { std: "docker" "start" "9cfb5ed3a7766a1617ca4c04bed6163c7ccc1dae9268bea939e73e69d52e601e", kill_on_drop: false }`
[INFO] running `Command { std: "docker" "inspect" "9cfb5ed3a7766a1617ca4c04bed6163c7ccc1dae9268bea939e73e69d52e601e", kill_on_drop: false }`
[INFO] running `Command { std: "docker" "exec" "-e" "SOURCE_DIR=/opt/rustwide/workdir" "-e" "CARGO_HOME=/opt/rustwide/cargo-home" "-e" "RUSTUP_HOME=/opt/rustwide/rustup-home" "-e" "CARGO_TARGET_DIR=/opt/rustwide/target" "-w" "/opt/rustwide/workdir" "--user" "0:0" "9cfb5ed3a7766a1617ca4c04bed6163c7ccc1dae9268bea939e73e69d52e601e" "/opt/rustwide/cargo-home/bin/cargo" "+1.100.0-beta.1" "metadata" "--no-deps" "--format-version=1", kill_on_drop: false }`
[INFO] running `Command { std: "docker" "inspect" "9cfb5ed3a7766a1617ca4c04bed6163c7ccc1dae9268bea939e73e69d52e601e", kill_on_drop: false }`
[INFO] running `Command { std: "docker" "exec" "-e" "SOURCE_DIR=/opt/rustwide/workdir" "-e" "CARGO_HOME=/opt/rustwide/cargo-home" "-e" "RUSTUP_HOME=/opt/rustwide/rustup-home" "-e" "CARGO_TARGET_DIR=/opt/rustwide/target" "-e" "CARGO_INCREMENTAL=0" "-e" "RUST_BACKTRACE=full" "-e" "RUSTFLAGS=--cap-lints=warn" "-e" "RUSTDOCFLAGS=--cap-lints=warn" "-w" "/opt/rustwide/workdir" "--user" "0:0" "9cfb5ed3a7766a1617ca4c04bed6163c7ccc1dae9268bea939e73e69d52e601e" "/opt/rustwide/cargo-home/bin/cargo" "+1.100.0-beta.1" "build" "--frozen" "--message-format=json" "--release", kill_on_drop: false }`
[INFO] [stderr]    Compiling proc-macro2 v1.0.106
[INFO] [stderr]    Compiling libm v0.2.16
[INFO] [stderr]    Compiling num-traits v0.2.19
[INFO] [stderr]    Compiling serde_core v1.0.228
[INFO] [stderr]    Compiling zerocopy v0.8.48
[INFO] [stderr]    Compiling stable_deref_trait v1.2.1
[INFO] [stderr]    Compiling cc v1.2.62
[INFO] [stderr]    Compiling crossbeam-utils v0.8.21
[INFO] [stderr]    Compiling const-oid v0.9.6
[INFO] [stderr]    Compiling typenum v1.20.0
[INFO] [stderr]    Compiling zeroize v1.8.2
[INFO] [stderr]    Compiling serde v1.0.228
[INFO] [stderr]    Compiling smallvec v1.15.1
[INFO] [stderr]    Compiling getrandom v0.2.17
[INFO] [stderr]    Compiling generic-array v0.14.7
[INFO] [stderr]    Compiling quote v1.0.45
[INFO] [stderr]    Compiling syn v2.0.117
[INFO] [stderr]    Compiling litemap v0.8.2
[INFO] [stderr]    Compiling writeable v0.6.3
[INFO] [stderr]    Compiling block-buffer v0.10.4
[INFO] [stderr]    Compiling crypto-common v0.1.7
[INFO] [stderr]    Compiling bigdecimal v0.4.10
[INFO] [stderr]    Compiling utf8_iter v1.0.4
[INFO] [stderr]    Compiling serde_json v1.0.150
[INFO] [stderr]    Compiling num-bigint-dig v0.8.6
[INFO] [stderr]    Compiling rustls v0.23.40
[INFO] [stderr]    Compiling thiserror v2.0.18
[INFO] [stderr]    Compiling digest v0.10.7
[INFO] [stderr]    Compiling icu_properties_data v2.2.0
[INFO] [stderr]    Compiling icu_normalizer_data v2.2.0
[INFO] [stderr]    Compiling pin-project-lite v0.2.17
[INFO] [stderr]    Compiling base64ct v1.8.3
[INFO] [stderr]    Compiling ring v0.17.14
[INFO] [stderr]    Compiling pem-rfc7468 v0.7.0
[INFO] [stderr]    Compiling num-integer v0.1.46
[INFO] [stderr]    Compiling rand_core v0.6.4
[INFO] [stderr]    Compiling rustls-pki-types v1.14.1
[INFO] [stderr]    Compiling futures-core v0.3.32
[INFO] [stderr]    Compiling der v0.7.10
[INFO] [stderr]    Compiling parking_lot_core v0.9.12
[INFO] [stderr]    Compiling once_cell v1.21.4
[INFO] [stderr]    Compiling lock_api v0.4.14
[INFO] [stderr]    Compiling synstructure v0.13.2
[INFO] [stderr]    Compiling spki v0.7.3
[INFO] [stderr]    Compiling zmij v1.0.21
[INFO] [stderr]    Compiling mio v1.2.0
[INFO] [stderr]    Compiling socket2 v0.6.3
[INFO] [stderr]    Compiling allocator-api2 v0.2.21
[INFO] [stderr]    Compiling futures-sink v0.3.32
[INFO] [stderr]    Compiling foldhash v0.1.5
[INFO] [stderr]    Compiling memchr v2.8.0
[INFO] [stderr]    Compiling cpufeatures v0.2.17
[INFO] [stderr]    Compiling ppv-lite86 v0.2.21
[INFO] [stderr]    Compiling percent-encoding v2.3.2
[INFO] [stderr]    Compiling bytes v1.11.1
[INFO] [stderr]    Compiling tinyvec v1.11.0
[INFO] [stderr]    Compiling rand_chacha v0.3.1
[INFO] [stderr]    Compiling rand v0.8.6
[INFO] [stderr]    Compiling form_urlencoded v1.2.2
[INFO] [stderr]    Compiling hashbrown v0.15.5
[INFO] [stderr]    Compiling zerofrom-derive v0.1.7
[INFO] [stderr]    Compiling yoke-derive v0.8.2
[INFO] [stderr]    Compiling zerovec-derive v0.11.3
[INFO] [stderr]    Compiling displaydoc v0.2.5
[INFO] [stderr]    Compiling serde_derive v1.0.228
[INFO] [stderr]    Compiling tracing-attributes v0.1.31
[INFO] [stderr]    Compiling thiserror-impl v2.0.18
[INFO] [stderr]    Compiling zerofrom v0.1.8
[INFO] [stderr]    Compiling tokio v1.52.3
[INFO] [stderr]    Compiling yoke v0.8.2
[INFO] [stderr]    Compiling lazy_static v1.5.0
[INFO] [stderr]    Compiling zerovec v0.11.6
[INFO] [stderr]    Compiling zerotrie v0.2.4
[INFO] [stderr]    Compiling tinystr v0.8.3
[INFO] [stderr]    Compiling potential_utf v0.1.5
[INFO] [stderr]    Compiling icu_locale_core v2.2.0
[INFO] [stderr]    Compiling rustls-webpki v0.103.13
[INFO] [stderr]    Compiling icu_collections v2.2.0
[INFO] [stderr]    Compiling icu_provider v2.2.0
[INFO] [stderr]    Compiling icu_properties v2.2.0
[INFO] [stderr]    Compiling icu_normalizer v2.2.0
[INFO] [stderr]    Compiling pkcs8 v0.10.2
[INFO] [stderr]    Compiling parking_lot v0.12.5
[INFO] [stderr]    Compiling idna_adapter v1.2.2
[INFO] [stderr]    Compiling idna v1.1.0
[INFO] [stderr]    Compiling tracing-core v0.1.36
[INFO] [stderr]    Compiling concurrent-queue v2.5.0
[INFO] [stderr]    Compiling webpki-roots v1.0.7
[INFO] [stderr]    Compiling num-iter v0.1.45
[INFO] [stderr]    Compiling num-bigint v0.4.6
[INFO] [stderr]    Compiling log v0.4.29
[INFO] [stderr]    Compiling slab v0.4.12
[INFO] [stderr]    Compiling iana-time-zone v0.1.65
[INFO] [stderr]    Compiling futures-task v0.3.32
[INFO] [stderr]    Compiling futures-io v0.3.32
[INFO] [stderr]    Compiling parking v2.2.1
[INFO] [stderr]    Compiling crc-catalog v2.5.0
[INFO] [stderr]    Compiling crc v3.4.0
[INFO] [stderr]    Compiling event-listener v5.4.1
[INFO] [stderr]    Compiling futures-util v0.3.32
[INFO] [stderr]    Compiling tracing v0.1.44
[INFO] [stderr]    Compiling chrono v0.4.44
[INFO] [stderr]    Compiling webpki-roots v0.26.11
[INFO] [stderr]    Compiling url v2.5.8
[INFO] [stderr]    Compiling tokio-stream v0.1.18
[INFO] [stderr]    Compiling pkcs1 v0.7.5
[INFO] [stderr]    Compiling futures-intrusive v0.5.0
[INFO] [stderr]    Compiling either v1.16.0
[INFO] [stderr]    Compiling hashlink v0.10.0
[INFO] [stderr]    Compiling unicode-normalization v0.1.25
[INFO] [stderr]    Compiling tokio-macros v2.7.0
[INFO] [stderr]    Compiling sha2 v0.10.9
[INFO] [stderr]    Compiling crossbeam-queue v0.3.12
[INFO] [stderr]    Compiling signature v2.2.0
[INFO] [stderr]    Compiling hmac v0.12.1
[INFO] [stderr]    Compiling base64 v0.22.1
[INFO] [stderr]    Compiling unicode-properties v0.1.4
[INFO] [stderr]    Compiling unicode-bidi v0.3.18
[INFO] [stderr]    Compiling stringprep v0.1.5
[INFO] [stderr]    Compiling hkdf v0.12.4
[INFO] [stderr]    Compiling rsa v0.9.10
[INFO] [stderr]    Compiling sqlx-core v0.8.6
[INFO] [stderr]    Compiling sha1 v0.10.6
[INFO] [stderr]    Compiling futures-channel v0.3.32
[INFO] [stderr]    Compiling bitflags v2.11.1
[INFO] [stderr]    Compiling atoi v2.0.0
[INFO] [stderr]    Compiling md-5 v0.10.6
[INFO] [stderr]    Compiling whoami v1.6.1
[INFO] [stderr]    Compiling sqlx-mysql v0.8.6
[INFO] [stderr]    Compiling regex-syntax v0.8.10
[INFO] [stderr]    Compiling sqlx-macros-core v0.8.6
[INFO] [stderr]    Compiling regex-automata v0.4.14
[INFO] [stderr]    Compiling clap_builder v4.6.0
[INFO] [stderr]    Compiling sqlx-macros v0.8.6
[INFO] [stderr]    Compiling clap_derive v4.6.1
[INFO] [stderr]    Compiling matchers v0.2.0
[INFO] [stderr]    Compiling tracing-log v0.2.0
[INFO] [stderr]    Compiling sharded-slab v0.1.7
[INFO] [stderr]    Compiling thiserror-impl v1.0.69
[INFO] [stderr]    Compiling thread_local v1.1.9
[INFO] [stderr]    Compiling nu-ansi-term v0.50.3
[INFO] [stderr]    Compiling ryu v1.0.23
[INFO] [stderr]    Compiling unsafe-libyaml v0.2.11
[INFO] [stderr]    Compiling sqlx v0.8.6
[INFO] [stderr]    Compiling tracing-subscriber v0.3.23
[INFO] [stderr]    Compiling thiserror v1.0.69
[INFO] [stderr]    Compiling clap v4.6.1
[INFO] [stderr]    Compiling serde_yaml v0.9.34+deprecated
[INFO] [stderr]    Compiling yaml-seeder v0.1.0 (/opt/rustwide/workdir)
[INFO] [stderr] warning: unused dependency `thiserror`
[INFO] [stderr]  --> Cargo.toml:6:1
[INFO] [stderr]   |
[INFO] [stderr] 6 | thiserror = "1"
[INFO] [stderr]   | ^^^^^^^^^^^^^^^
[INFO] [stderr]   |
[INFO] [stderr]   = note: `cargo::unused_dependencies` is set to `warn` by default
[INFO] [stderr] help: consider removing the dependency on `thiserror`
[INFO] [stderr] warning: `yaml-seeder` (manifest) generated 1 warning
[INFO] [stderr]     Finished `release` profile [optimized] target(s) in 1m 35s
[INFO] running `Command { std: "docker" "inspect" "9cfb5ed3a7766a1617ca4c04bed6163c7ccc1dae9268bea939e73e69d52e601e", kill_on_drop: false }`
[INFO] running `Command { std: "docker" "exec" "-e" "SOURCE_DIR=/opt/rustwide/workdir" "-e" "CARGO_HOME=/opt/rustwide/cargo-home" "-e" "RUSTUP_HOME=/opt/rustwide/rustup-home" "-e" "CARGO_TARGET_DIR=/opt/rustwide/target" "-e" "CARGO_INCREMENTAL=0" "-e" "RUST_BACKTRACE=full" "-e" "RUSTFLAGS=--cap-lints=warn" "-e" "RUSTDOCFLAGS=--cap-lints=warn" "-w" "/opt/rustwide/workdir" "--user" "0:0" "9cfb5ed3a7766a1617ca4c04bed6163c7ccc1dae9268bea939e73e69d52e601e" "/opt/rustwide/cargo-home/bin/cargo" "+1.100.0-beta.1" "test" "--frozen" "--no-run" "--message-format=json" "--release", kill_on_drop: false }`
[INFO] [stderr]    Compiling futures-sink v0.3.32
[INFO] [stderr]    Compiling aho-corasick v1.1.4
[INFO] [stderr]    Compiling regex-syntax v0.8.10
[INFO] [stderr]    Compiling bitflags v2.11.1
[INFO] [stderr]    Compiling futures-channel v0.3.32
[INFO] [stderr]    Compiling predicates-core v1.0.10
[INFO] [stderr]    Compiling getrandom v0.4.2
[INFO] [stderr]    Compiling float-cmp v0.10.0
[INFO] [stderr]    Compiling termtree v0.5.1
[INFO] [stderr]    Compiling hashbrown v0.14.5
[INFO] [stderr]    Compiling assert_cmd v2.2.2
[INFO] [stderr]    Compiling difflib v0.4.0
[INFO] [stderr]    Compiling normalize-line-endings v0.3.0
[INFO] [stderr]    Compiling rustix v1.1.4
[INFO] [stderr]    Compiling futures-util v0.3.32
[INFO] [stderr]    Compiling predicates-tree v1.0.13
[INFO] [stderr]    Compiling serial_test_derive v2.0.0
[INFO] [stderr]    Compiling wait-timeout v0.2.1
[INFO] [stderr]    Compiling dashmap v5.5.3
[INFO] [stderr]    Compiling regex-automata v0.4.14
[INFO] [stderr]    Compiling tempfile v3.27.0
[INFO] [stderr]    Compiling sqlx-core v0.8.6
[INFO] [stderr]    Compiling futures-executor v0.3.32
[INFO] [stderr]    Compiling futures v0.3.32
[INFO] [stderr]    Compiling serial_test v2.0.0
[INFO] [stderr]    Compiling regex v1.12.3
[INFO] [stderr]    Compiling matchers v0.2.0
[INFO] [stderr]    Compiling bstr v1.12.1
[INFO] [stderr]    Compiling tracing-subscriber v0.3.23
[INFO] [stderr]    Compiling sqlx-mysql v0.8.6
[INFO] [stderr]    Compiling predicates v3.1.4
[INFO] [stderr]    Compiling sqlx v0.8.6
[INFO] [stderr]    Compiling yaml-seeder v0.1.0 (/opt/rustwide/workdir)
[INFO] [stderr]     Finished `release` profile [optimized] target(s) in 20.25s
[INFO] running `Command { std: "docker" "inspect" "9cfb5ed3a7766a1617ca4c04bed6163c7ccc1dae9268bea939e73e69d52e601e", kill_on_drop: false }`
[INFO] running `Command { std: "docker" "exec" "-e" "SOURCE_DIR=/opt/rustwide/workdir" "-e" "CARGO_HOME=/opt/rustwide/cargo-home" "-e" "RUSTUP_HOME=/opt/rustwide/rustup-home" "-e" "CARGO_TARGET_DIR=/opt/rustwide/target" "-e" "CARGO_INCREMENTAL=0" "-e" "RUST_BACKTRACE=full" "-e" "RUSTFLAGS=--cap-lints=warn" "-e" "RUSTDOCFLAGS=--cap-lints=warn" "-w" "/opt/rustwide/workdir" "--user" "0:0" "9cfb5ed3a7766a1617ca4c04bed6163c7ccc1dae9268bea939e73e69d52e601e" "/opt/rustwide/cargo-home/bin/cargo" "+1.100.0-beta.1" "test" "--frozen" "--release", kill_on_drop: false }`
[INFO] [stderr]     Finished `release` profile [optimized] target(s) in 0.13s
[INFO] [stderr]      Running unittests src/main.rs (/opt/rustwide/target/release/build/yaml-seeder/fd0d76800d1d821b/out/yaml_seeder-fd0d76800d1d821b)
[INFO] [stdout] 
[INFO] [stdout] running 18 tests
[INFO] [stdout] test config::tests::ensure_supported_version_accepts_one ... ok
[INFO] [stdout] test config::tests::ensure_supported_version_rejects_other_versions ... ok
[INFO] [stdout] test table_name::tests::parse_rejects_additional_segments ... ok
[INFO] [stdout] test table_name::tests::parse_rejects_missing_segments ... ok
[INFO] [stdout] test config::tests::table_mode_default_is_upsert_update ... ok
[INFO] [stdout] test table_name::tests::parse_valid_schema_table ... ok
[INFO] [stdout] test table_name::tests::parse_with_whitespace_is_trimmed ... ok
[INFO] [stdout] test tests::extract_numeric_prefix_handles_various_inputs ... ok
[INFO] [stdout] test tests::slugify_converts_to_kebab_case ... ok
[INFO] [stdout] test value::tests::convert_decimal_handles_string_input ... ok
[INFO] [stdout] test value::tests::convert_datetime_parses_known_formats ... ok
[INFO] [stdout] test value::tests::convert_enum_validates_allowed_variants ... ok
[INFO] [stdout] test tests::resolve_sequence_detects_next_number ... ok
[INFO] [stdout] test value::tests::convert_int_parses_numbers ... ok
[INFO] [stdout] test tests::collect_seed_targets_filters_and_sorts_yaml_files ... ok
[INFO] [stdout] test value::tests::convert_json_accepts_inline_yaml ... ok
[INFO] [stdout] test value::tests::convert_value_respects_nulls ... ok
[INFO] [stdout] test value::tests::convert_varchar_returns_string ... ok
[INFO] [stdout] 
[INFO] [stdout] test result: ok. 18 passed; 0 failed; 0 ignored; 0 measured; 0 filtered out; finished in 0.00s
[INFO] [stdout] 
[INFO] [stderr]      Running tests/apply_tests.rs (/opt/rustwide/target/release/build/yaml-seeder/8c1bbcafbc3b34f4/out/apply_tests-8c1bbcafbc3b34f4)
[INFO] [stdout] 
[INFO] [stdout] running 3 tests
[INFO] [stdout] test apply_directory_rolls_back_failed_file ... FAILED
[INFO] [stdout] test apply_single_file_commits_rows has been running for over 60 seconds
[INFO] [stdout] test validate_only_does_not_commit_changes has been running for over 60 seconds
[INFO] [stdout] test validate_only_does_not_commit_changes ... FAILED
[INFO] [stdout] test apply_single_file_commits_rows ... FAILED
[INFO] [stdout] 
[INFO] [stdout] failures:
[INFO] [stdout] 
[INFO] [stdout] ---- apply_directory_rolls_back_failed_file stdout ----
[INFO] [stdout] Error: PoolTimedOut
[INFO] [stdout] 
[INFO] [stdout] ---- validate_only_does_not_commit_changes stdout ----
[INFO] [stdout] Error: PoolTimedOut
[INFO] [stdout] 
[INFO] [stdout] ---- apply_single_file_commits_rows stdout ----
[INFO] [stdout] Error: PoolTimedOut
[INFO] [stdout] 
[INFO] [stdout] 
[INFO] [stdout] failures:
[INFO] [stdout]     apply_directory_rolls_back_failed_file
[INFO] [stdout]     apply_single_file_commits_rows
[INFO] [stdout]     validate_only_does_not_commit_changes
[INFO] [stdout] 
[INFO] [stdout] test result: FAILED. 0 passed; 3 failed; 0 ignored; 0 measured; 0 filtered out; finished in 90.01s
[INFO] [stdout] 
[INFO] [stderr] error: test failed, to rerun pass `--test apply_tests`
[INFO] running `Command { std: "docker" "inspect" "9cfb5ed3a7766a1617ca4c04bed6163c7ccc1dae9268bea939e73e69d52e601e", kill_on_drop: false }`
[INFO] running `Command { std: "docker" "rm" "-f" "9cfb5ed3a7766a1617ca4c04bed6163c7ccc1dae9268bea939e73e69d52e601e", kill_on_drop: false }`
[INFO] [stdout] 9cfb5ed3a7766a1617ca4c04bed6163c7ccc1dae9268bea939e73e69d52e601e
