[INFO] cloning repository https://github.com/motionharvest/reapr
[INFO] running `Command { std: "git" "-c" "credential.helper=" "-c" "credential.helper=/workspace/cargo-home/bin/git-credential-null" "clone" "--bare" "https://github.com/motionharvest/reapr" "/workspace/cache/git-repos/https%3A%2F%2Fgithub.com%2Fmotionharvest%2Freapr", kill_on_drop: false }`
[INFO] [stderr] Cloning into bare repository '/workspace/cache/git-repos/https%3A%2F%2Fgithub.com%2Fmotionharvest%2Freapr'...
[INFO] running `Command { std: "git" "rev-parse" "HEAD", kill_on_drop: false }`
[INFO] [stdout] 18c9df3213d86af10e8a3a3d451f1fe1889ccdf0
[INFO] testing motionharvest/reapr against 1.99.0-beta.8+cargoflags=--release for beta-release-1.100-3
[INFO] running `Command { std: "git" "clone" "/workspace/cache/git-repos/https%3A%2F%2Fgithub.com%2Fmotionharvest%2Freapr" "/workspace/builds/worker-3-tc1/source", kill_on_drop: false }`
[INFO] [stderr] Cloning into '/workspace/builds/worker-3-tc1/source'...
[INFO] [stderr] done.
[INFO] started tweaking git repo https://github.com/motionharvest/reapr
[INFO] finished tweaking git repo https://github.com/motionharvest/reapr
[INFO] tweaked toml for git repo https://github.com/motionharvest/reapr written to /workspace/builds/worker-3-tc1/source/Cargo.toml
[INFO] validating manifest of git repo https://github.com/motionharvest/reapr on toolchain 1.99.0-beta.8
[INFO] running `Command { std: CARGO_HOME="/workspace/cargo-home" RUSTUP_HOME="/workspace/rustup-home" "/workspace/cargo-home/bin/cargo" "+1.99.0-beta.8" "metadata" "--manifest-path" "Cargo.toml" "--no-deps", kill_on_drop: false }`
[INFO] crate git repo https://github.com/motionharvest/reapr already has a lockfile, it will not be regenerated
[INFO] running `Command { std: CARGO_HOME="/workspace/cargo-home" RUSTUP_HOME="/workspace/rustup-home" "/workspace/cargo-home/bin/cargo" "+1.99.0-beta.8" "fetch" "--manifest-path" "Cargo.toml", kill_on_drop: false }`
[INFO] [stderr]     Updating crates.io index
[INFO] [stderr]  Downloading crates ...
[INFO] [stderr]   Downloaded bitflags v2.13.1
[INFO] [stderr]   Downloaded arrayvec v0.7.8
[INFO] [stderr]   Downloaded log v0.4.33
[INFO] [stderr]   Downloaded vt100 v0.16.2
[INFO] [stderr]   Downloaded vte v0.15.0
[INFO] [stderr]   Downloaded either v1.17.0
[INFO] [stderr]   Downloaded palette_math v0.7.7
[INFO] [stderr]   Downloaded by_address v1.2.1
[INFO] [stderr]   Downloaded lru v0.18.2
[INFO] [stderr]   Downloaded num_threads v0.1.7
[INFO] [stderr]   Downloaded strum_macros v0.28.0
[INFO] [stderr]   Downloaded approx v0.5.1
[INFO] [stderr]   Downloaded phf_shared v0.11.3
[INFO] [stderr]   Downloaded atomic v0.6.1
[INFO] [stderr]   Downloaded vtparse v0.6.2
[INFO] [stderr]   Downloaded phf_codegen v0.11.3
[INFO] [stderr]   Downloaded strum v0.28.0
[INFO] [stderr]   Downloaded instability v0.3.13
[INFO] [stderr]   Downloaded wezterm-dynamic-derive v0.1.1
[INFO] [stderr]   Downloaded wezterm-color-types v0.3.0
[INFO] [stderr]   Downloaded phf_generator v0.11.3
[INFO] [stderr]   Downloaded wezterm-blob-leases v0.1.1
[INFO] [stderr]   Downloaded wasm-bindgen-shared v0.2.127
[INFO] [stderr]   Downloaded mac_address v1.1.8
[INFO] [stderr]   Downloaded memmem v0.1.1
[INFO] [stderr]   Downloaded filedescriptor v0.8.3
[INFO] [stderr]   Downloaded ratatui-termina v0.1.0
[INFO] [stderr]   Downloaded ratatui-macros v0.7.2
[INFO] [stderr]   Downloaded rustix-openpty v0.2.0
[INFO] [stderr]   Downloaded palette_derive v0.7.7
[INFO] [stderr]   Downloaded line-clipping v0.3.8
[INFO] [stderr]   Downloaded darling_macro v0.24.0
[INFO] [stderr]   Downloaded wezterm-dynamic v0.2.1
[INFO] [stderr]   Downloaded siphasher v1.0.3
[INFO] [stderr]   Downloaded lab v0.11.0
[INFO] [stderr]   Downloaded wasm-bindgen-macro v0.2.127
[INFO] [stderr]   Downloaded pest_derive v2.9.0
[INFO] [stderr]   Downloaded ratatui-crossterm v0.1.2
[INFO] [stderr]   Downloaded convert_case v0.10.0
[INFO] [stderr]   Downloaded shell-words v1.1.1
[INFO] [stderr]   Downloaded unicode-truncate v2.0.1
[INFO] [stderr]   Downloaded thiserror-impl v2.0.20
[INFO] [stderr]   Downloaded kasuari v0.4.12
[INFO] [stderr]   Downloaded critical-section v1.2.0
[INFO] [stderr]   Downloaded phf_macros v0.11.3
[INFO] [stderr]   Downloaded thiserror v2.0.20
[INFO] [stderr]   Downloaded ratatui-termwiz v0.1.2
[INFO] [stderr]   Downloaded wezterm-input-types v0.1.0
[INFO] [stderr]   Downloaded csscolorparser v0.6.2
[INFO] [stderr]   Downloaded phf v0.11.3
[INFO] [stderr]   Downloaded termios v0.3.3
[INFO] [stderr]   Downloaded pest_generator v2.9.0
[INFO] [stderr]   Downloaded smallvec v1.15.2
[INFO] [stderr]   Downloaded portable-pty v0.9.0
[INFO] [stderr]   Downloaded piper v0.2.5
[INFO] [stderr]   Downloaded miow v0.6.1
[INFO] [stderr]   Downloaded ordered-float v4.6.0
[INFO] [stderr]   Downloaded compact_str v0.9.1
[INFO] [stderr]   Downloaded pest_meta v2.9.0
[INFO] [stderr]   Downloaded serial2 v0.2.38
[INFO] [stderr]   Downloaded signal-hook v0.4.4
[INFO] [stderr]   Downloaded darling v0.24.0
[INFO] [stderr]   Downloaded terminfo v0.9.0
[INFO] [stderr]   Downloaded crossbeam-utils v0.8.22
[INFO] [stderr]   Downloaded uuid v1.24.0
[INFO] [stderr]   Downloaded ratatui v0.30.2
[INFO] [stderr]   Downloaded wasm-bindgen v0.2.127
[INFO] [stderr]   Downloaded darling_core v0.24.0
[INFO] [stderr]   Downloaded bytemuck v1.25.2
[INFO] [stderr]   Downloaded fancy-regex v0.11.0
[INFO] [stderr]   Downloaded euclid v0.22.14
[INFO] [stderr]   Downloaded derive_more v2.1.1
[INFO] [stderr]   Downloaded rand v0.8.7
[INFO] [stderr]   Downloaded wasm-bindgen-macro-support v0.2.127
[INFO] [stderr]   Downloaded wezterm-bidi v0.2.3
[INFO] [stderr]   Downloaded finl_unicode v1.4.0
[INFO] [stderr]   Downloaded js-sys v0.3.104
[INFO] [stderr]   Downloaded termina v0.3.3
[INFO] [stderr]   Downloaded derive_more-impl v2.1.1
[INFO] [stderr]   Downloaded mio v1.2.2
[INFO] [stderr]   Downloaded unicode-segmentation v1.13.3
[INFO] [stderr]   Downloaded itertools v0.14.0
[INFO] [stderr]   Downloaded wasip2 v1.0.4+wasi-0.2.12
[INFO] [stderr]   Downloaded pest v2.9.0
[INFO] [stderr]   Downloaded crossterm v0.29.0
[INFO] [stderr]   Downloaded ratatui-core v0.1.2
[INFO] [stderr]   Downloaded portable-atomic v1.15.0
[INFO] [stderr]   Downloaded time v0.3.55
[INFO] [stderr]   Downloaded ratatui-widgets v0.3.2
[INFO] [stderr]   Downloaded palette v0.7.7
[INFO] [stderr]   Downloaded nix v0.28.0
[INFO] [stderr]   Downloaded nix v0.29.0
[INFO] [stderr]   Downloaded termwiz v0.23.3
[INFO] [stderr]   Downloaded alacritty_terminal v0.26.0
[INFO] [stderr]   Downloaded deltae v0.3.2
[INFO] running `Command { std: "docker" "create" "-v" "/var/lib/crater-agent-workspace/builds/worker-3-tc1/source:/opt/rustwide/workdir:ro,Z" "-v" "/var/lib/crater-agent-workspace/builds/worker-3-tc1/target:/opt/rustwide/target:rw,Z" "-v" "/var/lib/crater-agent-workspace/cargo-home:/opt/rustwide/cargo-home:ro,Z" "-v" "/var/lib/crater-agent-workspace/rustup-home:/opt/rustwide/rustup-home:ro,Z" "-m" "1610612736" "--network" "none" "ghcr.io/rust-lang/crates-build-env/linux@sha256:77db811e55d90add9212f6832c23229e3de5f1c1f9905e8cb07319ea15df73ac" "sleep" "infinity", kill_on_drop: false }`
[INFO] [stdout] 888b3e32a2b5135ac419793288a96c6e6c0f2927c9efa06e6c7635d22e60afe0
[INFO] running `Command { std: "docker" "start" "888b3e32a2b5135ac419793288a96c6e6c0f2927c9efa06e6c7635d22e60afe0", kill_on_drop: false }`
[INFO] running `Command { std: "docker" "inspect" "888b3e32a2b5135ac419793288a96c6e6c0f2927c9efa06e6c7635d22e60afe0", kill_on_drop: false }`
[INFO] running `Command { std: "docker" "exec" "-e" "SOURCE_DIR=/opt/rustwide/workdir" "-e" "CARGO_HOME=/opt/rustwide/cargo-home" "-e" "RUSTUP_HOME=/opt/rustwide/rustup-home" "-e" "CARGO_TARGET_DIR=/opt/rustwide/target" "-w" "/opt/rustwide/workdir" "--user" "0:0" "888b3e32a2b5135ac419793288a96c6e6c0f2927c9efa06e6c7635d22e60afe0" "/opt/rustwide/cargo-home/bin/cargo" "+1.99.0-beta.8" "metadata" "--no-deps" "--format-version=1", kill_on_drop: false }`
[INFO] running `Command { std: "docker" "inspect" "888b3e32a2b5135ac419793288a96c6e6c0f2927c9efa06e6c7635d22e60afe0", kill_on_drop: false }`
[INFO] running `Command { std: "docker" "exec" "-e" "SOURCE_DIR=/opt/rustwide/workdir" "-e" "CARGO_HOME=/opt/rustwide/cargo-home" "-e" "RUSTUP_HOME=/opt/rustwide/rustup-home" "-e" "CARGO_TARGET_DIR=/opt/rustwide/target" "-e" "CARGO_INCREMENTAL=0" "-e" "RUST_BACKTRACE=full" "-e" "RUSTFLAGS=--cap-lints=warn" "-e" "RUSTDOCFLAGS=--cap-lints=warn" "-w" "/opt/rustwide/workdir" "--user" "0:0" "888b3e32a2b5135ac419793288a96c6e6c0f2927c9efa06e6c7635d22e60afe0" "/opt/rustwide/cargo-home/bin/cargo" "+1.99.0-beta.8" "build" "--frozen" "--message-format=json" "--release", kill_on_drop: false }`
[INFO] [stderr]    Compiling libc v0.2.189
[INFO] [stderr]    Compiling serde_core v1.0.229
[INFO] [stderr]    Compiling foldhash v0.2.0
[INFO] [stderr]    Compiling allocator-api2 v0.2.21
[INFO] [stderr]    Compiling log v0.4.33
[INFO] [stderr]    Compiling rustversion v1.0.23
[INFO] [stderr]    Compiling unicode-width v0.2.2
[INFO] [stderr]    Compiling syn v3.0.3
[INFO] [stderr]    Compiling syn v2.0.119
[INFO] [stderr]    Compiling strsim v0.11.1
[INFO] [stderr]    Compiling ident_case v1.0.1
[INFO] [stderr]    Compiling rustix v1.1.4
[INFO] [stderr]    Compiling thiserror v2.0.20
[INFO] [stderr]    Compiling hashbrown v0.17.1
[INFO] [stderr]    Compiling heck v0.5.0
[INFO] [stderr]    Compiling either v1.17.0
[INFO] [stderr]    Compiling linux-raw-sys v0.12.1
[INFO] [stderr]    Compiling parking_lot_core v0.9.12
[INFO] [stderr]    Compiling castaway v0.2.4
[INFO] [stderr]    Compiling itertools v0.14.0
[INFO] [stderr]    Compiling hashbrown v0.16.1
[INFO] [stderr]    Compiling unicode-segmentation v1.13.3
[INFO] [stderr]    Compiling memchr v2.8.3
[INFO] [stderr]    Compiling static_assertions v1.1.0
[INFO] [stderr]    Compiling signal-hook v0.3.18
[INFO] [stderr]    Compiling smallvec v1.15.2
[INFO] [stderr]    Compiling errno v0.3.14
[INFO] [stderr]    Compiling signal-hook-registry v1.4.8
[INFO] [stderr]    Compiling scopeguard v1.2.0
[INFO] [stderr]    Compiling instability v0.3.13
[INFO] [stderr]    Compiling lock_api v0.4.14
[INFO] [stderr]    Compiling compact_str v0.9.1
[INFO] [stderr]    Compiling unicode-truncate v2.0.1
[INFO] [stderr]    Compiling convert_case v0.10.0
[INFO] [stderr]    Compiling lru v0.18.2
[INFO] [stderr]    Compiling indoc v2.0.7
[INFO] [stderr]    Compiling bitflags v2.13.1
[INFO] [stderr]    Compiling strum_macros v0.28.0
[INFO] [stderr]    Compiling critical-section v1.2.0
[INFO] [stderr]    Compiling serde v1.0.229
[INFO] [stderr]    Compiling derive_more-impl v2.1.1
[INFO] [stderr]    Compiling parking_lot v0.12.5
[INFO] [stderr]    Compiling mio v1.2.2
[INFO] [stderr]    Compiling num-conv v0.2.2
[INFO] [stderr]    Compiling cfg_aliases v0.1.1
[INFO] [stderr]    Compiling thiserror v1.0.69
[INFO] [stderr]    Compiling time-core v0.1.9
[INFO] [stderr]    Compiling num_threads v0.1.7
[INFO] [stderr]    Compiling darling_core v0.24.0
[INFO] [stderr]    Compiling deranged v0.5.8
[INFO] [stderr]    Compiling litrs v1.0.0
[INFO] [stderr]    Compiling signal-hook-mio v0.2.5
[INFO] [stderr]    Compiling nix v0.28.0
[INFO] [stderr]    Compiling derive_more v2.1.1
[INFO] [stderr]    Compiling line-clipping v0.3.8
[INFO] [stderr]    Compiling thiserror-impl v1.0.69
[INFO] [stderr]    Compiling document-features v0.2.12
[INFO] [stderr]    Compiling arrayvec v0.7.8
[INFO] [stderr]    Compiling cursor-icon v1.2.0
[INFO] [stderr]    Compiling anyhow v1.0.104
[INFO] [stderr]    Compiling zmij v1.0.23
[INFO] [stderr]    Compiling signal-hook v0.4.4
[INFO] [stderr]    Compiling aho-corasick v1.1.5
[INFO] [stderr]    Compiling serde_json v1.0.151
[INFO] [stderr]    Compiling regex-syntax v0.8.11
[INFO] [stderr]    Compiling strum v0.28.0
[INFO] [stderr]    Compiling filedescriptor v0.8.3
[INFO] [stderr]    Compiling time v0.3.55
[INFO] [stderr]    Compiling thiserror-impl v2.0.20
[INFO] [stderr]    Compiling serde_derive v1.0.229
[INFO] [stderr]    Compiling kasuari v0.4.12
[INFO] [stderr]    Compiling ratatui-core v0.1.2
[INFO] [stderr]    Compiling darling_macro v0.24.0
[INFO] [stderr]    Compiling darling v0.24.0
[INFO] [stderr]    Compiling crossterm v0.29.0
[INFO] [stderr]    Compiling rustix-openpty v0.2.0
[INFO] [stderr]    Compiling ratatui-widgets v0.3.2
[INFO] [stderr]    Compiling ratatui-crossterm v0.1.2
[INFO] [stderr]    Compiling polling v3.11.0
[INFO] [stderr]    Compiling vte v0.15.0
[INFO] [stderr]    Compiling regex-automata v0.4.18
[INFO] [stderr]    Compiling ratatui-macros v0.7.2
[INFO] [stderr]    Compiling serial2 v0.2.38
[INFO] [stderr]    Compiling indexmap v2.14.0
[INFO] [stderr]    Compiling home v0.5.12
[INFO] [stderr]    Compiling downcast-rs v1.2.1
[INFO] [stderr]    Compiling shell-words v1.1.1
[INFO] [stderr]    Compiling portable-pty v0.9.0
[INFO] [stderr]    Compiling ratatui v0.30.2
[INFO] [stderr]    Compiling vt100 v0.16.2
[INFO] [stderr]    Compiling alacritty_terminal v0.26.0
[INFO] [stderr]    Compiling reapr v0.1.0 (/opt/rustwide/workdir)
[INFO] [stderr]     Finished `release` profile [optimized] target(s) in 2m 20s
[INFO] running `Command { std: "docker" "inspect" "888b3e32a2b5135ac419793288a96c6e6c0f2927c9efa06e6c7635d22e60afe0", kill_on_drop: false }`
[INFO] running `Command { std: "docker" "exec" "-e" "SOURCE_DIR=/opt/rustwide/workdir" "-e" "CARGO_HOME=/opt/rustwide/cargo-home" "-e" "RUSTUP_HOME=/opt/rustwide/rustup-home" "-e" "CARGO_TARGET_DIR=/opt/rustwide/target" "-e" "CARGO_INCREMENTAL=0" "-e" "RUST_BACKTRACE=full" "-e" "RUSTFLAGS=--cap-lints=warn" "-e" "RUSTDOCFLAGS=--cap-lints=warn" "-w" "/opt/rustwide/workdir" "--user" "0:0" "888b3e32a2b5135ac419793288a96c6e6c0f2927c9efa06e6c7635d22e60afe0" "/opt/rustwide/cargo-home/bin/cargo" "+1.99.0-beta.8" "test" "--frozen" "--no-run" "--message-format=json" "--release", kill_on_drop: false }`
[INFO] [stderr]    Compiling reapr v0.1.0 (/opt/rustwide/workdir)
[INFO] [stderr]     Finished `release` profile [optimized] target(s) in 15.87s
[INFO] running `Command { std: "docker" "inspect" "888b3e32a2b5135ac419793288a96c6e6c0f2927c9efa06e6c7635d22e60afe0", kill_on_drop: false }`
[INFO] running `Command { std: "docker" "exec" "-e" "SOURCE_DIR=/opt/rustwide/workdir" "-e" "CARGO_HOME=/opt/rustwide/cargo-home" "-e" "RUSTUP_HOME=/opt/rustwide/rustup-home" "-e" "CARGO_TARGET_DIR=/opt/rustwide/target" "-e" "CARGO_INCREMENTAL=0" "-e" "RUST_BACKTRACE=full" "-e" "RUSTFLAGS=--cap-lints=warn" "-e" "RUSTDOCFLAGS=--cap-lints=warn" "-w" "/opt/rustwide/workdir" "--user" "0:0" "888b3e32a2b5135ac419793288a96c6e6c0f2927c9efa06e6c7635d22e60afe0" "/opt/rustwide/cargo-home/bin/cargo" "+1.99.0-beta.8" "test" "--frozen" "--release", kill_on_drop: false }`
[INFO] [stderr]     Finished `release` profile [optimized] target(s) in 0.17s
[INFO] [stderr]      Running unittests src/lib.rs (/opt/rustwide/target/release/deps/reapr-4fd4d5513e573d4b)
[INFO] [stdout] 
[INFO] [stdout] running 30 tests
[INFO] [stdout] test copy::tests::a_selection_over_rows_runs_each_row_to_its_end ... ok
[INFO] [stdout] test harness::tests::every_harness_is_named_once_and_runs_something ... ok
[INFO] [stdout] test copy::tests::dragging_backwards_selects_the_same_text ... ok
[INFO] [stdout] test harness::tests::a_name_finds_its_harness_by_either_of_its_names ... ok
[INFO] [stdout] test copy::tests::base64_pads_a_short_last_group ... ok
[INFO] [stdout] test pace::tests::a_beat_nobody_wants_never_happens ... ok
[INFO] [stdout] test pace::tests::however_often_it_is_wanted_it_happens_once ... ok
[INFO] [stdout] test pace::tests::what_is_wanted_too_soon_is_what_the_loop_waits_for ... ok
[INFO] [stdout] test screen::tests::a_wrapped_line_rewraps_when_the_screen_changes_width ... ok
[INFO] [stdout] test screen::tests::the_modes_a_program_asks_for_travel_with_the_redraw ... ok
[INFO] [stdout] test screen::tests::what_the_redraw_paints_is_what_the_screen_holds ... ok
[INFO] [stdout] test screen::tests::a_hard_line_survives_narrowing_and_widening ... ok
[INFO] [stdout] test screen::tests::a_scrolled_back_view_shows_the_earlier_lines_and_holds_still ... ok
[INFO] [stdout] test harness::tests::the_shell_is_offered_wherever_this_runs ... ok
[INFO] [stdout] test settings::tests::a_field_written_before_the_rest_existed_reads_as_its_default ... ok
[INFO] [stdout] test settings::tests::a_voice_that_no_longer_exists_still_leaves_a_sound_to_make ... ok
[INFO] [stdout] test settings::tests::an_answer_survives_the_file_it_is_written_to ... ok
[INFO] [stdout] test session::tests::a_name_from_before_the_table_still_starts_what_it_says ... ok
[INFO] [stdout] test session::tests::auto_is_a_shell_and_the_task_is_a_command_line ... ok
[INFO] [stdout] test settings::tests::nobody_having_answered_is_the_same_as_the_defaults ... ok
[INFO] [stdout] test sound::tests::a_test_never_reaches_the_speakers ... ok
[INFO] [stdout] test sound::tests::every_voice_is_named_once_and_can_be_found_by_that_name ... ok
[INFO] [stdout] test copy::tests::a_selection_on_one_row_is_the_cells_between ... ok
[INFO] [stdout] test copy::tests::a_press_that_moves_is_a_selection ... ok
[INFO] [stdout] test copy::tests::a_press_that_never_moves_is_a_click ... ok
[INFO] [stdout] test sound::tests::two_sounds_at_once_do_not_write_over_each_other ... ok
[INFO] [stdout] test sound::tests::a_rendered_voice_is_a_wave_file_of_the_length_its_header_claims ... ok
[INFO] [stdout] test session::tests::a_harness_is_handed_the_task_the_way_that_harness_takes_one ... ok
[INFO] [stdout] test session::tests::terminal_is_the_bare_shell_and_the_task_stays_out_of_it ... ok
[INFO] [stdout] test sound::tests::a_voice_starts_and_ends_in_silence_and_is_loud_in_between ... ok
[INFO] [stdout] 
[INFO] [stdout] test result: ok. 30 passed; 0 failed; 0 ignored; 0 measured; 0 filtered out; finished in 0.19s
[INFO] [stdout] 
[INFO] [stderr]      Running unittests src/main.rs (/opt/rustwide/target/release/deps/reapr-76e3a072ee9cdbb3)
[INFO] [stdout] 
[INFO] [stdout] running 0 tests
[INFO] [stdout] 
[INFO] [stdout] test result: ok. 0 passed; 0 failed; 0 ignored; 0 measured; 0 filtered out; finished in 0.00s
[INFO] [stdout] 
[INFO] [stderr]      Running unittests src/bin/reaprd.rs (/opt/rustwide/target/release/deps/reaprd-f0b623380b6fa4c3)
[INFO] [stdout] 
[INFO] [stdout] running 0 tests
[INFO] [stdout] 
[INFO] [stdout] test result: ok. 0 passed; 0 failed; 0 ignored; 0 measured; 0 filtered out; finished in 0.00s
[INFO] [stdout] 
[INFO] [stderr]      Running tests/perf_scratch.rs (/opt/rustwide/target/release/deps/perf_scratch-2caa3747e2cb46f6)
[INFO] [stdout] 
[INFO] [stdout] running 4 tests
[INFO] [stdout] test seed ... ignored
[INFO] [stdout] test how_long_a_whole_frame_takes ... ok
[INFO] [stdout] test how_long_a_frame_takes ... ok
[INFO] [stdout] test the_worst_a_round_trip_gets ... ok
[INFO] [stdout] 
[INFO] [stdout] test result: ok. 3 passed; 0 failed; 1 ignored; 0 measured; 0 filtered out; finished in 7.04s
[INFO] [stdout] 
[INFO] [stderr]      Running tests/reapr.rs (/opt/rustwide/target/release/deps/reapr-3f8e3713f8cae437)
[INFO] [stdout] 
[INFO] [stdout] running 70 tests
[INFO] [stdout] test a_drop_lands_where_the_pointer_is_and_a_pane_too_small_to_cut_is_filled ... ok
[INFO] [stdout] test a_click_on_another_control_keeps_the_typed_directory ... ok
[INFO] [stdout] test a_box_with_something_typed_in_it_is_still_waiting_on_you ... ok
[INFO] [stdout] test a_border_with_a_label_written_into_it_still_opens_the_box ... ok
[INFO] [stdout] test a_dropdown_row_can_be_clicked ... ok
[INFO] [stdout] test a_finished_turn_over_an_empty_box_is_idle ... ok
[INFO] [stdout] test a_pane_closes_by_its_own_button_and_gives_the_room_back ... ok
[INFO] [stdout] test a_paste_into_a_field_is_written_there_rather_than_sent ... ok
[INFO] [stdout] test a_pane_is_named_only_when_there_is_another_to_tell_it_from ... ok
[INFO] [stdout] test a_path_too_long_for_its_control_loses_its_middle_first ... ok
[INFO] [stdout] test a_path_too_long_for_the_screen_follows_the_cursor_instead ... ok
[INFO] [stdout] test a_pane_closed_stays_closed ... ok
[INFO] [stdout] test a_paste_reaches_the_agent_whole ... ok
[INFO] [stdout] test a_question_outranks_the_box_under_it ... ok
[INFO] [stdout] test a_press_on_the_agents_screen_that_never_moves_takes_nothing ... ok
[INFO] [stdout] test a_spinner_over_the_box_is_working ... ok
[INFO] [stdout] test a_pane_resized_rewraps_what_the_agent_already_drew ... ok
[INFO] [stdout] test a_directory_added_but_never_worked_in_is_still_remembered ... ok
[INFO] [stdout] test a_tilde_means_home_and_anything_else_is_taken_as_written ... ok
[INFO] [stdout] test an_agent_already_on_show_moves_rather_than_appearing_twice ... ok
[INFO] [stdout] test a_task_starts_a_real_program_and_the_pane_shows_what_it_drew ... ok
[INFO] [stdout] test an_agent_dropped_against_an_edge_cuts_the_pane_in_two ... ok
[INFO] [stdout] test an_agent_dropped_over_a_pane_takes_it_over ... ok
[INFO] [stdout] test an_agent_that_draws_no_box_is_read_off_the_bottom_of_the_screen ... ok
[INFO] [stdout] test a_program_that_fails_says_so ... ok
[INFO] [stdout] test a_daemon_can_be_told_to_stop ... ok
[INFO] [stdout] test a_reported_title_is_believed_over_the_last_line_of_the_screen ... ok
[INFO] [stdout] test an_empty_table_says_which_thing_is_missing ... ok
[INFO] [stdout] test a_closed_agent_does_not_come_back_with_the_daemon ... ok
[INFO] [stdout] test an_agent_does_not_inherit_the_session_that_started_the_daemon ... FAILED
[INFO] [stdout] test an_interface_that_starts_up_finds_the_agents_already_running ... ok
[INFO] [stdout] test bytes_survive_the_round_trip_whatever_they_are ... ok
[INFO] [stdout] test carrying_on_after_the_first_press_calls_it_off ... ok
[INFO] [stdout] test choosing_a_row_shows_it_in_the_pane_that_was_being_watched ... ok
[INFO] [stdout] test an_agent_wakes_up_as_wide_as_the_pane_it_will_be_watched_in ... ok
[INFO] [stdout] test an_agent_that_finished_unwatched_is_marked_until_somebody_looks ... ok
[INFO] [stdout] test closing_takes_two_presses_and_says_so_after_the_first ... ok
[INFO] [stdout] test clicking_a_row_shows_that_agents_terminal ... ok
[INFO] [stdout] test dropping_an_agent_into_a_pane_hands_it_the_keyboard ... ok
[INFO] [stdout] test esc_puts_things_back_rather_than_closing ... ok
[INFO] [stdout] test every_control_is_captioned_and_the_one_with_the_keyboard_is_lit ... ok
[INFO] [stdout] test an_agent_that_has_stopped_calling_it_anything_falls_back_to_its_screen ... ok
[INFO] [stdout] test groups_keep_going_until_the_width_runs_out ... ok
[INFO] [stdout] test keys_are_written_the_way_a_terminal_writes_them ... ok
[INFO] [stdout] test only_harnesses_this_machine_has_are_offered ... ok
[INFO] [stdout] test an_interface_will_not_talk_to_a_daemon_that_means_something_else ... ok
[INFO] [stdout] test installing_wraps_the_status_line_that_was_there_and_removing_puts_it_back ... ok
[INFO] [stdout] test removing_a_status_line_nobody_wrapped_leaves_no_status_line_at_all ... ok
[INFO] [stdout] test tab_goes_round_the_controls_and_leaves_the_terminal_out_of_it ... ok
[INFO] [stdout] test tab_settles_a_control_rather_than_dropping_what_is_in_it ... ok
[INFO] [stdout] test settling_one_control_moves_to_the_next ... ok
[INFO] [stdout] test the_agent_keeps_the_keys_it_needs_and_gives_back_only_ctrl_o ... ok
[INFO] [stdout] test the_directory_field_grows_with_the_path_being_typed ... ok
[INFO] [stdout] test the_eleventh_agent_starts_a_second_group_of_columns ... ok
[INFO] [stdout] test the_harness_on_show_is_the_one_the_dropdown_points_at ... ok
[INFO] [stdout] test the_agent_dropdown_lists_the_harnesses_it_was_offered ... ok
[INFO] [stdout] test dragging_across_the_agents_screen_takes_what_it_covers ... ok
[INFO] [stdout] test the_terminal_takes_the_room_the_table_does_not_need ... ok
[INFO] [stdout] test closing_an_agent_stops_it_and_takes_its_row_away ... ok
[INFO] [stdout] test renaming_an_agent_tells_the_daemon_so_it_sticks ... ok
[INFO] [stdout] test two_agents_dragged_apart_each_get_a_pane_and_their_own_screen ... ok
[INFO] [stdout] test the_wheel_scrolls_the_pane_it_is_over_rather_than_the_one_being_watched ... ok
[INFO] [stdout] test what_went_wrong_is_written_where_it_can_be_read ... ok
[INFO] [stdout] test the_row_the_table_opens_on_is_not_counted_as_looked_at ... ok
[INFO] [stdout] test the_pane_is_a_border_and_the_agents_own_screen_and_nothing_else ... ok
[INFO] [stdout] test typing_at_an_agent_reaches_the_program ... ok
[INFO] [stdout] test the_wheel_scrolls_the_pane_and_leaves_the_selected_row_where_it_was ... ok
[INFO] [stdout] test a_daemon_that_stops_comes_back_knowing_what_it_had ... ok
[INFO] [stderr] error: test failed, to rerun pass `--test reapr`
[INFO] [stdout] test an_ended_agent_can_be_read_but_not_typed_at ... ok
[INFO] [stdout] test a_status_says_what_the_agent_is_actually_doing ... ok
[INFO] [stdout] 
[INFO] [stdout] failures:
[INFO] [stdout] 
[INFO] [stdout] ---- an_agent_does_not_inherit_the_session_that_started_the_daemon stdout ----
[INFO] [stdout] 
[INFO] [stdout] thread 'an_agent_does_not_inherit_the_session_that_started_the_daemon' (3877) panicked at tests/reapr.rs:1260:5:
[INFO] [stdout] ""
[INFO] [stdout] stack backtrace:
[INFO] [stdout]    0:     0x56e120a42341 - <<std[70759c8f55707aa4]::sys::backtrace::BacktraceLock>::print::DisplayBacktrace as core[df12db4294e9bfd3]::fmt::Display>::fmt
[INFO] [stdout]    1:     0x56e120a5860a - core[df12db4294e9bfd3]::fmt::write
[INFO] [stdout]    2:     0x56e120a46c7c - <alloc[2182bb758b4b3781]::vec::Vec<u8> as core[df12db4294e9bfd3]::io::write::Write>::write_fmt
[INFO] [stdout]    3:     0x56e120a1c386 - std[70759c8f55707aa4]::panicking::default_hook::{closure#0}
[INFO] [stdout]    4:     0x56e120a399a9 - std[70759c8f55707aa4]::panicking::default_hook
[INFO] [stdout]    5:     0x56e120984720 - test[9d35eded1c95d3be]::test_main_inner::<test[9d35eded1c95d3be]::test_main_static::{closure#0}>::{closure#0}
[INFO] [stdout]    6:     0x56e120a39b62 - std[70759c8f55707aa4]::panicking::panic_with_hook
[INFO] [stdout]    7:     0x56e120a1c432 - std[70759c8f55707aa4]::panicking::panic_handler::{closure#0}
[INFO] [stdout]    8:     0x56e120a14ea9 - std[70759c8f55707aa4]::sys::backtrace::__rust_end_short_backtrace::<std[70759c8f55707aa4]::panicking::panic_handler::{closure#0}, !>
[INFO] [stdout]    9:     0x56e120a1d11d - __rustc[8fa7c3cbc660c2b3]::rust_begin_unwind
[INFO] [stdout]   10:     0x56e120a58d3c - core[df12db4294e9bfd3]::panicking::panic_fmt
[INFO] [stdout]   11:     0x56e120967f1e - <reapr[6cb3d33237a36112]::an_agent_does_not_inherit_the_session_that_started_the_daemon::{closure#0} as core[df12db4294e9bfd3]::ops::function::FnOnce<()>>::call_once
[INFO] [stdout]   12:     0x56e120977a0b - test[9d35eded1c95d3be]::__rust_begin_short_backtrace::<core[df12db4294e9bfd3]::result::Result<(), alloc[2182bb758b4b3781]::string::String>, fn() -> core[df12db4294e9bfd3]::result::Result<(), alloc[2182bb758b4b3781]::string::String>>
[INFO] [stdout]   13:     0x56e120985075 - test[9d35eded1c95d3be]::run_test::{closure#0}
[INFO] [stdout]   14:     0x56e12097e934 - std[70759c8f55707aa4]::sys::backtrace::__rust_begin_short_backtrace::<test[9d35eded1c95d3be]::run_test::{closure#1}, ()>
[INFO] [stdout]   15:     0x56e1209881d2 - <std[70759c8f55707aa4]::thread::lifecycle::spawn_unchecked<test[9d35eded1c95d3be]::run_test::{closure#1}, ()>::{closure#1} as core[df12db4294e9bfd3]::ops::function::FnOnce<()>>::call_once::{shim:vtable#0}
[INFO] [stdout]   16:     0x56e120a416b9 - <std[70759c8f55707aa4]::sys::thread::unix::Thread>::new::thread_start
[INFO] [stdout]   17:     0x7541c87e1dfa - <unknown>
[INFO] [stdout]   18:     0x7541c88753d4 - clone
[INFO] [stdout]   19:                0x0 - <unknown>
[INFO] [stdout] 
[INFO] [stdout] 
[INFO] [stdout] failures:
[INFO] [stdout]     an_agent_does_not_inherit_the_session_that_started_the_daemon
[INFO] [stdout] 
[INFO] [stdout] test result: FAILED. 69 passed; 1 failed; 0 ignored; 0 measured; 0 filtered out; finished in 2.99s
[INFO] [stdout] 
[INFO] running `Command { std: "docker" "inspect" "888b3e32a2b5135ac419793288a96c6e6c0f2927c9efa06e6c7635d22e60afe0", kill_on_drop: false }`
[INFO] running `Command { std: "docker" "rm" "-f" "888b3e32a2b5135ac419793288a96c6e6c0f2927c9efa06e6c7635d22e60afe0", kill_on_drop: false }`
[INFO] [stdout] 888b3e32a2b5135ac419793288a96c6e6c0f2927c9efa06e6c7635d22e60afe0
