[INFO] cloning repository https://github.com/julienbrs/utx0_node
[INFO] running `Command { std: "git" "-c" "credential.helper=" "-c" "credential.helper=/workspace/cargo-home/bin/git-credential-null" "clone" "--bare" "https://github.com/julienbrs/utx0_node" "/workspace/cache/git-repos/https%3A%2F%2Fgithub.com%2Fjulienbrs%2Futx0_node", kill_on_drop: false }`
[INFO] [stderr] Cloning into bare repository '/workspace/cache/git-repos/https%3A%2F%2Fgithub.com%2Fjulienbrs%2Futx0_node'...
[INFO] running `Command { std: "git" "rev-parse" "HEAD", kill_on_drop: false }`
[INFO] [stdout] 00e9c33d37502d3a80fa85687dc683d355ee601e
[INFO] testing julienbrs/utx0_node against 1.99.0-beta.8+cargoflags=--release for beta-release-1.100-3
[INFO] running `Command { std: "git" "clone" "/workspace/cache/git-repos/https%3A%2F%2Fgithub.com%2Fjulienbrs%2Futx0_node" "/workspace/builds/worker-2-tc1/source", kill_on_drop: false }`
[INFO] [stderr] Cloning into '/workspace/builds/worker-2-tc1/source'...
[INFO] [stderr] done.
[INFO] started tweaking git repo https://github.com/julienbrs/utx0_node
[INFO] finished tweaking git repo https://github.com/julienbrs/utx0_node
[INFO] tweaked toml for git repo https://github.com/julienbrs/utx0_node written to /workspace/builds/worker-2-tc1/source/Cargo.toml
[INFO] validating manifest of git repo https://github.com/julienbrs/utx0_node on toolchain 1.99.0-beta.8
[INFO] running `Command { std: CARGO_HOME="/workspace/cargo-home" RUSTUP_HOME="/workspace/rustup-home" "/workspace/cargo-home/bin/cargo" "+1.99.0-beta.8" "metadata" "--manifest-path" "Cargo.toml" "--no-deps", kill_on_drop: false }`
[INFO] crate git repo https://github.com/julienbrs/utx0_node already has a lockfile, it will not be regenerated
[INFO] running `Command { std: CARGO_HOME="/workspace/cargo-home" RUSTUP_HOME="/workspace/rustup-home" "/workspace/cargo-home/bin/cargo" "+1.99.0-beta.8" "fetch" "--manifest-path" "Cargo.toml", kill_on_drop: false }`
[INFO] [stderr]     Updating crates.io index
[INFO] [stderr]  Downloading crates ...
[INFO] [stderr]   Downloaded tracing-attributes v0.1.30
[INFO] [stderr]   Downloaded tokio-macros v2.5.0
[INFO] [stderr]   Downloaded tracing-core v0.1.34
[INFO] [stderr]   Downloaded socket2 v0.5.10
[INFO] [stderr]   Downloaded windows-targets v0.53.2
[INFO] [stderr]   Downloaded errno v0.3.13
[INFO] [stderr]   Downloaded thiserror v2.0.12
[INFO] [stderr]   Downloaded rustc-demangle v0.1.25
[INFO] [stderr]   Downloaded thiserror-impl v2.0.12
[INFO] [stderr]   Downloaded base64ct v1.8.0
[INFO] [stderr]   Downloaded dashmap v6.1.0
[INFO] [stderr]   Downloaded csv-core v0.1.12
[INFO] [stderr]   Downloaded slab v0.4.10
[INFO] [stderr]   Downloaded signal-hook-registry v1.4.5
[INFO] [stderr]   Downloaded redox_syscall v0.5.15
[INFO] [stderr]   Downloaded lock_api v0.4.13
[INFO] [stderr]   Downloaded parking_lot_core v0.9.11
[INFO] [stderr]   Downloaded tempfile v3.20.0
[INFO] [stderr]   Downloaded parking_lot v0.12.4
[INFO] [stderr]   Downloaded backtrace v0.3.75
[INFO] [stderr]   Downloaded zerocopy-derive v0.8.26
[INFO] [stderr]   Downloaded io-uring v0.7.9
[INFO] [stderr]   Downloaded serde_json v1.0.141
[INFO] [stderr]   Downloaded redb v2.6.1
[INFO] [stderr]   Downloaded zerocopy v0.8.26
[INFO] [stderr]   Downloaded rustix v1.0.8
[INFO] [stderr]   Downloaded tokio v1.46.1
[INFO] [stderr]   Downloaded windows_aarch64_gnullvm v0.53.0
[INFO] [stderr]   Downloaded windows_x86_64_msvc v0.53.0
[INFO] [stderr]   Downloaded windows_x86_64_gnullvm v0.53.0
[INFO] [stderr]   Downloaded windows_aarch64_msvc v0.53.0
[INFO] [stderr]   Downloaded windows_i686_gnullvm v0.53.0
[INFO] [stderr]   Downloaded windows_x86_64_gnu v0.53.0
[INFO] [stderr]   Downloaded csv v1.3.1
[INFO] [stderr]   Downloaded windows_i686_gnu v0.53.0
[INFO] [stderr]   Downloaded windows_i686_msvc v0.53.0
[INFO] [stderr]   Downloaded linux-raw-sys v0.9.4
[INFO] running `Command { std: "docker" "create" "-v" "/var/lib/crater-agent-workspace/builds/worker-2-tc1/source:/opt/rustwide/workdir:ro,Z" "-v" "/var/lib/crater-agent-workspace/builds/worker-2-tc1/target:/opt/rustwide/target:rw,Z" "-v" "/var/lib/crater-agent-workspace/cargo-home:/opt/rustwide/cargo-home:ro,Z" "-v" "/var/lib/crater-agent-workspace/rustup-home:/opt/rustwide/rustup-home:ro,Z" "-m" "1610612736" "--network" "none" "ghcr.io/rust-lang/crates-build-env/linux@sha256:77db811e55d90add9212f6832c23229e3de5f1c1f9905e8cb07319ea15df73ac" "sleep" "infinity", kill_on_drop: false }`
[INFO] [stdout] 14e9dc480f4b8c05d16fb925b61d1d6f44416d1a4dac2a677c0585f7b9d39a41
[INFO] running `Command { std: "docker" "start" "14e9dc480f4b8c05d16fb925b61d1d6f44416d1a4dac2a677c0585f7b9d39a41", kill_on_drop: false }`
[INFO] running `Command { std: "docker" "inspect" "14e9dc480f4b8c05d16fb925b61d1d6f44416d1a4dac2a677c0585f7b9d39a41", kill_on_drop: false }`
[INFO] running `Command { std: "docker" "exec" "-e" "SOURCE_DIR=/opt/rustwide/workdir" "-e" "CARGO_HOME=/opt/rustwide/cargo-home" "-e" "RUSTUP_HOME=/opt/rustwide/rustup-home" "-e" "CARGO_TARGET_DIR=/opt/rustwide/target" "-w" "/opt/rustwide/workdir" "--user" "0:0" "14e9dc480f4b8c05d16fb925b61d1d6f44416d1a4dac2a677c0585f7b9d39a41" "/opt/rustwide/cargo-home/bin/cargo" "+1.99.0-beta.8" "metadata" "--no-deps" "--format-version=1", kill_on_drop: false }`
[INFO] running `Command { std: "docker" "inspect" "14e9dc480f4b8c05d16fb925b61d1d6f44416d1a4dac2a677c0585f7b9d39a41", kill_on_drop: false }`
[INFO] running `Command { std: "docker" "exec" "-e" "SOURCE_DIR=/opt/rustwide/workdir" "-e" "CARGO_HOME=/opt/rustwide/cargo-home" "-e" "RUSTUP_HOME=/opt/rustwide/rustup-home" "-e" "CARGO_TARGET_DIR=/opt/rustwide/target" "-e" "CARGO_INCREMENTAL=0" "-e" "RUST_BACKTRACE=full" "-e" "RUSTFLAGS=--cap-lints=warn" "-e" "RUSTDOCFLAGS=--cap-lints=warn" "-w" "/opt/rustwide/workdir" "--user" "0:0" "14e9dc480f4b8c05d16fb925b61d1d6f44416d1a4dac2a677c0585f7b9d39a41" "/opt/rustwide/cargo-home/bin/cargo" "+1.99.0-beta.8" "build" "--frozen" "--message-format=json" "--release", kill_on_drop: false }`
[INFO] [stderr]    Compiling proc-macro2 v1.0.95
[INFO] [stderr]    Compiling unicode-ident v1.0.18
[INFO] [stderr]    Compiling libc v0.2.174
[INFO] [stderr]    Compiling cfg-if v1.0.1
[INFO] [stderr]    Compiling typenum v1.18.0
[INFO] [stderr]    Compiling semver v1.0.26
[INFO] [stderr]    Compiling once_cell v1.21.3
[INFO] [stderr]    Compiling autocfg v1.5.0
[INFO] [stderr]    Compiling smallvec v1.15.1
[INFO] [stderr]    Compiling parking_lot_core v0.9.11
[INFO] [stderr]    Compiling zerocopy v0.8.26
[INFO] [stderr]    Compiling serde v1.0.219
[INFO] [stderr]    Compiling pin-project-lite v0.2.16
[INFO] [stderr]    Compiling rustix v1.0.8
[INFO] [stderr]    Compiling cpufeatures v0.2.17
[INFO] [stderr]    Compiling crossbeam-utils v0.8.21
[INFO] [stderr]    Compiling regex-syntax v0.8.5
[INFO] [stderr]    Compiling getrandom v0.3.3
[INFO] [stderr]    Compiling memchr v2.7.5
[INFO] [stderr]    Compiling zeroize v1.8.1
[INFO] [stderr]    Compiling tracing-core v0.1.34
[INFO] [stderr]    Compiling bitflags v2.9.1
[INFO] [stderr]    Compiling log v0.4.27
[INFO] [stderr]    Compiling signature v2.2.0
[INFO] [stderr]    Compiling serde_json v1.0.141
[INFO] [stderr]    Compiling thiserror v2.0.12
[INFO] [stderr]    Compiling linux-raw-sys v0.9.4
[INFO] [stderr]    Compiling redb v2.6.1
[INFO] [stderr]    Compiling lock_api v0.4.13
[INFO] [stderr]    Compiling itoa v1.0.15
[INFO] [stderr]    Compiling ryu v1.0.20
[INFO] [stderr]    Compiling ed25519 v2.2.3
[INFO] [stderr]    Compiling rustc_version v0.4.1
[INFO] [stderr]    Compiling thread_local v1.1.9
[INFO] [stderr]    Compiling fastrand v2.3.0
[INFO] [stderr]    Compiling hashbrown v0.14.5
[INFO] [stderr]    Compiling bytes v1.10.1
[INFO] [stderr]    Compiling curve25519-dalek v4.1.3
[INFO] [stderr]    Compiling quote v1.0.40
[INFO] [stderr]    Compiling syn v2.0.104
[INFO] [stderr]    Compiling tracing-log v0.2.0
[INFO] [stderr]    Compiling csv-core v0.1.12
[INFO] [stderr]    Compiling getrandom v0.2.16
[INFO] [stderr]    Compiling signal-hook-registry v1.4.5
[INFO] [stderr]    Compiling rand_core v0.6.4
[INFO] [stderr]    Compiling parking_lot v0.12.4
[INFO] [stderr]    Compiling mio v1.0.4
[INFO] [stderr]    Compiling generic-array v0.14.7
[INFO] [stderr]    Compiling socket2 v0.5.10
[INFO] [stderr]    Compiling dashmap v6.1.0
[INFO] [stderr]    Compiling block-buffer v0.10.4
[INFO] [stderr]    Compiling crypto-common v0.1.6
[INFO] [stderr]    Compiling digest v0.10.7
[INFO] [stderr]    Compiling regex-automata v0.4.9
[INFO] [stderr]    Compiling sha2 v0.10.9
[INFO] [stderr]    Compiling blake2 v0.10.6
[INFO] [stderr]    Compiling ppv-lite86 v0.2.21
[INFO] [stderr]    Compiling tempfile v3.20.0
[INFO] [stderr]    Compiling rand_chacha v0.3.1
[INFO] [stderr]    Compiling rand v0.8.5
[INFO] [stderr]    Compiling regex v1.11.1
[INFO] [stderr]    Compiling serde_derive v1.0.219
[INFO] [stderr]    Compiling curve25519-dalek-derive v0.1.1
[INFO] [stderr]    Compiling tracing-attributes v0.1.30
[INFO] [stderr]    Compiling thiserror-impl v2.0.12
[INFO] [stderr]    Compiling tokio-macros v2.5.0
[INFO] [stderr]    Compiling tokio v1.46.1
[INFO] [stderr]    Compiling tracing v0.1.41
[INFO] [stderr]    Compiling tracing-subscriber v0.3.19
[INFO] [stderr]    Compiling ed25519-dalek v2.2.0
[INFO] [stderr]    Compiling csv v1.3.1
[INFO] [stderr]    Compiling utxone v0.1.0 (/opt/rustwide/workdir)
[INFO] [stderr]     Finished `release` profile [optimized] target(s) in 1m 02s
[INFO] running `Command { std: "docker" "inspect" "14e9dc480f4b8c05d16fb925b61d1d6f44416d1a4dac2a677c0585f7b9d39a41", kill_on_drop: false }`
[INFO] running `Command { std: "docker" "exec" "-e" "SOURCE_DIR=/opt/rustwide/workdir" "-e" "CARGO_HOME=/opt/rustwide/cargo-home" "-e" "RUSTUP_HOME=/opt/rustwide/rustup-home" "-e" "CARGO_TARGET_DIR=/opt/rustwide/target" "-e" "CARGO_INCREMENTAL=0" "-e" "RUST_BACKTRACE=full" "-e" "RUSTFLAGS=--cap-lints=warn" "-e" "RUSTDOCFLAGS=--cap-lints=warn" "-w" "/opt/rustwide/workdir" "--user" "0:0" "14e9dc480f4b8c05d16fb925b61d1d6f44416d1a4dac2a677c0585f7b9d39a41" "/opt/rustwide/cargo-home/bin/cargo" "+1.99.0-beta.8" "test" "--frozen" "--no-run" "--message-format=json" "--release", kill_on_drop: false }`
[INFO] [stderr]    Compiling utxone v0.1.0 (/opt/rustwide/workdir)
[INFO] [stderr]     Finished `release` profile [optimized] target(s) in 14.02s
[INFO] running `Command { std: "docker" "inspect" "14e9dc480f4b8c05d16fb925b61d1d6f44416d1a4dac2a677c0585f7b9d39a41", kill_on_drop: false }`
[INFO] running `Command { std: "docker" "exec" "-e" "SOURCE_DIR=/opt/rustwide/workdir" "-e" "CARGO_HOME=/opt/rustwide/cargo-home" "-e" "RUSTUP_HOME=/opt/rustwide/rustup-home" "-e" "CARGO_TARGET_DIR=/opt/rustwide/target" "-e" "CARGO_INCREMENTAL=0" "-e" "RUST_BACKTRACE=full" "-e" "RUSTFLAGS=--cap-lints=warn" "-e" "RUSTDOCFLAGS=--cap-lints=warn" "-w" "/opt/rustwide/workdir" "--user" "0:0" "14e9dc480f4b8c05d16fb925b61d1d6f44416d1a4dac2a677c0585f7b9d39a41" "/opt/rustwide/cargo-home/bin/cargo" "+1.99.0-beta.8" "test" "--frozen" "--release", kill_on_drop: false }`
[INFO] [stderr]     Finished `release` profile [optimized] target(s) in 0.13s
[INFO] [stderr]      Running unittests src/main.rs (/opt/rustwide/target/release/deps/utxone-aacdefb8a1cb8d9b)
[INFO] [stdout] 
[INFO] [stdout] running 55 tests
[INFO] [stdout] test net::framing::tests::test_write_frame ... ok
[INFO] [stdout] test net::tests::two_nodes_discover_each_other ... FAILED
[INFO] [stdout] test config::tests::new_config_has_defaults ... ok
[INFO] [stdout] test net::framing::tests::test_read_frame ... ok
[INFO] [stdout] test net::framing::tests::oversized_frame_rejected ... ok
[INFO] [stdout] test protocol::message::tests::test_back_and_forth_error ... ok
[INFO] [stdout] test protocol::message::tests::test_back_and_forth_getpeers ... ok
[INFO] [stdout] test protocol::message::tests::test_back_and_forth_hello ... ok
[INFO] [stdout] test protocol::message::tests::test_back_and_forth_peers ... ok
[INFO] [stdout] test protocol::handshake::tests::inbound_ok ... ok
[INFO] [stdout] test net::tests::inbound_counter_counts_active_connections ... FAILED
[INFO] [stdout] test protocol::handshake::tests::outbound_ok ... ok
[INFO] [stdout] test protocol::message::tests::test_invalid_json_fails ... ok
[INFO] [stdout] test protocol::message::tests::test_mk_hello ... ok
[INFO] [stdout] test protocol::message::tests::test_mk_error ... ok
[INFO] [stdout] test protocol::message::tests::test_tag_type ... ok
[INFO] [stdout] test protocol::peerlist::tests::fail_invalid_ipv4 ... ok
[INFO] [stdout] test protocol::peerlist::tests::fail_invalid_port ... ok
[INFO] [stdout] test protocol::peerlist::tests::fail_missing_colon ... ok
[INFO] [stdout] test protocol::peerlist::tests::test_invalid_hostname ... ignored
[INFO] [stdout] test protocol::peerlist::tests::valid_dns_peer_parsing ... ignored
[INFO] [stdout] test protocol::peerlist::tests::valid_ipv4_peer_parsing ... ok
[INFO] [stdout] test protocol::transaction::tests::coinbase_ok ... ok
[INFO] [stdout] test protocol::transaction::tests::conservation_err ... ok
[INFO] [stdout] test protocol::message::tests::test_mk_peers ... ok
[INFO] [stdout] test protocol::transaction::tests::invalid_outpoint_err ... ok
[INFO] [stdout] test protocol::transaction::tests::invalid_signature_err ... ok
[INFO] [stdout] test protocol::transaction::tests::missing_object_format_err ... ok
[INFO] [stdout] test protocol::transaction::tests::revert_coinbase_no_height ... ok
[INFO] [stdout] test protocol::transaction::tests::revert_coinbase_non_empty_input ... ok
[INFO] [stdout] test protocol::transaction::tests::unknown_object_err ... ok
[INFO] [stdout] test util::canonical::tests::compute_object_correct_hash_1 ... ok
[INFO] [stdout] test util::canonical::tests::escapes_in_string ... ok
[INFO] [stdout] test util::canonical::tests::compute_object_correct_hash_2 ... ok
[INFO] [stdout] test util::canonical::tests::primitive_number_bool_null ... ok
[INFO] [stdout] test util::canonical::tests::primitive_string ... ok
[INFO] [stdout] test util::canonical::tests::nested_mixed ... ok
[INFO] [stdout] test util::canonical::tests::simple_object ... ok
[INFO] [stdout] test util::canonical::tests::test_canonical_ordering ... ok
[INFO] [stdout] test util::canonical::tests::simple_array ... ok
[INFO] [stdout] test protocol::message::tests::test_missing_field_rejected ... ok
[INFO] [stdout] test protocol::message::tests::test_mk_getpeers ... ok
[INFO] [stdout] test protocol::handshake::tests::inbound_invalid_first_message ... ok
[INFO] [stdout] test net::tests::malformed_json_truncated_rejected ... FAILED
[INFO] [stdout] test net::tests::test_peers_message_appends ... FAILED
[INFO] [stdout] test net::tests::unknown_message_type_ignored ... FAILED
[INFO] [stdout] test util::canonical::tests::test_store_and_retrieve_bytes_roundtrip ... ok
[INFO] [stdout] test net::tests::test_getpeers_empty ... FAILED
[INFO] [stdout] test net::tests::oversized_json_rejected ... FAILED
[INFO] [stdout] test net::tests::malformed_json_extra_field_rejected ... FAILED
[INFO] [stdout] test net::tests::malformed_json_missing_field_rejected ... FAILED
[INFO] [stdout] test protocol::handshake::tests::handshake_timeout ... ok
[INFO] [stdout] test net::tests::test_housekeeping_prunes_finished_outbound ... ok
[INFO] [stdout] test net::housekeeping::housekeeping_tests::housekeeping_prunes_finished_outbound_and_logs_counts ... ok
[INFO] [stderr] error: test failed, to rerun pass `--bin utxone`
[INFO] [stdout] test net::tests::discovery_via_intermediary ... ok
[INFO] [stdout] 
[INFO] [stdout] failures:
[INFO] [stdout] 
[INFO] [stdout] ---- net::tests::two_nodes_discover_each_other stdout ----
[INFO] [stdout] 
[INFO] [stdout] thread 'net::tests::two_nodes_discover_each_other' (1695) panicked at src/net/tests.rs:306:29:
[INFO] [stdout] Error during creation of redb db: storage engine error: I/O error: Read-only file system (os error 30)
[INFO] [stdout] stack backtrace:
[INFO] [stdout]    0:     0x5cf00a1013b1 - <<std[70759c8f55707aa4]::sys::backtrace::BacktraceLock>::print::DisplayBacktrace as core[df12db4294e9bfd3]::fmt::Display>::fmt
[INFO] [stdout]    1:     0x5cf00a11768a - core[df12db4294e9bfd3]::fmt::write
[INFO] [stdout]    2:     0x5cf00a105e0c - <alloc[2182bb758b4b3781]::vec::Vec<u8> as core[df12db4294e9bfd3]::io::write::Write>::write_fmt
[INFO] [stdout]    3:     0x5cf00a0dba16 - std[70759c8f55707aa4]::panicking::default_hook::{closure#0}
[INFO] [stdout]    4:     0x5cf00a0f8ac9 - std[70759c8f55707aa4]::panicking::default_hook
[INFO] [stdout]    5:     0x5cf009fbf700 - test[9d35eded1c95d3be]::test_main_inner::<test[9d35eded1c95d3be]::test_main_static::{closure#0}>::{closure#0}
[INFO] [stdout]    6:     0x5cf00a0f8df2 - std[70759c8f55707aa4]::panicking::panic_with_hook
[INFO] [stdout]    7:     0x5cf00a0dbac2 - std[70759c8f55707aa4]::panicking::panic_handler::{closure#0}
[INFO] [stdout]    8:     0x5cf00a0d46b9 - std[70759c8f55707aa4]::sys::backtrace::__rust_end_short_backtrace::<std[70759c8f55707aa4]::panicking::panic_handler::{closure#0}, !>
[INFO] [stdout]    9:     0x5cf00a0dc8ad - __rustc[8fa7c3cbc660c2b3]::rust_begin_unwind
[INFO] [stdout]   10:     0x5cf00a117dec - core[df12db4294e9bfd3]::panicking::panic_fmt
[INFO] [stdout]   11:     0x5cf009f4ea44 - utxone[cd57877a4f4a1dbf]::net::tests::two_nodes_discover_each_other::{closure#0}::{closure#0}
[INFO] [stdout]   12:     0x5cf009f567d9 - utxone[cd57877a4f4a1dbf]::net::tests::two_nodes_discover_each_other::{closure#0}
[INFO] [stdout]   13:     0x5cf009f42dcb - <tokio[626b5f7d9a860630]::runtime::scheduler::current_thread::CurrentThread>::block_on::<core[df12db4294e9bfd3]::pin::Pin<&mut dyn core[df12db4294e9bfd3]::future::future::Future<Output = ()>>>
[INFO] [stdout]   14:     0x5cf009f8a6f2 - <tokio[626b5f7d9a860630]::runtime::runtime::Runtime>::block_on::<core[df12db4294e9bfd3]::pin::Pin<&mut dyn core[df12db4294e9bfd3]::future::future::Future<Output = ()>>>
[INFO] [stdout]   15:     0x5cf009f5b8db - utxone[cd57877a4f4a1dbf]::net::tests::two_nodes_discover_each_other
[INFO] [stdout]   16:     0x5cf009f98559 - <utxone[cd57877a4f4a1dbf]::net::tests::two_nodes_discover_each_other::{closure#0} as core[df12db4294e9bfd3]::ops::function::FnOnce<()>>::call_once
[INFO] [stdout]   17:     0x5cf009fb29eb - test[9d35eded1c95d3be]::__rust_begin_short_backtrace::<core[df12db4294e9bfd3]::result::Result<(), alloc[2182bb758b4b3781]::string::String>, fn() -> core[df12db4294e9bfd3]::result::Result<(), alloc[2182bb758b4b3781]::string::String>>
[INFO] [stdout]   18:     0x5cf009fc0055 - test[9d35eded1c95d3be]::run_test::{closure#0}
[INFO] [stdout]   19:     0x5cf009fb9914 - std[70759c8f55707aa4]::sys::backtrace::__rust_begin_short_backtrace::<test[9d35eded1c95d3be]::run_test::{closure#1}, ()>
[INFO] [stdout]   20:     0x5cf009fc31b2 - <std[70759c8f55707aa4]::thread::lifecycle::spawn_unchecked<test[9d35eded1c95d3be]::run_test::{closure#1}, ()>::{closure#1} as core[df12db4294e9bfd3]::ops::function::FnOnce<()>>::call_once::{shim:vtable#0}
[INFO] [stdout]   21:     0x5cf00a100609 - <std[70759c8f55707aa4]::sys::thread::unix::Thread>::new::thread_start
[INFO] [stdout]   22:     0x7909dd8bbdfa - <unknown>
[INFO] [stdout]   23:     0x7909dd94f3d4 - clone
[INFO] [stdout]   24:                0x0 - <unknown>
[INFO] [stdout] 
[INFO] [stdout] ---- net::tests::inbound_counter_counts_active_connections stdout ----
[INFO] [stdout] 
[INFO] [stdout] thread 'net::tests::inbound_counter_counts_active_connections' (1687) panicked at src/net/tests.rs:556:29:
[INFO] [stdout] Error during creation of redb db: storage engine error: I/O error: Read-only file system (os error 30)
[INFO] [stdout] stack backtrace:
[INFO] [stdout]    0:     0x5cf00a1013b1 - <<std[70759c8f55707aa4]::sys::backtrace::BacktraceLock>::print::DisplayBacktrace as core[df12db4294e9bfd3]::fmt::Display>::fmt
[INFO] [stdout]    1:     0x5cf00a11768a - core[df12db4294e9bfd3]::fmt::write
[INFO] [stdout]    2:     0x5cf00a105e0c - <alloc[2182bb758b4b3781]::vec::Vec<u8> as core[df12db4294e9bfd3]::io::write::Write>::write_fmt
[INFO] [stdout]    3:     0x5cf00a0dba16 - std[70759c8f55707aa4]::panicking::default_hook::{closure#0}
[INFO] [stdout]    4:     0x5cf00a0f8ac9 - std[70759c8f55707aa4]::panicking::default_hook
[INFO] [stdout]    5:     0x5cf009fbf700 - test[9d35eded1c95d3be]::test_main_inner::<test[9d35eded1c95d3be]::test_main_static::{closure#0}>::{closure#0}
[INFO] [stdout]    6:     0x5cf00a0f8df2 - std[70759c8f55707aa4]::panicking::panic_with_hook
[INFO] [stdout]    7:     0x5cf00a0dbac2 - std[70759c8f55707aa4]::panicking::panic_handler::{closure#0}
[INFO] [stdout]    8:     0x5cf00a0d46b9 - std[70759c8f55707aa4]::sys::backtrace::__rust_end_short_backtrace::<std[70759c8f55707aa4]::panicking::panic_handler::{closure#0}, !>
[INFO] [stdout]    9:     0x5cf00a0dc8ad - __rustc[8fa7c3cbc660c2b3]::rust_begin_unwind
[INFO] [stdout]   10:     0x5cf00a117dec - core[df12db4294e9bfd3]::panicking::panic_fmt
[INFO] [stdout]   11:     0x5cf009f4ea94 - utxone[cd57877a4f4a1dbf]::net::tests::inbound_counter_counts_active_connections::{closure#0}::{closure#0}
[INFO] [stdout]   12:     0x5cf009f5a34a - utxone[cd57877a4f4a1dbf]::net::tests::inbound_counter_counts_active_connections::{closure#0}
[INFO] [stdout]   13:     0x5cf009f42dcb - <tokio[626b5f7d9a860630]::runtime::scheduler::current_thread::CurrentThread>::block_on::<core[df12db4294e9bfd3]::pin::Pin<&mut dyn core[df12db4294e9bfd3]::future::future::Future<Output = ()>>>
[INFO] [stdout]   14:     0x5cf009f8a6f2 - <tokio[626b5f7d9a860630]::runtime::runtime::Runtime>::block_on::<core[df12db4294e9bfd3]::pin::Pin<&mut dyn core[df12db4294e9bfd3]::future::future::Future<Output = ()>>>
[INFO] [stdout]   15:     0x5cf009f5be1b - utxone[cd57877a4f4a1dbf]::net::tests::inbound_counter_counts_active_connections
[INFO] [stdout]   16:     0x5cf009f985d9 - <utxone[cd57877a4f4a1dbf]::net::tests::inbound_counter_counts_active_connections::{closure#0} as core[df12db4294e9bfd3]::ops::function::FnOnce<()>>::call_once
[INFO] [stdout]   17:     0x5cf009fb29eb - test[9d35eded1c95d3be]::__rust_begin_short_backtrace::<core[df12db4294e9bfd3]::result::Result<(), alloc[2182bb758b4b3781]::string::String>, fn() -> core[df12db4294e9bfd3]::result::Result<(), alloc[2182bb758b4b3781]::string::String>>
[INFO] [stdout]   18:     0x5cf009fc0055 - test[9d35eded1c95d3be]::run_test::{closure#0}
[INFO] [stdout]   19:     0x5cf009fb9914 - std[70759c8f55707aa4]::sys::backtrace::__rust_begin_short_backtrace::<test[9d35eded1c95d3be]::run_test::{closure#1}, ()>
[INFO] [stdout]   20:     0x5cf009fc31b2 - <std[70759c8f55707aa4]::thread::lifecycle::spawn_unchecked<test[9d35eded1c95d3be]::run_test::{closure#1}, ()>::{closure#1} as core[df12db4294e9bfd3]::ops::function::FnOnce<()>>::call_once::{shim:vtable#0}
[INFO] [stdout]   21:     0x5cf00a100609 - <std[70759c8f55707aa4]::sys::thread::unix::Thread>::new::thread_start
[INFO] [stdout]   22:     0x7909dd8bbdfa - <unknown>
[INFO] [stdout]   23:     0x7909dd94f3d4 - clone
[INFO] [stdout]   24:                0x0 - <unknown>
[INFO] [stdout] 
[INFO] [stdout] ---- net::tests::malformed_json_truncated_rejected stdout ----
[INFO] [stdout] 
[INFO] [stdout] thread 'net::tests::malformed_json_truncated_rejected' (1690) panicked at src/net/tests.rs:62:62:
[INFO] [stdout] called `Result::unwrap()` on an `Err` value: Io(Os { code: 98, kind: AddrInUse, message: "Address already in use" })
[INFO] [stdout] stack backtrace:
[INFO] [stdout]    0:     0x5cf00a1013b1 - <<std[70759c8f55707aa4]::sys::backtrace::BacktraceLock>::print::DisplayBacktrace as core[df12db4294e9bfd3]::fmt::Display>::fmt
[INFO] [stdout]    1:     0x5cf00a11768a - core[df12db4294e9bfd3]::fmt::write
[INFO] [stdout]    2:     0x5cf00a105e0c - <alloc[2182bb758b4b3781]::vec::Vec<u8> as core[df12db4294e9bfd3]::io::write::Write>::write_fmt
[INFO] [stdout]    3:     0x5cf00a0dba16 - std[70759c8f55707aa4]::panicking::default_hook::{closure#0}
[INFO] [stdout]    4:     0x5cf00a0f8ac9 - std[70759c8f55707aa4]::panicking::default_hook
[INFO] [stdout]    5:     0x5cf009fbf700 - test[9d35eded1c95d3be]::test_main_inner::<test[9d35eded1c95d3be]::test_main_static::{closure#0}>::{closure#0}
[INFO] [stdout]    6:     0x5cf00a0f8df2 - std[70759c8f55707aa4]::panicking::panic_with_hook
[INFO] [stdout]    7:     0x5cf00a0dbac2 - std[70759c8f55707aa4]::panicking::panic_handler::{closure#0}
[INFO] [stdout]    8:     0x5cf00a0d46b9 - std[70759c8f55707aa4]::sys::backtrace::__rust_end_short_backtrace::<std[70759c8f55707aa4]::panicking::panic_handler::{closure#0}, !>
[INFO] [stdout]    9:     0x5cf00a0dc8ad - __rustc[8fa7c3cbc660c2b3]::rust_begin_unwind
[INFO] [stdout]   10:     0x5cf00a117dec - core[df12db4294e9bfd3]::panicking::panic_fmt
[INFO] [stdout]   11:     0x5cf00a117bc2 - core[df12db4294e9bfd3]::result::unwrap_failed
[INFO] [stdout]   12:     0x5cf009f2373e - utxone[cd57877a4f4a1dbf]::net::tests::util_spawn_test_server::{closure#0}::{closure#0}
[INFO] [stdout]   13:     0x5cf009f30d37 - <tokio[626b5f7d9a860630]::runtime::task::core::Core<utxone[cd57877a4f4a1dbf]::net::tests::util_spawn_test_server::{closure#0}::{closure#0}, alloc[2182bb758b4b3781]::sync::Arc<tokio[626b5f7d9a860630]::runtime::scheduler::multi_thread::handle::Handle>>>::poll
[INFO] [stdout]   14:     0x5cf009f0b78f - <tokio[626b5f7d9a860630]::runtime::task::harness::Harness<utxone[cd57877a4f4a1dbf]::net::tests::util_spawn_test_server::{closure#0}::{closure#0}, alloc[2182bb758b4b3781]::sync::Arc<tokio[626b5f7d9a860630]::runtime::scheduler::current_thread::Handle>>>::poll
[INFO] [stdout]   15:     0x5cf009f42ecc - <tokio[626b5f7d9a860630]::runtime::scheduler::current_thread::CurrentThread>::block_on::<core[df12db4294e9bfd3]::pin::Pin<&mut dyn core[df12db4294e9bfd3]::future::future::Future<Output = ()>>>
[INFO] [stdout]   16:     0x5cf009f8a6f2 - <tokio[626b5f7d9a860630]::runtime::runtime::Runtime>::block_on::<core[df12db4294e9bfd3]::pin::Pin<&mut dyn core[df12db4294e9bfd3]::future::future::Future<Output = ()>>>
[INFO] [stdout]   17:     0x5cf009f5ba2b - utxone[cd57877a4f4a1dbf]::net::tests::malformed_json_truncated_rejected
[INFO] [stdout]   18:     0x5cf009f98579 - <utxone[cd57877a4f4a1dbf]::net::tests::malformed_json_truncated_rejected::{closure#0} as core[df12db4294e9bfd3]::ops::function::FnOnce<()>>::call_once
[INFO] [stdout]   19:     0x5cf009fb29eb - test[9d35eded1c95d3be]::__rust_begin_short_backtrace::<core[df12db4294e9bfd3]::result::Result<(), alloc[2182bb758b4b3781]::string::String>, fn() -> core[df12db4294e9bfd3]::result::Result<(), alloc[2182bb758b4b3781]::string::String>>
[INFO] [stdout]   20:     0x5cf009fc0055 - test[9d35eded1c95d3be]::run_test::{closure#0}
[INFO] [stdout]   21:     0x5cf009fb9914 - std[70759c8f55707aa4]::sys::backtrace::__rust_begin_short_backtrace::<test[9d35eded1c95d3be]::run_test::{closure#1}, ()>
[INFO] [stdout]   22:     0x5cf009fc31b2 - <std[70759c8f55707aa4]::thread::lifecycle::spawn_unchecked<test[9d35eded1c95d3be]::run_test::{closure#1}, ()>::{closure#1} as core[df12db4294e9bfd3]::ops::function::FnOnce<()>>::call_once::{shim:vtable#0}
[INFO] [stdout]   23:     0x5cf00a100609 - <std[70759c8f55707aa4]::sys::thread::unix::Thread>::new::thread_start
[INFO] [stdout]   24:     0x7909dd8bbdfa - <unknown>
[INFO] [stdout]   25:     0x7909dd94f3d4 - clone
[INFO] [stdout]   26:                0x0 - <unknown>
[INFO] [stdout] 
[INFO] [stdout] thread 'net::tests::malformed_json_truncated_rejected' (1690) panicked at src/net/tests.rs:74:62:
[INFO] [stdout] called `Result::unwrap()` on an `Err` value: Os { code: 111, kind: ConnectionRefused, message: "Connection refused" }
[INFO] [stdout] stack backtrace:
[INFO] [stdout]    0:     0x5cf00a1013b1 - <<std[70759c8f55707aa4]::sys::backtrace::BacktraceLock>::print::DisplayBacktrace as core[df12db4294e9bfd3]::fmt::Display>::fmt
[INFO] [stdout]    1:     0x5cf00a11768a - core[df12db4294e9bfd3]::fmt::write
[INFO] [stdout]    2:     0x5cf00a105e0c - <alloc[2182bb758b4b3781]::vec::Vec<u8> as core[df12db4294e9bfd3]::io::write::Write>::write_fmt
[INFO] [stdout]    3:     0x5cf00a0dba16 - std[70759c8f55707aa4]::panicking::default_hook::{closure#0}
[INFO] [stdout]    4:     0x5cf00a0f8ac9 - std[70759c8f55707aa4]::panicking::default_hook
[INFO] [stdout]    5:     0x5cf009fbf700 - test[9d35eded1c95d3be]::test_main_inner::<test[9d35eded1c95d3be]::test_main_static::{closure#0}>::{closure#0}
[INFO] [stdout]    6:     0x5cf00a0f8df2 - std[70759c8f55707aa4]::panicking::panic_with_hook
[INFO] [stdout]    7:     0x5cf00a0dbac2 - std[70759c8f55707aa4]::panicking::panic_handler::{closure#0}
[INFO] [stdout]    8:     0x5cf00a0d46b9 - std[70759c8f55707aa4]::sys::backtrace::__rust_end_short_backtrace::<std[70759c8f55707aa4]::panicking::panic_handler::{closure#0}, !>
[INFO] [stdout]    9:     0x5cf00a0dc8ad - __rustc[8fa7c3cbc660c2b3]::rust_begin_unwind
[INFO] [stdout]   10:     0x5cf00a117dec - core[df12db4294e9bfd3]::panicking::panic_fmt
[INFO] [stdout]   11:     0x5cf00a117bc2 - core[df12db4294e9bfd3]::result::unwrap_failed
[INFO] [stdout]   12:     0x5cf009f4eccb - utxone[cd57877a4f4a1dbf]::net::tests::util_connect_to::{closure#0}
[INFO] [stdout]   13:     0x5cf009f56e86 - utxone[cd57877a4f4a1dbf]::net::tests::malformed_json_truncated_rejected::{closure#0}
[INFO] [stdout]   14:     0x5cf009f42dcb - <tokio[626b5f7d9a860630]::runtime::scheduler::current_thread::CurrentThread>::block_on::<core[df12db4294e9bfd3]::pin::Pin<&mut dyn core[df12db4294e9bfd3]::future::future::Future<Output = ()>>>
[INFO] [stdout]   15:     0x5cf009f8a6f2 - <tokio[626b5f7d9a860630]::runtime::runtime::Runtime>::block_on::<core[df12db4294e9bfd3]::pin::Pin<&mut dyn core[df12db4294e9bfd3]::future::future::Future<Output = ()>>>
[INFO] [stdout]   16:     0x5cf009f5ba2b - utxone[cd57877a4f4a1dbf]::net::tests::malformed_json_truncated_rejected
[INFO] [stdout]   17:     0x5cf009f98579 - <utxone[cd57877a4f4a1dbf]::net::tests::malformed_json_truncated_rejected::{closure#0} as core[df12db4294e9bfd3]::ops::function::FnOnce<()>>::call_once
[INFO] [stdout]   18:     0x5cf009fb29eb - test[9d35eded1c95d3be]::__rust_begin_short_backtrace::<core[df12db4294e9bfd3]::result::Result<(), alloc[2182bb758b4b3781]::string::String>, fn() -> core[df12db4294e9bfd3]::result::Result<(), alloc[2182bb758b4b3781]::string::String>>
[INFO] [stdout]   19:     0x5cf009fc0055 - test[9d35eded1c95d3be]::run_test::{closure#0}
[INFO] [stdout]   20:     0x5cf009fb9914 - std[70759c8f55707aa4]::sys::backtrace::__rust_begin_short_backtrace::<test[9d35eded1c95d3be]::run_test::{closure#1}, ()>
[INFO] [stdout]   21:     0x5cf009fc31b2 - <std[70759c8f55707aa4]::thread::lifecycle::spawn_unchecked<test[9d35eded1c95d3be]::run_test::{closure#1}, ()>::{closure#1} as core[df12db4294e9bfd3]::ops::function::FnOnce<()>>::call_once::{shim:vtable#0}
[INFO] [stdout]   22:     0x5cf00a100609 - <std[70759c8f55707aa4]::sys::thread::unix::Thread>::new::thread_start
[INFO] [stdout]   23:     0x7909dd8bbdfa - <unknown>
[INFO] [stdout]   24:     0x7909dd94f3d4 - clone
[INFO] [stdout]   25:                0x0 - <unknown>
[INFO] [stdout] 
[INFO] [stdout] ---- net::tests::test_peers_message_appends stdout ----
[INFO] [stdout] 
[INFO] [stdout] thread 'net::tests::test_peers_message_appends' (1694) panicked at src/net/tests.rs:62:62:
[INFO] [stdout] called `Result::unwrap()` on an `Err` value: Io(Os { code: 98, kind: AddrInUse, message: "Address already in use" })
[INFO] [stdout] stack backtrace:
[INFO] [stdout]    0:     0x5cf00a1013b1 - <<std[70759c8f55707aa4]::sys::backtrace::BacktraceLock>::print::DisplayBacktrace as core[df12db4294e9bfd3]::fmt::Display>::fmt
[INFO] [stdout]    1:     0x5cf00a11768a - core[df12db4294e9bfd3]::fmt::write
[INFO] [stdout]    2:     0x5cf00a105e0c - <alloc[2182bb758b4b3781]::vec::Vec<u8> as core[df12db4294e9bfd3]::io::write::Write>::write_fmt
[INFO] [stdout]    3:     0x5cf00a0dba16 - std[70759c8f55707aa4]::panicking::default_hook::{closure#0}
[INFO] [stdout]    4:     0x5cf00a0f8ac9 - std[70759c8f55707aa4]::panicking::default_hook
[INFO] [stdout]    5:     0x5cf009fbf700 - test[9d35eded1c95d3be]::test_main_inner::<test[9d35eded1c95d3be]::test_main_static::{closure#0}>::{closure#0}
[INFO] [stdout]    6:     0x5cf00a0f8df2 - std[70759c8f55707aa4]::panicking::panic_with_hook
[INFO] [stdout]    7:     0x5cf00a0dbac2 - std[70759c8f55707aa4]::panicking::panic_handler::{closure#0}
[INFO] [stdout]    8:     0x5cf00a0d46b9 - std[70759c8f55707aa4]::sys::backtrace::__rust_end_short_backtrace::<std[70759c8f55707aa4]::panicking::panic_handler::{closure#0}, !>
[INFO] [stdout]    9:     0x5cf00a0dc8ad - __rustc[8fa7c3cbc660c2b3]::rust_begin_unwind
[INFO] [stdout]   10:     0x5cf00a117dec - core[df12db4294e9bfd3]::panicking::panic_fmt
[INFO] [stdout]   11:     0x5cf00a117bc2 - core[df12db4294e9bfd3]::result::unwrap_failed
[INFO] [stdout]   12:     0x5cf009f2373e - utxone[cd57877a4f4a1dbf]::net::tests::util_spawn_test_server::{closure#0}::{closure#0}
[INFO] [stdout]   13:     0x5cf009f30d37 - <tokio[626b5f7d9a860630]::runtime::task::core::Core<utxone[cd57877a4f4a1dbf]::net::tests::util_spawn_test_server::{closure#0}::{closure#0}, alloc[2182bb758b4b3781]::sync::Arc<tokio[626b5f7d9a860630]::runtime::scheduler::multi_thread::handle::Handle>>>::poll
[INFO] [stdout]   14:     0x5cf009f0b78f - <tokio[626b5f7d9a860630]::runtime::task::harness::Harness<utxone[cd57877a4f4a1dbf]::net::tests::util_spawn_test_server::{closure#0}::{closure#0}, alloc[2182bb758b4b3781]::sync::Arc<tokio[626b5f7d9a860630]::runtime::scheduler::current_thread::Handle>>>::poll
[INFO] [stdout]   15:     0x5cf009f42ecc - <tokio[626b5f7d9a860630]::runtime::scheduler::current_thread::CurrentThread>::block_on::<core[df12db4294e9bfd3]::pin::Pin<&mut dyn core[df12db4294e9bfd3]::future::future::Future<Output = ()>>>
[INFO] [stdout]   16:     0x5cf009f8a6f2 - <tokio[626b5f7d9a860630]::runtime::runtime::Runtime>::block_on::<core[df12db4294e9bfd3]::pin::Pin<&mut dyn core[df12db4294e9bfd3]::future::future::Future<Output = ()>>>
[INFO] [stdout]   17:     0x5cf009f5b63b - utxone[cd57877a4f4a1dbf]::net::tests::test_peers_message_appends
[INFO] [stdout]   18:     0x5cf009f98519 - <utxone[cd57877a4f4a1dbf]::net::tests::test_peers_message_appends::{closure#0} as core[df12db4294e9bfd3]::ops::function::FnOnce<()>>::call_once
[INFO] [stdout]   19:     0x5cf009fb29eb - test[9d35eded1c95d3be]::__rust_begin_short_backtrace::<core[df12db4294e9bfd3]::result::Result<(), alloc[2182bb758b4b3781]::string::String>, fn() -> core[df12db4294e9bfd3]::result::Result<(), alloc[2182bb758b4b3781]::string::String>>
[INFO] [stdout]   20:     0x5cf009fc0055 - test[9d35eded1c95d3be]::run_test::{closure#0}
[INFO] [stdout]   21:     0x5cf009fb9914 - std[70759c8f55707aa4]::sys::backtrace::__rust_begin_short_backtrace::<test[9d35eded1c95d3be]::run_test::{closure#1}, ()>
[INFO] [stdout]   22:     0x5cf009fc31b2 - <std[70759c8f55707aa4]::thread::lifecycle::spawn_unchecked<test[9d35eded1c95d3be]::run_test::{closure#1}, ()>::{closure#1} as core[df12db4294e9bfd3]::ops::function::FnOnce<()>>::call_once::{shim:vtable#0}
[INFO] [stdout]   23:     0x5cf00a100609 - <std[70759c8f55707aa4]::sys::thread::unix::Thread>::new::thread_start
[INFO] [stdout]   24:     0x7909dd8bbdfa - <unknown>
[INFO] [stdout]   25:     0x7909dd94f3d4 - clone
[INFO] [stdout]   26:                0x0 - <unknown>
[INFO] [stdout] 
[INFO] [stdout] thread 'net::tests::test_peers_message_appends' (1694) panicked at src/net/tests.rs:74:62:
[INFO] [stdout] called `Result::unwrap()` on an `Err` value: Os { code: 111, kind: ConnectionRefused, message: "Connection refused" }
[INFO] [stdout] stack backtrace:
[INFO] [stdout]    0:     0x5cf00a1013b1 - <<std[70759c8f55707aa4]::sys::backtrace::BacktraceLock>::print::DisplayBacktrace as core[df12db4294e9bfd3]::fmt::Display>::fmt
[INFO] [stdout]    1:     0x5cf00a11768a - core[df12db4294e9bfd3]::fmt::write
[INFO] [stdout]    2:     0x5cf00a105e0c - <alloc[2182bb758b4b3781]::vec::Vec<u8> as core[df12db4294e9bfd3]::io::write::Write>::write_fmt
[INFO] [stdout]    3:     0x5cf00a0dba16 - std[70759c8f55707aa4]::panicking::default_hook::{closure#0}
[INFO] [stdout]    4:     0x5cf00a0f8ac9 - std[70759c8f55707aa4]::panicking::default_hook
[INFO] [stdout]    5:     0x5cf009fbf700 - test[9d35eded1c95d3be]::test_main_inner::<test[9d35eded1c95d3be]::test_main_static::{closure#0}>::{closure#0}
[INFO] [stdout]    6:     0x5cf00a0f8df2 - std[70759c8f55707aa4]::panicking::panic_with_hook
[INFO] [stdout]    7:     0x5cf00a0dbac2 - std[70759c8f55707aa4]::panicking::panic_handler::{closure#0}
[INFO] [stdout]    8:     0x5cf00a0d46b9 - std[70759c8f55707aa4]::sys::backtrace::__rust_end_short_backtrace::<std[70759c8f55707aa4]::panicking::panic_handler::{closure#0}, !>
[INFO] [stdout]    9:     0x5cf00a0dc8ad - __rustc[8fa7c3cbc660c2b3]::rust_begin_unwind
[INFO] [stdout]   10:     0x5cf00a117dec - core[df12db4294e9bfd3]::panicking::panic_fmt
[INFO] [stdout]   11:     0x5cf00a117bc2 - core[df12db4294e9bfd3]::result::unwrap_failed
[INFO] [stdout]   12:     0x5cf009f4eccb - utxone[cd57877a4f4a1dbf]::net::tests::util_connect_to::{closure#0}
[INFO] [stdout]   13:     0x5cf009f541e9 - utxone[cd57877a4f4a1dbf]::net::tests::test_peers_message_appends::{closure#0}
[INFO] [stdout]   14:     0x5cf009f42dcb - <tokio[626b5f7d9a860630]::runtime::scheduler::current_thread::CurrentThread>::block_on::<core[df12db4294e9bfd3]::pin::Pin<&mut dyn core[df12db4294e9bfd3]::future::future::Future<Output = ()>>>
[INFO] [stdout]   15:     0x5cf009f8a6f2 - <tokio[626b5f7d9a860630]::runtime::runtime::Runtime>::block_on::<core[df12db4294e9bfd3]::pin::Pin<&mut dyn core[df12db4294e9bfd3]::future::future::Future<Output = ()>>>
[INFO] [stdout]   16:     0x5cf009f5b63b - utxone[cd57877a4f4a1dbf]::net::tests::test_peers_message_appends
[INFO] [stdout]   17:     0x5cf009f98519 - <utxone[cd57877a4f4a1dbf]::net::tests::test_peers_message_appends::{closure#0} as core[df12db4294e9bfd3]::ops::function::FnOnce<()>>::call_once
[INFO] [stdout]   18:     0x5cf009fb29eb - test[9d35eded1c95d3be]::__rust_begin_short_backtrace::<core[df12db4294e9bfd3]::result::Result<(), alloc[2182bb758b4b3781]::string::String>, fn() -> core[df12db4294e9bfd3]::result::Result<(), alloc[2182bb758b4b3781]::string::String>>
[INFO] [stdout]   19:     0x5cf009fc0055 - test[9d35eded1c95d3be]::run_test::{closure#0}
[INFO] [stdout]   20:     0x5cf009fb9914 - std[70759c8f55707aa4]::sys::backtrace::__rust_begin_short_backtrace::<test[9d35eded1c95d3be]::run_test::{closure#1}, ()>
[INFO] [stdout]   21:     0x5cf009fc31b2 - <std[70759c8f55707aa4]::thread::lifecycle::spawn_unchecked<test[9d35eded1c95d3be]::run_test::{closure#1}, ()>::{closure#1} as core[df12db4294e9bfd3]::ops::function::FnOnce<()>>::call_once::{shim:vtable#0}
[INFO] [stdout]   22:     0x5cf00a100609 - <std[70759c8f55707aa4]::sys::thread::unix::Thread>::new::thread_start
[INFO] [stdout]   23:     0x7909dd8bbdfa - <unknown>
[INFO] [stdout]   24:     0x7909dd94f3d4 - clone
[INFO] [stdout]   25:                0x0 - <unknown>
[INFO] [stdout] 
[INFO] [stdout] ---- net::tests::unknown_message_type_ignored stdout ----
[INFO] [stdout] 
[INFO] [stdout] thread 'net::tests::unknown_message_type_ignored' (1696) panicked at src/net/tests.rs:62:62:
[INFO] [stdout] called `Result::unwrap()` on an `Err` value: Io(Os { code: 98, kind: AddrInUse, message: "Address already in use" })
[INFO] [stdout] stack backtrace:
[INFO] [stdout]    0:     0x5cf00a1013b1 - <<std[70759c8f55707aa4]::sys::backtrace::BacktraceLock>::print::DisplayBacktrace as core[df12db4294e9bfd3]::fmt::Display>::fmt
[INFO] [stdout]    1:     0x5cf00a11768a - core[df12db4294e9bfd3]::fmt::write
[INFO] [stdout]    2:     0x5cf00a105e0c - <alloc[2182bb758b4b3781]::vec::Vec<u8> as core[df12db4294e9bfd3]::io::write::Write>::write_fmt
[INFO] [stdout]    3:     0x5cf00a0dba16 - std[70759c8f55707aa4]::panicking::default_hook::{closure#0}
[INFO] [stdout]    4:     0x5cf00a0f8ac9 - std[70759c8f55707aa4]::panicking::default_hook
[INFO] [stdout]    5:     0x5cf009fbf700 - test[9d35eded1c95d3be]::test_main_inner::<test[9d35eded1c95d3be]::test_main_static::{closure#0}>::{closure#0}
[INFO] [stdout]    6:     0x5cf00a0f8df2 - std[70759c8f55707aa4]::panicking::panic_with_hook
[INFO] [stdout]    7:     0x5cf00a0dbac2 - std[70759c8f55707aa4]::panicking::panic_handler::{closure#0}
[INFO] [stdout]    8:     0x5cf00a0d46b9 - std[70759c8f55707aa4]::sys::backtrace::__rust_end_short_backtrace::<std[70759c8f55707aa4]::panicking::panic_handler::{closure#0}, !>
[INFO] [stdout]    9:     0x5cf00a0dc8ad - __rustc[8fa7c3cbc660c2b3]::rust_begin_unwind
[INFO] [stdout]   10:     0x5cf00a117dec - core[df12db4294e9bfd3]::panicking::panic_fmt
[INFO] [stdout]   11:     0x5cf00a117bc2 - core[df12db4294e9bfd3]::result::unwrap_failed
[INFO] [stdout]   12:     0x5cf009f2373e - utxone[cd57877a4f4a1dbf]::net::tests::util_spawn_test_server::{closure#0}::{closure#0}
[INFO] [stdout]   13:     0x5cf009f30d37 - <tokio[626b5f7d9a860630]::runtime::task::core::Core<utxone[cd57877a4f4a1dbf]::net::tests::util_spawn_test_server::{closure#0}::{closure#0}, alloc[2182bb758b4b3781]::sync::Arc<tokio[626b5f7d9a860630]::runtime::scheduler::multi_thread::handle::Handle>>>::poll
[INFO] [stdout]   14:     0x5cf009f0b78f - <tokio[626b5f7d9a860630]::runtime::task::harness::Harness<utxone[cd57877a4f4a1dbf]::net::tests::util_spawn_test_server::{closure#0}::{closure#0}, alloc[2182bb758b4b3781]::sync::Arc<tokio[626b5f7d9a860630]::runtime::scheduler::current_thread::Handle>>>::poll
[INFO] [stdout]   15:     0x5cf009f42ecc - <tokio[626b5f7d9a860630]::runtime::scheduler::current_thread::CurrentThread>::block_on::<core[df12db4294e9bfd3]::pin::Pin<&mut dyn core[df12db4294e9bfd3]::future::future::Future<Output = ()>>>
[INFO] [stdout]   16:     0x5cf009f8a6f2 - <tokio[626b5f7d9a860630]::runtime::runtime::Runtime>::block_on::<core[df12db4294e9bfd3]::pin::Pin<&mut dyn core[df12db4294e9bfd3]::future::future::Future<Output = ()>>>
[INFO] [stdout]   17:     0x5cf009f5b78b - utxone[cd57877a4f4a1dbf]::net::tests::unknown_message_type_ignored
[INFO] [stdout]   18:     0x5cf009f98539 - <utxone[cd57877a4f4a1dbf]::net::tests::unknown_message_type_ignored::{closure#0} as core[df12db4294e9bfd3]::ops::function::FnOnce<()>>::call_once
[INFO] [stdout]   19:     0x5cf009fb29eb - test[9d35eded1c95d3be]::__rust_begin_short_backtrace::<core[df12db4294e9bfd3]::result::Result<(), alloc[2182bb758b4b3781]::string::String>, fn() -> core[df12db4294e9bfd3]::result::Result<(), alloc[2182bb758b4b3781]::string::String>>
[INFO] [stdout]   20:     0x5cf009fc0055 - test[9d35eded1c95d3be]::run_test::{closure#0}
[INFO] [stdout]   21:     0x5cf009fb9914 - std[70759c8f55707aa4]::sys::backtrace::__rust_begin_short_backtrace::<test[9d35eded1c95d3be]::run_test::{closure#1}, ()>
[INFO] [stdout]   22:     0x5cf009fc31b2 - <std[70759c8f55707aa4]::thread::lifecycle::spawn_unchecked<test[9d35eded1c95d3be]::run_test::{closure#1}, ()>::{closure#1} as core[df12db4294e9bfd3]::ops::function::FnOnce<()>>::call_once::{shim:vtable#0}
[INFO] [stdout]   23:     0x5cf00a100609 - <std[70759c8f55707aa4]::sys::thread::unix::Thread>::new::thread_start
[INFO] [stdout]   24:     0x7909dd8bbdfa - <unknown>
[INFO] [stdout]   25:     0x7909dd94f3d4 - clone
[INFO] [stdout]   26:                0x0 - <unknown>
[INFO] [stdout] 
[INFO] [stdout] thread 'net::tests::unknown_message_type_ignored' (1696) panicked at src/net/tests.rs:74:62:
[INFO] [stdout] called `Result::unwrap()` on an `Err` value: Os { code: 111, kind: ConnectionRefused, message: "Connection refused" }
[INFO] [stdout] stack backtrace:
[INFO] [stdout]    0:     0x5cf00a1013b1 - <<std[70759c8f55707aa4]::sys::backtrace::BacktraceLock>::print::DisplayBacktrace as core[df12db4294e9bfd3]::fmt::Display>::fmt
[INFO] [stdout]    1:     0x5cf00a11768a - core[df12db4294e9bfd3]::fmt::write
[INFO] [stdout]    2:     0x5cf00a105e0c - <alloc[2182bb758b4b3781]::vec::Vec<u8> as core[df12db4294e9bfd3]::io::write::Write>::write_fmt
[INFO] [stdout]    3:     0x5cf00a0dba16 - std[70759c8f55707aa4]::panicking::default_hook::{closure#0}
[INFO] [stdout]    4:     0x5cf00a0f8ac9 - std[70759c8f55707aa4]::panicking::default_hook
[INFO] [stdout]    5:     0x5cf009fbf700 - test[9d35eded1c95d3be]::test_main_inner::<test[9d35eded1c95d3be]::test_main_static::{closure#0}>::{closure#0}
[INFO] [stdout]    6:     0x5cf00a0f8df2 - std[70759c8f55707aa4]::panicking::panic_with_hook
[INFO] [stdout]    7:     0x5cf00a0dbac2 - std[70759c8f55707aa4]::panicking::panic_handler::{closure#0}
[INFO] [stdout]    8:     0x5cf00a0d46b9 - std[70759c8f55707aa4]::sys::backtrace::__rust_end_short_backtrace::<std[70759c8f55707aa4]::panicking::panic_handler::{closure#0}, !>
[INFO] [stdout]    9:     0x5cf00a0dc8ad - __rustc[8fa7c3cbc660c2b3]::rust_begin_unwind
[INFO] [stdout]   10:     0x5cf00a117dec - core[df12db4294e9bfd3]::panicking::panic_fmt
[INFO] [stdout]   11:     0x5cf00a117bc2 - core[df12db4294e9bfd3]::result::unwrap_failed
[INFO] [stdout]   12:     0x5cf009f4eccb - utxone[cd57877a4f4a1dbf]::net::tests::util_connect_to::{closure#0}
[INFO] [stdout]   13:     0x5cf009f54eed - utxone[cd57877a4f4a1dbf]::net::tests::unknown_message_type_ignored::{closure#0}
[INFO] [stdout]   14:     0x5cf009f42dcb - <tokio[626b5f7d9a860630]::runtime::scheduler::current_thread::CurrentThread>::block_on::<core[df12db4294e9bfd3]::pin::Pin<&mut dyn core[df12db4294e9bfd3]::future::future::Future<Output = ()>>>
[INFO] [stdout]   15:     0x5cf009f8a6f2 - <tokio[626b5f7d9a860630]::runtime::runtime::Runtime>::block_on::<core[df12db4294e9bfd3]::pin::Pin<&mut dyn core[df12db4294e9bfd3]::future::future::Future<Output = ()>>>
[INFO] [stdout]   16:     0x5cf009f5b78b - utxone[cd57877a4f4a1dbf]::net::tests::unknown_message_type_ignored
[INFO] [stdout]   17:     0x5cf009f98539 - <utxone[cd57877a4f4a1dbf]::net::tests::unknown_message_type_ignored::{closure#0} as core[df12db4294e9bfd3]::ops::function::FnOnce<()>>::call_once
[INFO] [stdout]   18:     0x5cf009fb29eb - test[9d35eded1c95d3be]::__rust_begin_short_backtrace::<core[df12db4294e9bfd3]::result::Result<(), alloc[2182bb758b4b3781]::string::String>, fn() -> core[df12db4294e9bfd3]::result::Result<(), alloc[2182bb758b4b3781]::string::String>>
[INFO] [stdout]   19:     0x5cf009fc0055 - test[9d35eded1c95d3be]::run_test::{closure#0}
[INFO] [stdout]   20:     0x5cf009fb9914 - std[70759c8f55707aa4]::sys::backtrace::__rust_begin_short_backtrace::<test[9d35eded1c95d3be]::run_test::{closure#1}, ()>
[INFO] [stdout]   21:     0x5cf009fc31b2 - <std[70759c8f55707aa4]::thread::lifecycle::spawn_unchecked<test[9d35eded1c95d3be]::run_test::{closure#1}, ()>::{closure#1} as core[df12db4294e9bfd3]::ops::function::FnOnce<()>>::call_once::{shim:vtable#0}
[INFO] [stdout]   22:     0x5cf00a100609 - <std[70759c8f55707aa4]::sys::thread::unix::Thread>::new::thread_start
[INFO] [stdout]   23:     0x7909dd8bbdfa - <unknown>
[INFO] [stdout]   24:     0x7909dd94f3d4 - clone
[INFO] [stdout]   25:                0x0 - <unknown>
[INFO] [stdout] 
[INFO] [stdout] ---- net::tests::test_getpeers_empty stdout ----
[INFO] [stdout] 
[INFO] [stdout] thread 'net::tests::test_getpeers_empty' (1692) panicked at src/net/tests.rs:62:62:
[INFO] [stdout] called `Result::unwrap()` on an `Err` value: Io(Os { code: 98, kind: AddrInUse, message: "Address already in use" })
[INFO] [stdout] stack backtrace:
[INFO] [stdout]    0:     0x5cf00a1013b1 - <<std[70759c8f55707aa4]::sys::backtrace::BacktraceLock>::print::DisplayBacktrace as core[df12db4294e9bfd3]::fmt::Display>::fmt
[INFO] [stdout]    1:     0x5cf00a11768a - core[df12db4294e9bfd3]::fmt::write
[INFO] [stdout]    2:     0x5cf00a105e0c - <alloc[2182bb758b4b3781]::vec::Vec<u8> as core[df12db4294e9bfd3]::io::write::Write>::write_fmt
[INFO] [stdout]    3:     0x5cf00a0dba16 - std[70759c8f55707aa4]::panicking::default_hook::{closure#0}
[INFO] [stdout]    4:     0x5cf00a0f8ac9 - std[70759c8f55707aa4]::panicking::default_hook
[INFO] [stdout]    5:     0x5cf009fbf700 - test[9d35eded1c95d3be]::test_main_inner::<test[9d35eded1c95d3be]::test_main_static::{closure#0}>::{closure#0}
[INFO] [stdout]    6:     0x5cf00a0f8df2 - std[70759c8f55707aa4]::panicking::panic_with_hook
[INFO] [stdout]    7:     0x5cf00a0dbac2 - std[70759c8f55707aa4]::panicking::panic_handler::{closure#0}
[INFO] [stdout]    8:     0x5cf00a0d46b9 - std[70759c8f55707aa4]::sys::backtrace::__rust_end_short_backtrace::<std[70759c8f55707aa4]::panicking::panic_handler::{closure#0}, !>
[INFO] [stdout]    9:     0x5cf00a0dc8ad - __rustc[8fa7c3cbc660c2b3]::rust_begin_unwind
[INFO] [stdout]   10:     0x5cf00a117dec - core[df12db4294e9bfd3]::panicking::panic_fmt
[INFO] [stdout]   11:     0x5cf00a117bc2 - core[df12db4294e9bfd3]::result::unwrap_failed
[INFO] [stdout]   12:     0x5cf009f2373e - utxone[cd57877a4f4a1dbf]::net::tests::util_spawn_test_server::{closure#0}::{closure#0}
[INFO] [stdout]   13:     0x5cf009f30d37 - <tokio[626b5f7d9a860630]::runtime::task::core::Core<utxone[cd57877a4f4a1dbf]::net::tests::util_spawn_test_server::{closure#0}::{closure#0}, alloc[2182bb758b4b3781]::sync::Arc<tokio[626b5f7d9a860630]::runtime::scheduler::multi_thread::handle::Handle>>>::poll
[INFO] [stdout]   14:     0x5cf009f0b78f - <tokio[626b5f7d9a860630]::runtime::task::harness::Harness<utxone[cd57877a4f4a1dbf]::net::tests::util_spawn_test_server::{closure#0}::{closure#0}, alloc[2182bb758b4b3781]::sync::Arc<tokio[626b5f7d9a860630]::runtime::scheduler::current_thread::Handle>>>::poll
[INFO] [stdout]   15:     0x5cf009f42ecc - <tokio[626b5f7d9a860630]::runtime::scheduler::current_thread::CurrentThread>::block_on::<core[df12db4294e9bfd3]::pin::Pin<&mut dyn core[df12db4294e9bfd3]::future::future::Future<Output = ()>>>
[INFO] [stdout]   16:     0x5cf009f8a6f2 - <tokio[626b5f7d9a860630]::runtime::runtime::Runtime>::block_on::<core[df12db4294e9bfd3]::pin::Pin<&mut dyn core[df12db4294e9bfd3]::future::future::Future<Output = ()>>>
[INFO] [stdout]   17:     0x5cf009f5b24b - utxone[cd57877a4f4a1dbf]::net::tests::test_getpeers_empty
[INFO] [stdout]   18:     0x5cf009f984b9 - <utxone[cd57877a4f4a1dbf]::net::tests::test_getpeers_empty::{closure#0} as core[df12db4294e9bfd3]::ops::function::FnOnce<()>>::call_once
[INFO] [stdout]   19:     0x5cf009fb29eb - test[9d35eded1c95d3be]::__rust_begin_short_backtrace::<core[df12db4294e9bfd3]::result::Result<(), alloc[2182bb758b4b3781]::string::String>, fn() -> core[df12db4294e9bfd3]::result::Result<(), alloc[2182bb758b4b3781]::string::String>>
[INFO] [stdout]   20:     0x5cf009fc0055 - test[9d35eded1c95d3be]::run_test::{closure#0}
[INFO] [stdout]   21:     0x5cf009fb9914 - std[70759c8f55707aa4]::sys::backtrace::__rust_begin_short_backtrace::<test[9d35eded1c95d3be]::run_test::{closure#1}, ()>
[INFO] [stdout]   22:     0x5cf009fc31b2 - <std[70759c8f55707aa4]::thread::lifecycle::spawn_unchecked<test[9d35eded1c95d3be]::run_test::{closure#1}, ()>::{closure#1} as core[df12db4294e9bfd3]::ops::function::FnOnce<()>>::call_once::{shim:vtable#0}
[INFO] [stdout]   23:     0x5cf00a100609 - <std[70759c8f55707aa4]::sys::thread::unix::Thread>::new::thread_start
[INFO] [stdout]   24:     0x7909dd8bbdfa - <unknown>
[INFO] [stdout]   25:     0x7909dd94f3d4 - clone
[INFO] [stdout]   26:                0x0 - <unknown>
[INFO] [stdout] 
[INFO] [stdout] thread 'net::tests::test_getpeers_empty' (1692) panicked at src/net/tests.rs:74:62:
[INFO] [stdout] called `Result::unwrap()` on an `Err` value: Os { code: 111, kind: ConnectionRefused, message: "Connection refused" }
[INFO] [stdout] stack backtrace:
[INFO] [stdout]    0:     0x5cf00a1013b1 - <<std[70759c8f55707aa4]::sys::backtrace::BacktraceLock>::print::DisplayBacktrace as core[df12db4294e9bfd3]::fmt::Display>::fmt
[INFO] [stdout]    1:     0x5cf00a11768a - core[df12db4294e9bfd3]::fmt::write
[INFO] [stdout]    2:     0x5cf00a105e0c - <alloc[2182bb758b4b3781]::vec::Vec<u8> as core[df12db4294e9bfd3]::io::write::Write>::write_fmt
[INFO] [stdout]    3:     0x5cf00a0dba16 - std[70759c8f55707aa4]::panicking::default_hook::{closure#0}
[INFO] [stdout]    4:     0x5cf00a0f8ac9 - std[70759c8f55707aa4]::panicking::default_hook
[INFO] [stdout]    5:     0x5cf009fbf700 - test[9d35eded1c95d3be]::test_main_inner::<test[9d35eded1c95d3be]::test_main_static::{closure#0}>::{closure#0}
[INFO] [stdout]    6:     0x5cf00a0f8df2 - std[70759c8f55707aa4]::panicking::panic_with_hook
[INFO] [stdout]    7:     0x5cf00a0dbac2 - std[70759c8f55707aa4]::panicking::panic_handler::{closure#0}
[INFO] [stdout]    8:     0x5cf00a0d46b9 - std[70759c8f55707aa4]::sys::backtrace::__rust_end_short_backtrace::<std[70759c8f55707aa4]::panicking::panic_handler::{closure#0}, !>
[INFO] [stdout]    9:     0x5cf00a0dc8ad - __rustc[8fa7c3cbc660c2b3]::rust_begin_unwind
[INFO] [stdout]   10:     0x5cf00a117dec - core[df12db4294e9bfd3]::panicking::panic_fmt
[INFO] [stdout]   11:     0x5cf00a117bc2 - core[df12db4294e9bfd3]::result::unwrap_failed
[INFO] [stdout]   12:     0x5cf009f4eccb - utxone[cd57877a4f4a1dbf]::net::tests::util_connect_to::{closure#0}
[INFO] [stdout]   13:     0x5cf009f50195 - utxone[cd57877a4f4a1dbf]::net::tests::test_getpeers_empty::{closure#0}
[INFO] [stdout]   14:     0x5cf009f42dcb - <tokio[626b5f7d9a860630]::runtime::scheduler::current_thread::CurrentThread>::block_on::<core[df12db4294e9bfd3]::pin::Pin<&mut dyn core[df12db4294e9bfd3]::future::future::Future<Output = ()>>>
[INFO] [stdout]   15:     0x5cf009f8a6f2 - <tokio[626b5f7d9a860630]::runtime::runtime::Runtime>::block_on::<core[df12db4294e9bfd3]::pin::Pin<&mut dyn core[df12db4294e9bfd3]::future::future::Future<Output = ()>>>
[INFO] [stdout]   16:     0x5cf009f5b24b - utxone[cd57877a4f4a1dbf]::net::tests::test_getpeers_empty
[INFO] [stdout]   17:     0x5cf009f984b9 - <utxone[cd57877a4f4a1dbf]::net::tests::test_getpeers_empty::{closure#0} as core[df12db4294e9bfd3]::ops::function::FnOnce<()>>::call_once
[INFO] [stdout]   18:     0x5cf009fb29eb - test[9d35eded1c95d3be]::__rust_begin_short_backtrace::<core[df12db4294e9bfd3]::result::Result<(), alloc[2182bb758b4b3781]::string::String>, fn() -> core[df12db4294e9bfd3]::result::Result<(), alloc[2182bb758b4b3781]::string::String>>
[INFO] [stdout]   19:     0x5cf009fc0055 - test[9d35eded1c95d3be]::run_test::{closure#0}
[INFO] [stdout]   20:     0x5cf009fb9914 - std[70759c8f55707aa4]::sys::backtrace::__rust_begin_short_backtrace::<test[9d35eded1c95d3be]::run_test::{closure#1}, ()>
[INFO] [stdout]   21:     0x5cf009fc31b2 - <std[70759c8f55707aa4]::thread::lifecycle::spawn_unchecked<test[9d35eded1c95d3be]::run_test::{closure#1}, ()>::{closure#1} as core[df12db4294e9bfd3]::ops::function::FnOnce<()>>::call_once::{shim:vtable#0}
[INFO] [stdout]   22:     0x5cf00a100609 - <std[70759c8f55707aa4]::sys::thread::unix::Thread>::new::thread_start
[INFO] [stdout]   23:     0x7909dd8bbdfa - <unknown>
[INFO] [stdout]   24:     0x7909dd94f3d4 - clone
[INFO] [stdout]   25:                0x0 - <unknown>
[INFO] [stdout] 
[INFO] [stdout] ---- net::tests::oversized_json_rejected stdout ----
[INFO] [stdout] 
[INFO] [stdout] thread 'net::tests::oversized_json_rejected' (1691) panicked at src/net/tests.rs:62:62:
[INFO] [stdout] called `Result::unwrap()` on an `Err` value: Io(Os { code: 98, kind: AddrInUse, message: "Address already in use" })
[INFO] [stdout] stack backtrace:
[INFO] [stdout]    0:     0x5cf00a1013b1 - <<std[70759c8f55707aa4]::sys::backtrace::BacktraceLock>::print::DisplayBacktrace as core[df12db4294e9bfd3]::fmt::Display>::fmt
[INFO] [stdout]    1:     0x5cf00a11768a - core[df12db4294e9bfd3]::fmt::write
[INFO] [stdout]    2:     0x5cf00a105e0c - <alloc[2182bb758b4b3781]::vec::Vec<u8> as core[df12db4294e9bfd3]::io::write::Write>::write_fmt
[INFO] [stdout]    3:     0x5cf00a0dba16 - std[70759c8f55707aa4]::panicking::default_hook::{closure#0}
[INFO] [stdout]    4:     0x5cf00a0f8ac9 - std[70759c8f55707aa4]::panicking::default_hook
[INFO] [stdout]    5:     0x5cf009fbf700 - test[9d35eded1c95d3be]::test_main_inner::<test[9d35eded1c95d3be]::test_main_static::{closure#0}>::{closure#0}
[INFO] [stdout]    6:     0x5cf00a0f8df2 - std[70759c8f55707aa4]::panicking::panic_with_hook
[INFO] [stdout]    7:     0x5cf00a0dbac2 - std[70759c8f55707aa4]::panicking::panic_handler::{closure#0}
[INFO] [stdout]    8:     0x5cf00a0d46b9 - std[70759c8f55707aa4]::sys::backtrace::__rust_end_short_backtrace::<std[70759c8f55707aa4]::panicking::panic_handler::{closure#0}, !>
[INFO] [stdout]    9:     0x5cf00a0dc8ad - __rustc[8fa7c3cbc660c2b3]::rust_begin_unwind
[INFO] [stdout]   10:     0x5cf00a117dec - core[df12db4294e9bfd3]::panicking::panic_fmt
[INFO] [stdout]   11:     0x5cf00a117bc2 - core[df12db4294e9bfd3]::result::unwrap_failed
[INFO] [stdout]   12:     0x5cf009f2373e - utxone[cd57877a4f4a1dbf]::net::tests::util_spawn_test_server::{closure#0}::{closure#0}
[INFO] [stdout]   13:     0x5cf009f30d37 - <tokio[626b5f7d9a860630]::runtime::task::core::Core<utxone[cd57877a4f4a1dbf]::net::tests::util_spawn_test_server::{closure#0}::{closure#0}, alloc[2182bb758b4b3781]::sync::Arc<tokio[626b5f7d9a860630]::runtime::scheduler::multi_thread::handle::Handle>>>::poll
[INFO] [stdout]   14:     0x5cf009f0b78f - <tokio[626b5f7d9a860630]::runtime::task::harness::Harness<utxone[cd57877a4f4a1dbf]::net::tests::util_spawn_test_server::{closure#0}::{closure#0}, alloc[2182bb758b4b3781]::sync::Arc<tokio[626b5f7d9a860630]::runtime::scheduler::current_thread::Handle>>>::poll
[INFO] [stdout]   15:     0x5cf009f42ecc - <tokio[626b5f7d9a860630]::runtime::scheduler::current_thread::CurrentThread>::block_on::<core[df12db4294e9bfd3]::pin::Pin<&mut dyn core[df12db4294e9bfd3]::future::future::Future<Output = ()>>>
[INFO] [stdout]   16:     0x5cf009f8a6f2 - <tokio[626b5f7d9a860630]::runtime::runtime::Runtime>::block_on::<core[df12db4294e9bfd3]::pin::Pin<&mut dyn core[df12db4294e9bfd3]::future::future::Future<Output = ()>>>
[INFO] [stdout]   17:     0x5cf009f5b39b - utxone[cd57877a4f4a1dbf]::net::tests::oversized_json_rejected
[INFO] [stdout]   18:     0x5cf009f984d9 - <utxone[cd57877a4f4a1dbf]::net::tests::oversized_json_rejected::{closure#0} as core[df12db4294e9bfd3]::ops::function::FnOnce<()>>::call_once
[INFO] [stdout]   19:     0x5cf009fb29eb - test[9d35eded1c95d3be]::__rust_begin_short_backtrace::<core[df12db4294e9bfd3]::result::Result<(), alloc[2182bb758b4b3781]::string::String>, fn() -> core[df12db4294e9bfd3]::result::Result<(), alloc[2182bb758b4b3781]::string::String>>
[INFO] [stdout]   20:     0x5cf009fc0055 - test[9d35eded1c95d3be]::run_test::{closure#0}
[INFO] [stdout]   21:     0x5cf009fb9914 - std[70759c8f55707aa4]::sys::backtrace::__rust_begin_short_backtrace::<test[9d35eded1c95d3be]::run_test::{closure#1}, ()>
[INFO] [stdout]   22:     0x5cf009fc31b2 - <std[70759c8f55707aa4]::thread::lifecycle::spawn_unchecked<test[9d35eded1c95d3be]::run_test::{closure#1}, ()>::{closure#1} as core[df12db4294e9bfd3]::ops::function::FnOnce<()>>::call_once::{shim:vtable#0}
[INFO] [stdout]   23:     0x5cf00a100609 - <std[70759c8f55707aa4]::sys::thread::unix::Thread>::new::thread_start
[INFO] [stdout]   24:     0x7909dd8bbdfa - <unknown>
[INFO] [stdout]   25:     0x7909dd94f3d4 - clone
[INFO] [stdout]   26:                0x0 - <unknown>
[INFO] [stdout] 
[INFO] [stdout] thread 'net::tests::oversized_json_rejected' (1691) panicked at src/net/tests.rs:74:62:
[INFO] [stdout] called `Result::unwrap()` on an `Err` value: Os { code: 111, kind: ConnectionRefused, message: "Connection refused" }
[INFO] [stdout] stack backtrace:
[INFO] [stdout]    0:     0x5cf00a1013b1 - <<std[70759c8f55707aa4]::sys::backtrace::BacktraceLock>::print::DisplayBacktrace as core[df12db4294e9bfd3]::fmt::Display>::fmt
[INFO] [stdout]    1:     0x5cf00a11768a - core[df12db4294e9bfd3]::fmt::write
[INFO] [stdout]    2:     0x5cf00a105e0c - <alloc[2182bb758b4b3781]::vec::Vec<u8> as core[df12db4294e9bfd3]::io::write::Write>::write_fmt
[INFO] [stdout]    3:     0x5cf00a0dba16 - std[70759c8f55707aa4]::panicking::default_hook::{closure#0}
[INFO] [stdout]    4:     0x5cf00a0f8ac9 - std[70759c8f55707aa4]::panicking::default_hook
[INFO] [stdout]    5:     0x5cf009fbf700 - test[9d35eded1c95d3be]::test_main_inner::<test[9d35eded1c95d3be]::test_main_static::{closure#0}>::{closure#0}
[INFO] [stdout]    6:     0x5cf00a0f8df2 - std[70759c8f55707aa4]::panicking::panic_with_hook
[INFO] [stdout]    7:     0x5cf00a0dbac2 - std[70759c8f55707aa4]::panicking::panic_handler::{closure#0}
[INFO] [stdout]    8:     0x5cf00a0d46b9 - std[70759c8f55707aa4]::sys::backtrace::__rust_end_short_backtrace::<std[70759c8f55707aa4]::panicking::panic_handler::{closure#0}, !>
[INFO] [stdout]    9:     0x5cf00a0dc8ad - __rustc[8fa7c3cbc660c2b3]::rust_begin_unwind
[INFO] [stdout]   10:     0x5cf00a117dec - core[df12db4294e9bfd3]::panicking::panic_fmt
[INFO] [stdout]   11:     0x5cf00a117bc2 - core[df12db4294e9bfd3]::result::unwrap_failed
[INFO] [stdout]   12:     0x5cf009f4eccb - utxone[cd57877a4f4a1dbf]::net::tests::util_connect_to::{closure#0}
[INFO] [stdout]   13:     0x5cf009f50d86 - utxone[cd57877a4f4a1dbf]::net::tests::oversized_json_rejected::{closure#0}
[INFO] [stdout]   14:     0x5cf009f42dcb - <tokio[626b5f7d9a860630]::runtime::scheduler::current_thread::CurrentThread>::block_on::<core[df12db4294e9bfd3]::pin::Pin<&mut dyn core[df12db4294e9bfd3]::future::future::Future<Output = ()>>>
[INFO] [stdout]   15:     0x5cf009f8a6f2 - <tokio[626b5f7d9a860630]::runtime::runtime::Runtime>::block_on::<core[df12db4294e9bfd3]::pin::Pin<&mut dyn core[df12db4294e9bfd3]::future::future::Future<Output = ()>>>
[INFO] [stdout]   16:     0x5cf009f5b39b - utxone[cd57877a4f4a1dbf]::net::tests::oversized_json_rejected
[INFO] [stdout]   17:     0x5cf009f984d9 - <utxone[cd57877a4f4a1dbf]::net::tests::oversized_json_rejected::{closure#0} as core[df12db4294e9bfd3]::ops::function::FnOnce<()>>::call_once
[INFO] [stdout]   18:     0x5cf009fb29eb - test[9d35eded1c95d3be]::__rust_begin_short_backtrace::<core[df12db4294e9bfd3]::result::Result<(), alloc[2182bb758b4b3781]::string::String>, fn() -> core[df12db4294e9bfd3]::result::Result<(), alloc[2182bb758b4b3781]::string::String>>
[INFO] [stdout]   19:     0x5cf009fc0055 - test[9d35eded1c95d3be]::run_test::{closure#0}
[INFO] [stdout]   20:     0x5cf009fb9914 - std[70759c8f55707aa4]::sys::backtrace::__rust_begin_short_backtrace::<test[9d35eded1c95d3be]::run_test::{closure#1}, ()>
[INFO] [stdout]   21:     0x5cf009fc31b2 - <std[70759c8f55707aa4]::thread::lifecycle::spawn_unchecked<test[9d35eded1c95d3be]::run_test::{closure#1}, ()>::{closure#1} as core[df12db4294e9bfd3]::ops::function::FnOnce<()>>::call_once::{shim:vtable#0}
[INFO] [stdout]   22:     0x5cf00a100609 - <std[70759c8f55707aa4]::sys::thread::unix::Thread>::new::thread_start
[INFO] [stdout]   23:     0x7909dd8bbdfa - <unknown>
[INFO] [stdout]   24:     0x7909dd94f3d4 - clone
[INFO] [stdout]   25:                0x0 - <unknown>
[INFO] [stdout] 
[INFO] [stdout] ---- net::tests::malformed_json_extra_field_rejected stdout ----
[INFO] [stdout] 
[INFO] [stdout] thread 'net::tests::malformed_json_extra_field_rejected' (1688) panicked at src/net/tests.rs:62:62:
[INFO] [stdout] called `Result::unwrap()` on an `Err` value: Io(Os { code: 98, kind: AddrInUse, message: "Address already in use" })
[INFO] [stdout] stack backtrace:
[INFO] [stdout]    0:     0x5cf00a1013b1 - <<std[70759c8f55707aa4]::sys::backtrace::BacktraceLock>::print::DisplayBacktrace as core[df12db4294e9bfd3]::fmt::Display>::fmt
[INFO] [stdout]    1:     0x5cf00a11768a - core[df12db4294e9bfd3]::fmt::write
[INFO] [stdout]    2:     0x5cf00a105e0c - <alloc[2182bb758b4b3781]::vec::Vec<u8> as core[df12db4294e9bfd3]::io::write::Write>::write_fmt
[INFO] [stdout]    3:     0x5cf00a0dba16 - std[70759c8f55707aa4]::panicking::default_hook::{closure#0}
[INFO] [stdout]    4:     0x5cf00a0f8ac9 - std[70759c8f55707aa4]::panicking::default_hook
[INFO] [stdout]    5:     0x5cf009fbf700 - test[9d35eded1c95d3be]::test_main_inner::<test[9d35eded1c95d3be]::test_main_static::{closure#0}>::{closure#0}
[INFO] [stdout]    6:     0x5cf00a0f8df2 - std[70759c8f55707aa4]::panicking::panic_with_hook
[INFO] [stdout]    7:     0x5cf00a0dbac2 - std[70759c8f55707aa4]::panicking::panic_handler::{closure#0}
[INFO] [stdout]    8:     0x5cf00a0d46b9 - std[70759c8f55707aa4]::sys::backtrace::__rust_end_short_backtrace::<std[70759c8f55707aa4]::panicking::panic_handler::{closure#0}, !>
[INFO] [stdout]    9:     0x5cf00a0dc8ad - __rustc[8fa7c3cbc660c2b3]::rust_begin_unwind
[INFO] [stdout]   10:     0x5cf00a117dec - core[df12db4294e9bfd3]::panicking::panic_fmt
[INFO] [stdout]   11:     0x5cf00a117bc2 - core[df12db4294e9bfd3]::result::unwrap_failed
[INFO] [stdout]   12:     0x5cf009f2373e - utxone[cd57877a4f4a1dbf]::net::tests::util_spawn_test_server::{closure#0}::{closure#0}
[INFO] [stdout]   13:     0x5cf009f30d37 - <tokio[626b5f7d9a860630]::runtime::task::core::Core<utxone[cd57877a4f4a1dbf]::net::tests::util_spawn_test_server::{closure#0}::{closure#0}, alloc[2182bb758b4b3781]::sync::Arc<tokio[626b5f7d9a860630]::runtime::scheduler::multi_thread::handle::Handle>>>::poll
[INFO] [stdout]   14:     0x5cf009f0b78f - <tokio[626b5f7d9a860630]::runtime::task::harness::Harness<utxone[cd57877a4f4a1dbf]::net::tests::util_spawn_test_server::{closure#0}::{closure#0}, alloc[2182bb758b4b3781]::sync::Arc<tokio[626b5f7d9a860630]::runtime::scheduler::current_thread::Handle>>>::poll
[INFO] [stdout]   15:     0x5cf009f42ecc - <tokio[626b5f7d9a860630]::runtime::scheduler::current_thread::CurrentThread>::block_on::<core[df12db4294e9bfd3]::pin::Pin<&mut dyn core[df12db4294e9bfd3]::future::future::Future<Output = ()>>>
[INFO] [stdout]   16:     0x5cf009f8a6f2 - <tokio[626b5f7d9a860630]::runtime::runtime::Runtime>::block_on::<core[df12db4294e9bfd3]::pin::Pin<&mut dyn core[df12db4294e9bfd3]::future::future::Future<Output = ()>>>
[INFO] [stdout]   17:     0x5cf009f5bb7b - utxone[cd57877a4f4a1dbf]::net::tests::malformed_json_extra_field_rejected
[INFO] [stdout]   18:     0x5cf009f98599 - <utxone[cd57877a4f4a1dbf]::net::tests::malformed_json_extra_field_rejected::{closure#0} as core[df12db4294e9bfd3]::ops::function::FnOnce<()>>::call_once
[INFO] [stdout]   19:     0x5cf009fb29eb - test[9d35eded1c95d3be]::__rust_begin_short_backtrace::<core[df12db4294e9bfd3]::result::Result<(), alloc[2182bb758b4b3781]::string::String>, fn() -> core[df12db4294e9bfd3]::result::Result<(), alloc[2182bb758b4b3781]::string::String>>
[INFO] [stdout]   20:     0x5cf009fc0055 - test[9d35eded1c95d3be]::run_test::{closure#0}
[INFO] [stdout]   21:     0x5cf009fb9914 - std[70759c8f55707aa4]::sys::backtrace::__rust_begin_short_backtrace::<test[9d35eded1c95d3be]::run_test::{closure#1}, ()>
[INFO] [stdout]   22:     0x5cf009fc31b2 - <std[70759c8f55707aa4]::thread::lifecycle::spawn_unchecked<test[9d35eded1c95d3be]::run_test::{closure#1}, ()>::{closure#1} as core[df12db4294e9bfd3]::ops::function::FnOnce<()>>::call_once::{shim:vtable#0}
[INFO] [stdout]   23:     0x5cf00a100609 - <std[70759c8f55707aa4]::sys::thread::unix::Thread>::new::thread_start
[INFO] [stdout]   24:     0x7909dd8bbdfa - <unknown>
[INFO] [stdout]   25:     0x7909dd94f3d4 - clone
[INFO] [stdout]   26:                0x0 - <unknown>
[INFO] [stdout] 
[INFO] [stdout] thread 'net::tests::malformed_json_extra_field_rejected' (1688) panicked at src/net/tests.rs:74:62:
[INFO] [stdout] called `Result::unwrap()` on an `Err` value: Os { code: 111, kind: ConnectionRefused, message: "Connection refused" }
[INFO] [stdout] stack backtrace:
[INFO] [stdout]    0:     0x5cf00a1013b1 - <<std[70759c8f55707aa4]::sys::backtrace::BacktraceLock>::print::DisplayBacktrace as core[df12db4294e9bfd3]::fmt::Display>::fmt
[INFO] [stdout]    1:     0x5cf00a11768a - core[df12db4294e9bfd3]::fmt::write
[INFO] [stdout]    2:     0x5cf00a105e0c - <alloc[2182bb758b4b3781]::vec::Vec<u8> as core[df12db4294e9bfd3]::io::write::Write>::write_fmt
[INFO] [stdout]    3:     0x5cf00a0dba16 - std[70759c8f55707aa4]::panicking::default_hook::{closure#0}
[INFO] [stdout]    4:     0x5cf00a0f8ac9 - std[70759c8f55707aa4]::panicking::default_hook
[INFO] [stdout]    5:     0x5cf009fbf700 - test[9d35eded1c95d3be]::test_main_inner::<test[9d35eded1c95d3be]::test_main_static::{closure#0}>::{closure#0}
[INFO] [stdout]    6:     0x5cf00a0f8df2 - std[70759c8f55707aa4]::panicking::panic_with_hook
[INFO] [stdout]    7:     0x5cf00a0dbac2 - std[70759c8f55707aa4]::panicking::panic_handler::{closure#0}
[INFO] [stdout]    8:     0x5cf00a0d46b9 - std[70759c8f55707aa4]::sys::backtrace::__rust_end_short_backtrace::<std[70759c8f55707aa4]::panicking::panic_handler::{closure#0}, !>
[INFO] [stdout]    9:     0x5cf00a0dc8ad - __rustc[8fa7c3cbc660c2b3]::rust_begin_unwind
[INFO] [stdout]   10:     0x5cf00a117dec - core[df12db4294e9bfd3]::panicking::panic_fmt
[INFO] [stdout]   11:     0x5cf00a117bc2 - core[df12db4294e9bfd3]::result::unwrap_failed
[INFO] [stdout]   12:     0x5cf009f4eccb - utxone[cd57877a4f4a1dbf]::net::tests::util_connect_to::{closure#0}
[INFO] [stdout]   13:     0x5cf009f57dd0 - utxone[cd57877a4f4a1dbf]::net::tests::malformed_json_extra_field_rejected::{closure#0}
[INFO] [stdout]   14:     0x5cf009f42dcb - <tokio[626b5f7d9a860630]::runtime::scheduler::current_thread::CurrentThread>::block_on::<core[df12db4294e9bfd3]::pin::Pin<&mut dyn core[df12db4294e9bfd3]::future::future::Future<Output = ()>>>
[INFO] [stdout]   15:     0x5cf009f8a6f2 - <tokio[626b5f7d9a860630]::runtime::runtime::Runtime>::block_on::<core[df12db4294e9bfd3]::pin::Pin<&mut dyn core[df12db4294e9bfd3]::future::future::Future<Output = ()>>>
[INFO] [stdout]   16:     0x5cf009f5bb7b - utxone[cd57877a4f4a1dbf]::net::tests::malformed_json_extra_field_rejected
[INFO] [stdout]   17:     0x5cf009f98599 - <utxone[cd57877a4f4a1dbf]::net::tests::malformed_json_extra_field_rejected::{closure#0} as core[df12db4294e9bfd3]::ops::function::FnOnce<()>>::call_once
[INFO] [stdout]   18:     0x5cf009fb29eb - test[9d35eded1c95d3be]::__rust_begin_short_backtrace::<core[df12db4294e9bfd3]::result::Result<(), alloc[2182bb758b4b3781]::string::String>, fn() -> core[df12db4294e9bfd3]::result::Result<(), alloc[2182bb758b4b3781]::string::String>>
[INFO] [stdout]   19:     0x5cf009fc0055 - test[9d35eded1c95d3be]::run_test::{closure#0}
[INFO] [stdout]   20:     0x5cf009fb9914 - std[70759c8f55707aa4]::sys::backtrace::__rust_begin_short_backtrace::<test[9d35eded1c95d3be]::run_test::{closure#1}, ()>
[INFO] [stdout]   21:     0x5cf009fc31b2 - <std[70759c8f55707aa4]::thread::lifecycle::spawn_unchecked<test[9d35eded1c95d3be]::run_test::{closure#1}, ()>::{closure#1} as core[df12db4294e9bfd3]::ops::function::FnOnce<()>>::call_once::{shim:vtable#0}
[INFO] [stdout]   22:     0x5cf00a100609 - <std[70759c8f55707aa4]::sys::thread::unix::Thread>::new::thread_start
[INFO] [stdout]   23:     0x7909dd8bbdfa - <unknown>
[INFO] [stdout]   24:     0x7909dd94f3d4 - clone
[INFO] [stdout]   25:                0x0 - <unknown>
[INFO] [stdout] 
[INFO] [stdout] ---- net::tests::malformed_json_missing_field_rejected stdout ----
[INFO] [stdout] 
[INFO] [stdout] thread 'net::tests::malformed_json_missing_field_rejected' (1689) panicked at src/net/tests.rs:62:62:
[INFO] [stdout] called `Result::unwrap()` on an `Err` value: Io(Os { code: 98, kind: AddrInUse, message: "Address already in use" })
[INFO] [stdout] stack backtrace:
[INFO] [stdout]    0:     0x5cf00a1013b1 - <<std[70759c8f55707aa4]::sys::backtrace::BacktraceLock>::print::DisplayBacktrace as core[df12db4294e9bfd3]::fmt::Display>::fmt
[INFO] [stdout]    1:     0x5cf00a11768a - core[df12db4294e9bfd3]::fmt::write
[INFO] [stdout]    2:     0x5cf00a105e0c - <alloc[2182bb758b4b3781]::vec::Vec<u8> as core[df12db4294e9bfd3]::io::write::Write>::write_fmt
[INFO] [stdout]    3:     0x5cf00a0dba16 - std[70759c8f55707aa4]::panicking::default_hook::{closure#0}
[INFO] [stdout]    4:     0x5cf00a0f8ac9 - std[70759c8f55707aa4]::panicking::default_hook
[INFO] [stdout]    5:     0x5cf009fbf700 - test[9d35eded1c95d3be]::test_main_inner::<test[9d35eded1c95d3be]::test_main_static::{closure#0}>::{closure#0}
[INFO] [stdout]    6:     0x5cf00a0f8df2 - std[70759c8f55707aa4]::panicking::panic_with_hook
[INFO] [stdout]    7:     0x5cf00a0dbac2 - std[70759c8f55707aa4]::panicking::panic_handler::{closure#0}
[INFO] [stdout]    8:     0x5cf00a0d46b9 - std[70759c8f55707aa4]::sys::backtrace::__rust_end_short_backtrace::<std[70759c8f55707aa4]::panicking::panic_handler::{closure#0}, !>
[INFO] [stdout]    9:     0x5cf00a0dc8ad - __rustc[8fa7c3cbc660c2b3]::rust_begin_unwind
[INFO] [stdout]   10:     0x5cf00a117dec - core[df12db4294e9bfd3]::panicking::panic_fmt
[INFO] [stdout]   11:     0x5cf00a117bc2 - core[df12db4294e9bfd3]::result::unwrap_failed
[INFO] [stdout]   12:     0x5cf009f2373e - utxone[cd57877a4f4a1dbf]::net::tests::util_spawn_test_server::{closure#0}::{closure#0}
[INFO] [stdout]   13:     0x5cf009f30d37 - <tokio[626b5f7d9a860630]::runtime::task::core::Core<utxone[cd57877a4f4a1dbf]::net::tests::util_spawn_test_server::{closure#0}::{closure#0}, alloc[2182bb758b4b3781]::sync::Arc<tokio[626b5f7d9a860630]::runtime::scheduler::multi_thread::handle::Handle>>>::poll
[INFO] [stdout]   14:     0x5cf009f0b78f - <tokio[626b5f7d9a860630]::runtime::task::harness::Harness<utxone[cd57877a4f4a1dbf]::net::tests::util_spawn_test_server::{closure#0}::{closure#0}, alloc[2182bb758b4b3781]::sync::Arc<tokio[626b5f7d9a860630]::runtime::scheduler::current_thread::Handle>>>::poll
[INFO] [stdout]   15:     0x5cf009f42ecc - <tokio[626b5f7d9a860630]::runtime::scheduler::current_thread::CurrentThread>::block_on::<core[df12db4294e9bfd3]::pin::Pin<&mut dyn core[df12db4294e9bfd3]::future::future::Future<Output = ()>>>
[INFO] [stdout]   16:     0x5cf009f8a6f2 - <tokio[626b5f7d9a860630]::runtime::runtime::Runtime>::block_on::<core[df12db4294e9bfd3]::pin::Pin<&mut dyn core[df12db4294e9bfd3]::future::future::Future<Output = ()>>>
[INFO] [stdout]   17:     0x5cf009f5bccb - utxone[cd57877a4f4a1dbf]::net::tests::malformed_json_missing_field_rejected
[INFO] [stdout]   18:     0x5cf009f985b9 - <utxone[cd57877a4f4a1dbf]::net::tests::malformed_json_missing_field_rejected::{closure#0} as core[df12db4294e9bfd3]::ops::function::FnOnce<()>>::call_once
[INFO] [stdout]   19:     0x5cf009fb29eb - test[9d35eded1c95d3be]::__rust_begin_short_backtrace::<core[df12db4294e9bfd3]::result::Result<(), alloc[2182bb758b4b3781]::string::String>, fn() -> core[df12db4294e9bfd3]::result::Result<(), alloc[2182bb758b4b3781]::string::String>>
[INFO] [stdout]   20:     0x5cf009fc0055 - test[9d35eded1c95d3be]::run_test::{closure#0}
[INFO] [stdout]   21:     0x5cf009fb9914 - std[70759c8f55707aa4]::sys::backtrace::__rust_begin_short_backtrace::<test[9d35eded1c95d3be]::run_test::{closure#1}, ()>
[INFO] [stdout]   22:     0x5cf009fc31b2 - <std[70759c8f55707aa4]::thread::lifecycle::spawn_unchecked<test[9d35eded1c95d3be]::run_test::{closure#1}, ()>::{closure#1} as core[df12db4294e9bfd3]::ops::function::FnOnce<()>>::call_once::{shim:vtable#0}
[INFO] [stdout]   23:     0x5cf00a100609 - <std[70759c8f55707aa4]::sys::thread::unix::Thread>::new::thread_start
[INFO] [stdout]   24:     0x7909dd8bbdfa - <unknown>
[INFO] [stdout]   25:     0x7909dd94f3d4 - clone
[INFO] [stdout]   26:                0x0 - <unknown>
[INFO] [stdout] 
[INFO] [stdout] thread 'net::tests::malformed_json_missing_field_rejected' (1689) panicked at src/net/tests.rs:74:62:
[INFO] [stdout] called `Result::unwrap()` on an `Err` value: Os { code: 111, kind: ConnectionRefused, message: "Connection refused" }
[INFO] [stdout] stack backtrace:
[INFO] [stdout]    0:     0x5cf00a1013b1 - <<std[70759c8f55707aa4]::sys::backtrace::BacktraceLock>::print::DisplayBacktrace as core[df12db4294e9bfd3]::fmt::Display>::fmt
[INFO] [stdout]    1:     0x5cf00a11768a - core[df12db4294e9bfd3]::fmt::write
[INFO] [stdout]    2:     0x5cf00a105e0c - <alloc[2182bb758b4b3781]::vec::Vec<u8> as core[df12db4294e9bfd3]::io::write::Write>::write_fmt
[INFO] [stdout]    3:     0x5cf00a0dba16 - std[70759c8f55707aa4]::panicking::default_hook::{closure#0}
[INFO] [stdout]    4:     0x5cf00a0f8ac9 - std[70759c8f55707aa4]::panicking::default_hook
[INFO] [stdout]    5:     0x5cf009fbf700 - test[9d35eded1c95d3be]::test_main_inner::<test[9d35eded1c95d3be]::test_main_static::{closure#0}>::{closure#0}
[INFO] [stdout]    6:     0x5cf00a0f8df2 - std[70759c8f55707aa4]::panicking::panic_with_hook
[INFO] [stdout]    7:     0x5cf00a0dbac2 - std[70759c8f55707aa4]::panicking::panic_handler::{closure#0}
[INFO] [stdout]    8:     0x5cf00a0d46b9 - std[70759c8f55707aa4]::sys::backtrace::__rust_end_short_backtrace::<std[70759c8f55707aa4]::panicking::panic_handler::{closure#0}, !>
[INFO] [stdout]    9:     0x5cf00a0dc8ad - __rustc[8fa7c3cbc660c2b3]::rust_begin_unwind
[INFO] [stdout]   10:     0x5cf00a117dec - core[df12db4294e9bfd3]::panicking::panic_fmt
[INFO] [stdout]   11:     0x5cf00a117bc2 - core[df12db4294e9bfd3]::result::unwrap_failed
[INFO] [stdout]   12:     0x5cf009f4eccb - utxone[cd57877a4f4a1dbf]::net::tests::util_connect_to::{closure#0}
[INFO] [stdout]   13:     0x5cf009f5899b - utxone[cd57877a4f4a1dbf]::net::tests::malformed_json_missing_field_rejected::{closure#0}
[INFO] [stdout]   14:     0x5cf009f42dcb - <tokio[626b5f7d9a860630]::runtime::scheduler::current_thread::CurrentThread>::block_on::<core[df12db4294e9bfd3]::pin::Pin<&mut dyn core[df12db4294e9bfd3]::future::future::Future<Output = ()>>>
[INFO] [stdout]   15:     0x5cf009f8a6f2 - <tokio[626b5f7d9a860630]::runtime::runtime::Runtime>::block_on::<core[df12db4294e9bfd3]::pin::Pin<&mut dyn core[df12db4294e9bfd3]::future::future::Future<Output = ()>>>
[INFO] [stdout]   16:     0x5cf009f5bccb - utxone[cd57877a4f4a1dbf]::net::tests::malformed_json_missing_field_rejected
[INFO] [stdout]   17:     0x5cf009f985b9 - <utxone[cd57877a4f4a1dbf]::net::tests::malformed_json_missing_field_rejected::{closure#0} as core[df12db4294e9bfd3]::ops::function::FnOnce<()>>::call_once
[INFO] [stdout]   18:     0x5cf009fb29eb - test[9d35eded1c95d3be]::__rust_begin_short_backtrace::<core[df12db4294e9bfd3]::result::Result<(), alloc[2182bb758b4b3781]::string::String>, fn() -> core[df12db4294e9bfd3]::result::Result<(), alloc[2182bb758b4b3781]::string::String>>
[INFO] [stdout]   19:     0x5cf009fc0055 - test[9d35eded1c95d3be]::run_test::{closure#0}
[INFO] [stdout]   20:     0x5cf009fb9914 - std[70759c8f55707aa4]::sys::backtrace::__rust_begin_short_backtrace::<test[9d35eded1c95d3be]::run_test::{closure#1}, ()>
[INFO] [stdout]   21:     0x5cf009fc31b2 - <std[70759c8f55707aa4]::thread::lifecycle::spawn_unchecked<test[9d35eded1c95d3be]::run_test::{closure#1}, ()>::{closure#1} as core[df12db4294e9bfd3]::ops::function::FnOnce<()>>::call_once::{shim:vtable#0}
[INFO] [stdout]   22:     0x5cf00a100609 - <std[70759c8f55707aa4]::sys::thread::unix::Thread>::new::thread_start
[INFO] [stdout]   23:     0x7909dd8bbdfa - <unknown>
[INFO] [stdout]   24:     0x7909dd94f3d4 - clone
[INFO] [stdout]   25:                0x0 - <unknown>
[INFO] [stdout] 
[INFO] [stdout] 
[INFO] [stdout] failures:
[INFO] [stdout]     net::tests::inbound_counter_counts_active_connections
[INFO] [stdout]     net::tests::malformed_json_extra_field_rejected
[INFO] [stdout]     net::tests::malformed_json_missing_field_rejected
[INFO] [stdout]     net::tests::malformed_json_truncated_rejected
[INFO] [stdout]     net::tests::oversized_json_rejected
[INFO] [stdout]     net::tests::test_getpeers_empty
[INFO] [stdout]     net::tests::test_peers_message_appends
[INFO] [stdout]     net::tests::two_nodes_discover_each_other
[INFO] [stdout]     net::tests::unknown_message_type_ignored
[INFO] [stdout] 
[INFO] [stdout] test result: FAILED. 44 passed; 9 failed; 2 ignored; 0 measured; 0 filtered out; finished in 3.11s
[INFO] [stdout] 
[INFO] running `Command { std: "docker" "inspect" "14e9dc480f4b8c05d16fb925b61d1d6f44416d1a4dac2a677c0585f7b9d39a41", kill_on_drop: false }`
[INFO] running `Command { std: "docker" "rm" "-f" "14e9dc480f4b8c05d16fb925b61d1d6f44416d1a4dac2a677c0585f7b9d39a41", kill_on_drop: false }`
[INFO] [stdout] 14e9dc480f4b8c05d16fb925b61d1d6f44416d1a4dac2a677c0585f7b9d39a41
