[INFO] cloning repository https://github.com/guidoPeirano/tp-concurrentes
[INFO] running `Command { std: "git" "-c" "credential.helper=" "-c" "credential.helper=/workspace/cargo-home/bin/git-credential-null" "clone" "--bare" "https://github.com/guidoPeirano/tp-concurrentes" "/workspace/cache/git-repos/https%3A%2F%2Fgithub.com%2FguidoPeirano%2Ftp-concurrentes", kill_on_drop: false }`
[INFO] [stderr] Cloning into bare repository '/workspace/cache/git-repos/https%3A%2F%2Fgithub.com%2FguidoPeirano%2Ftp-concurrentes'...
[INFO] running `Command { std: "git" "rev-parse" "HEAD", kill_on_drop: false }`
[INFO] [stdout] 747a36a4df33fdcf5ffcc349afc9b8afaa925d4f
[INFO] testing guidoPeirano/tp-concurrentes against 1.99.0-beta.8+cargoflags=--release for beta-release-1.100-3
[INFO] running `Command { std: "git" "clone" "/workspace/cache/git-repos/https%3A%2F%2Fgithub.com%2FguidoPeirano%2Ftp-concurrentes" "/workspace/builds/worker-6-tc1/source", kill_on_drop: false }`
[INFO] [stderr] Cloning into '/workspace/builds/worker-6-tc1/source'...
[INFO] [stderr] done.
[INFO] started tweaking git repo https://github.com/guidoPeirano/tp-concurrentes
[INFO] finished tweaking git repo https://github.com/guidoPeirano/tp-concurrentes
[INFO] tweaked toml for git repo https://github.com/guidoPeirano/tp-concurrentes written to /workspace/builds/worker-6-tc1/source/Cargo.toml
[INFO] validating manifest of git repo https://github.com/guidoPeirano/tp-concurrentes on toolchain 1.99.0-beta.8
[INFO] running `Command { std: CARGO_HOME="/workspace/cargo-home" RUSTUP_HOME="/workspace/rustup-home" "/workspace/cargo-home/bin/cargo" "+1.99.0-beta.8" "metadata" "--manifest-path" "Cargo.toml" "--no-deps", kill_on_drop: false }`
[INFO] crate git repo https://github.com/guidoPeirano/tp-concurrentes already has a lockfile, it will not be regenerated
[INFO] running `Command { std: CARGO_HOME="/workspace/cargo-home" RUSTUP_HOME="/workspace/rustup-home" "/workspace/cargo-home/bin/cargo" "+1.99.0-beta.8" "fetch" "--manifest-path" "Cargo.toml", kill_on_drop: false }`
[INFO] [stderr]     Blocking waiting for file lock on package cache
[INFO] [stderr]     Updating crates.io index
[INFO] [stderr]     Blocking waiting for file lock on package cache
[INFO] [stderr]  Downloading crates ...
[INFO] [stderr]   Downloaded socket2 v0.6.4
[INFO] [stderr]   Downloaded actix_derive v0.6.2
[INFO] [stderr]   Downloaded serde_json v1.0.150
[INFO] [stderr]   Downloaded actix-rt v2.11.0
[INFO] [stderr]   Downloaded crossbeam-utils v0.8.21
[INFO] [stderr]   Downloaded bitflags v2.13.0
[INFO] [stderr]   Downloaded log v0.4.32
[INFO] [stderr]   Downloaded actix v0.13.5
[INFO] [stderr]   Downloaded crossbeam-channel v0.5.15
[INFO] [stderr]   Downloaded memchr v2.8.1
[INFO] [stderr]   Downloaded mio v1.2.1
[INFO] [stderr]   Downloaded tokio v1.52.3
[INFO] running `Command { std: "docker" "create" "-v" "/var/lib/crater-agent-workspace/builds/worker-6-tc1/source:/opt/rustwide/workdir:ro,Z" "-v" "/var/lib/crater-agent-workspace/builds/worker-6-tc1/target:/opt/rustwide/target:rw,Z" "-v" "/var/lib/crater-agent-workspace/cargo-home:/opt/rustwide/cargo-home:ro,Z" "-v" "/var/lib/crater-agent-workspace/rustup-home:/opt/rustwide/rustup-home:ro,Z" "-m" "1610612736" "--network" "none" "ghcr.io/rust-lang/crates-build-env/linux@sha256:77db811e55d90add9212f6832c23229e3de5f1c1f9905e8cb07319ea15df73ac" "sleep" "infinity", kill_on_drop: false }`
[INFO] [stdout] 6543022a035b56dc4f45e4933ac9888ad57c0c331bb163655c0fab9bf2c6e2a5
[INFO] running `Command { std: "docker" "start" "6543022a035b56dc4f45e4933ac9888ad57c0c331bb163655c0fab9bf2c6e2a5", kill_on_drop: false }`
[INFO] running `Command { std: "docker" "inspect" "6543022a035b56dc4f45e4933ac9888ad57c0c331bb163655c0fab9bf2c6e2a5", kill_on_drop: false }`
[INFO] running `Command { std: "docker" "exec" "-e" "SOURCE_DIR=/opt/rustwide/workdir" "-e" "CARGO_HOME=/opt/rustwide/cargo-home" "-e" "RUSTUP_HOME=/opt/rustwide/rustup-home" "-e" "CARGO_TARGET_DIR=/opt/rustwide/target" "-w" "/opt/rustwide/workdir" "--user" "0:0" "6543022a035b56dc4f45e4933ac9888ad57c0c331bb163655c0fab9bf2c6e2a5" "/opt/rustwide/cargo-home/bin/cargo" "+1.99.0-beta.8" "metadata" "--no-deps" "--format-version=1", kill_on_drop: false }`
[INFO] running `Command { std: "docker" "inspect" "6543022a035b56dc4f45e4933ac9888ad57c0c331bb163655c0fab9bf2c6e2a5", kill_on_drop: false }`
[INFO] running `Command { std: "docker" "exec" "-e" "SOURCE_DIR=/opt/rustwide/workdir" "-e" "CARGO_HOME=/opt/rustwide/cargo-home" "-e" "RUSTUP_HOME=/opt/rustwide/rustup-home" "-e" "CARGO_TARGET_DIR=/opt/rustwide/target" "-e" "CARGO_INCREMENTAL=0" "-e" "RUST_BACKTRACE=full" "-e" "RUSTFLAGS=--cap-lints=warn" "-e" "RUSTDOCFLAGS=--cap-lints=warn" "-w" "/opt/rustwide/workdir" "--user" "0:0" "6543022a035b56dc4f45e4933ac9888ad57c0c331bb163655c0fab9bf2c6e2a5" "/opt/rustwide/cargo-home/bin/cargo" "+1.99.0-beta.8" "build" "--frozen" "--message-format=json" "--release", kill_on_drop: false }`
[INFO] [stderr]    Compiling libc v0.2.186
[INFO] [stderr]    Compiling proc-macro2 v1.0.106
[INFO] [stderr]    Compiling quote v1.0.45
[INFO] [stderr]    Compiling unicode-ident v1.0.24
[INFO] [stderr]    Compiling parking_lot_core v0.9.12
[INFO] [stderr]    Compiling cfg-if v1.0.4
[INFO] [stderr]    Compiling smallvec v1.15.1
[INFO] [stderr]    Compiling scopeguard v1.2.0
[INFO] [stderr]    Compiling pin-project-lite v0.2.17
[INFO] [stderr]    Compiling lock_api v0.4.14
[INFO] [stderr]    Compiling futures-core v0.3.32
[INFO] [stderr]    Compiling crossbeam-utils v0.8.21
[INFO] [stderr]    Compiling serde_core v1.0.228
[INFO] [stderr]    Compiling bytes v1.11.1
[INFO] [stderr]    Compiling zmij v1.0.21
[INFO] [stderr]    Compiling futures-task v0.3.32
[INFO] [stderr]    Compiling futures-sink v0.3.32
[INFO] [stderr]    Compiling serde v1.0.228
[INFO] [stderr]    Compiling serde_json v1.0.150
[INFO] [stderr]    Compiling futures-util v0.3.32
[INFO] [stderr]    Compiling log v0.4.32
[INFO] [stderr]    Compiling memchr v2.8.1
[INFO] [stderr]    Compiling once_cell v1.21.4
[INFO] [stderr]    Compiling crossbeam-channel v0.5.15
[INFO] [stderr]    Compiling bitflags v2.13.0
[INFO] [stderr]    Compiling syn v2.0.117
[INFO] [stderr]    Compiling itoa v1.0.18
[INFO] [stderr]    Compiling errno v0.3.14
[INFO] [stderr]    Compiling signal-hook-registry v1.4.8
[INFO] [stderr]    Compiling parking_lot v0.12.5
[INFO] [stderr]    Compiling mio v1.2.1
[INFO] [stderr]    Compiling socket2 v0.6.4
[INFO] [stderr]    Compiling tokio v1.52.3
[INFO] [stderr]    Compiling serde_derive v1.0.228
[INFO] [stderr]    Compiling actix-macros v0.2.4
[INFO] [stderr]    Compiling actix_derive v0.6.2
[INFO] [stderr]    Compiling actix-rt v2.11.0
[INFO] [stderr]    Compiling tokio-util v0.7.18
[INFO] [stderr]    Compiling actix v0.13.5
[INFO] [stderr]    Compiling comun v0.1.0 (/opt/rustwide/workdir/comun)
[INFO] [stderr]    Compiling usuario v0.1.0 (/opt/rustwide/workdir/usuario)
[INFO] [stderr]    Compiling pasarela v0.1.0 (/opt/rustwide/workdir/pasarela)
[INFO] [stderr]    Compiling estacion v0.1.0 (/opt/rustwide/workdir/estacion)
[INFO] [stderr]     Finished `release` profile [optimized] target(s) in 1m 07s
[INFO] running `Command { std: "docker" "inspect" "6543022a035b56dc4f45e4933ac9888ad57c0c331bb163655c0fab9bf2c6e2a5", kill_on_drop: false }`
[INFO] running `Command { std: "docker" "exec" "-e" "SOURCE_DIR=/opt/rustwide/workdir" "-e" "CARGO_HOME=/opt/rustwide/cargo-home" "-e" "RUSTUP_HOME=/opt/rustwide/rustup-home" "-e" "CARGO_TARGET_DIR=/opt/rustwide/target" "-e" "CARGO_INCREMENTAL=0" "-e" "RUST_BACKTRACE=full" "-e" "RUSTFLAGS=--cap-lints=warn" "-e" "RUSTDOCFLAGS=--cap-lints=warn" "-w" "/opt/rustwide/workdir" "--user" "0:0" "6543022a035b56dc4f45e4933ac9888ad57c0c331bb163655c0fab9bf2c6e2a5" "/opt/rustwide/cargo-home/bin/cargo" "+1.99.0-beta.8" "test" "--frozen" "--no-run" "--message-format=json" "--release", kill_on_drop: false }`
[INFO] [stderr]    Compiling comun v0.1.0 (/opt/rustwide/workdir/comun)
[INFO] [stderr]    Compiling usuario v0.1.0 (/opt/rustwide/workdir/usuario)
[INFO] [stderr]    Compiling pasarela v0.1.0 (/opt/rustwide/workdir/pasarela)
[INFO] [stderr]    Compiling estacion v0.1.0 (/opt/rustwide/workdir/estacion)
[INFO] [stderr]     Finished `release` profile [optimized] target(s) in 46.85s
[INFO] running `Command { std: "docker" "inspect" "6543022a035b56dc4f45e4933ac9888ad57c0c331bb163655c0fab9bf2c6e2a5", kill_on_drop: false }`
[INFO] running `Command { std: "docker" "exec" "-e" "SOURCE_DIR=/opt/rustwide/workdir" "-e" "CARGO_HOME=/opt/rustwide/cargo-home" "-e" "RUSTUP_HOME=/opt/rustwide/rustup-home" "-e" "CARGO_TARGET_DIR=/opt/rustwide/target" "-e" "CARGO_INCREMENTAL=0" "-e" "RUST_BACKTRACE=full" "-e" "RUSTFLAGS=--cap-lints=warn" "-e" "RUSTDOCFLAGS=--cap-lints=warn" "-w" "/opt/rustwide/workdir" "--user" "0:0" "6543022a035b56dc4f45e4933ac9888ad57c0c331bb163655c0fab9bf2c6e2a5" "/opt/rustwide/cargo-home/bin/cargo" "+1.99.0-beta.8" "test" "--frozen" "--release", kill_on_drop: false }`
[INFO] [stderr]     Finished `release` profile [optimized] target(s) in 0.08s
[INFO] [stderr]      Running unittests src/lib.rs (/opt/rustwide/target/release/deps/comun-6cef99a4f9812144)
[INFO] [stdout] 
[INFO] [stdout] running 20 tests
[INFO] [stdout] test config::tests::direccion_del_lider ... ok
[INFO] [stdout] test config::tests::parsea_config_de_ejemplo ... ok
[INFO] [stdout] test framing::tests::mensaje_partido_en_varios_reads ... ok
[INFO] [stdout] test framing::tests::enmarcar_y_desenmarcar_un_mensaje ... ok
[INFO] [stdout] test config::tests::busca_estacion_por_id ... ok
[INFO] [stdout] test persistencia::tests::cargar_un_archivo_corrupto_devuelve_none ... ok
[INFO] [stdout] test tests::round_trip_de_alquiler ... ok
[INFO] [stdout] test tests::round_trip_de_ids ... ok
[INFO] [stdout] test tests::round_trip_de_info_estacion ... ok
[INFO] [stdout] test framing::tests::varios_mensajes_en_un_mismo_buffer ... ok
[INFO] [stdout] test persistencia::tests::cargar_un_archivo_inexistente_devuelve_none ... ok
[INFO] [stdout] test tests::round_trip_de_tarjeta ... ok
[INFO] [stdout] test tests::round_trip_mensaje_entre_estaciones ... ok
[INFO] [stdout] test tests::round_trip_mensaje_consulta_usuario ... ok
[INFO] [stdout] test tests::round_trip_mensaje_estacion_pasarela ... ok
[INFO] [stdout] test persistencia::tests::round_trip_de_un_estado ... ok
[INFO] [stdout] test tests::round_trip_mensaje_usuario_estacion ... ok
[INFO] [stdout] test comunicador::tests::intercambio_tcp_y_udp_entre_dos_comunicadores ... ok
[INFO] [stdout] test comunicador::tests::el_corte_simulado_descarta_lo_que_entra_y_lo_que_sale ... ok
[INFO] [stdout] test comunicador::tests::marca_inalcanzable_tras_fallar_y_se_recupera_con_el_resondeo ... ok
[INFO] [stderr]      Running unittests src/main.rs (/opt/rustwide/target/release/deps/estacion-c1aeb91a871898e5)
[INFO] [stdout] 
[INFO] [stdout] test result: ok. 20 passed; 0 failed; 0 ignored; 0 measured; 0 filtered out; finished in 3.02s
[INFO] [stdout] 
[INFO] [stdout] 
[INFO] [stdout] running 47 tests
[INFO] [stdout] test eleccion::tests::el_coordinator_que_da_la_vuelta_cierra_el_anillo ... ok
[INFO] [stdout] test eleccion::tests::el_iniciador_que_es_el_mayor_asume_al_cerrar ... ok
[INFO] [stdout] test eleccion::tests::el_term_incrementa_al_cerrar_la_eleccion ... ok
[INFO] [stdout] test eleccion::tests::dos_elecciones_simultaneas_convergen_al_mismo_lider ... ok
[INFO] [stdout] test eleccion::tests::follower_adopta_el_term_mayor_y_reenvia ... ok
[INFO] [stdout] test eleccion::tests::el_iniciador_cierra_y_gana_el_id_mayor ... ok
[INFO] [stdout] test eleccion::tests::election_acumula_id_y_reenvia_al_siguiente ... ok
[INFO] [stdout] test eleccion::tests::el_ganador_asume_el_liderazgo ... ok
[INFO] [stdout] test eleccion::tests::election_ya_vista_no_se_reenvia ... ok
[INFO] [stdout] test eleccion::tests::follower_descarta_un_coordinator_viejo ... ok
[INFO] [stdout] test eleccion::tests::los_sucesores_del_mayor_arrancan_en_el_menor ... ok
[INFO] [stdout] test eleccion::tests::un_anillo_de_un_solo_nodo_se_autoelige ... ok
[INFO] [stdout] test estacion::tests::consulta_de_disponibilidad_filtra_por_proximidad_y_por_bicis ... ok
[INFO] [stdout] test estacion::tests::devolucion_a_slot_ocupado_se_rechaza ... ok
[INFO] [stdout] test estacion::tests::discovery_devuelve_al_lider ... ok
[INFO] [stdout] test estacion::tests::el_lider_guarda_el_gossip_en_su_cache ... ok
[INFO] [stdout] test estacion::tests::el_lider_ignora_un_evento_duplicado ... ok
[INFO] [stdout] test estacion::tests::alquiler_con_ambos_votos_si_confirma_con_preauth_real ... ok
[INFO] [stdout] test estacion::tests::el_ingreso_tardio_solo_suma_lo_que_el_lider_no_conoce ... ok
[INFO] [stdout] test estacion::tests::el_lider_registra_el_alquiler ... ok
[INFO] [stdout] test estacion::tests::el_lider_responde_datos_para_cobro_y_cierra_con_devolucion_procesada ... ok
[INFO] [stdout] test estacion::tests::devolucion_completa_cobra_y_cierra_el_registro ... ok
[INFO] [stdout] test estacion::tests::los_alquileres_propios_sobreviven_un_reinicio ... ok
[INFO] [stdout] test estacion::tests::la_devolucion_reintenta_cuando_el_lider_responde_no_registrado_aun ... ok
[INFO] [stdout] test estacion::tests::notificar_devolucion_de_bici_desconocida_responde_no_registrado ... ok
[INFO] [stdout] test estacion::tests::pasarela_inalcanzable_resuelve_el_alquiler_offline_sin_reportar ... ok
[INFO] [stdout] test estacion::tests::pasarela_vota_no_aborta_y_el_slot_no_pierde_la_bici ... ok
[INFO] [stdout] test estacion::tests::los_eventos_al_lider_caido_se_difieren_y_se_aplican_al_asumir ... ok
[INFO] [stdout] test estacion::tests::responde_si_tiene_el_alquiler_de_la_bici_buscada ... ok
[INFO] [stdout] test estacion::tests::alquiler_offline_se_regulariza_al_volver_la_pasarela ... ok
[INFO] [stdout] test estacion::tests::un_commit_perdido_se_completa_con_el_reintento ... FAILED
[INFO] [stdout] test registro::tests::agrega_busca_por_bici_y_cierra ... ok
[INFO] [stdout] test slot::tests::abort_limpia_la_reserva_sin_tocar_la_bici ... ok
[INFO] [stdout] test slot::tests::aceptar_bici_en_vacio_y_rechazo_en_ocupado ... ok
[INFO] [stdout] test slot::tests::commit_libera_la_bici ... ok
[INFO] [stdout] test estacion::tests::caida_del_lider_dispara_eleccion_y_reconstruye_el_registro ... ok
[INFO] [stdout] test slot::tests::prepare_repetido_de_la_misma_tx_vota_si_de_nuevo ... ok
[INFO] [stdout] test slot::tests::el_commit_a_tiempo_no_se_ve_afectado_por_el_timeout ... ok
[INFO] [stdout] test slot::tests::vota_no_si_esta_vacio ... ok
[INFO] [stdout] test slot::tests::vota_si_y_reserva_si_tiene_bici ... ok
[INFO] [stdout] test slot::tests::tras_el_timeout_la_reserva_se_libera_sola_y_la_bici_queda ... ok
[INFO] [stdout] test estacion::tests::regularizacion_rechazada_queda_como_cobro_fallido ... ok
[INFO] [stdout] test estacion::tests::timeout_de_prepare_es_no_implicito_y_el_slot_conserva_la_bici ... ok
[INFO] [stdout] test estacion::tests::bici_sin_alquiler_en_ningun_lado_se_confirma_huerfana ... ok
[INFO] [stdout] test estacion::tests::la_devolucion_sobrevive_a_la_caida_del_lider ... ok
[INFO] [stdout] test estacion::tests::bici_huerfana_se_recupera_de_la_estacion_de_origen ... ok
[INFO] [stdout] test estacion::tests::lider_colgado_dispara_eleccion_y_el_anillo_lo_saltea ... ok
[INFO] [stdout] 
[INFO] [stdout] failures:
[INFO] [stdout] 
[INFO] [stdout] ---- estacion::tests::un_commit_perdido_se_completa_con_el_reintento stdout ----
[INFO] [stdout]   slot 0 iniciado
[INFO] [stdout] [estacion#1] actor Estacion iniciado (ubicacion (0.0, 0.0), 1 slots, pasarela 127.0.0.1:37641)
[INFO] [stdout] [estacion#1] reintento 1 commits pendientes contra la pasarela
[INFO] [stdout] [comunicador] 127.0.0.1:37641 pasó a INALCANZABLE
[INFO] [stdout] [comunicador] 127.0.0.1:37641 pasó a alcanzable
[INFO] [stdout] 
[INFO] [stdout] thread 'estacion::tests::un_commit_perdido_se_completa_con_el_reintento' (1401) panicked at estacion/src/estacion.rs:2969:13:
[INFO] [stdout] assertion `left == right` failed: el commit sin confirmar queda registrado
[INFO] [stdout]   left: 0
[INFO] [stdout]  right: 1
[INFO] [stdout] stack backtrace:
[INFO] [stdout]    0:     0x5bb16fcc9071 - <<std[70759c8f55707aa4]::sys::backtrace::BacktraceLock>::print::DisplayBacktrace as core[df12db4294e9bfd3]::fmt::Display>::fmt
[INFO] [stdout]    1:     0x5bb16fcdf24a - core[df12db4294e9bfd3]::fmt::write
[INFO] [stdout]    2:     0x5bb16fccd99c - <alloc[2182bb758b4b3781]::vec::Vec<u8> as core[df12db4294e9bfd3]::io::write::Write>::write_fmt
[INFO] [stdout]    3:     0x5bb16fca2ae6 - std[70759c8f55707aa4]::panicking::default_hook::{closure#0}
[INFO] [stdout]    4:     0x5bb16fcc0439 - std[70759c8f55707aa4]::panicking::default_hook
[INFO] [stdout]    5:     0x5bb16fc1bfc0 - test[9d35eded1c95d3be]::test_main_inner::<test[9d35eded1c95d3be]::test_main_static::{closure#0}>::{closure#0}
[INFO] [stdout]    6:     0x5bb16fcc0762 - std[70759c8f55707aa4]::panicking::panic_with_hook
[INFO] [stdout]    7:     0x5bb16fca2b92 - std[70759c8f55707aa4]::panicking::panic_handler::{closure#0}
[INFO] [stdout]    8:     0x5bb16fc9b5c9 - std[70759c8f55707aa4]::sys::backtrace::__rust_end_short_backtrace::<std[70759c8f55707aa4]::panicking::panic_handler::{closure#0}, !>
[INFO] [stdout]    9:     0x5bb16fca3a6d - __rustc[8fa7c3cbc660c2b3]::rust_begin_unwind
[INFO] [stdout]   10:     0x5bb16fcdf9ac - core[df12db4294e9bfd3]::panicking::panic_fmt
[INFO] [stdout]   11:     0x5bb16fcdf923 - core[df12db4294e9bfd3]::panicking::assert_failed_inner
[INFO] [stdout]   12:     0x5bb16fcdae48 - core[df12db4294e9bfd3]::panicking::assert_failed::<usize, usize>
[INFO] [stdout]   13:     0x5bb16fb658ff - <std[70759c8f55707aa4]::thread::local::LocalKey<tokio[6c5cbdb4f42fd1]::task::local::LocalData>>::with::<<tokio[6c5cbdb4f42fd1]::task::local::LocalSet>::with<core[df12db4294e9bfd3]::task::poll::Poll<()>, <tokio[6c5cbdb4f42fd1]::task::local::RunUntil<estacion[aba7ae8d39a3b3e6]::estacion::tests::un_commit_perdido_se_completa_con_el_reintento::{closure#0}> as core[df12db4294e9bfd3]::future::future::Future>::poll::{closure#0}>::{closure#0}, core[df12db4294e9bfd3]::task::poll::Poll<()>>
[INFO] [stdout]   14:     0x5bb16fc0e003 - <core[df12db4294e9bfd3]::pin::Pin<&mut <tokio[6c5cbdb4f42fd1]::task::local::LocalSet>::run_until<estacion[aba7ae8d39a3b3e6]::estacion::tests::un_commit_perdido_se_completa_con_el_reintento::{closure#0}>::{closure#0}> as core[df12db4294e9bfd3]::future::future::Future>::poll
[INFO] [stdout]   15:     0x5bb16fb5096f - <tokio[6c5cbdb4f42fd1]::runtime::scheduler::current_thread::Context>::enter::<core[df12db4294e9bfd3]::task::poll::Poll<()>, <tokio[6c5cbdb4f42fd1]::runtime::scheduler::current_thread::CoreGuard>::block_on<core[df12db4294e9bfd3]::pin::Pin<&mut <tokio[6c5cbdb4f42fd1]::task::local::LocalSet>::run_until<estacion[aba7ae8d39a3b3e6]::estacion::tests::un_commit_perdido_se_completa_con_el_reintento::{closure#0}>::{closure#0}>>::{closure#0}::{closure#0}>
[INFO] [stdout]   16:     0x5bb16fbcafbc - <tokio[6c5cbdb4f42fd1]::runtime::context::scoped::Scoped<tokio[6c5cbdb4f42fd1]::runtime::scheduler::Context>>::set::<<tokio[6c5cbdb4f42fd1]::runtime::scheduler::current_thread::CoreGuard>::enter<<tokio[6c5cbdb4f42fd1]::runtime::scheduler::current_thread::CoreGuard>::block_on<core[df12db4294e9bfd3]::pin::Pin<&mut <tokio[6c5cbdb4f42fd1]::task::local::LocalSet>::run_until<estacion[aba7ae8d39a3b3e6]::estacion::tests::un_commit_perdido_se_completa_con_el_reintento::{closure#0}>::{closure#0}>>::{closure#0}, core[df12db4294e9bfd3]::option::Option<()>>::{closure#0}, (alloc[2182bb758b4b3781]::boxed::Box<tokio[6c5cbdb4f42fd1]::runtime::scheduler::current_thread::Core>, core[df12db4294e9bfd3]::option::Option<()>)>
[INFO] [stdout]   17:     0x5bb16fb54a55 - <tokio[6c5cbdb4f42fd1]::runtime::scheduler::current_thread::CoreGuard>::block_on::<core[df12db4294e9bfd3]::pin::Pin<&mut <tokio[6c5cbdb4f42fd1]::task::local::LocalSet>::run_until<estacion[aba7ae8d39a3b3e6]::estacion::tests::un_commit_perdido_se_completa_con_el_reintento::{closure#0}>::{closure#0}>>
[INFO] [stdout]   18:     0x5bb16fbd3828 - tokio[6c5cbdb4f42fd1]::runtime::context::runtime::enter_runtime::<<tokio[6c5cbdb4f42fd1]::runtime::scheduler::current_thread::CurrentThread>::block_on<<tokio[6c5cbdb4f42fd1]::task::local::LocalSet>::run_until<estacion[aba7ae8d39a3b3e6]::estacion::tests::un_commit_perdido_se_completa_con_el_reintento::{closure#0}>::{closure#0}>::{closure#0}, ()>
[INFO] [stdout]   19:     0x5bb16fbb13df - <tokio[6c5cbdb4f42fd1]::runtime::runtime::Runtime>::block_on::<<tokio[6c5cbdb4f42fd1]::task::local::LocalSet>::run_until<estacion[aba7ae8d39a3b3e6]::estacion::tests::un_commit_perdido_se_completa_con_el_reintento::{closure#0}>::{closure#0}>
[INFO] [stdout]   20:     0x5bb16fbc8816 - <estacion[aba7ae8d39a3b3e6]::estacion::tests::un_commit_perdido_se_completa_con_el_reintento::{closure#0} as core[df12db4294e9bfd3]::ops::function::FnOnce<()>>::call_once
[INFO] [stdout]   21:     0x5bb16fc0f2ab - test[9d35eded1c95d3be]::__rust_begin_short_backtrace::<core[df12db4294e9bfd3]::result::Result<(), alloc[2182bb758b4b3781]::string::String>, fn() -> core[df12db4294e9bfd3]::result::Result<(), alloc[2182bb758b4b3781]::string::String>>
[INFO] [stdout]   22:     0x5bb16fc1c915 - test[9d35eded1c95d3be]::run_test::{closure#0}
[INFO] [stdout]   23:     0x5bb16fc161d4 - std[70759c8f55707aa4]::sys::backtrace::__rust_begin_short_backtrace::<test[9d35eded1c95d3be]::run_test::{closure#1}, ()>
[INFO] [stdout]   24:     0x5bb16fc1fa72 - <std[70759c8f55707aa4]::thread::lifecycle::spawn_unchecked<test[9d35eded1c95d3be]::run_test::{closure#1}, ()>::{closure#1} as core[df12db4294e9bfd3]::ops::function::FnOnce<()>>::call_once::{shim:vtable#0}
[INFO] [stdout]   25:     0x5bb16fcc7af9 - <std[70759c8f55707aa4]::sys::thread::unix::Thread>::new::thread_start
[INFO] [stdout]   26:     0x7d97f46d1dfa - <unknown>
[INFO] [stdout]   27:     0x7d97f47653d4 - clone
[INFO] [stdout]   28:                0x0 - <unknown>
[INFO] [stdout] 
[INFO] [stdout] 
[INFO] [stdout] failures:
[INFO] [stdout]     estacion::tests::un_commit_perdido_se_completa_con_el_reintento
[INFO] [stdout] 
[INFO] [stdout] test result: FAILED. 46 passed; 1 failed; 0 ignored; 0 measured; 0 filtered out; finished in 11.62s
[INFO] [stdout] 
[INFO] [stderr] error: test failed, to rerun pass `-p estacion --bin estacion`
[INFO] running `Command { std: "docker" "inspect" "6543022a035b56dc4f45e4933ac9888ad57c0c331bb163655c0fab9bf2c6e2a5", kill_on_drop: false }`
[INFO] running `Command { std: "docker" "rm" "-f" "6543022a035b56dc4f45e4933ac9888ad57c0c331bb163655c0fab9bf2c6e2a5", kill_on_drop: false }`
[INFO] [stdout] 6543022a035b56dc4f45e4933ac9888ad57c0c331bb163655c0fab9bf2c6e2a5
