[INFO] cloning repository https://github.com/greykaizen/tur-rs
[INFO] running `Command { std: "git" "-c" "credential.helper=" "-c" "credential.helper=/workspace/cargo-home/bin/git-credential-null" "clone" "--bare" "https://github.com/greykaizen/tur-rs" "/workspace/cache/git-repos/https%3A%2F%2Fgithub.com%2Fgreykaizen%2Ftur-rs", kill_on_drop: false }`
[INFO] [stderr] Cloning into bare repository '/workspace/cache/git-repos/https%3A%2F%2Fgithub.com%2Fgreykaizen%2Ftur-rs'...
[INFO] running `Command { std: "git" "rev-parse" "HEAD", kill_on_drop: false }`
[INFO] [stdout] b759d19e1a102133a0f209bc8c565251bbe78257
[INFO] testing greykaizen/tur-rs against 1.100.0-beta.1+cargoflags=--release for beta-release-1.100-3
[INFO] running `Command { std: "git" "clone" "/workspace/cache/git-repos/https%3A%2F%2Fgithub.com%2Fgreykaizen%2Ftur-rs" "/workspace/builds/worker-3-tc2/source", kill_on_drop: false }`
[INFO] [stderr] Cloning into '/workspace/builds/worker-3-tc2/source'...
[INFO] [stderr] done.
[INFO] started tweaking git repo https://github.com/greykaizen/tur-rs
[INFO] finished tweaking git repo https://github.com/greykaizen/tur-rs
[INFO] tweaked toml for git repo https://github.com/greykaizen/tur-rs written to /workspace/builds/worker-3-tc2/source/Cargo.toml
[INFO] validating manifest of git repo https://github.com/greykaizen/tur-rs on toolchain 1.100.0-beta.1
[INFO] running `Command { std: CARGO_HOME="/workspace/cargo-home" RUSTUP_HOME="/workspace/rustup-home" "/workspace/cargo-home/bin/cargo" "+1.100.0-beta.1" "metadata" "--manifest-path" "Cargo.toml" "--no-deps", kill_on_drop: false }`
[INFO] crate git repo https://github.com/greykaizen/tur-rs already has a lockfile, it will not be regenerated
[INFO] running `Command { std: CARGO_HOME="/workspace/cargo-home" RUSTUP_HOME="/workspace/rustup-home" "/workspace/cargo-home/bin/cargo" "+1.100.0-beta.1" "fetch" "--manifest-path" "Cargo.toml", kill_on_drop: false }`
[INFO] [stderr] warning: `package.homepage` is redundant with `package.repository`
[INFO] [stderr]    --> Cargo.toml:107:12
[INFO] [stderr]     |
[INFO] [stderr] 107 | homepage = "https://github.com/greykaizen/tur-rs"
[INFO] [stderr]     |            ^^^^^^^^^^^^^^^^^^^^^^^^^^^^^^^^^^^^^^
[INFO] [stderr] ...
[INFO] [stderr] 112 | repository = "https://github.com/greykaizen/tur-rs"
[INFO] [stderr]     |              --------------------------------------
[INFO] [stderr]     |
[INFO] [stderr]     = note: `cargo::redundant_homepage` is set to `warn` by default
[INFO] [stderr] help: consider removing `package.homepage`
[INFO] [stderr] warning: `tur-rs` (manifest) generated 1 warning
[INFO] running `Command { std: "docker" "create" "-v" "/var/lib/crater-agent-workspace/builds/worker-3-tc2/source:/opt/rustwide/workdir:ro,Z" "-v" "/var/lib/crater-agent-workspace/builds/worker-3-tc2/target:/opt/rustwide/target:rw,Z" "-v" "/var/lib/crater-agent-workspace/cargo-home:/opt/rustwide/cargo-home:ro,Z" "-v" "/var/lib/crater-agent-workspace/rustup-home:/opt/rustwide/rustup-home:ro,Z" "-m" "1610612736" "--network" "none" "ghcr.io/rust-lang/crates-build-env/linux@sha256:77db811e55d90add9212f6832c23229e3de5f1c1f9905e8cb07319ea15df73ac" "sleep" "infinity", kill_on_drop: false }`
[INFO] [stdout] 71a01aa224d41cde1d9d42f4b27e3b6332b189ec8d527701cf422e419dfa52eb
[INFO] running `Command { std: "docker" "start" "71a01aa224d41cde1d9d42f4b27e3b6332b189ec8d527701cf422e419dfa52eb", kill_on_drop: false }`
[INFO] running `Command { std: "docker" "inspect" "71a01aa224d41cde1d9d42f4b27e3b6332b189ec8d527701cf422e419dfa52eb", kill_on_drop: false }`
[INFO] running `Command { std: "docker" "exec" "-e" "SOURCE_DIR=/opt/rustwide/workdir" "-e" "CARGO_HOME=/opt/rustwide/cargo-home" "-e" "RUSTUP_HOME=/opt/rustwide/rustup-home" "-e" "CARGO_TARGET_DIR=/opt/rustwide/target" "-w" "/opt/rustwide/workdir" "--user" "0:0" "71a01aa224d41cde1d9d42f4b27e3b6332b189ec8d527701cf422e419dfa52eb" "/opt/rustwide/cargo-home/bin/cargo" "+1.100.0-beta.1" "metadata" "--no-deps" "--format-version=1", kill_on_drop: false }`
[INFO] running `Command { std: "docker" "inspect" "71a01aa224d41cde1d9d42f4b27e3b6332b189ec8d527701cf422e419dfa52eb", kill_on_drop: false }`
[INFO] running `Command { std: "docker" "exec" "-e" "SOURCE_DIR=/opt/rustwide/workdir" "-e" "CARGO_HOME=/opt/rustwide/cargo-home" "-e" "RUSTUP_HOME=/opt/rustwide/rustup-home" "-e" "CARGO_TARGET_DIR=/opt/rustwide/target" "-e" "CARGO_INCREMENTAL=0" "-e" "RUST_BACKTRACE=full" "-e" "RUSTFLAGS=--cap-lints=warn" "-e" "RUSTDOCFLAGS=--cap-lints=warn" "-w" "/opt/rustwide/workdir" "--user" "0:0" "71a01aa224d41cde1d9d42f4b27e3b6332b189ec8d527701cf422e419dfa52eb" "/opt/rustwide/cargo-home/bin/cargo" "+1.100.0-beta.1" "build" "--frozen" "--message-format=json" "--release", kill_on_drop: false }`
[INFO] [stderr] warning: `package.homepage` is redundant with `package.repository`
[INFO] [stderr]    --> Cargo.toml:107:12
[INFO] [stderr]     |
[INFO] [stderr] 107 | homepage = "https://github.com/greykaizen/tur-rs"
[INFO] [stderr]     |            ^^^^^^^^^^^^^^^^^^^^^^^^^^^^^^^^^^^^^^
[INFO] [stderr] ...
[INFO] [stderr] 112 | repository = "https://github.com/greykaizen/tur-rs"
[INFO] [stderr]     |              --------------------------------------
[INFO] [stderr]     |
[INFO] [stderr]     = note: `cargo::redundant_homepage` is set to `warn` by default
[INFO] [stderr] help: consider removing `package.homepage`
[INFO] [stderr] warning: `tur-rs` (manifest) generated 1 warning
[INFO] [stderr]    Compiling libc v0.2.186
[INFO] [stderr]    Compiling bytes v1.11.1
[INFO] [stderr]    Compiling fs_extra v1.3.0
[INFO] [stderr]    Compiling dunce v1.0.5
[INFO] [stderr]    Compiling allocator-api2 v0.2.21
[INFO] [stderr]    Compiling foldhash v0.2.0
[INFO] [stderr]    Compiling strsim v0.11.1
[INFO] [stderr]    Compiling ident_case v1.0.1
[INFO] [stderr]    Compiling thiserror v2.0.18
[INFO] [stderr]    Compiling unicode-width v0.2.2
[INFO] [stderr]    Compiling bitflags v2.11.1
[INFO] [stderr]    Compiling writeable v0.6.3
[INFO] [stderr]    Compiling syn v2.0.117
[INFO] [stderr]    Compiling aws-lc-rs v1.17.0
[INFO] [stderr]    Compiling itertools v0.14.0
[INFO] [stderr]    Compiling castaway v0.2.4
[INFO] [stderr]    Compiling rustls-pki-types v1.14.1
[INFO] [stderr]    Compiling indoc v2.0.7
[INFO] [stderr]    Compiling unicode-segmentation v1.13.2
[INFO] [stderr]    Compiling ryu v1.0.23
[INFO] [stderr]    Compiling instability v0.3.12
[INFO] [stderr]    Compiling signal-hook v0.3.18
[INFO] [stderr]    Compiling slab v0.4.12
[INFO] [stderr]    Compiling compact_str v0.9.0
[INFO] [stderr]    Compiling tracing-core v0.1.36
[INFO] [stderr]    Compiling powerfmt v0.2.0
[INFO] [stderr]    Compiling futures-sink v0.3.32
[INFO] [stderr]    Compiling hashbrown v0.17.1
[INFO] [stderr]    Compiling rustix v1.1.4
[INFO] [stderr]    Compiling deranged v0.5.8
[INFO] [stderr]    Compiling num_threads v0.1.7
[INFO] [stderr]    Compiling http v1.4.2
[INFO] [stderr]    Compiling litrs v1.0.0
[INFO] [stderr]    Compiling rustls v0.23.40
[INFO] [stderr]    Compiling time-core v0.1.8
[INFO] [stderr]    Compiling num-conv v0.2.1
[INFO] [stderr]    Compiling hashbrown v0.16.1
[INFO] [stderr]    Compiling convert_case v0.10.0
[INFO] [stderr]    Compiling anstyle-parse v1.0.0
[INFO] [stderr]    Compiling tracing v0.1.44
[INFO] [stderr]    Compiling line-clipping v0.3.7
[INFO] [stderr]    Compiling anstyle v1.0.14
[INFO] [stderr]    Compiling colorchoice v1.0.5
[INFO] [stderr]    Compiling portable-atomic v1.13.1
[INFO] [stderr]    Compiling indexmap v2.14.0
[INFO] [stderr]    Compiling getrandom v0.4.2
[INFO] [stderr]    Compiling document-features v0.2.12
[INFO] [stderr]    Compiling io-uring v0.6.4
[INFO] [stderr]    Compiling anstream v1.0.0
[INFO] [stderr]    Compiling bitflags v1.3.2
[INFO] [stderr]    Compiling jobserver v0.1.34
[INFO] [stderr]    Compiling anyhow v1.0.102
[INFO] [stderr]    Compiling clap_lex v1.1.0
[INFO] [stderr]    Compiling percent-encoding v2.3.2
[INFO] [stderr]    Compiling rustls-native-certs v0.8.3
[INFO] [stderr]    Compiling http-body v1.0.1
[INFO] [stderr]    Compiling errno v0.3.14
[INFO] [stderr]    Compiling parking_lot_core v0.9.12
[INFO] [stderr]    Compiling mio v1.2.0
[INFO] [stderr]    Compiling cc v1.2.62
[INFO] [stderr]    Compiling signal-hook-registry v1.4.8
[INFO] [stderr]    Compiling socket2 v0.6.3
[INFO] [stderr]    Compiling time v0.3.47
[INFO] [stderr]    Compiling socket2 v0.4.10
[INFO] [stderr]    Compiling parking_lot v0.12.5
[INFO] [stderr]    Compiling lru v0.16.4
[INFO] [stderr]    Compiling console v0.16.3
[INFO] [stderr]    Compiling signal-hook-mio v0.2.5
[INFO] [stderr]    Compiling form_urlencoded v1.2.2
[INFO] [stderr]    Compiling unicode-truncate v2.0.1
[INFO] [stderr]    Compiling clap_builder v4.6.0
[INFO] [stderr]    Compiling webpki-roots v1.0.7
[INFO] [stderr]    Compiling unit-prefix v0.5.2
[INFO] [stderr]    Compiling chrono v0.4.44
[INFO] [stderr]    Compiling uuid v1.23.1
[INFO] [stderr]    Compiling http-body-util v0.1.3
[INFO] [stderr]    Compiling sysinfo v0.30.13
[INFO] [stderr]    Compiling cmake v0.1.58
[INFO] [stderr]    Compiling indicatif v0.18.4
[INFO] [stderr]    Compiling aws-lc-sys v0.41.0
[INFO] [stderr]    Compiling synstructure v0.13.2
[INFO] [stderr]    Compiling darling_core v0.23.0
[INFO] [stderr]    Compiling zerofrom-derive v0.1.7
[INFO] [stderr]    Compiling yoke-derive v0.8.2
[INFO] [stderr]    Compiling zerovec-derive v0.11.3
[INFO] [stderr]    Compiling displaydoc v0.2.5
[INFO] [stderr]    Compiling tokio-macros v2.7.0
[INFO] [stderr]    Compiling thiserror-impl v2.0.18
[INFO] [stderr]    Compiling strum_macros v0.27.2
[INFO] [stderr]    Compiling futures-macro v0.3.32
[INFO] [stderr]    Compiling derive_more-impl v2.1.1
[INFO] [stderr]    Compiling serde_derive v1.0.228
[INFO] [stderr]    Compiling tokio v1.52.3
[INFO] [stderr]    Compiling clap_derive v4.6.1
[INFO] [stderr]    Compiling zerofrom v0.1.8
[INFO] [stderr]    Compiling yoke v0.8.2
[INFO] [stderr]    Compiling futures-util v0.3.32
[INFO] [stderr]    Compiling zerovec v0.11.6
[INFO] [stderr]    Compiling zerotrie v0.2.4
[INFO] [stderr]    Compiling kasuari v0.4.12
[INFO] [stderr]    Compiling derive_more v2.1.1
[INFO] [stderr]    Compiling crossterm v0.29.0
[INFO] [stderr]    Compiling tinystr v0.8.3
[INFO] [stderr]    Compiling icu_locale_core v2.2.0
[INFO] [stderr]    Compiling potential_utf v0.1.5
[INFO] [stderr]    Compiling icu_collections v2.2.0
[INFO] [stderr]    Compiling strum v0.27.2
[INFO] [stderr]    Compiling ratatui-core v0.1.0
[INFO] [stderr]    Compiling clap v4.6.1
[INFO] [stderr]    Compiling darling_macro v0.23.0
[INFO] [stderr]    Compiling darling v0.23.0
[INFO] [stderr]    Compiling icu_provider v2.2.0
[INFO] [stderr]    Compiling icu_properties v2.2.0
[INFO] [stderr]    Compiling icu_normalizer v2.2.0
[INFO] [stderr]    Compiling ratatui-widgets v0.3.0
[INFO] [stderr]    Compiling serde v1.0.228
[INFO] [stderr]    Compiling ratatui-crossterm v0.1.0
[INFO] [stderr]    Compiling bincode v1.3.3
[INFO] [stderr]    Compiling idna_adapter v1.2.2
[INFO] [stderr]    Compiling idna v1.1.0
[INFO] [stderr]    Compiling ratatui-macros v0.7.0
[INFO] [stderr]    Compiling ratatui v0.30.0
[INFO] [stderr]    Compiling url v2.5.8
[INFO] [stderr]    Compiling tokio-util v0.7.18
[INFO] [stderr]    Compiling tokio-uring v0.5.0
[INFO] [stderr]    Compiling h2 v0.4.14
[INFO] [stderr]    Compiling hyper v1.9.0
[INFO] [stderr]    Compiling hyper-util v0.1.20
[INFO] [stderr]    Compiling rustls-webpki v0.103.13
[INFO] [stderr]    Compiling tokio-rustls v0.26.4
[INFO] [stderr]    Compiling hyper-rustls v0.27.9
[INFO] [stderr]    Compiling tur-rs v0.9.2 (/opt/rustwide/workdir)
[INFO] [stdout] warning: unused import: `std::io::ErrorKind`
[INFO] [stdout]  --> src/connector.rs:6:5
[INFO] [stdout]   |
[INFO] [stdout] 6 | use std::io::ErrorKind;
[INFO] [stdout]   |     ^^^^^^^^^^^^^^^^^^
[INFO] [stdout]   |
[INFO] [stdout]   = note: `#[warn(unused_imports)]` (part of `#[warn(unused)]`) on by default
[INFO] [stdout] 
[INFO] [stdout] 
[INFO] [stderr] warning: unused dependency `indicatif`
[INFO] [stderr]   --> Cargo.toml:44:15
[INFO] [stderr]    |
[INFO] [stderr] 44 | [dependencies.indicatif]
[INFO] [stderr]    |               ^^^^^^^^^^
[INFO] [stderr]    |
[INFO] [stderr]    = note: `cargo::unused_dependencies` is set to `warn` by default
[INFO] [stderr] help: consider removing the dependency on `indicatif`
[INFO] [stderr] warning: `tur-rs` (manifest) generated 1 warning
[INFO] [stderr]     Finished `release` profile [optimized] target(s) in 2m 57s
[INFO] running `Command { std: "docker" "inspect" "71a01aa224d41cde1d9d42f4b27e3b6332b189ec8d527701cf422e419dfa52eb", kill_on_drop: false }`
[INFO] running `Command { std: "docker" "exec" "-e" "SOURCE_DIR=/opt/rustwide/workdir" "-e" "CARGO_HOME=/opt/rustwide/cargo-home" "-e" "RUSTUP_HOME=/opt/rustwide/rustup-home" "-e" "CARGO_TARGET_DIR=/opt/rustwide/target" "-e" "CARGO_INCREMENTAL=0" "-e" "RUST_BACKTRACE=full" "-e" "RUSTFLAGS=--cap-lints=warn" "-e" "RUSTDOCFLAGS=--cap-lints=warn" "-w" "/opt/rustwide/workdir" "--user" "0:0" "71a01aa224d41cde1d9d42f4b27e3b6332b189ec8d527701cf422e419dfa52eb" "/opt/rustwide/cargo-home/bin/cargo" "+1.100.0-beta.1" "test" "--frozen" "--no-run" "--message-format=json" "--release", kill_on_drop: false }`
[INFO] [stderr] warning: `package.homepage` is redundant with `package.repository`
[INFO] [stderr]    --> Cargo.toml:107:12
[INFO] [stderr]     |
[INFO] [stderr] 107 | homepage = "https://github.com/greykaizen/tur-rs"
[INFO] [stderr]     |            ^^^^^^^^^^^^^^^^^^^^^^^^^^^^^^^^^^^^^^
[INFO] [stderr] ...
[INFO] [stderr] 112 | repository = "https://github.com/greykaizen/tur-rs"
[INFO] [stderr]     |              --------------------------------------
[INFO] [stderr]     |
[INFO] [stderr]     = note: `cargo::redundant_homepage` is set to `warn` by default
[INFO] [stderr] help: consider removing `package.homepage`
[INFO] [stderr] warning: `tur-rs` (manifest) generated 1 warning
[INFO] [stderr]    Compiling tur-rs v0.9.2 (/opt/rustwide/workdir)
[INFO] [stdout] warning: unused import: `std::io::ErrorKind`
[INFO] [stdout]  --> src/connector.rs:6:5
[INFO] [stdout]   |
[INFO] [stdout] 6 | use std::io::ErrorKind;
[INFO] [stdout]   |     ^^^^^^^^^^^^^^^^^^
[INFO] [stdout]   |
[INFO] [stdout]   = note: `#[warn(unused_imports)]` (part of `#[warn(unused)]`) on by default
[INFO] [stdout] 
[INFO] [stdout] 
[INFO] [stdout] warning: unused import: `std::io::ErrorKind`
[INFO] [stdout]  --> src/connector.rs:6:5
[INFO] [stdout]   |
[INFO] [stdout] 6 | use std::io::ErrorKind;
[INFO] [stdout]   |     ^^^^^^^^^^^^^^^^^^
[INFO] [stdout]   |
[INFO] [stdout]   = note: `#[warn(unused_imports)]` (part of `#[warn(unused)]`) on by default
[INFO] [stdout] 
[INFO] [stdout] 
[INFO] [stderr] warning: unused dependency `indicatif`
[INFO] [stderr]   --> Cargo.toml:44:15
[INFO] [stderr]    |
[INFO] [stderr] 44 | [dependencies.indicatif]
[INFO] [stderr]    |               ^^^^^^^^^^
[INFO] [stderr]    |
[INFO] [stderr]    = note: `cargo::unused_dependencies` is set to `warn` by default
[INFO] [stderr] help: consider removing the dependency on `indicatif`
[INFO] [stderr] warning: `tur-rs` (manifest) generated 1 warning
[INFO] [stderr]     Finished `release` profile [optimized] target(s) in 13.09s
[INFO] running `Command { std: "docker" "inspect" "71a01aa224d41cde1d9d42f4b27e3b6332b189ec8d527701cf422e419dfa52eb", kill_on_drop: false }`
[INFO] running `Command { std: "docker" "exec" "-e" "SOURCE_DIR=/opt/rustwide/workdir" "-e" "CARGO_HOME=/opt/rustwide/cargo-home" "-e" "RUSTUP_HOME=/opt/rustwide/rustup-home" "-e" "CARGO_TARGET_DIR=/opt/rustwide/target" "-e" "CARGO_INCREMENTAL=0" "-e" "RUST_BACKTRACE=full" "-e" "RUSTFLAGS=--cap-lints=warn" "-e" "RUSTDOCFLAGS=--cap-lints=warn" "-w" "/opt/rustwide/workdir" "--user" "0:0" "71a01aa224d41cde1d9d42f4b27e3b6332b189ec8d527701cf422e419dfa52eb" "/opt/rustwide/cargo-home/bin/cargo" "+1.100.0-beta.1" "test" "--frozen" "--release", kill_on_drop: false }`
[INFO] [stderr] warning: `package.homepage` is redundant with `package.repository`
[INFO] [stderr]    --> Cargo.toml:107:12
[INFO] [stderr]     |
[INFO] [stderr] 107 | homepage = "https://github.com/greykaizen/tur-rs"
[INFO] [stderr]     |            ^^^^^^^^^^^^^^^^^^^^^^^^^^^^^^^^^^^^^^
[INFO] [stderr] ...
[INFO] [stderr] 112 | repository = "https://github.com/greykaizen/tur-rs"
[INFO] [stderr]     |              --------------------------------------
[INFO] [stderr]     |
[INFO] [stderr]     = note: `cargo::redundant_homepage` is set to `warn` by default
[INFO] [stderr] help: consider removing `package.homepage`
[INFO] [stderr] warning: `tur-rs` (manifest) generated 1 warning
[INFO] [stderr] warning: unused import: `std::io::ErrorKind`
[INFO] [stderr]  --> src/connector.rs:6:5
[INFO] [stderr]   |
[INFO] [stderr] 6 | use std::io::ErrorKind;
[INFO] [stderr]   |     ^^^^^^^^^^^^^^^^^^
[INFO] [stderr]   |
[INFO] [stderr]   = note: `#[warn(unused_imports)]` (part of `#[warn(unused)]`) on by default
[INFO] [stderr] 
[INFO] [stderr] warning: `tur-rs` (lib) generated 1 warning (run `cargo fix --lib -p tur-rs` to apply 1 suggestion)
[INFO] [stderr] warning: `tur-rs` (lib test) generated 1 warning (1 duplicate)
[INFO] [stderr] warning: unused dependency `indicatif`
[INFO] [stderr]   --> Cargo.toml:44:15
[INFO] [stderr]    |
[INFO] [stderr] 44 | [dependencies.indicatif]
[INFO] [stderr]    |               ^^^^^^^^^^
[INFO] [stderr]    |
[INFO] [stderr]    = note: `cargo::unused_dependencies` is set to `warn` by default
[INFO] [stderr] help: consider removing the dependency on `indicatif`
[INFO] [stderr] warning: `tur-rs` (manifest) generated 1 warning
[INFO] [stderr]     Finished `release` profile [optimized] target(s) in 0.31s
[INFO] [stderr]      Running unittests src/lib.rs (/opt/rustwide/target/release/build/tur-rs/0f32a22a9c3103f8/out/tur_rs-0f32a22a9c3103f8)
[INFO] [stdout] 
[INFO] [stdout] running 24 tests
[INFO] [stdout] test engine::tests::blend_resume_prior_respects_weight ... ok
[INFO] [stdout] test engine::tests::classify_response_body_returns_unexpected_html_for_unknown_html ... ok
[INFO] [stdout] test engine::tests::challenge_requires_browser_session_returns_false_for_non_aborting_types ... ok
[INFO] [stdout] test engine::tests::http2_client_tuning_scales_with_expected_concurrency ... ok
[INFO] [stdout] test engine::tests::origin_key_normalizes_scheme_host_and_port ... ok
[INFO] [stdout] test engine::tests::learned_http2_tuning_is_origin_scoped_and_pruned ... ok
[INFO] [stdout] test engine::tests::service_cookie_jar_merges_into_request_context_with_dedup ... ok
[INFO] [stdout] test engine::tests::memory_budget_scales_by_available_memory ... ok
[INFO] [stdout] test engine::tests::protocol_thresholds_are_directionally_sensible ... ok
[INFO] [stdout] test engine::tests::origin_phi_ratio_store_prunes_least_recently_used_entries ... ok
[INFO] [stdout] test engine::tests::classify_response_body_returns_none_for_short_data ... ok
[INFO] [stdout] test engine::tests::classify_response_body_detects_captcha ... ok
[INFO] [stdout] test engine::tests::cookie_jar_match_url_filters_by_domain_path_and_secure ... ok
[INFO] [stdout] test engine::tests::resume_prior_policy_uses_age_buckets ... ok
[INFO] [stdout] test engine::tests::strip_sensitive_headers_removes_auth_cookie_referer ... ok
[INFO] [stdout] test engine::tests::connection_cv_requires_meaningful_samples ... ok
[INFO] [stdout] test engine::tests::classify_response_body_detects_cloudflare_challenge ... ok
[INFO] [stdout] test engine::tests::classify_response_body_returns_none_for_binary_data ... ok
[INFO] [stdout] test engine::tests::coordinator_resume_clears_dead_assignments_and_active_status ... ok
[INFO] [stdout] test engine::tests::cookie_jar_header_value_for_url_returns_none_when_empty ... ok
[INFO] [stdout] test engine::tests::extract_origin_parses_scheme_host_port ... ok
[INFO] [stdout] test quic::tests::test_parse_alt_svc_h3_port ... ok
[INFO] [stdout] test storage::tests::selects_a_supported_backend_for_current_platform ... ok
[INFO] [stderr]      Running unittests src/main.rs (/opt/rustwide/target/release/build/tur-rs/0fc08754f232d99c/out/tur-0fc08754f232d99c)
[INFO] [stdout] test engine::origin_memory::tests::origin_memory_persists_across_reload ... ok
[INFO] [stdout] 
[INFO] [stdout] test result: ok. 24 passed; 0 failed; 0 ignored; 0 measured; 0 filtered out; finished in 0.01s
[INFO] [stdout] 
[INFO] [stdout] 
[INFO] [stdout] running 0 tests
[INFO] [stdout] 
[INFO] [stdout] test result: ok. 0 passed; 0 failed; 0 ignored; 0 measured; 0 filtered out; finished in 0.00s
[INFO] [stdout] 
[INFO] [stderr]      Running tests/headless_smoke.rs (/opt/rustwide/target/release/build/tur-rs/9412b92ecf4afc7d/out/headless_smoke-9412b92ecf4afc7d)
[INFO] [stdout] 
[INFO] [stdout] running 2 tests
[INFO] [stderr] WARNING: --runtime-threads=2 is currently orchestration-only. Worker execution still runs on the LocalSet, so tur is using a single-threaded runtime until the 0.6.x Send-safe worker split lands.
[INFO] [stdout] size task=628662da-be8c-4302-9c7a-e8b9ef4d7da5 total_bytes=8388608
[INFO] [stdout] status task=628662da-be8c-4302-9c7a-e8b9ef4d7da5 Downloading
[INFO] [stdout] size task=51be0fe2-aaae-4cd7-8f23-ee957c2c5e9d total_bytes=8388608
[INFO] [stdout] status task=51be0fe2-aaae-4cd7-8f23-ee957c2c5e9d Downloading
[INFO] [stdout] size task=3fd5123d-777f-4333-80d4-c61336991f15 total_bytes=8388608
[INFO] [stdout] status task=3fd5123d-777f-4333-80d4-c61336991f15 Downloading
[INFO] [stdout] progress task=628662da-be8c-4302-9c7a-e8b9ef4d7da5 downloaded=8388608 speed_bps=20785095
[INFO] [stdout] progress task=51be0fe2-aaae-4cd7-8f23-ee957c2c5e9d downloaded=8388608 speed_bps=20918079
[INFO] [stdout] progress task=3fd5123d-777f-4333-80d4-c61336991f15 downloaded=8388608 speed_bps=20942230
[INFO] [stdout] progress task=628662da-be8c-4302-9c7a-e8b9ef4d7da5 downloaded=8388608 speed_bps=0
[INFO] [stdout] status task=628662da-be8c-4302-9c7a-e8b9ef4d7da5 Completed
[INFO] [stdout] test headless_dry_run_supports_runtime_threads_flag ... ok
[INFO] [stdout] progress task=51be0fe2-aaae-4cd7-8f23-ee957c2c5e9d downloaded=8388608 speed_bps=0
[INFO] [stdout] status task=51be0fe2-aaae-4cd7-8f23-ee957c2c5e9d Completed
[INFO] [stdout] progress task=3fd5123d-777f-4333-80d4-c61336991f15 downloaded=8388608 speed_bps=0
[INFO] [stdout] status task=3fd5123d-777f-4333-80d4-c61336991f15 Completed
[INFO] [stderr]      Running tests/http3_smoke.rs (/opt/rustwide/target/release/build/tur-rs/4b13bce776cfd84c/out/http3_smoke-4b13bce776cfd84c)
[INFO] [stdout] test headless_multi_task_dry_run_completes ... ok
[INFO] [stdout] 
[INFO] [stdout] test result: ok. 2 passed; 0 failed; 0 ignored; 0 measured; 0 filtered out; finished in 2.10s
[INFO] [stdout] 
[INFO] [stderr]      Running tests/service_control_smoke.rs (/opt/rustwide/target/release/build/tur-rs/6ba90699f237e5f7/out/service_control_smoke-6ba90699f237e5f7)
[INFO] [stdout] 
[INFO] [stdout] running 0 tests
[INFO] [stdout] 
[INFO] [stdout] test result: ok. 0 passed; 0 failed; 0 ignored; 0 measured; 0 filtered out; finished in 0.00s
[INFO] [stdout] 
[INFO] [stdout] 
[INFO] [stdout] running 4 tests
[INFO] [stdout] test service_pause_resume_dry_run_continues_after_resume ... FAILED
[INFO] [stdout] test service_multi_connection_pause_resume_twice_keeps_progressing ... ok
[INFO] [stdout] test service_pause_resume_live_download_continues_after_resume ... ok
[INFO] [stdout] test service_cancel_dry_run_emits_stopped_status ... FAILED
[INFO] [stdout] 
[INFO] [stdout] failures:
[INFO] [stdout] 
[INFO] [stdout] ---- service_pause_resume_dry_run_continues_after_resume stdout ----
[INFO] [stdout] 
[INFO] [stdout] thread 'service_pause_resume_dry_run_continues_after_resume' (4028) panicked at tests/service_control_smoke.rs:211:29:
[INFO] [stdout] event stream closed before first progress
[INFO] [stdout] stack backtrace:
[INFO] [stdout]    0:     0x56b4a06d5771 - <<std[617be2ca0a6fd877]::sys::backtrace::BacktraceLock>::print::DisplayBacktrace as core[a373ad73a504971]::fmt::Display>::fmt
[INFO] [stdout]    1:     0x56b4a06ed52a - core[a373ad73a504971]::fmt::write
[INFO] [stdout]    2:     0x56b4a06dac4c - <alloc[2e1b2a31b91974c5]::vec::Vec<u8> as core[a373ad73a504971]::io::write::Write>::write_fmt
[INFO] [stdout]    3:     0x56b4a06adee6 - std[617be2ca0a6fd877]::panicking::default_hook::{closure#0}
[INFO] [stdout]    4:     0x56b4a06cc4e9 - std[617be2ca0a6fd877]::panicking::default_hook
[INFO] [stdout]    5:     0x56b4a021a9c0 - test[aada8e7e76ba119b]::test_main_inner::{closure#0}
[INFO] [stdout]    6:     0x56b4a06cc812 - std[617be2ca0a6fd877]::panicking::panic_with_hook
[INFO] [stdout]    7:     0x56b4a06adfc4 - std[617be2ca0a6fd877]::panicking::panic_handler::{closure#0}
[INFO] [stdout]    8:     0x56b4a06a62e9 - std[617be2ca0a6fd877]::sys::backtrace::__rust_end_short_backtrace::<std[617be2ca0a6fd877]::panicking::panic_handler::{closure#0}, !>
[INFO] [stdout]    9:     0x56b4a06aee9d - __rustc[ea4f61d10b84890b]::rust_begin_unwind
[INFO] [stdout]   10:     0x56b4a06edc8c - core[a373ad73a504971]::panicking::panic_fmt
[INFO] [stdout]   11:     0x56b4a0200c4c - <tokio[e8964038cf8aeec]::time::timeout::Timeout<service_control_smoke[1967d60ad58546c1]::service_pause_resume_dry_run_continues_after_resume::{closure#0}::{closure#0}> as core[a373ad73a504971]::future::future::Future>::poll
[INFO] [stdout]   12:     0x56b4a01d14f3 - <std[617be2ca0a6fd877]::thread::local::LocalKey<tokio[e8964038cf8aeec]::task::local::LocalData>>::with::<<tokio[e8964038cf8aeec]::task::local::LocalSet>::with<core[a373ad73a504971]::task::poll::Poll<()>, <tokio[e8964038cf8aeec]::task::local::RunUntil<service_control_smoke[1967d60ad58546c1]::service_pause_resume_dry_run_continues_after_resume::{closure#0}> as core[a373ad73a504971]::future::future::Future>::poll::{closure#0}>::{closure#0}, core[a373ad73a504971]::task::poll::Poll<()>>
[INFO] [stdout]   13:     0x56b4a01e1d03 - <core[a373ad73a504971]::pin::Pin<&mut <tokio[e8964038cf8aeec]::task::local::LocalSet>::run_until<service_control_smoke[1967d60ad58546c1]::service_pause_resume_dry_run_continues_after_resume::{closure#0}>::{closure#0}> as core[a373ad73a504971]::future::future::Future>::poll
[INFO] [stdout]   14:     0x56b4a01ea78f - <tokio[e8964038cf8aeec]::runtime::scheduler::current_thread::Context>::enter::<core[a373ad73a504971]::task::poll::Poll<()>, <tokio[e8964038cf8aeec]::runtime::scheduler::current_thread::CoreGuard>::block_on<core[a373ad73a504971]::pin::Pin<&mut <tokio[e8964038cf8aeec]::task::local::LocalSet>::run_until<service_control_smoke[1967d60ad58546c1]::service_pause_resume_dry_run_continues_after_resume::{closure#0}>::{closure#0}>>::{closure#0}::{closure#0}>
[INFO] [stdout]   15:     0x56b4a01ed29c - <tokio[e8964038cf8aeec]::runtime::context::scoped::Scoped<tokio[e8964038cf8aeec]::runtime::scheduler::Context>>::set::<<tokio[e8964038cf8aeec]::runtime::scheduler::current_thread::CoreGuard>::enter<<tokio[e8964038cf8aeec]::runtime::scheduler::current_thread::CoreGuard>::block_on<core[a373ad73a504971]::pin::Pin<&mut <tokio[e8964038cf8aeec]::task::local::LocalSet>::run_until<service_control_smoke[1967d60ad58546c1]::service_pause_resume_dry_run_continues_after_resume::{closure#0}>::{closure#0}>>::{closure#0}, core[a373ad73a504971]::option::Option<()>>::{closure#0}, (alloc[2e1b2a31b91974c5]::boxed::Box<tokio[e8964038cf8aeec]::runtime::scheduler::current_thread::Core>, core[a373ad73a504971]::option::Option<()>)>
[INFO] [stdout]   16:     0x56b4a01eb217 - <tokio[e8964038cf8aeec]::runtime::scheduler::current_thread::CoreGuard>::block_on::<core[a373ad73a504971]::pin::Pin<&mut <tokio[e8964038cf8aeec]::task::local::LocalSet>::run_until<service_control_smoke[1967d60ad58546c1]::service_pause_resume_dry_run_continues_after_resume::{closure#0}>::{closure#0}>>
[INFO] [stdout]   17:     0x56b4a01f3a67 - tokio[e8964038cf8aeec]::runtime::context::runtime::enter_runtime::<<tokio[e8964038cf8aeec]::runtime::scheduler::current_thread::CurrentThread>::block_on<<tokio[e8964038cf8aeec]::task::local::LocalSet>::run_until<service_control_smoke[1967d60ad58546c1]::service_pause_resume_dry_run_continues_after_resume::{closure#0}>::{closure#0}>::{closure#0}, ()>
[INFO] [stdout]   18:     0x56b4a02030b2 - <tokio[e8964038cf8aeec]::runtime::runtime::Runtime>::block_on::<<tokio[e8964038cf8aeec]::task::local::LocalSet>::run_until<service_control_smoke[1967d60ad58546c1]::service_pause_resume_dry_run_continues_after_resume::{closure#0}>::{closure#0}>
[INFO] [stdout]   19:     0x56b4a01e9dce - <service_control_smoke[1967d60ad58546c1]::service_pause_resume_dry_run_continues_after_resume::{closure#0} as core[a373ad73a504971]::ops::function::FnOnce<()>>::call_once
[INFO] [stdout]   20:     0x56b4a020de0b - test[aada8e7e76ba119b]::__rust_begin_short_backtrace::<core[a373ad73a504971]::result::Result<(), alloc[2e1b2a31b91974c5]::string::String>, fn() -> core[a373ad73a504971]::result::Result<(), alloc[2e1b2a31b91974c5]::string::String>>
[INFO] [stdout]   21:     0x56b4a021afe5 - test[aada8e7e76ba119b]::run_test::{closure#0}
[INFO] [stdout]   22:     0x56b4a02148d4 - std[617be2ca0a6fd877]::sys::backtrace::__rust_begin_short_backtrace::<test[aada8e7e76ba119b]::run_test::{closure#1}, ()>
[INFO] [stdout]   23:     0x56b4a021e072 - <std[617be2ca0a6fd877]::thread::lifecycle::spawn_unchecked<test[aada8e7e76ba119b]::run_test::{closure#1}, ()>::{closure#1} as core[a373ad73a504971]::ops::function::FnOnce<()>>::call_once::{shim:vtable#0}
[INFO] [stdout]   24:     0x56b4a06d3f5f - <std[617be2ca0a6fd877]::sys::thread::unix::Thread>::new::thread_start
[INFO] [stdout]   25:     0x79bf7e37adfa - <unknown>
[INFO] [stdout]   26:     0x79bf7e40e3d4 - clone
[INFO] [stdout]   27:                0x0 - <unknown>
[INFO] [stdout] 
[INFO] [stdout] ---- service_cancel_dry_run_emits_stopped_status stdout ----
[INFO] [stdout] 
[INFO] [stdout] thread 'service_cancel_dry_run_emits_stopped_status' (4026) panicked at tests/service_control_smoke.rs:277:29:
[INFO] [stdout] event stream closed before first progress
[INFO] [stdout] stack backtrace:
[INFO] [stdout]    0:     0x56b4a06d5771 - <<std[617be2ca0a6fd877]::sys::backtrace::BacktraceLock>::print::DisplayBacktrace as core[a373ad73a504971]::fmt::Display>::fmt
[INFO] [stdout]    1:     0x56b4a06ed52a - core[a373ad73a504971]::fmt::write
[INFO] [stdout]    2:     0x56b4a06dac4c - <alloc[2e1b2a31b91974c5]::vec::Vec<u8> as core[a373ad73a504971]::io::write::Write>::write_fmt
[INFO] [stdout]    3:     0x56b4a06adee6 - std[617be2ca0a6fd877]::panicking::default_hook::{closure#0}
[INFO] [stdout]    4:     0x56b4a06cc4e9 - std[617be2ca0a6fd877]::panicking::default_hook
[INFO] [stdout]    5:     0x56b4a021a9c0 - test[aada8e7e76ba119b]::test_main_inner::{closure#0}
[INFO] [stdout]    6:     0x56b4a06cc812 - std[617be2ca0a6fd877]::panicking::panic_with_hook
[INFO] [stdout]    7:     0x56b4a06adfc4 - std[617be2ca0a6fd877]::panicking::panic_handler::{closure#0}
[INFO] [stdout]    8:     0x56b4a06a62e9 - std[617be2ca0a6fd877]::sys::backtrace::__rust_end_short_backtrace::<std[617be2ca0a6fd877]::panicking::panic_handler::{closure#0}, !>
[INFO] [stdout]    9:     0x56b4a06aee9d - __rustc[ea4f61d10b84890b]::rust_begin_unwind
[INFO] [stdout]   10:     0x56b4a06edc8c - core[a373ad73a504971]::panicking::panic_fmt
[INFO] [stdout]   11:     0x56b4a02005f2 - <tokio[e8964038cf8aeec]::time::timeout::Timeout<service_control_smoke[1967d60ad58546c1]::service_cancel_dry_run_emits_stopped_status::{closure#0}::{closure#0}> as core[a373ad73a504971]::future::future::Future>::poll
[INFO] [stdout]   12:     0x56b4a01d0bc8 - <std[617be2ca0a6fd877]::thread::local::LocalKey<tokio[e8964038cf8aeec]::task::local::LocalData>>::with::<<tokio[e8964038cf8aeec]::task::local::LocalSet>::with<core[a373ad73a504971]::task::poll::Poll<()>, <tokio[e8964038cf8aeec]::task::local::RunUntil<service_control_smoke[1967d60ad58546c1]::service_cancel_dry_run_emits_stopped_status::{closure#0}> as core[a373ad73a504971]::future::future::Future>::poll::{closure#0}>::{closure#0}, core[a373ad73a504971]::task::poll::Poll<()>>
[INFO] [stdout]   13:     0x56b4a01e1c03 - <core[a373ad73a504971]::pin::Pin<&mut <tokio[e8964038cf8aeec]::task::local::LocalSet>::run_until<service_control_smoke[1967d60ad58546c1]::service_cancel_dry_run_emits_stopped_status::{closure#0}>::{closure#0}> as core[a373ad73a504971]::future::future::Future>::poll
[INFO] [stdout]   14:     0x56b4a01ea5ef - <tokio[e8964038cf8aeec]::runtime::scheduler::current_thread::Context>::enter::<core[a373ad73a504971]::task::poll::Poll<()>, <tokio[e8964038cf8aeec]::runtime::scheduler::current_thread::CoreGuard>::block_on<core[a373ad73a504971]::pin::Pin<&mut <tokio[e8964038cf8aeec]::task::local::LocalSet>::run_until<service_control_smoke[1967d60ad58546c1]::service_cancel_dry_run_emits_stopped_status::{closure#0}>::{closure#0}>>::{closure#0}::{closure#0}>
[INFO] [stdout]   15:     0x56b4a01ed0bc - <tokio[e8964038cf8aeec]::runtime::context::scoped::Scoped<tokio[e8964038cf8aeec]::runtime::scheduler::Context>>::set::<<tokio[e8964038cf8aeec]::runtime::scheduler::current_thread::CoreGuard>::enter<<tokio[e8964038cf8aeec]::runtime::scheduler::current_thread::CoreGuard>::block_on<core[a373ad73a504971]::pin::Pin<&mut <tokio[e8964038cf8aeec]::task::local::LocalSet>::run_until<service_control_smoke[1967d60ad58546c1]::service_cancel_dry_run_emits_stopped_status::{closure#0}>::{closure#0}>>::{closure#0}, core[a373ad73a504971]::option::Option<()>>::{closure#0}, (alloc[2e1b2a31b91974c5]::boxed::Box<tokio[e8964038cf8aeec]::runtime::scheduler::current_thread::Core>, core[a373ad73a504971]::option::Option<()>)>
[INFO] [stdout]   16:     0x56b4a01eb027 - <tokio[e8964038cf8aeec]::runtime::scheduler::current_thread::CoreGuard>::block_on::<core[a373ad73a504971]::pin::Pin<&mut <tokio[e8964038cf8aeec]::task::local::LocalSet>::run_until<service_control_smoke[1967d60ad58546c1]::service_cancel_dry_run_emits_stopped_status::{closure#0}>::{closure#0}>>
[INFO] [stdout]   17:     0x56b4a01f3617 - tokio[e8964038cf8aeec]::runtime::context::runtime::enter_runtime::<<tokio[e8964038cf8aeec]::runtime::scheduler::current_thread::CurrentThread>::block_on<<tokio[e8964038cf8aeec]::task::local::LocalSet>::run_until<service_control_smoke[1967d60ad58546c1]::service_cancel_dry_run_emits_stopped_status::{closure#0}>::{closure#0}>::{closure#0}, ()>
[INFO] [stdout]   18:     0x56b4a0202ee2 - <tokio[e8964038cf8aeec]::runtime::runtime::Runtime>::block_on::<<tokio[e8964038cf8aeec]::task::local::LocalSet>::run_until<service_control_smoke[1967d60ad58546c1]::service_cancel_dry_run_emits_stopped_status::{closure#0}>::{closure#0}>
[INFO] [stdout]   19:     0x56b4a01e9aee - <service_control_smoke[1967d60ad58546c1]::service_cancel_dry_run_emits_stopped_status::{closure#0} as core[a373ad73a504971]::ops::function::FnOnce<()>>::call_once
[INFO] [stdout]   20:     0x56b4a020de0b - test[aada8e7e76ba119b]::__rust_begin_short_backtrace::<core[a373ad73a504971]::result::Result<(), alloc[2e1b2a31b91974c5]::string::String>, fn() -> core[a373ad73a504971]::result::Result<(), alloc[2e1b2a31b91974c5]::string::String>>
[INFO] [stdout]   21:     0x56b4a021afe5 - test[aada8e7e76ba119b]::run_test::{closure#0}
[INFO] [stdout]   22:     0x56b4a02148d4 - std[617be2ca0a6fd877]::sys::backtrace::__rust_begin_short_backtrace::<test[aada8e7e76ba119b]::run_test::{closure#1}, ()>
[INFO] [stdout]   23:     0x56b4a021e072 - <std[617be2ca0a6fd877]::thread::lifecycle::spawn_unchecked<test[aada8e7e76ba119b]::run_test::{closure#1}, ()>::{closure#1} as core[a373ad73a504971]::ops::function::FnOnce<()>>::call_once::{shim:vtable#0}
[INFO] [stdout]   24:     0x56b4a06d3f5f - <std[617be2ca0a6fd877]::sys::thread::unix::Thread>::new::thread_start
[INFO] [stdout]   25:     0x79bf7e37adfa - <unknown>
[INFO] [stdout]   26:     0x79bf7e40e3d4 - clone
[INFO] [stdout]   27:                0x0 - <unknown>
[INFO] [stdout] 
[INFO] [stdout] 
[INFO] [stdout] failures:
[INFO] [stdout]     service_cancel_dry_run_emits_stopped_status
[INFO] [stdout]     service_pause_resume_dry_run_continues_after_resume
[INFO] [stdout] 
[INFO] [stdout] test result: FAILED. 2 passed; 2 failed; 0 ignored; 0 measured; 0 filtered out; finished in 15.21s
[INFO] [stdout] 
[INFO] [stderr] error: test failed, to rerun pass `--test service_control_smoke`
[INFO] running `Command { std: "docker" "inspect" "71a01aa224d41cde1d9d42f4b27e3b6332b189ec8d527701cf422e419dfa52eb", kill_on_drop: false }`
[INFO] running `Command { std: "docker" "rm" "-f" "71a01aa224d41cde1d9d42f4b27e3b6332b189ec8d527701cf422e419dfa52eb", kill_on_drop: false }`
[INFO] [stdout] 71a01aa224d41cde1d9d42f4b27e3b6332b189ec8d527701cf422e419dfa52eb
