[INFO] cloning repository https://github.com/gracee3/astraeus
[INFO] running `Command { std: "git" "-c" "credential.helper=" "-c" "credential.helper=/workspace/cargo-home/bin/git-credential-null" "clone" "--bare" "https://github.com/gracee3/astraeus" "/workspace/cache/git-repos/https%3A%2F%2Fgithub.com%2Fgracee3%2Fastraeus", kill_on_drop: false }`
[INFO] [stderr] Cloning into bare repository '/workspace/cache/git-repos/https%3A%2F%2Fgithub.com%2Fgracee3%2Fastraeus'...
[INFO] running `Command { std: "git" "rev-parse" "HEAD", kill_on_drop: false }`
[INFO] [stdout] 9a73408ec612906f6694bfa0f246158f467d1f02
[INFO] testing gracee3/astraeus against 1.99.0-beta.8+cargoflags=--release for beta-release-1.100-3
[INFO] running `Command { std: "git" "clone" "/workspace/cache/git-repos/https%3A%2F%2Fgithub.com%2Fgracee3%2Fastraeus" "/workspace/builds/worker-0-tc1/source", kill_on_drop: false }`
[INFO] [stderr] Cloning into '/workspace/builds/worker-0-tc1/source'...
[INFO] [stderr] done.
[INFO] removed /workspace/builds/worker-0-tc1/source/rust-toolchain.toml
[INFO] started tweaking git repo https://github.com/gracee3/astraeus
[INFO] finished tweaking git repo https://github.com/gracee3/astraeus
[INFO] tweaked toml for git repo https://github.com/gracee3/astraeus written to /workspace/builds/worker-0-tc1/source/Cargo.toml
[INFO] validating manifest of git repo https://github.com/gracee3/astraeus on toolchain 1.99.0-beta.8
[INFO] running `Command { std: CARGO_HOME="/workspace/cargo-home" RUSTUP_HOME="/workspace/rustup-home" "/workspace/cargo-home/bin/cargo" "+1.99.0-beta.8" "metadata" "--manifest-path" "Cargo.toml" "--no-deps", kill_on_drop: false }`
[INFO] crate git repo https://github.com/gracee3/astraeus already has a lockfile, it will not be regenerated
[INFO] running `Command { std: CARGO_HOME="/workspace/cargo-home" RUSTUP_HOME="/workspace/rustup-home" "/workspace/cargo-home/bin/cargo" "+1.99.0-beta.8" "fetch" "--manifest-path" "Cargo.toml", kill_on_drop: false }`
[INFO] [stderr]     Blocking waiting for file lock on package cache
[INFO] [stderr]     Updating crates.io index
[INFO] [stderr]     Blocking waiting for file lock on package cache
[INFO] [stderr]  Downloading crates ...
[INFO] [stderr]   Downloaded cc v1.3.0
[INFO] [stderr]   Downloaded syn v3.0.2
[INFO] [stderr]   Downloaded sweph-sys v0.3.0
[INFO] [stderr]   Downloaded libc v0.2.188
[INFO] [stderr]   Downloaded swisseph-rs v0.2.0
[INFO] running `Command { std: "docker" "create" "-v" "/var/lib/crater-agent-workspace/builds/worker-0-tc1/source:/opt/rustwide/workdir:ro,Z" "-v" "/var/lib/crater-agent-workspace/builds/worker-0-tc1/target:/opt/rustwide/target:rw,Z" "-v" "/var/lib/crater-agent-workspace/cargo-home:/opt/rustwide/cargo-home:ro,Z" "-v" "/var/lib/crater-agent-workspace/rustup-home:/opt/rustwide/rustup-home:ro,Z" "-m" "1610612736" "--network" "none" "ghcr.io/rust-lang/crates-build-env/linux@sha256:77db811e55d90add9212f6832c23229e3de5f1c1f9905e8cb07319ea15df73ac" "sleep" "infinity", kill_on_drop: false }`
[INFO] [stdout] c6b81fafd50ab88d010ea6a786ac117a7f2480231f8d520da258807e15cf0855
[INFO] running `Command { std: "docker" "start" "c6b81fafd50ab88d010ea6a786ac117a7f2480231f8d520da258807e15cf0855", kill_on_drop: false }`
[INFO] running `Command { std: "docker" "inspect" "c6b81fafd50ab88d010ea6a786ac117a7f2480231f8d520da258807e15cf0855", kill_on_drop: false }`
[INFO] running `Command { std: "docker" "exec" "-e" "SOURCE_DIR=/opt/rustwide/workdir" "-e" "CARGO_HOME=/opt/rustwide/cargo-home" "-e" "RUSTUP_HOME=/opt/rustwide/rustup-home" "-e" "CARGO_TARGET_DIR=/opt/rustwide/target" "-w" "/opt/rustwide/workdir" "--user" "0:0" "c6b81fafd50ab88d010ea6a786ac117a7f2480231f8d520da258807e15cf0855" "/opt/rustwide/cargo-home/bin/cargo" "+1.99.0-beta.8" "metadata" "--no-deps" "--format-version=1", kill_on_drop: false }`
[INFO] running `Command { std: "docker" "inspect" "c6b81fafd50ab88d010ea6a786ac117a7f2480231f8d520da258807e15cf0855", kill_on_drop: false }`
[INFO] running `Command { std: "docker" "exec" "-e" "SOURCE_DIR=/opt/rustwide/workdir" "-e" "CARGO_HOME=/opt/rustwide/cargo-home" "-e" "RUSTUP_HOME=/opt/rustwide/rustup-home" "-e" "CARGO_TARGET_DIR=/opt/rustwide/target" "-e" "CARGO_INCREMENTAL=0" "-e" "RUST_BACKTRACE=full" "-e" "RUSTFLAGS=--cap-lints=warn" "-e" "RUSTDOCFLAGS=--cap-lints=warn" "-w" "/opt/rustwide/workdir" "--user" "0:0" "c6b81fafd50ab88d010ea6a786ac117a7f2480231f8d520da258807e15cf0855" "/opt/rustwide/cargo-home/bin/cargo" "+1.99.0-beta.8" "build" "--frozen" "--message-format=json" "--release", kill_on_drop: false }`
[INFO] [stderr]    Compiling syn v3.0.2
[INFO] [stderr]    Compiling serde_core v1.0.229
[INFO] [stderr]    Compiling thiserror v2.0.19
[INFO] [stderr]    Compiling typenum v1.20.1
[INFO] [stderr]    Compiling serde_json v1.0.151
[INFO] [stderr]    Compiling cpufeatures v0.2.17
[INFO] [stderr]    Compiling find-msvc-tools v0.1.9
[INFO] [stderr]    Compiling shlex v2.0.1
[INFO] [stderr]    Compiling bitflags v2.13.1
[INFO] [stderr]    Compiling generic-array v0.14.7
[INFO] [stderr]    Compiling cc v1.3.0
[INFO] [stderr]    Compiling swisseph-rs v0.2.0
[INFO] [stderr]    Compiling sweph-sys v0.3.0
[INFO] [stderr]    Compiling block-buffer v0.10.4
[INFO] [stderr]    Compiling crypto-common v0.1.7
[INFO] [stderr]    Compiling digest v0.10.7
[INFO] [stderr]    Compiling sha2 v0.10.9
[INFO] [stderr]    Compiling serde_derive v1.0.229
[INFO] [stderr]    Compiling thiserror-impl v2.0.19
[INFO] [stderr]    Compiling serde v1.0.229
[INFO] [stderr]    Compiling chrono v0.4.45
[INFO] [stderr]    Compiling astraeus-core v0.1.0 (/opt/rustwide/workdir/crates/astraeus-core)
[INFO] [stderr]    Compiling astraeus-specifications v0.1.0 (/opt/rustwide/workdir/crates/astraeus-specifications)
[INFO] [stderr]    Compiling astraeus-artifacts v0.1.0 (/opt/rustwide/workdir/crates/astraeus-artifacts)
[INFO] [stderr]    Compiling astraeus-moshier v0.1.0 (/opt/rustwide/workdir/crates/astraeus-moshier)
[INFO] [stderr]    Compiling astraeus-fixtures v0.1.0 (/opt/rustwide/workdir/crates/astraeus-fixtures)
[INFO] [stderr]    Compiling astraeus-derived v0.1.0 (/opt/rustwide/workdir/crates/astraeus-derived)
[INFO] [stderr]    Compiling astraeus-events v0.1.0 (/opt/rustwide/workdir/crates/astraeus-events)
[INFO] [stderr]    Compiling astraeus-techniques v0.1.0 (/opt/rustwide/workdir/crates/astraeus-techniques)
[INFO] [stderr]    Compiling astraeus-western v0.1.0 (/opt/rustwide/workdir/crates/astraeus-western)
[INFO] [stderr]    Compiling astraeus-comparison v0.1.0 (/opt/rustwide/workdir/crates/astraeus-comparison)
[INFO] [stderr]    Compiling astraeus-timeseries v0.1.0 (/opt/rustwide/workdir/crates/astraeus-timeseries)
[INFO] [stderr]    Compiling astraeus-swiss v0.1.0 (/opt/rustwide/workdir/crates/astraeus-swiss)
[INFO] [stderr]    Compiling astraeus-cli v0.1.0 (/opt/rustwide/workdir/crates/astraeus-cli)
[INFO] [stderr]     Finished `release` profile [optimized] target(s) in 1m 08s
[INFO] running `Command { std: "docker" "inspect" "c6b81fafd50ab88d010ea6a786ac117a7f2480231f8d520da258807e15cf0855", kill_on_drop: false }`
[INFO] running `Command { std: "docker" "exec" "-e" "SOURCE_DIR=/opt/rustwide/workdir" "-e" "CARGO_HOME=/opt/rustwide/cargo-home" "-e" "RUSTUP_HOME=/opt/rustwide/rustup-home" "-e" "CARGO_TARGET_DIR=/opt/rustwide/target" "-e" "CARGO_INCREMENTAL=0" "-e" "RUST_BACKTRACE=full" "-e" "RUSTFLAGS=--cap-lints=warn" "-e" "RUSTDOCFLAGS=--cap-lints=warn" "-w" "/opt/rustwide/workdir" "--user" "0:0" "c6b81fafd50ab88d010ea6a786ac117a7f2480231f8d520da258807e15cf0855" "/opt/rustwide/cargo-home/bin/cargo" "+1.99.0-beta.8" "test" "--frozen" "--no-run" "--message-format=json" "--release", kill_on_drop: false }`
[INFO] [stderr]    Compiling bitflags v2.13.1
[INFO] [stderr]    Compiling libc v0.2.188
[INFO] [stderr]    Compiling rustix v1.1.4
[INFO] [stderr]    Compiling once_cell v1.21.4
[INFO] [stderr]    Compiling astraeus-core v0.1.0 (/opt/rustwide/workdir/crates/astraeus-core)
[INFO] [stderr]    Compiling astraeus-specifications v0.1.0 (/opt/rustwide/workdir/crates/astraeus-specifications)
[INFO] [stderr]    Compiling astraeus-artifacts v0.1.0 (/opt/rustwide/workdir/crates/astraeus-artifacts)
[INFO] [stderr]    Compiling astraeus-fixtures v0.1.0 (/opt/rustwide/workdir/crates/astraeus-fixtures)
[INFO] [stderr]    Compiling astraeus-derived v0.1.0 (/opt/rustwide/workdir/crates/astraeus-derived)
[INFO] [stderr]    Compiling astraeus-comparison v0.1.0 (/opt/rustwide/workdir/crates/astraeus-comparison)
[INFO] [stderr]    Compiling astraeus-western v0.1.0 (/opt/rustwide/workdir/crates/astraeus-western)
[INFO] [stderr]    Compiling astraeus-cli v0.1.0 (/opt/rustwide/workdir/crates/astraeus-cli)
[INFO] [stderr]    Compiling astraeus-timeseries v0.1.0 (/opt/rustwide/workdir/crates/astraeus-timeseries)
[INFO] [stderr]    Compiling swisseph-rs v0.2.0
[INFO] [stderr]    Compiling astraeus-techniques v0.1.0 (/opt/rustwide/workdir/crates/astraeus-techniques)
[INFO] [stderr]    Compiling astraeus-events v0.1.0 (/opt/rustwide/workdir/crates/astraeus-events)
[INFO] [stderr]    Compiling getrandom v0.4.3
[INFO] [stderr]    Compiling tempfile v3.27.0
[INFO] [stderr]    Compiling astraeus-swiss v0.1.0 (/opt/rustwide/workdir/crates/astraeus-swiss)
[INFO] [stderr]    Compiling astraeus-moshier v0.1.0 (/opt/rustwide/workdir/crates/astraeus-moshier)
[INFO] [stderr]     Finished `release` profile [optimized] target(s) in 27.52s
[INFO] running `Command { std: "docker" "inspect" "c6b81fafd50ab88d010ea6a786ac117a7f2480231f8d520da258807e15cf0855", kill_on_drop: false }`
[INFO] running `Command { std: "docker" "exec" "-e" "SOURCE_DIR=/opt/rustwide/workdir" "-e" "CARGO_HOME=/opt/rustwide/cargo-home" "-e" "RUSTUP_HOME=/opt/rustwide/rustup-home" "-e" "CARGO_TARGET_DIR=/opt/rustwide/target" "-e" "CARGO_INCREMENTAL=0" "-e" "RUST_BACKTRACE=full" "-e" "RUSTFLAGS=--cap-lints=warn" "-e" "RUSTDOCFLAGS=--cap-lints=warn" "-w" "/opt/rustwide/workdir" "--user" "0:0" "c6b81fafd50ab88d010ea6a786ac117a7f2480231f8d520da258807e15cf0855" "/opt/rustwide/cargo-home/bin/cargo" "+1.99.0-beta.8" "test" "--frozen" "--release", kill_on_drop: false }`
[INFO] [stderr]     Finished `release` profile [optimized] target(s) in 0.09s
[INFO] [stderr]      Running unittests src/lib.rs (/opt/rustwide/target/release/deps/astraeus_artifacts-c790b1535fc3f8b7)
[INFO] [stdout] 
[INFO] [stdout] running 0 tests
[INFO] [stdout] 
[INFO] [stdout] test result: ok. 0 passed; 0 failed; 0 ignored; 0 measured; 0 filtered out; finished in 0.00s
[INFO] [stdout] 
[INFO] [stderr]      Running tests/artifacts.rs (/opt/rustwide/target/release/deps/artifacts-17a15493b498a028)
[INFO] [stdout] 
[INFO] [stdout] running 5 tests
[INFO] [stdout] test unknown_fields_are_rejected ... ok
[INFO] [stdout] test unsupported_versions_are_rejected ... ok
[INFO] [stdout] test nested_domain_validation_remains_active ... ok
[INFO] [stderr]      Running unittests src/main.rs (/opt/rustwide/target/release/deps/astraeus-6b95bc0861fd439b)
[INFO] [stdout] test request_and_result_object_sets_must_match ... ok
[INFO] [stdout] test canonical_json_round_trips_without_changing_identity ... ok
[INFO] [stdout] 
[INFO] [stdout] test result: ok. 5 passed; 0 failed; 0 ignored; 0 measured; 0 filtered out; finished in 0.02s
[INFO] [stdout] 
[INFO] [stdout] 
[INFO] [stderr]      Running tests/cli.rs (/opt/rustwide/target/release/deps/cli-785f9d3f838c0002)
[INFO] [stdout] running 0 tests
[INFO] [stdout] 
[INFO] [stdout] test result: ok. 0 passed; 0 failed; 0 ignored; 0 measured; 0 filtered out; finished in 0.00s
[INFO] [stdout] 
[INFO] [stdout] 
[INFO] [stdout] running 5 tests
[INFO] [stdout] test swiss_files_cli_verifies_the_bundle_for_chart_and_timeline ... ignored, set ASTRAEUS_SWISS_EPHEMERIS_PATH to the pinned .se1 bundle
[INFO] [stdout] test chart_and_timeline_require_explicit_ephemeris_mode ... FAILED
[INFO] [stdout] test missing_command_reports_usage ... ok
[INFO] [stdout] test moshier_rejects_swiss_only_chiron ... ok
[INFO] [stderr] error: test failed, to rerun pass `-p astraeus-cli --test cli`
[INFO] [stdout] test moshier_chart_and_timeline_emit_schema_v1_json_and_ignore_swiss_environment ... ok
[INFO] [stdout] 
[INFO] [stdout] failures:
[INFO] [stdout] 
[INFO] [stdout] ---- chart_and_timeline_require_explicit_ephemeris_mode stdout ----
[INFO] [stdout] 
[INFO] [stdout] thread 'chart_and_timeline_require_explicit_ephemeris_mode' (2107) panicked at crates/astraeus-cli/tests/cli.rs:54:10:
[INFO] [stdout] called `Result::unwrap()` on an `Err` value: Os { code: 32, kind: BrokenPipe, message: "Broken pipe" }
[INFO] [stdout] stack backtrace:
[INFO] [stdout]    0:     0x5e75630bd811 - <<std[70759c8f55707aa4]::sys::backtrace::BacktraceLock>::print::DisplayBacktrace as core[df12db4294e9bfd3]::fmt::Display>::fmt
[INFO] [stdout]    1:     0x5e75630d245a - core[df12db4294e9bfd3]::fmt::write
[INFO] [stdout]    2:     0x5e75630c1d1c - <alloc[2182bb758b4b3781]::vec::Vec<u8> as core[df12db4294e9bfd3]::io::write::Write>::write_fmt
[INFO] [stdout]    3:     0x5e7563099976 - std[70759c8f55707aa4]::panicking::default_hook::{closure#0}
[INFO] [stdout]    4:     0x5e75630b5f79 - std[70759c8f55707aa4]::panicking::default_hook
[INFO] [stdout]    5:     0x5e7563051f20 - test[9d35eded1c95d3be]::test_main_inner::<test[9d35eded1c95d3be]::test_main_static::{closure#0}>::{closure#0}
[INFO] [stdout]    6:     0x5e75630b6132 - std[70759c8f55707aa4]::panicking::panic_with_hook
[INFO] [stdout]    7:     0x5e7563099a22 - std[70759c8f55707aa4]::panicking::panic_handler::{closure#0}
[INFO] [stdout]    8:     0x5e75630927a9 - std[70759c8f55707aa4]::sys::backtrace::__rust_end_short_backtrace::<std[70759c8f55707aa4]::panicking::panic_handler::{closure#0}, !>
[INFO] [stdout]    9:     0x5e756309a61d - __rustc[8fa7c3cbc660c2b3]::rust_begin_unwind
[INFO] [stdout]   10:     0x5e75630d2b8c - core[df12db4294e9bfd3]::panicking::panic_fmt
[INFO] [stdout]   11:     0x5e75630d2962 - core[df12db4294e9bfd3]::result::unwrap_failed
[INFO] [stdout]   12:     0x5e7563037954 - cli[ee9e6441a1f66eb9]::run_stdin
[INFO] [stdout]   13:     0x5e7563038692 - <cli[ee9e6441a1f66eb9]::chart_and_timeline_require_explicit_ephemeris_mode::{closure#0} as core[df12db4294e9bfd3]::ops::function::FnOnce<()>>::call_once
[INFO] [stdout]   14:     0x5e756304520b - test[9d35eded1c95d3be]::__rust_begin_short_backtrace::<core[df12db4294e9bfd3]::result::Result<(), alloc[2182bb758b4b3781]::string::String>, fn() -> core[df12db4294e9bfd3]::result::Result<(), alloc[2182bb758b4b3781]::string::String>>
[INFO] [stdout]   15:     0x5e7563052875 - test[9d35eded1c95d3be]::run_test::{closure#0}
[INFO] [stdout]   16:     0x5e756304c134 - std[70759c8f55707aa4]::sys::backtrace::__rust_begin_short_backtrace::<test[9d35eded1c95d3be]::run_test::{closure#1}, ()>
[INFO] [stdout]   17:     0x5e75630559d2 - <std[70759c8f55707aa4]::thread::lifecycle::spawn_unchecked<test[9d35eded1c95d3be]::run_test::{closure#1}, ()>::{closure#1} as core[df12db4294e9bfd3]::ops::function::FnOnce<()>>::call_once::{shim:vtable#0}
[INFO] [stdout]   18:     0x5e75630bd0e9 - <std[70759c8f55707aa4]::sys::thread::unix::Thread>::new::thread_start
[INFO] [stdout]   19:     0x777793b70dfa - <unknown>
[INFO] [stdout]   20:     0x777793c043d4 - clone
[INFO] [stdout]   21:                0x0 - <unknown>
[INFO] [stdout] 
[INFO] [stdout] 
[INFO] [stdout] failures:
[INFO] [stdout]     chart_and_timeline_require_explicit_ephemeris_mode
[INFO] [stdout] 
[INFO] [stdout] test result: FAILED. 3 passed; 1 failed; 1 ignored; 0 measured; 0 filtered out; finished in 0.03s
[INFO] [stdout] 
[INFO] running `Command { std: "docker" "inspect" "c6b81fafd50ab88d010ea6a786ac117a7f2480231f8d520da258807e15cf0855", kill_on_drop: false }`
[INFO] running `Command { std: "docker" "rm" "-f" "c6b81fafd50ab88d010ea6a786ac117a7f2480231f8d520da258807e15cf0855", kill_on_drop: false }`
[INFO] [stdout] c6b81fafd50ab88d010ea6a786ac117a7f2480231f8d520da258807e15cf0855
