[INFO] cloning repository https://github.com/comdotharman0/Autoscript2
[INFO] running `Command { std: "git" "-c" "credential.helper=" "-c" "credential.helper=/workspace/cargo-home/bin/git-credential-null" "clone" "--bare" "https://github.com/comdotharman0/Autoscript2" "/workspace/cache/git-repos/https%3A%2F%2Fgithub.com%2Fcomdotharman0%2FAutoscript2", kill_on_drop: false }`
[INFO] [stderr] Cloning into bare repository '/workspace/cache/git-repos/https%3A%2F%2Fgithub.com%2Fcomdotharman0%2FAutoscript2'...
[INFO] running `Command { std: "git" "rev-parse" "HEAD", kill_on_drop: false }`
[INFO] [stdout] cf4314aacc294b6b2057d8386b5a14ea14acbcec
[INFO] testing comdotharman0/Autoscript2 against 1.99.0-beta.8+cargoflags=--release for beta-release-1.100-3
[INFO] running `Command { std: "git" "clone" "/workspace/cache/git-repos/https%3A%2F%2Fgithub.com%2Fcomdotharman0%2FAutoscript2" "/workspace/builds/worker-3-tc1/source", kill_on_drop: false }`
[INFO] [stderr] Cloning into '/workspace/builds/worker-3-tc1/source'...
[INFO] [stderr] done.
[INFO] started tweaking git repo https://github.com/comdotharman0/Autoscript2
[INFO] finished tweaking git repo https://github.com/comdotharman0/Autoscript2
[INFO] tweaked toml for git repo https://github.com/comdotharman0/Autoscript2 written to /workspace/builds/worker-3-tc1/source/Cargo.toml
[INFO] validating manifest of git repo https://github.com/comdotharman0/Autoscript2 on toolchain 1.99.0-beta.8
[INFO] running `Command { std: CARGO_HOME="/workspace/cargo-home" RUSTUP_HOME="/workspace/rustup-home" "/workspace/cargo-home/bin/cargo" "+1.99.0-beta.8" "metadata" "--manifest-path" "Cargo.toml" "--no-deps", kill_on_drop: false }`
[INFO] crate git repo https://github.com/comdotharman0/Autoscript2 already has a lockfile, it will not be regenerated
[INFO] running `Command { std: CARGO_HOME="/workspace/cargo-home" RUSTUP_HOME="/workspace/rustup-home" "/workspace/cargo-home/bin/cargo" "+1.99.0-beta.8" "fetch" "--manifest-path" "Cargo.toml", kill_on_drop: false }`
[INFO] [stderr]     Blocking waiting for file lock on package cache
[INFO] [stderr]     Blocking waiting for file lock on package cache
[INFO] running `Command { std: "docker" "create" "-v" "/var/lib/crater-agent-workspace/builds/worker-3-tc1/source:/opt/rustwide/workdir:ro,Z" "-v" "/var/lib/crater-agent-workspace/builds/worker-3-tc1/target:/opt/rustwide/target:rw,Z" "-v" "/var/lib/crater-agent-workspace/cargo-home:/opt/rustwide/cargo-home:ro,Z" "-v" "/var/lib/crater-agent-workspace/rustup-home:/opt/rustwide/rustup-home:ro,Z" "-m" "1610612736" "--network" "none" "ghcr.io/rust-lang/crates-build-env/linux@sha256:77db811e55d90add9212f6832c23229e3de5f1c1f9905e8cb07319ea15df73ac" "sleep" "infinity", kill_on_drop: false }`
[INFO] [stdout] d42c8a86fafad2f355d33b2fbd8fc9bc5e70433ea20d6720963c71d239aafcc6
[INFO] running `Command { std: "docker" "start" "d42c8a86fafad2f355d33b2fbd8fc9bc5e70433ea20d6720963c71d239aafcc6", kill_on_drop: false }`
[INFO] running `Command { std: "docker" "inspect" "d42c8a86fafad2f355d33b2fbd8fc9bc5e70433ea20d6720963c71d239aafcc6", kill_on_drop: false }`
[INFO] running `Command { std: "docker" "exec" "-e" "SOURCE_DIR=/opt/rustwide/workdir" "-e" "CARGO_HOME=/opt/rustwide/cargo-home" "-e" "RUSTUP_HOME=/opt/rustwide/rustup-home" "-e" "CARGO_TARGET_DIR=/opt/rustwide/target" "-w" "/opt/rustwide/workdir" "--user" "0:0" "d42c8a86fafad2f355d33b2fbd8fc9bc5e70433ea20d6720963c71d239aafcc6" "/opt/rustwide/cargo-home/bin/cargo" "+1.99.0-beta.8" "metadata" "--no-deps" "--format-version=1", kill_on_drop: false }`
[INFO] running `Command { std: "docker" "inspect" "d42c8a86fafad2f355d33b2fbd8fc9bc5e70433ea20d6720963c71d239aafcc6", kill_on_drop: false }`
[INFO] running `Command { std: "docker" "exec" "-e" "SOURCE_DIR=/opt/rustwide/workdir" "-e" "CARGO_HOME=/opt/rustwide/cargo-home" "-e" "RUSTUP_HOME=/opt/rustwide/rustup-home" "-e" "CARGO_TARGET_DIR=/opt/rustwide/target" "-e" "CARGO_INCREMENTAL=0" "-e" "RUST_BACKTRACE=full" "-e" "RUSTFLAGS=--cap-lints=warn" "-e" "RUSTDOCFLAGS=--cap-lints=warn" "-w" "/opt/rustwide/workdir" "--user" "0:0" "d42c8a86fafad2f355d33b2fbd8fc9bc5e70433ea20d6720963c71d239aafcc6" "/opt/rustwide/cargo-home/bin/cargo" "+1.99.0-beta.8" "build" "--frozen" "--message-format=json" "--release", kill_on_drop: false }`
[INFO] [stderr]    Compiling autoscript v0.1.4 (/opt/rustwide/workdir)
[INFO] [stderr]     Finished `release` profile [optimized] target(s) in 0.70s
[INFO] running `Command { std: "docker" "inspect" "d42c8a86fafad2f355d33b2fbd8fc9bc5e70433ea20d6720963c71d239aafcc6", kill_on_drop: false }`
[INFO] running `Command { std: "docker" "exec" "-e" "SOURCE_DIR=/opt/rustwide/workdir" "-e" "CARGO_HOME=/opt/rustwide/cargo-home" "-e" "RUSTUP_HOME=/opt/rustwide/rustup-home" "-e" "CARGO_TARGET_DIR=/opt/rustwide/target" "-e" "CARGO_INCREMENTAL=0" "-e" "RUST_BACKTRACE=full" "-e" "RUSTFLAGS=--cap-lints=warn" "-e" "RUSTDOCFLAGS=--cap-lints=warn" "-w" "/opt/rustwide/workdir" "--user" "0:0" "d42c8a86fafad2f355d33b2fbd8fc9bc5e70433ea20d6720963c71d239aafcc6" "/opt/rustwide/cargo-home/bin/cargo" "+1.99.0-beta.8" "test" "--frozen" "--no-run" "--message-format=json" "--release", kill_on_drop: false }`
[INFO] [stderr]    Compiling autoscript v0.1.4 (/opt/rustwide/workdir)
[INFO] [stderr]     Finished `release` profile [optimized] target(s) in 0.78s
[INFO] running `Command { std: "docker" "inspect" "d42c8a86fafad2f355d33b2fbd8fc9bc5e70433ea20d6720963c71d239aafcc6", kill_on_drop: false }`
[INFO] running `Command { std: "docker" "exec" "-e" "SOURCE_DIR=/opt/rustwide/workdir" "-e" "CARGO_HOME=/opt/rustwide/cargo-home" "-e" "RUSTUP_HOME=/opt/rustwide/rustup-home" "-e" "CARGO_TARGET_DIR=/opt/rustwide/target" "-e" "CARGO_INCREMENTAL=0" "-e" "RUST_BACKTRACE=full" "-e" "RUSTFLAGS=--cap-lints=warn" "-e" "RUSTDOCFLAGS=--cap-lints=warn" "-w" "/opt/rustwide/workdir" "--user" "0:0" "d42c8a86fafad2f355d33b2fbd8fc9bc5e70433ea20d6720963c71d239aafcc6" "/opt/rustwide/cargo-home/bin/cargo" "+1.99.0-beta.8" "test" "--frozen" "--release", kill_on_drop: false }`
[INFO] [stderr]     Finished `release` profile [optimized] target(s) in 0.03s
[INFO] [stderr]      Running unittests src/main.rs (/opt/rustwide/target/release/deps/autoscript-67197a2b350c3a2e)
[INFO] [stdout] 
[INFO] [stdout] running 18 tests
[INFO] [stdout] test filemanager::tests::test_cwd_not_empty ... ok
[INFO] [stdout] test filemanager::tests::test_get_files_paths_empty_input_returns_empty ... ok
[INFO] [stdout] test filemanager::tests::test_load_ignore_list_errors_on_missing_file ... ok
[INFO] [stdout] test filemanager::tests::test_get_files_paths_finds_files_recursively ... ok
[INFO] [stdout] test filemanager::tests::test_cwd_is_ok ... ok
[INFO] [stdout] test filemanager::tests::test_files_show_returns_ok_for_valid_list ... ok
[INFO] [stdout] test filemanager::tests::test_get_dir_items_errors_on_nonexistent_path ... ok
[INFO] [stdout] test filemanager::tests::test_get_files_paths_direct_file_path ... ok
[INFO] [stdout] test filemanager::tests::test_load_ignore_list_empty_file ... ok
[INFO] [stdout] test filemanager::tests::test_files_show_returns_ok_for_empty_list ... ok
[INFO] [stdout] test filemanager::tests::test_get_dir_items_returns_ok_for_valid_dir ... ok
[INFO] [stdout] test filemanager::tests::test_get_files_paths_respects_ignore_list ... ok
[INFO] [stdout] test filemanager::tests::test_cwd_is_valid_path ... ok
[INFO] [stdout] test filemanager::tests::test_get_dir_items_returns_full_paths ... FAILED
[INFO] [stdout] test filemanager::tests::test_new_creates_instance ... ok
[INFO] [stdout] test filemanager::tests::test_load_ignore_list_reads_correctly ... ok
[INFO] [stdout] test filemanager::tests::test_get_files_paths_ignore_none_finds_all ... ok
[INFO] [stdout] test filemanager::tests::test_get_dir_items_finds_created_files ... ok
[INFO] [stdout] 
[INFO] [stdout] failures:
[INFO] [stdout] 
[INFO] [stdout] ---- filemanager::tests::test_get_dir_items_returns_full_paths stdout ----
[INFO] [stdout] 
[INFO] [stdout] thread 'filemanager::tests::test_get_dir_items_returns_full_paths' (187) panicked at src/filemanager.rs:269:10:
[INFO] [stdout] called `Result::unwrap()` on an `Err` value: Os { code: 2, kind: NotFound, message: "No such file or directory" }
[INFO] [stdout] stack backtrace:
[INFO] [stdout]    0:     0x5f2ce3a27881 - <<std[70759c8f55707aa4]::sys::backtrace::BacktraceLock>::print::DisplayBacktrace as core[df12db4294e9bfd3]::fmt::Display>::fmt
[INFO] [stdout]    1:     0x5f2ce3a3be3a - core[df12db4294e9bfd3]::fmt::write
[INFO] [stdout]    2:     0x5f2ce3a2bfec - <alloc[2182bb758b4b3781]::vec::Vec<u8> as core[df12db4294e9bfd3]::io::write::Write>::write_fmt
[INFO] [stdout]    3:     0x5f2ce3a02146 - std[70759c8f55707aa4]::panicking::default_hook::{closure#0}
[INFO] [stdout]    4:     0x5f2ce3a1f0c9 - std[70759c8f55707aa4]::panicking::default_hook
[INFO] [stdout]    5:     0x5f2ce39b9f60 - test[9d35eded1c95d3be]::test_main_inner::<test[9d35eded1c95d3be]::test_main_static::{closure#0}>::{closure#0}
[INFO] [stdout]    6:     0x5f2ce3a1f282 - std[70759c8f55707aa4]::panicking::panic_with_hook
[INFO] [stdout]    7:     0x5f2ce3a021f2 - std[70759c8f55707aa4]::panicking::panic_handler::{closure#0}
[INFO] [stdout]    8:     0x5f2ce39fac29 - std[70759c8f55707aa4]::sys::backtrace::__rust_end_short_backtrace::<std[70759c8f55707aa4]::panicking::panic_handler::{closure#0}, !>
[INFO] [stdout]    9:     0x5f2ce3a02ded - __rustc[8fa7c3cbc660c2b3]::rust_begin_unwind
[INFO] [stdout]   10:     0x5f2ce3a3c56c - core[df12db4294e9bfd3]::panicking::panic_fmt
[INFO] [stdout]   11:     0x5f2ce3a3c342 - core[df12db4294e9bfd3]::result::unwrap_failed
[INFO] [stdout]   12:     0x5f2ce39a8d5a - autoscript[9f1193ffda08cc44]::filemanager::tests::setup_test_dir
[INFO] [stdout]   13:     0x5f2ce39a9348 - autoscript[9f1193ffda08cc44]::filemanager::tests::test_get_dir_items_returns_full_paths
[INFO] [stdout]   14:     0x5f2ce39a8249 - <autoscript[9f1193ffda08cc44]::filemanager::tests::test_get_dir_items_returns_full_paths::{closure#0} as core[df12db4294e9bfd3]::ops::function::FnOnce<()>>::call_once
[INFO] [stdout]   15:     0x5f2ce39ad24b - test[9d35eded1c95d3be]::__rust_begin_short_backtrace::<core[df12db4294e9bfd3]::result::Result<(), alloc[2182bb758b4b3781]::string::String>, fn() -> core[df12db4294e9bfd3]::result::Result<(), alloc[2182bb758b4b3781]::string::String>>
[INFO] [stdout]   16:     0x5f2ce39ba8b5 - test[9d35eded1c95d3be]::run_test::{closure#0}
[INFO] [stdout]   17:     0x5f2ce39b4174 - std[70759c8f55707aa4]::sys::backtrace::__rust_begin_short_backtrace::<test[9d35eded1c95d3be]::run_test::{closure#1}, ()>
[INFO] [stdout]   18:     0x5f2ce39bda12 - <std[70759c8f55707aa4]::thread::lifecycle::spawn_unchecked<test[9d35eded1c95d3be]::run_test::{closure#1}, ()>::{closure#1} as core[df12db4294e9bfd3]::ops::function::FnOnce<()>>::call_once::{shim:vtable#0}
[INFO] [stdout]   19:     0x5f2ce3a26bf9 - <std[70759c8f55707aa4]::sys::thread::unix::Thread>::new::thread_start
[INFO] [stdout]   20:     0x7c22971d2dfa - <unknown>
[INFO] [stdout]   21:     0x7c22972663d4 - clone
[INFO] [stdout]   22:                0x0 - <unknown>
[INFO] [stdout] 
[INFO] [stdout] 
[INFO] [stdout] failures:
[INFO] [stdout]     filemanager::tests::test_get_dir_items_returns_full_paths
[INFO] [stdout] 
[INFO] [stdout] test result: FAILED. 17 passed; 1 failed; 0 ignored; 0 measured; 0 filtered out; finished in 0.02s
[INFO] [stdout] 
[INFO] [stderr] error: test failed, to rerun pass `--bin autoscript`
[INFO] running `Command { std: "docker" "inspect" "d42c8a86fafad2f355d33b2fbd8fc9bc5e70433ea20d6720963c71d239aafcc6", kill_on_drop: false }`
[INFO] running `Command { std: "docker" "rm" "-f" "d42c8a86fafad2f355d33b2fbd8fc9bc5e70433ea20d6720963c71d239aafcc6", kill_on_drop: false }`
[INFO] [stdout] d42c8a86fafad2f355d33b2fbd8fc9bc5e70433ea20d6720963c71d239aafcc6
