[INFO] cloning repository https://github.com/clankercode/whdr
[INFO] running `Command { std: "git" "-c" "credential.helper=" "-c" "credential.helper=/workspace/cargo-home/bin/git-credential-null" "clone" "--bare" "https://github.com/clankercode/whdr" "/workspace/cache/git-repos/https%3A%2F%2Fgithub.com%2Fclankercode%2Fwhdr", kill_on_drop: false }`
[INFO] [stderr] Cloning into bare repository '/workspace/cache/git-repos/https%3A%2F%2Fgithub.com%2Fclankercode%2Fwhdr'...
[INFO] running `Command { std: "git" "rev-parse" "HEAD", kill_on_drop: false }`
[INFO] [stdout] d66629cd31b0822dfb8f2299e0c12675511ba2bf
[INFO] testing clankercode/whdr against 1.100.0-beta.1+cargoflags=--release for beta-release-1.100-3
[INFO] running `Command { std: "git" "clone" "/workspace/cache/git-repos/https%3A%2F%2Fgithub.com%2Fclankercode%2Fwhdr" "/workspace/builds/worker-2-tc2/source", kill_on_drop: false }`
[INFO] [stderr] Cloning into '/workspace/builds/worker-2-tc2/source'...
[INFO] [stderr] done.
[INFO] started tweaking git repo https://github.com/clankercode/whdr
[INFO] finished tweaking git repo https://github.com/clankercode/whdr
[INFO] tweaked toml for git repo https://github.com/clankercode/whdr written to /workspace/builds/worker-2-tc2/source/Cargo.toml
[INFO] validating manifest of git repo https://github.com/clankercode/whdr on toolchain 1.100.0-beta.1
[INFO] running `Command { std: CARGO_HOME="/workspace/cargo-home" RUSTUP_HOME="/workspace/rustup-home" "/workspace/cargo-home/bin/cargo" "+1.100.0-beta.1" "metadata" "--manifest-path" "Cargo.toml" "--no-deps", kill_on_drop: false }`
[INFO] crate git repo https://github.com/clankercode/whdr already has a lockfile, it will not be regenerated
[INFO] running `Command { std: CARGO_HOME="/workspace/cargo-home" RUSTUP_HOME="/workspace/rustup-home" "/workspace/cargo-home/bin/cargo" "+1.100.0-beta.1" "fetch" "--manifest-path" "Cargo.toml", kill_on_drop: false }`
[INFO] [stderr] warning: unused workspace dependency `assert_cmd`
[INFO] [stderr]  --> Cargo.toml:8:1
[INFO] [stderr]   |
[INFO] [stderr] 8 | assert_cmd = "2"
[INFO] [stderr]   | ^^^^^^^^^^
[INFO] [stderr]   |
[INFO] [stderr]   = note: `cargo::unused_workspace_dependencies` is set to `warn` by default
[INFO] [stderr] help: consider removing the workspace dependency `assert_cmd`
[INFO] [stderr] warning: workspace (manifest) generated 1 warning
[INFO] running `Command { std: "docker" "create" "-v" "/var/lib/crater-agent-workspace/builds/worker-2-tc2/source:/opt/rustwide/workdir:ro,Z" "-v" "/var/lib/crater-agent-workspace/builds/worker-2-tc2/target:/opt/rustwide/target:rw,Z" "-v" "/var/lib/crater-agent-workspace/cargo-home:/opt/rustwide/cargo-home:ro,Z" "-v" "/var/lib/crater-agent-workspace/rustup-home:/opt/rustwide/rustup-home:ro,Z" "-m" "1610612736" "--network" "none" "ghcr.io/rust-lang/crates-build-env/linux@sha256:77db811e55d90add9212f6832c23229e3de5f1c1f9905e8cb07319ea15df73ac" "sleep" "infinity", kill_on_drop: false }`
[INFO] [stdout] ffb32f712a1315ea5adcdbb60de4209b9640126379f97eeb5957fa28cf9a86f0
[INFO] running `Command { std: "docker" "start" "ffb32f712a1315ea5adcdbb60de4209b9640126379f97eeb5957fa28cf9a86f0", kill_on_drop: false }`
[INFO] running `Command { std: "docker" "inspect" "ffb32f712a1315ea5adcdbb60de4209b9640126379f97eeb5957fa28cf9a86f0", kill_on_drop: false }`
[INFO] running `Command { std: "docker" "exec" "-e" "SOURCE_DIR=/opt/rustwide/workdir" "-e" "CARGO_HOME=/opt/rustwide/cargo-home" "-e" "RUSTUP_HOME=/opt/rustwide/rustup-home" "-e" "CARGO_TARGET_DIR=/opt/rustwide/target" "-w" "/opt/rustwide/workdir" "--user" "0:0" "ffb32f712a1315ea5adcdbb60de4209b9640126379f97eeb5957fa28cf9a86f0" "/opt/rustwide/cargo-home/bin/cargo" "+1.100.0-beta.1" "metadata" "--no-deps" "--format-version=1", kill_on_drop: false }`
[INFO] running `Command { std: "docker" "inspect" "ffb32f712a1315ea5adcdbb60de4209b9640126379f97eeb5957fa28cf9a86f0", kill_on_drop: false }`
[INFO] running `Command { std: "docker" "exec" "-e" "SOURCE_DIR=/opt/rustwide/workdir" "-e" "CARGO_HOME=/opt/rustwide/cargo-home" "-e" "RUSTUP_HOME=/opt/rustwide/rustup-home" "-e" "CARGO_TARGET_DIR=/opt/rustwide/target" "-e" "CARGO_INCREMENTAL=0" "-e" "RUST_BACKTRACE=full" "-e" "RUSTFLAGS=--cap-lints=warn" "-e" "RUSTDOCFLAGS=--cap-lints=warn" "-w" "/opt/rustwide/workdir" "--user" "0:0" "ffb32f712a1315ea5adcdbb60de4209b9640126379f97eeb5957fa28cf9a86f0" "/opt/rustwide/cargo-home/bin/cargo" "+1.100.0-beta.1" "build" "--frozen" "--message-format=json" "--release", kill_on_drop: false }`
[INFO] [stderr] warning: unused workspace dependency `assert_cmd`
[INFO] [stderr]  --> Cargo.toml:8:1
[INFO] [stderr]   |
[INFO] [stderr] 8 | assert_cmd = "2"
[INFO] [stderr]   | ^^^^^^^^^^
[INFO] [stderr]   |
[INFO] [stderr]   = note: `cargo::unused_workspace_dependencies` is set to `warn` by default
[INFO] [stderr] help: consider removing the workspace dependency `assert_cmd`
[INFO] [stderr] warning: workspace (manifest) generated 1 warning
[INFO] [stderr]    Compiling libc v0.2.186
[INFO] [stderr]    Compiling proc-macro2 v1.0.106
[INFO] [stderr]    Compiling unicode-ident v1.0.24
[INFO] [stderr]    Compiling quote v1.0.46
[INFO] [stderr]    Compiling cfg-if v1.0.4
[INFO] [stderr]    Compiling serde_core v1.0.228
[INFO] [stderr]    Compiling serde v1.0.228
[INFO] [stderr]    Compiling itoa v1.0.18
[INFO] [stderr]    Compiling bytes v1.12.0
[INFO] [stderr]    Compiling pin-project-lite v0.2.17
[INFO] [stderr]    Compiling once_cell v1.21.4
[INFO] [stderr]    Compiling log v0.4.33
[INFO] [stderr]    Compiling typenum v1.20.1
[INFO] [stderr]    Compiling parking_lot_core v0.9.12
[INFO] [stderr]    Compiling subtle v2.6.1
[INFO] [stderr]    Compiling lock_api v0.4.14
[INFO] [stderr]    Compiling futures-core v0.3.32
[INFO] [stderr]    Compiling thiserror v2.0.18
[INFO] [stderr]    Compiling cpufeatures v0.2.17
[INFO] [stderr]    Compiling getrandom v0.4.3
[INFO] [stderr]    Compiling zmij v1.0.21
[INFO] [stderr]    Compiling futures-sink v0.3.32
[INFO] [stderr]    Compiling slab v0.4.12
[INFO] [stderr]    Compiling serde_json v1.0.150
[INFO] [stderr]    Compiling futures-task v0.3.32
[INFO] [stderr]    Compiling tracing-core v0.1.36
[INFO] [stderr]    Compiling find-msvc-tools v0.1.9
[INFO] [stderr]    Compiling shlex v2.0.1
[INFO] [stderr]    Compiling memchr v2.8.2
[INFO] [stderr]    Compiling anyhow v1.0.103
[INFO] [stderr]    Compiling dunce v1.0.5
[INFO] [stderr]    Compiling pkg-config v0.3.33
[INFO] [stderr]    Compiling fs_extra v1.3.0
[INFO] [stderr]    Compiling getrandom v0.3.4
[INFO] [stderr]    Compiling zerocopy v0.8.52
[INFO] [stderr]    Compiling zeroize v1.9.0
[INFO] [stderr]    Compiling aws-lc-rs v1.17.1
[INFO] [stderr]    Compiling rustls-pki-types v1.15.0
[INFO] [stderr]    Compiling data-encoding v2.11.0
[INFO] [stderr]    Compiling rustls v0.23.41
[INFO] [stderr]    Compiling untrusted v0.9.0
[INFO] [stderr]    Compiling utf8parse v0.2.2
[INFO] [stderr]    Compiling anstyle-query v1.1.5
[INFO] [stderr]    Compiling autocfg v1.5.1
[INFO] [stderr]    Compiling anstyle-parse v1.0.0
[INFO] [stderr]    Compiling bitflags v2.13.0
[INFO] [stderr]    Compiling generic-array v0.14.7
[INFO] [stderr]    Compiling http v1.4.2
[INFO] [stderr]    Compiling is_terminal_polyfill v1.70.2
[INFO] [stderr]    Compiling anstyle v1.0.14
[INFO] [stderr]    Compiling syn v2.0.118
[INFO] [stderr]    Compiling colorchoice v1.0.5
[INFO] [stderr]    Compiling errno v0.3.14
[INFO] [stderr]    Compiling mio v1.2.1
[INFO] [stderr]    Compiling socket2 v0.6.4
[INFO] [stderr]    Compiling signal-hook-registry v1.4.8
[INFO] [stderr]    Compiling anstream v1.0.0
[INFO] [stderr]    Compiling num-traits v0.2.19
[INFO] [stderr]    Compiling futures-channel v0.3.32
[INFO] [stderr]    Compiling sync_wrapper v1.0.2
[INFO] [stderr]    Compiling crypto-common v0.1.7
[INFO] [stderr]    Compiling block-buffer v0.10.4
[INFO] [stderr]    Compiling rand_core v0.9.5
[INFO] [stderr]    Compiling heck v0.5.0
[INFO] [stderr]    Compiling rustversion v1.0.22
[INFO] [stderr]    Compiling digest v0.10.7
[INFO] [stderr]    Compiling regex-syntax v0.8.11
[INFO] [stderr]    Compiling clap_lex v1.1.0
[INFO] [stderr]    Compiling strsim v0.11.1
[INFO] [stderr]    Compiling percent-encoding v2.3.2
[INFO] [stderr]    Compiling sha1 v0.10.6
[INFO] [stderr]    Compiling sha2 v0.10.9
[INFO] [stderr]    Compiling hmac v0.12.1
[INFO] [stderr]    Compiling jobserver v0.1.34
[INFO] [stderr]    Compiling form_urlencoded v1.2.2
[INFO] [stderr]    Compiling redb v2.6.3
[INFO] [stderr]    Compiling clap_builder v4.6.0
[INFO] [stderr]    Compiling ryu v1.0.23
[INFO] [stderr]    Compiling openssl-probe v0.2.1
[INFO] [stderr]    Compiling rustix v1.1.4
[INFO] [stderr]    Compiling http-body v1.0.1
[INFO] [stderr]    Compiling cc v1.2.65
[INFO] [stderr]    Compiling http-body-util v0.1.3
[INFO] [stderr]    Compiling winnow v1.0.3
[INFO] [stderr]    Compiling sharded-slab v0.1.7
[INFO] [stderr]    Compiling rustls-native-certs v0.8.4
[INFO] [stderr]    Compiling tracing-log v0.2.0
[INFO] [stderr]    Compiling toml_parser v1.1.2+spec-1.1.0
[INFO] [stderr]    Compiling thread_local v1.1.9
[INFO] [stderr]    Compiling linux-raw-sys v0.12.1
[INFO] [stderr]    Compiling iana-time-zone v0.1.65
[INFO] [stderr]    Compiling nu-ansi-term v0.50.3
[INFO] [stderr]    Compiling matchit v0.8.4
[INFO] [stderr]    Compiling toml_writer v1.1.1+spec-1.1.0
[INFO] [stderr]    Compiling cmake v0.1.58
[INFO] [stderr]    Compiling regex-automata v0.4.14
[INFO] [stderr]    Compiling winnow v0.7.15
[INFO] [stderr]    Compiling uuid v1.23.4
[INFO] [stderr]    Compiling serde_spanned v1.1.1
[INFO] [stderr]    Compiling serde_path_to_error v0.1.20
[INFO] [stderr]    Compiling toml_datetime v0.7.5+spec-1.1.0
[INFO] [stderr]    Compiling aws-lc-sys v0.42.0
[INFO] [stderr]    Compiling arc-swap v1.9.2
[INFO] [stderr]    Compiling rustls-pemfile v2.2.0
[INFO] [stderr]    Compiling fastrand v2.4.1
[INFO] [stderr]    Compiling toml v0.9.12+spec-1.1.0
[INFO] [stderr]    Compiling tempfile v3.27.0
[INFO] [stderr]    Compiling ppv-lite86 v0.2.21
[INFO] [stderr]    Compiling matchers v0.2.0
[INFO] [stderr]    Compiling serde_derive v1.0.228
[INFO] [stderr]    Compiling tokio-macros v2.7.0
[INFO] [stderr]    Compiling thiserror-impl v2.0.18
[INFO] [stderr]    Compiling tracing-attributes v0.1.31
[INFO] [stderr]    Compiling futures-macro v0.3.32
[INFO] [stderr]    Compiling async-trait v0.1.89
[INFO] [stderr]    Compiling rand_chacha v0.9.0
[INFO] [stderr]    Compiling clap_derive v4.6.1
[INFO] [stderr]    Compiling rand v0.9.4
[INFO] [stderr]    Compiling futures-util v0.3.32
[INFO] [stderr]    Compiling tracing v0.1.44
[INFO] [stderr]    Compiling tungstenite v0.29.0
[INFO] [stderr]    Compiling axum-core v0.5.6
[INFO] [stderr]    Compiling tower-http v0.6.11
[INFO] [stderr]    Compiling clap v4.6.1
[INFO] [stderr]    Compiling smallvec v1.15.2
[INFO] [stderr]    Compiling whdr-proto v0.1.0 (/opt/rustwide/workdir/crates/whdr-proto)
[INFO] [stderr]    Compiling serde_urlencoded v0.7.1
[INFO] [stderr]    Compiling chrono v0.4.45
[INFO] [stderr]    Compiling tracing-subscriber v0.3.23
[INFO] [stderr]    Compiling parking_lot v0.12.5
[INFO] [stderr]    Compiling tokio v1.52.3
[INFO] [stderr]    Compiling whdr-ext-kit v0.1.0 (/opt/rustwide/workdir/crates/whdr-ext-kit)
[INFO] [stderr]    Compiling hyper v1.10.1
[INFO] [stderr]    Compiling tower v0.5.3
[INFO] [stderr]    Compiling tokio-tungstenite v0.29.0
[INFO] [stderr]    Compiling whdr-ext-teams v0.1.0 (/opt/rustwide/workdir/exts/whdr-ext-teams)
[INFO] [stderr]    Compiling whdr-ext-hmac v0.1.0 (/opt/rustwide/workdir/exts/whdr-ext-hmac)
[INFO] [stderr]    Compiling whdr-ext-dev v0.1.0 (/opt/rustwide/workdir/crates/whdr-ext-dev)
[INFO] [stderr]    Compiling whdr-ext-github v0.1.0 (/opt/rustwide/workdir/exts/whdr-ext-github)
[INFO] [stderr]    Compiling hyper-util v0.1.20
[INFO] [stderr]    Compiling whdr-cli v0.1.0 (/opt/rustwide/workdir/crates/whdr-cli)
[INFO] [stderr]    Compiling axum v0.8.9
[INFO] [stderr]    Compiling rustls-webpki v0.103.13
[INFO] [stderr]    Compiling tokio-rustls v0.26.4
[INFO] [stderr]    Compiling tungstenite v0.27.0
[INFO] [stderr]    Compiling whdr-server v0.1.0 (/opt/rustwide/workdir/crates/whdr-server)
[INFO] [stdout] warning: use of deprecated method `std::sync::atomic::Atomic::<usize>::fetch_update`: renamed to `try_update` for consistency
[INFO] [stdout]    --> crates/whdr-server/src/dispatch_window.rs:177:10
[INFO] [stdout]     |
[INFO] [stdout] 177 |         .fetch_update(Ordering::Relaxed, Ordering::Relaxed, |v| {
[INFO] [stdout]     |          ^^^^^^^^^^^^
[INFO] [stdout]     |
[INFO] [stdout]     = note: `#[warn(deprecated)]` on by default
[INFO] [stdout] help: replace the use of the deprecated method
[INFO] [stdout]     |
[INFO] [stdout] 177 -         .fetch_update(Ordering::Relaxed, Ordering::Relaxed, |v| {
[INFO] [stdout] 177 +         .try_update(Ordering::Relaxed, Ordering::Relaxed, |v| {
[INFO] [stdout]     |
[INFO] [stdout] 
[INFO] [stdout] 
[INFO] [stderr]    Compiling tokio-tungstenite v0.27.0
[INFO] [stderr]    Compiling whdr-test-support v0.1.0 (/opt/rustwide/workdir/crates/whdr-test-support)
[INFO] [stderr]    Compiling whdr-sub-kit v0.1.0 (/opt/rustwide/workdir/crates/whdr-sub-kit)
[INFO] [stderr] warning: unused dependency `futures-util`
[INFO] [stderr]   --> crates/whdr-ext-kit/Cargo.toml:13:1
[INFO] [stderr]    |
[INFO] [stderr] 13 | futures-util.workspace = true
[INFO] [stderr]    | ^^^^^^^^^^^^
[INFO] [stderr]    |
[INFO] [stderr]    = note: `cargo::unused_dependencies` is set to `warn` by default
[INFO] [stderr] help: consider removing the dependency on `futures-util`
[INFO] [stderr] warning: unused dependency `tracing`
[INFO] [stderr]   --> crates/whdr-ext-kit/Cargo.toml:18:1
[INFO] [stderr]    |
[INFO] [stderr] 18 | tracing.workspace = true
[INFO] [stderr]    | ^^^^^^^
[INFO] [stderr]    |
[INFO] [stderr] help: consider removing the dependency on `tracing`
[INFO] [stderr] warning: `whdr-ext-kit` (manifest) generated 2 warnings
[INFO] [stderr] warning: unused dependency `base64`
[INFO] [stderr]  --> crates/whdr-proto/Cargo.toml:9:1
[INFO] [stderr]   |
[INFO] [stderr] 9 | base64.workspace = true
[INFO] [stderr]   | ^^^^^^
[INFO] [stderr]   |
[INFO] [stderr]   = note: `cargo::unused_dependencies` is set to `warn` by default
[INFO] [stderr] help: consider removing the dependency on `base64`
[INFO] [stderr] warning: `whdr-proto` (manifest) generated 1 warning
[INFO] [stderr] warning: unused dependency `arc-swap`
[INFO] [stderr]   --> crates/whdr-server/Cargo.toml:11:1
[INFO] [stderr]    |
[INFO] [stderr] 11 | arc-swap.workspace = true
[INFO] [stderr]    | ^^^^^^^^
[INFO] [stderr]    |
[INFO] [stderr]    = note: `cargo::unused_dependencies` is set to `warn` by default
[INFO] [stderr] help: consider removing the dependency on `arc-swap`
[INFO] [stderr] warning: unused dependency `rustls-pemfile`
[INFO] [stderr]   --> crates/whdr-server/Cargo.toml:24:1
[INFO] [stderr]    |
[INFO] [stderr] 24 | rustls-pemfile.workspace = true
[INFO] [stderr]    | ^^^^^^^^^^^^^^
[INFO] [stderr]    |
[INFO] [stderr] help: consider removing the dependency on `rustls-pemfile`
[INFO] [stderr] warning: unused dependency `tokio-rustls`
[INFO] [stderr]   --> crates/whdr-server/Cargo.toml:32:1
[INFO] [stderr]    |
[INFO] [stderr] 32 | tokio-rustls.workspace = true
[INFO] [stderr]    | ^^^^^^^^^^^^
[INFO] [stderr]    |
[INFO] [stderr] help: consider removing the dependency on `tokio-rustls`
[INFO] [stderr] warning: unused dependency `tower-http`
[INFO] [stderr]   --> crates/whdr-server/Cargo.toml:35:1
[INFO] [stderr]    |
[INFO] [stderr] 35 | tower-http.workspace = true
[INFO] [stderr]    | ^^^^^^^^^^
[INFO] [stderr]    |
[INFO] [stderr] help: consider removing the dependency on `tower-http`
[INFO] [stderr] warning: `whdr-server` (manifest) generated 4 warnings
[INFO] [stderr]     Finished `release` profile [optimized] target(s) in 2m 44s
[INFO] running `Command { std: "docker" "inspect" "ffb32f712a1315ea5adcdbb60de4209b9640126379f97eeb5957fa28cf9a86f0", kill_on_drop: false }`
[INFO] running `Command { std: "docker" "exec" "-e" "SOURCE_DIR=/opt/rustwide/workdir" "-e" "CARGO_HOME=/opt/rustwide/cargo-home" "-e" "RUSTUP_HOME=/opt/rustwide/rustup-home" "-e" "CARGO_TARGET_DIR=/opt/rustwide/target" "-e" "CARGO_INCREMENTAL=0" "-e" "RUST_BACKTRACE=full" "-e" "RUSTFLAGS=--cap-lints=warn" "-e" "RUSTDOCFLAGS=--cap-lints=warn" "-w" "/opt/rustwide/workdir" "--user" "0:0" "ffb32f712a1315ea5adcdbb60de4209b9640126379f97eeb5957fa28cf9a86f0" "/opt/rustwide/cargo-home/bin/cargo" "+1.100.0-beta.1" "test" "--frozen" "--no-run" "--message-format=json" "--release", kill_on_drop: false }`
[INFO] [stderr] warning: unused workspace dependency `assert_cmd`
[INFO] [stderr]  --> Cargo.toml:8:1
[INFO] [stderr]   |
[INFO] [stderr] 8 | assert_cmd = "2"
[INFO] [stderr]   | ^^^^^^^^^^
[INFO] [stderr]   |
[INFO] [stderr]   = note: `cargo::unused_workspace_dependencies` is set to `warn` by default
[INFO] [stderr] help: consider removing the workspace dependency `assert_cmd`
[INFO] [stderr] warning: workspace (manifest) generated 1 warning
[INFO] [stderr]    Compiling regex-syntax v0.8.11
[INFO] [stderr]    Compiling num-traits v0.2.19
[INFO] [stderr]    Compiling wait-timeout v0.2.1
[INFO] [stderr]    Compiling quick-error v1.2.3
[INFO] [stderr]    Compiling bit-vec v0.8.0
[INFO] [stderr]    Compiling rand_xorshift v0.4.0
[INFO] [stderr]    Compiling unarray v0.1.4
[INFO] [stderr]    Compiling whdr-ext-teams v0.1.0 (/opt/rustwide/workdir/exts/whdr-ext-teams)
[INFO] [stderr]    Compiling whdr-ext-hmac v0.1.0 (/opt/rustwide/workdir/exts/whdr-ext-hmac)
[INFO] [stderr]    Compiling whdr-ext-dev v0.1.0 (/opt/rustwide/workdir/crates/whdr-ext-dev)
[INFO] [stderr]    Compiling whdr-ext-github v0.1.0 (/opt/rustwide/workdir/exts/whdr-ext-github)
[INFO] [stderr]    Compiling whdr-sub-kit v0.1.0 (/opt/rustwide/workdir/crates/whdr-sub-kit)
[INFO] [stderr]    Compiling bit-set v0.8.0
[INFO] [stderr]    Compiling rusty-fork v0.3.1
[INFO] [stderr]    Compiling whdr-test-support v0.1.0 (/opt/rustwide/workdir/crates/whdr-test-support)
[INFO] [stderr]    Compiling whdr-cli v0.1.0 (/opt/rustwide/workdir/crates/whdr-cli)
[INFO] [stderr]    Compiling whdr-ext-kit v0.1.0 (/opt/rustwide/workdir/crates/whdr-ext-kit)
[INFO] [stderr]    Compiling chrono v0.4.45
[INFO] [stderr]    Compiling regex-automata v0.4.14
[INFO] [stderr]    Compiling proptest v1.11.0
[INFO] [stderr]    Compiling matchers v0.2.0
[INFO] [stderr]    Compiling tracing-subscriber v0.3.23
[INFO] [stderr]    Compiling whdr-server v0.1.0 (/opt/rustwide/workdir/crates/whdr-server)
[INFO] [stderr]    Compiling whdr-proto v0.1.0 (/opt/rustwide/workdir/crates/whdr-proto)
[INFO] [stdout] warning: use of deprecated method `std::sync::atomic::Atomic::<usize>::fetch_update`: renamed to `try_update` for consistency
[INFO] [stdout]    --> crates/whdr-server/src/dispatch_window.rs:177:10
[INFO] [stdout]     |
[INFO] [stdout] 177 |         .fetch_update(Ordering::Relaxed, Ordering::Relaxed, |v| {
[INFO] [stdout]     |          ^^^^^^^^^^^^
[INFO] [stdout]     |
[INFO] [stdout]     = note: `#[warn(deprecated)]` on by default
[INFO] [stdout] help: replace the use of the deprecated method
[INFO] [stdout]     |
[INFO] [stdout] 177 -         .fetch_update(Ordering::Relaxed, Ordering::Relaxed, |v| {
[INFO] [stdout] 177 +         .try_update(Ordering::Relaxed, Ordering::Relaxed, |v| {
[INFO] [stdout]     |
[INFO] [stdout] 
[INFO] [stdout] 
[INFO] [stdout] warning: use of deprecated method `std::sync::atomic::Atomic::<usize>::fetch_update`: renamed to `try_update` for consistency
[INFO] [stdout]    --> crates/whdr-server/src/dispatch_window.rs:177:10
[INFO] [stdout]     |
[INFO] [stdout] 177 |         .fetch_update(Ordering::Relaxed, Ordering::Relaxed, |v| {
[INFO] [stdout]     |          ^^^^^^^^^^^^
[INFO] [stdout]     |
[INFO] [stdout]     = note: `#[warn(deprecated)]` on by default
[INFO] [stdout] help: replace the use of the deprecated method
[INFO] [stdout]     |
[INFO] [stdout] 177 -         .fetch_update(Ordering::Relaxed, Ordering::Relaxed, |v| {
[INFO] [stdout] 177 +         .try_update(Ordering::Relaxed, Ordering::Relaxed, |v| {
[INFO] [stdout]     |
[INFO] [stdout] 
[INFO] [stdout] 
[INFO] [stderr] warning: unused dependency `futures-util`
[INFO] [stderr]   --> crates/whdr-ext-kit/Cargo.toml:13:1
[INFO] [stderr]    |
[INFO] [stderr] 13 | futures-util.workspace = true
[INFO] [stderr]    | ^^^^^^^^^^^^
[INFO] [stderr]    |
[INFO] [stderr]    = note: `cargo::unused_dependencies` is set to `warn` by default
[INFO] [stderr] help: consider removing the dependency on `futures-util`
[INFO] [stderr] warning: unused dependency `tracing`
[INFO] [stderr]   --> crates/whdr-ext-kit/Cargo.toml:18:1
[INFO] [stderr]    |
[INFO] [stderr] 18 | tracing.workspace = true
[INFO] [stderr]    | ^^^^^^^
[INFO] [stderr]    |
[INFO] [stderr] help: consider removing the dependency on `tracing`
[INFO] [stderr] warning: `whdr-ext-kit` (manifest) generated 2 warnings
[INFO] [stderr] warning: unused dependency `base64`
[INFO] [stderr]  --> crates/whdr-proto/Cargo.toml:9:1
[INFO] [stderr]   |
[INFO] [stderr] 9 | base64.workspace = true
[INFO] [stderr]   | ^^^^^^
[INFO] [stderr]   |
[INFO] [stderr]   = note: `cargo::unused_dependencies` is set to `warn` by default
[INFO] [stderr] help: consider removing the dependency on `base64`
[INFO] [stderr] warning: `whdr-proto` (manifest) generated 1 warning
[INFO] [stderr] warning: unused dependency `arc-swap`
[INFO] [stderr]   --> crates/whdr-server/Cargo.toml:11:1
[INFO] [stderr]    |
[INFO] [stderr] 11 | arc-swap.workspace = true
[INFO] [stderr]    | ^^^^^^^^
[INFO] [stderr]    |
[INFO] [stderr]    = note: `cargo::unused_dependencies` is set to `warn` by default
[INFO] [stderr] help: consider removing the dependency on `arc-swap`
[INFO] [stderr] warning: unused dependency `rustls-pemfile`
[INFO] [stderr]   --> crates/whdr-server/Cargo.toml:24:1
[INFO] [stderr]    |
[INFO] [stderr] 24 | rustls-pemfile.workspace = true
[INFO] [stderr]    | ^^^^^^^^^^^^^^
[INFO] [stderr]    |
[INFO] [stderr] help: consider removing the dependency on `rustls-pemfile`
[INFO] [stderr] warning: unused dependency `tower-http`
[INFO] [stderr]   --> crates/whdr-server/Cargo.toml:35:1
[INFO] [stderr]    |
[INFO] [stderr] 35 | tower-http.workspace = true
[INFO] [stderr]    | ^^^^^^^^^^
[INFO] [stderr]    |
[INFO] [stderr] help: consider removing the dependency on `tower-http`
[INFO] [stderr] warning: `whdr-server` (manifest) generated 3 warnings
[INFO] [stderr]     Finished `release` profile [optimized] target(s) in 1m 17s
[INFO] running `Command { std: "docker" "inspect" "ffb32f712a1315ea5adcdbb60de4209b9640126379f97eeb5957fa28cf9a86f0", kill_on_drop: false }`
[INFO] running `Command { std: "docker" "exec" "-e" "SOURCE_DIR=/opt/rustwide/workdir" "-e" "CARGO_HOME=/opt/rustwide/cargo-home" "-e" "RUSTUP_HOME=/opt/rustwide/rustup-home" "-e" "CARGO_TARGET_DIR=/opt/rustwide/target" "-e" "CARGO_INCREMENTAL=0" "-e" "RUST_BACKTRACE=full" "-e" "RUSTFLAGS=--cap-lints=warn" "-e" "RUSTDOCFLAGS=--cap-lints=warn" "-w" "/opt/rustwide/workdir" "--user" "0:0" "ffb32f712a1315ea5adcdbb60de4209b9640126379f97eeb5957fa28cf9a86f0" "/opt/rustwide/cargo-home/bin/cargo" "+1.100.0-beta.1" "test" "--frozen" "--release", kill_on_drop: false }`
[INFO] [stderr] warning: unused workspace dependency `assert_cmd`
[INFO] [stderr]  --> Cargo.toml:8:1
[INFO] [stderr]   |
[INFO] [stderr] 8 | assert_cmd = "2"
[INFO] [stderr]   | ^^^^^^^^^^
[INFO] [stderr]   |
[INFO] [stderr]   = note: `cargo::unused_workspace_dependencies` is set to `warn` by default
[INFO] [stderr] help: consider removing the workspace dependency `assert_cmd`
[INFO] [stderr] warning: workspace (manifest) generated 1 warning
[INFO] [stderr] warning: use of deprecated method `std::sync::atomic::Atomic::<usize>::fetch_update`: renamed to `try_update` for consistency
[INFO] [stderr]    --> crates/whdr-server/src/dispatch_window.rs:177:10
[INFO] [stderr]     |
[INFO] [stderr] 177 |         .fetch_update(Ordering::Relaxed, Ordering::Relaxed, |v| {
[INFO] [stderr]     |          ^^^^^^^^^^^^
[INFO] [stderr]     |
[INFO] [stderr]     = note: `#[warn(deprecated)]` on by default
[INFO] [stderr] help: replace the use of the deprecated method
[INFO] [stderr]     |
[INFO] [stderr] 177 -         .fetch_update(Ordering::Relaxed, Ordering::Relaxed, |v| {
[INFO] [stderr] 177 +         .try_update(Ordering::Relaxed, Ordering::Relaxed, |v| {
[INFO] [stderr]     |
[INFO] [stderr] 
[INFO] [stderr] warning: `whdr-server` (lib) generated 1 warning (run `cargo fix --lib -p whdr-server` to apply 1 suggestion)
[INFO] [stderr] warning: `whdr-server` (lib test) generated 1 warning (1 duplicate)
[INFO] [stderr] warning: unused dependency `futures-util`
[INFO] [stderr]   --> crates/whdr-ext-kit/Cargo.toml:13:1
[INFO] [stderr]    |
[INFO] [stderr] 13 | futures-util.workspace = true
[INFO] [stderr]    | ^^^^^^^^^^^^
[INFO] [stderr]    |
[INFO] [stderr]    = note: `cargo::unused_dependencies` is set to `warn` by default
[INFO] [stderr] help: consider removing the dependency on `futures-util`
[INFO] [stderr] warning: unused dependency `tracing`
[INFO] [stderr]   --> crates/whdr-ext-kit/Cargo.toml:18:1
[INFO] [stderr]    |
[INFO] [stderr] 18 | tracing.workspace = true
[INFO] [stderr]    | ^^^^^^^
[INFO] [stderr]    |
[INFO] [stderr] help: consider removing the dependency on `tracing`
[INFO] [stderr] warning: `whdr-ext-kit` (manifest) generated 2 warnings
[INFO] [stderr] warning: unused dependency `base64`
[INFO] [stderr]  --> crates/whdr-proto/Cargo.toml:9:1
[INFO] [stderr]   |
[INFO] [stderr] 9 | base64.workspace = true
[INFO] [stderr]   | ^^^^^^
[INFO] [stderr]   |
[INFO] [stderr]   = note: `cargo::unused_dependencies` is set to `warn` by default
[INFO] [stderr] help: consider removing the dependency on `base64`
[INFO] [stderr] warning: `whdr-proto` (manifest) generated 1 warning
[INFO] [stderr] warning: unused dependency `arc-swap`
[INFO] [stderr]   --> crates/whdr-server/Cargo.toml:11:1
[INFO] [stderr]    |
[INFO] [stderr] 11 | arc-swap.workspace = true
[INFO] [stderr]    | ^^^^^^^^
[INFO] [stderr]    |
[INFO] [stderr]    = note: `cargo::unused_dependencies` is set to `warn` by default
[INFO] [stderr] help: consider removing the dependency on `arc-swap`
[INFO] [stderr] warning: unused dependency `rustls-pemfile`
[INFO] [stderr]   --> crates/whdr-server/Cargo.toml:24:1
[INFO] [stderr]    |
[INFO] [stderr] 24 | rustls-pemfile.workspace = true
[INFO] [stderr]    | ^^^^^^^^^^^^^^
[INFO] [stderr]    |
[INFO] [stderr] help: consider removing the dependency on `rustls-pemfile`
[INFO] [stderr] warning: unused dependency `tower-http`
[INFO] [stderr]   --> crates/whdr-server/Cargo.toml:35:1
[INFO] [stderr]    |
[INFO] [stderr] 35 | tower-http.workspace = true
[INFO] [stderr]    | ^^^^^^^^^^
[INFO] [stderr]    |
[INFO] [stderr] help: consider removing the dependency on `tower-http`
[INFO] [stderr] warning: `whdr-server` (manifest) generated 3 warnings
[INFO] [stderr]     Finished `release` profile [optimized] target(s) in 0.28s
[INFO] [stderr]      Running unittests src/main.rs (/opt/rustwide/target/release/build/whdr-cli/6e99027fe1cee6b6/out/whdr-6e99027fe1cee6b6)
[INFO] [stdout] 
[INFO] [stdout] running 2 tests
[INFO] [stdout] test tests::humanize_ms_boundaries ... ok
[INFO] [stdout] test tests::humanize_ms_examples ... ok
[INFO] [stdout] 
[INFO] [stdout] test result: ok. 2 passed; 0 failed; 0 ignored; 0 measured; 0 filtered out; finished in 0.00s
[INFO] [stdout] 
[INFO] [stderr]      Running unittests src/lib.rs (/opt/rustwide/target/release/build/whdr-ext-dev/935960d8134a814f/out/whdr_ext_dev-935960d8134a814f)
[INFO] [stdout] 
[INFO] [stdout] running 0 tests
[INFO] [stdout] 
[INFO] [stdout] test result: ok. 0 passed; 0 failed; 0 ignored; 0 measured; 0 filtered out; finished in 0.00s
[INFO] [stdout] 
[INFO] [stderr]      Running unittests src/main.rs (/opt/rustwide/target/release/build/whdr-ext-dev/f51696370bf8e790/out/whdr_ext_dev-f51696370bf8e790)
[INFO] [stdout] 
[INFO] [stdout] running 0 tests
[INFO] [stdout] 
[INFO] [stdout] test result: ok. 0 passed; 0 failed; 0 ignored; 0 measured; 0 filtered out; finished in 0.00s
[INFO] [stdout] 
[INFO] [stderr]      Running tests/dev.rs (/opt/rustwide/target/release/build/whdr-ext-dev/168878e6b6593505/out/dev-168878e6b6593505)
[INFO] [stdout] 
[INFO] [stdout] running 1 test
[INFO] [stderr]      Running unittests src/lib.rs (/opt/rustwide/target/release/build/whdr-ext-github/72f3735e4b739dfa/out/whdr_ext_github-72f3735e4b739dfa)
[INFO] [stdout] test dev_extension_echoes_body_and_emits_dev_event ... ok
[INFO] [stdout] 
[INFO] [stdout] test result: ok. 1 passed; 0 failed; 0 ignored; 0 measured; 0 filtered out; finished in 0.00s
[INFO] [stdout] 
[INFO] [stdout] 
[INFO] [stdout] running 0 tests
[INFO] [stdout] 
[INFO] [stdout] test result: ok. 0 passed; 0 failed; 0 ignored; 0 measured; 0 filtered out; finished in 0.00s
[INFO] [stderr]      Running unittests src/main.rs (/opt/rustwide/target/release/build/whdr-ext-github/160a04de35ac1492/out/whdr_ext_github-160a04de35ac1492)
[INFO] [stdout] 
[INFO] [stdout] 
[INFO] [stdout] running 0 tests
[INFO] [stdout] 
[INFO] [stdout] test result: ok. 0 passed; 0 failed; 0 ignored; 0 measured; 0 filtered out; finished in 0.00s
[INFO] [stdout] 
[INFO] [stderr]      Running tests/github.rs (/opt/rustwide/target/release/build/whdr-ext-github/7a78ac8f8871991f/out/github-7a78ac8f8871991f)
[INFO] [stdout] 
[INFO] [stdout] running 3 tests
[INFO] [stdout] test wrong_signature_of_correct_length_is_rejected ... ok
[INFO] [stdout] test valid_github_signature_emits_event_action_channel ... ok
[INFO] [stdout] test invalid_github_signature_returns_401_without_events ... ok
[INFO] [stdout] 
[INFO] [stdout] test result: ok. 3 passed; 0 failed; 0 ignored; 0 measured; 0 filtered out; finished in 0.00s
[INFO] [stdout] 
[INFO] [stderr]      Running unittests src/lib.rs (/opt/rustwide/target/release/build/whdr-ext-hmac/6b5f4efe20d72c46/out/whdr_ext_hmac-6b5f4efe20d72c46)
[INFO] [stderr]      Running unittests src/main.rs (/opt/rustwide/target/release/build/whdr-ext-hmac/eda1da6c9947c82e/out/whdr_ext_hmac-eda1da6c9947c82e)
[INFO] [stdout] 
[INFO] [stdout] running 0 tests
[INFO] [stdout] 
[INFO] [stdout] test result: ok. 0 passed; 0 failed; 0 ignored; 0 measured; 0 filtered out; finished in 0.00s
[INFO] [stdout] 
[INFO] [stdout] 
[INFO] [stdout] running 0 tests
[INFO] [stdout] 
[INFO] [stdout] test result: ok. 0 passed; 0 failed; 0 ignored; 0 measured; 0 filtered out; finished in 0.00s
[INFO] [stdout] 
[INFO] [stderr]      Running tests/hmac.rs (/opt/rustwide/target/release/build/whdr-ext-hmac/cc52770455111814/out/hmac-cc52770455111814)
[INFO] [stdout] 
[INFO] [stdout] running 15 tests
[INFO] [stdout] test mismatched_signature_is_rejected ... ok
[INFO] [stdout] test custom_header_name_is_honoured ... ok
[INFO] [stdout] test prefix_is_stripped_before_verify ... ok
[INFO] [stdout] test channel_prefix_config_is_used ... ok
[INFO] [stdout] test missing_secret_is_rejected ... ok
[INFO] [stdout] test path_suffix_becomes_channel_segments ... ok
[INFO] [stdout] test tampered_body_is_rejected ... ok
[INFO] [stdout] test missing_header_is_rejected ... ok
[INFO] [stdout] test sha512_hex_accepts ... ok
[INFO] [stdout] test wrong_length_signature_is_rejected ... ok
[INFO] [stdout] test sha1_hex_accepts ... ok
[INFO] [stdout] test sha256_hex_default_accepts_and_emits_event ... ok
[INFO] [stdout] test base64_encoding_accepts ... ok
[INFO] [stdout] test missing_expected_prefix_is_rejected ... ok
[INFO] [stdout] test malformed_hex_signature_is_rejected ... ok
[INFO] [stdout] 
[INFO] [stdout] test result: ok. 15 passed; 0 failed; 0 ignored; 0 measured; 0 filtered out; finished in 0.01s
[INFO] [stdout] 
[INFO] [stderr]      Running unittests src/lib.rs (/opt/rustwide/target/release/build/whdr-ext-kit/a3b0b4caa6396a54/out/whdr_ext_kit-a3b0b4caa6396a54)
[INFO] [stdout] 
[INFO] [stdout] running 0 tests
[INFO] [stdout] 
[INFO] [stdout] test result: ok. 0 passed; 0 failed; 0 ignored; 0 measured; 0 filtered out; finished in 0.00s
[INFO] [stdout] 
[INFO] [stderr]      Running unittests src/lib.rs (/opt/rustwide/target/release/build/whdr-ext-teams/385b23fa147d82e6/out/whdr_ext_teams-385b23fa147d82e6)
[INFO] [stdout] 
[INFO] [stdout] running 0 tests
[INFO] [stdout] 
[INFO] [stdout] test result: ok. 0 passed; 0 failed; 0 ignored; 0 measured; 0 filtered out; finished in 0.00s
[INFO] [stdout] 
[INFO] [stderr]      Running unittests src/main.rs (/opt/rustwide/target/release/build/whdr-ext-teams/6d5d685b810b521b/out/whdr_ext_teams-6d5d685b810b521b)
[INFO] [stdout] 
[INFO] [stdout] running 0 tests
[INFO] [stdout] 
[INFO] [stdout] test result: ok. 0 passed; 0 failed; 0 ignored; 0 measured; 0 filtered out; finished in 0.00s
[INFO] [stdout] 
[INFO] [stderr]      Running tests/teams.rs (/opt/rustwide/target/release/build/whdr-ext-teams/e5443cc073a7d5ff/out/teams-e5443cc073a7d5ff)
[INFO] [stdout] 
[INFO] [stdout] running 3 tests
[INFO] [stdout] test graph_notification_resource_becomes_channel ... ok
[INFO] [stdout] test validation_token_echoes_text_plain ... ok
[INFO] [stdout] test graph_notification_requires_matching_client_state_secret ... ok
[INFO] [stdout] 
[INFO] [stdout] test result: ok. 3 passed; 0 failed; 0 ignored; 0 measured; 0 filtered out; finished in 0.00s
[INFO] [stdout] 
[INFO] [stderr]      Running unittests src/lib.rs (/opt/rustwide/target/release/build/whdr-proto/bf8a2006369c959e/out/whdr_proto-bf8a2006369c959e)
[INFO] [stdout] 
[INFO] [stdout] running 0 tests
[INFO] [stdout] 
[INFO] [stdout] test result: ok. 0 passed; 0 failed; 0 ignored; 0 measured; 0 filtered out; finished in 0.00s
[INFO] [stdout] 
[INFO] [stderr]      Running tests/proto.rs (/opt/rustwide/target/release/build/whdr-proto/c0a7d7f4030b63b3/out/proto-c0a7d7f4030b63b3)
[INFO] [stdout] 
[INFO] [stdout] running 6 tests
[INFO] [stdout] test channel_and_pattern_grammar_matches_spec ... ok
[INFO] [stdout] test ext_and_server_messages_round_trip_as_snake_case_ndjson ... ok
[INFO] [stdout] test dispatch_debug_redacts_secret ... ok
[INFO] [stderr]      Running unittests src/lib.rs (/opt/rustwide/target/release/build/whdr-server/0a2193fa0e900f2d/out/whdr_server-0a2193fa0e900f2d)
[INFO] [stdout] test ndjson_skips_blank_lines_and_reports_malformed_json ... ok
[INFO] [stdout] test subscriber_event_frame_carries_id_and_timestamp ... ok
[INFO] [stdout] test event_frame_carries_seq_id_and_ts ... ok
[INFO] [stdout] 
[INFO] [stdout] test result: ok. 6 passed; 0 failed; 0 ignored; 0 measured; 0 filtered out; finished in 0.00s
[INFO] [stdout] 
[INFO] [stdout] 
[INFO] [stdout] running 45 tests
[INFO] [stdout] test daemon::tests::metrics_endpoint_serves_prometheus_text ... ok
[INFO] [stdout] test daemon::tests::constructed_config_rejects_non_loopback_plaintext_subscriber_bind ... ok
[INFO] [stdout] test daemon::tests::event_stats_record_tracks_count_and_recency ... ok
[INFO] [stdout] test channel_claims::tests::registration_rejects_channel_prefix_that_collides_with_existing_route ... ok
[INFO] [stdout] test channel_claims::tests::emitted_event_channel_must_be_valid_and_owned ... ok
[INFO] [stdout] test extension_registration::tests::read_registration_applies_candidate_id_fallback ... ok
[INFO] [stdout] test extension_registration::tests::read_registration_rejects_blank_first_line ... ok
[INFO] [stdout] test daemon::tests::constructed_config_rejects_non_loopback_metrics_bind ... ok
[INFO] [stdout] test extension_registration::tests::read_registration_rejects_non_register_first_frame ... ok
[INFO] [stdout] test extension_process::tests::spawn_extension_process_runs_test_shell_script_with_piped_stdio ... ok
[INFO] [stdout] test extension_registration::tests::read_registration_rejects_protocol_mismatch ... ok
[INFO] [stdout] test extension_registration::tests::read_registration_reports_eof_before_register ... ok
[INFO] [stdout] test metrics::tests::renders_delivery_series_when_present ... ok
[INFO] [stdout] test metrics::tests::label_values_are_escaped ... ok
[INFO] [stdout] test metrics::tests::renders_extension_subscriber_and_global_series ... ok
[INFO] [stdout] test outbound_queue::tests::byte_overflow_evicts_oldest_until_incoming_fits ... ok
[INFO] [stdout] test outbound_queue::tests::control_frames_are_never_evicted ... ok
[INFO] [stdout] test outbound_queue::tests::closing_control_frame_is_flagged ... ok
[INFO] [stdout] test extension_registration::tests::read_registration_reports_timeout ... ok
[INFO] [stdout] test outbound_queue::tests::eviction_records_pending_lag_once_until_taken ... ok
[INFO] [stdout] test outbound_queue::tests::count_overflow_evicts_oldest_event ... ok
[INFO] [stdout] test outbound_queue::tests::pop_returns_frames_in_order ... ok
[INFO] [stdout] test outbound_queue::tests::pop_wakes_when_a_frame_arrives ... ok
[INFO] [stdout] test outbound_queue::tests::oversized_event_is_rejected_not_queued ... ok
[INFO] [stdout] test subscribers::tests::active_connection_counts_groups_by_name ... ok
[INFO] [stdout] test subscribers::tests::fanout_drops_oldest_event_and_counts_it ... ok
[INFO] [stdout] test subscribers::tests::fanout_stamps_monotonic_increasing_seq ... ok
[INFO] [stdout] test subscribers::tests::fanout_stamps_one_id_shared_by_all_subscribers ... ok
[INFO] [stdout] test subscribers::tests::subscribe_deduplicates_and_unsubscribe_removes_patterns ... ok
[INFO] [stdout] test token_control::tests::rotate_closes_active_subscribers_for_the_token_name ... ok
[INFO] [stdout] test token_control::tests::list_includes_active_subscriber_counts ... ok
[INFO] [stdout] test daemon::tests::subscriber_liveness_drops_connections_that_miss_ws_pongs ... ok
[INFO] [stdout] test delivery_log::tests::append_assigns_contiguous_seq_and_reads_back_in_order ... ok
[INFO] [stdout] test delivery_log::tests::seq_resumes_across_reopen ... ok
[INFO] [stdout] test delivery_log::tests::prune_by_ttl_drops_old_events_and_raises_floor ... ok
[INFO] [stdout] test delivery_log::tests::prune_by_max_events_keeps_newest ... ok
[INFO] [stdout] test delivery_log::tests::read_after_filters_by_patterns ... ok
[INFO] [stdout] test subscribers::tests::fanout_persists_when_delivery_enabled_and_resumes_seq ... ok
[INFO] [stdout] test daemon::tests::sighup_diff_keeps_registered_id_override_when_candidate_is_still_desired ... ok
[INFO] [stdout] test daemon::tests::protocol_error_limit_kills_and_restarts_extension ... ok
[INFO] [stdout] test daemon::tests::concurrent_dispatches_reserve_max_in_flight_atomically ... ok
[INFO] [stdout] test daemon::tests::removed_extension_is_unrouted_without_dropping_in_flight_dispatch ... ok
[INFO] [stdout] test delivery_log::tests::on_disk_bytes_never_contain_a_secret_marker ... ok
[INFO] [stdout] test daemon::tests::cancelled_dispatch_releases_in_flight_capacity ... ok
[INFO] [stdout] test daemon::tests::late_timed_out_result_does_not_release_active_dispatch_capacity ... ok
[INFO] [stdout] 
[INFO] [stdout] test result: ok. 45 passed; 0 failed; 0 ignored; 0 measured; 0 filtered out; finished in 1.55s
[INFO] [stdout] 
[INFO] [stdout] 
[INFO] [stdout] running 0 tests
[INFO] [stdout] 
[INFO] [stdout] test result: ok. 0 passed; 0 failed; 0 ignored; 0 measured; 0 filtered out; finished in 0.00s
[INFO] [stdout] 
[INFO] [stderr]      Running unittests src/main.rs (/opt/rustwide/target/release/build/whdr-server/9bae64662dffdcf4/out/whdr_server-9bae64662dffdcf4)
[INFO] [stderr]      Running tests/config_tokens.rs (/opt/rustwide/target/release/build/whdr-server/356bfa5d1f39dcfe/out/config_tokens-356bfa5d1f39dcfe)
[INFO] [stdout] 
[INFO] [stdout] running 4 tests
[INFO] [stdout] test config_loads_defaults_and_enforces_secret_file_0600 ... ok
[INFO] [stdout] test config_delivery_defaults_off_and_parses_overrides ... ok
[INFO] [stdout] test config_rejects_tls_until_native_tls_is_supported ... ok
[INFO] [stdout] test token_store_hashes_tokens_persists_and_authenticates ... ok
[INFO] [stdout] 
[INFO] [stdout] test result: ok. 4 passed; 0 failed; 0 ignored; 0 measured; 0 filtered out; finished in 0.02s
[INFO] [stdout] 
[INFO] [stderr]      Running tests/install_service.rs (/opt/rustwide/target/release/build/whdr-server/0368ff18a2de16ce/out/install_service-0368ff18a2de16ce)
[INFO] [stdout] 
[INFO] [stdout] running 6 tests
[INFO] [stdout] test install_service_rejects_listen_addr_without_port ... ok
[INFO] [stdout] test install_service_dry_run_uses_default_layout_without_overrides ... ok
[INFO] [stdout] test install_service_dry_run_uses_overridable_default_layout ... ok
[INFO] [stdout] test install_service_cloudflare_requires_public_host_tunnel_and_credentials ... ok
[INFO] [stdout] test install_service_dry_run_keeps_tunnel_target_in_sync_with_listen_addr ... ok
[INFO] [stdout] test install_service_dry_run_renders_cloudflare_tunnel_companion ... ok
[INFO] [stdout] 
[INFO] [stdout] test result: ok. 6 passed; 0 failed; 0 ignored; 0 measured; 0 filtered out; finished in 0.09s
[INFO] [stdout] 
[INFO] [stderr]      Running tests/routing.rs (/opt/rustwide/target/release/build/whdr-server/6c773b24428934c4/out/routing-6c773b24428934c4)
[INFO] [stderr]      Running tests/system.rs (/opt/rustwide/target/release/build/whdr-server/e6fa3e6f959289bb/out/system-e6fa3e6f959289bb)
[INFO] [stdout] 
[INFO] [stdout] running 1 test
[INFO] [stdout] test route_key_uses_first_non_empty_path_segment ... ok
[INFO] [stdout] 
[INFO] [stdout] test result: ok. 1 passed; 0 failed; 0 ignored; 0 measured; 0 filtered out; finished in 0.00s
[INFO] [stdout] 
[INFO] [stdout] 
[INFO] [stdout] running 17 tests
[INFO] [stdout] test bad_token_is_rejected_and_revoke_closes_live_connection ... ok
[INFO] [stdout] test replay_refused_when_delivery_disabled ... ok
[INFO] [stdout] test sighup_hot_adds_and_drains_extensions ... ok
[INFO] [stdout] test out_of_order_results_correlate_to_their_requests ... ok
[INFO] [stdout] test tokens_survive_a_hard_crash_and_restart ... ok
[INFO] [stdout] test subscribe_with_replay_streams_stored_then_live ... ok
[INFO] [stdout] test extension_that_never_registers_is_marked_failed ... ok
[INFO] [stdout] test slow_consumer_gets_lagged_then_replays_missed_events ... ok
[INFO] [stdout] test overlapping_subscribers_receive_exactly_their_matches ... ok
[INFO] [stdout] test spoofed_channel_is_dropped_and_counted ... ok
[INFO] [stdout] test hung_extension_is_killed_and_respawned ... ok
[INFO] [stdout] test stdout_garbage_kills_ext_into_crashloop_failed ... ok
[INFO] [stdout] test replay_below_floor_signals_replay_gap ... ok
[INFO] [stdout] test dispatch_timeout_yields_504_and_late_result_is_dropped ... ok
[INFO] [stdout] test full_in_flight_window_returns_429 ... ok
[INFO] [stdout] test stalled_subscriber_drops_oldest_while_healthy_loses_nothing ... ok
[INFO] [stdout] test stale_tmp_file_does_not_break_the_token_store ... FAILED
[INFO] [stdout] 
[INFO] [stdout] failures:
[INFO] [stdout] 
[INFO] [stdout] ---- stale_tmp_file_does_not_break_the_token_store stdout ----
[INFO] [stdout] 
[INFO] [stdout] thread 'stale_tmp_file_does_not_break_the_token_store' (5843) panicked at crates/whdr-server/tests/system.rs:719:10:
[INFO] [stdout] called `Result::unwrap()` on an `Err` value: server did not become ready; log:
[INFO] [stdout] [2m2026-10-19T06:34:51.790588Z[0m [32m INFO[0m [2mwhdr_server::daemon[0m[2m:[0m extension ready [3mext[0m[2m=[0m"alpha"
[INFO] [stdout] Error: bind metrics listener 127.0.0.1:36999
[INFO] [stdout] 
[INFO] [stdout] Caused by:
[INFO] [stdout]     Address already in use (os error 98)
[INFO] [stdout] 
[INFO] [stdout] Stack backtrace:
[INFO] [stdout]    0: <core::io::error::Error as anyhow::context::ext::StdError>::ext_context::<alloc::string::String>
[INFO] [stdout]    1: whdr_server::daemon::run_with_signals::{closure#0}
[INFO] [stdout]    2: <tokio::runtime::park::CachedParkThread>::block_on::<whdr_server::main::{closure#0}>
[INFO] [stdout]    3: tokio::runtime::context::runtime::enter_runtime::<<tokio::runtime::scheduler::multi_thread::MultiThread>::block_on<whdr_server::main::{closure#0}>::{closure#0}, core::result::Result<(), anyhow::Error>>
[INFO] [stdout]    4: <tokio::runtime::runtime::Runtime>::block_on::<whdr_server::main::{closure#0}>
[INFO] [stdout]    5: whdr_server::main
[INFO] [stdout]    6: std::sys::backtrace::__rust_begin_short_backtrace::<fn() -> core::result::Result<(), anyhow::Error>, core::result::Result<(), anyhow::Error>>
[INFO] [stdout]    7: std::rt::lang_start::<core::result::Result<(), anyhow::Error>>::{closure#0}
[INFO] [stdout]    8: std::rt::lang_start_internal
[INFO] [stdout]    9: main
[INFO] [stdout]   10: <unknown>
[INFO] [stdout]   11: __libc_start_main
[INFO] [stdout]   12: _start
[INFO] [stdout] 
[INFO] [stdout] 
[INFO] [stdout] Stack backtrace:
[INFO] [stdout]    0: <anyhow::Error>::msg::<alloc::string::String>
[INFO] [stdout]    1: <whdr_test_support::ServerHandle>::spawn_and_wait::{closure#0}
[INFO] [stdout]    2: <whdr_test_support::ServerBuilder>::start::{closure#0}
[INFO] [stdout]    3: system::stale_tmp_file_does_not_break_the_token_store::{closure#0}
[INFO] [stdout]    4: <tokio::runtime::scheduler::current_thread::Context>::enter::<core::task::poll::Poll<()>, <tokio::runtime::scheduler::current_thread::CoreGuard>::block_on<core::pin::Pin<&mut core::pin::Pin<&mut dyn core::future::future::Future<Output = ()>>>>::{closure#0}::{closure#0}>
[INFO] [stdout]    5: <tokio::runtime::context::scoped::Scoped<tokio::runtime::scheduler::Context>>::set::<<tokio::runtime::scheduler::current_thread::CoreGuard>::enter<<tokio::runtime::scheduler::current_thread::CoreGuard>::block_on<core::pin::Pin<&mut core::pin::Pin<&mut dyn core::future::future::Future<Output = ()>>>>::{closure#0}, core::option::Option<()>>::{closure#0}, (alloc::boxed::Box<tokio::runtime::scheduler::current_thread::Core>, core::option::Option<()>)>
[INFO] [stdout]    6: <tokio::runtime::scheduler::current_thread::CoreGuard>::block_on::<core::pin::Pin<&mut core::pin::Pin<&mut dyn core::future::future::Future<Output = ()>>>>
[INFO] [stdout]    7: tokio::runtime::context::runtime::enter_runtime::<<tokio::runtime::scheduler::current_thread::CurrentThread>::block_on<core::pin::Pin<&mut dyn core::future::future::Future<Output = ()>>>::{closure#0}, ()>
[INFO] [stdout]    8: <tokio::runtime::runtime::Runtime>::block_on::<core::pin::Pin<&mut dyn core::future::future::Future<Output = ()>>>
[INFO] [stdout]    9: <system::stale_tmp_file_does_not_break_the_token_store::{closure#0} as core::ops::function::FnOnce<()>>::call_once
[INFO] [stdout]   10: test::__rust_begin_short_backtrace::<core::result::Result<(), alloc::string::String>, fn() -> core::result::Result<(), alloc::string::String>>
[INFO] [stdout]   11: test::run_test::{closure#0}
[INFO] [stdout]   12: std::sys::backtrace::__rust_begin_short_backtrace::<test::run_test::{closure#1}, ()>
[INFO] [stdout]   13: <std::thread::lifecycle::spawn_unchecked<test::run_test::{closure#1}, ()>::{closure#1} as core::ops::function::FnOnce<()>>::call_once::{shim:vtable#0}
[INFO] [stdout]   14: <std::sys::thread::unix::Thread>::new::thread_start
[INFO] [stdout]   15: <unknown>
[INFO] [stdout]   16: clone
[INFO] [stdout] stack backtrace:
[INFO] [stdout]    0:     0x5c27cced7271 - <<std[617be2ca0a6fd877]::sys::backtrace::BacktraceLock>::print::DisplayBacktrace as core[a373ad73a504971]::fmt::Display>::fmt
[INFO] [stdout]    1:     0x5c27cceedd1a - core[a373ad73a504971]::fmt::write
[INFO] [stdout]    2:     0x5c27ccedc3ac - <alloc[2e1b2a31b91974c5]::vec::Vec<u8> as core[a373ad73a504971]::io::write::Write>::write_fmt
[INFO] [stdout]    3:     0x5c27cceaf3d6 - std[617be2ca0a6fd877]::panicking::default_hook::{closure#0}
[INFO] [stdout]    4:     0x5c27ccecd659 - std[617be2ca0a6fd877]::panicking::default_hook
[INFO] [stdout]    5:     0x5c27ccb74b70 - test[aada8e7e76ba119b]::test_main_inner::{closure#0}
[INFO] [stdout]    6:     0x5c27ccecd982 - std[617be2ca0a6fd877]::panicking::panic_with_hook
[INFO] [stdout]    7:     0x5c27cceaf482 - std[617be2ca0a6fd877]::panicking::panic_handler::{closure#0}
[INFO] [stdout]    8:     0x5c27ccea7809 - std[617be2ca0a6fd877]::sys::backtrace::__rust_end_short_backtrace::<std[617be2ca0a6fd877]::panicking::panic_handler::{closure#0}, !>
[INFO] [stdout]    9:     0x5c27cceb044d - __rustc[ea4f61d10b84890b]::rust_begin_unwind
[INFO] [stdout]   10:     0x5c27cceee47c - core[a373ad73a504971]::panicking::panic_fmt
[INFO] [stdout]   11:     0x5c27cceee252 - core[a373ad73a504971]::result::unwrap_failed
[INFO] [stdout]   12:     0x5c27ccb1555c - system[717d965bd2b7b90f]::stale_tmp_file_does_not_break_the_token_store::{closure#0}
[INFO] [stdout]   13:     0x5c27ccb51af3 - <tokio[9f6e4c0bb113ef15]::runtime::scheduler::current_thread::Context>::enter::<core[a373ad73a504971]::task::poll::Poll<()>, <tokio[9f6e4c0bb113ef15]::runtime::scheduler::current_thread::CoreGuard>::block_on<core[a373ad73a504971]::pin::Pin<&mut core[a373ad73a504971]::pin::Pin<&mut dyn core[a373ad73a504971]::future::future::Future<Output = ()>>>>::{closure#0}::{closure#0}>
[INFO] [stdout]   14:     0x5c27ccb3d5cc - <tokio[9f6e4c0bb113ef15]::runtime::context::scoped::Scoped<tokio[9f6e4c0bb113ef15]::runtime::scheduler::Context>>::set::<<tokio[9f6e4c0bb113ef15]::runtime::scheduler::current_thread::CoreGuard>::enter<<tokio[9f6e4c0bb113ef15]::runtime::scheduler::current_thread::CoreGuard>::block_on<core[a373ad73a504971]::pin::Pin<&mut core[a373ad73a504971]::pin::Pin<&mut dyn core[a373ad73a504971]::future::future::Future<Output = ()>>>>::{closure#0}, core[a373ad73a504971]::option::Option<()>>::{closure#0}, (alloc[2e1b2a31b91974c5]::boxed::Box<tokio[9f6e4c0bb113ef15]::runtime::scheduler::current_thread::Core>, core[a373ad73a504971]::option::Option<()>)>
[INFO] [stdout]   15:     0x5c27ccb51f47 - <tokio[9f6e4c0bb113ef15]::runtime::scheduler::current_thread::CoreGuard>::block_on::<core[a373ad73a504971]::pin::Pin<&mut core[a373ad73a504971]::pin::Pin<&mut dyn core[a373ad73a504971]::future::future::Future<Output = ()>>>>
[INFO] [stdout]   16:     0x5c27ccb46f7d - tokio[9f6e4c0bb113ef15]::runtime::context::runtime::enter_runtime::<<tokio[9f6e4c0bb113ef15]::runtime::scheduler::current_thread::CurrentThread>::block_on<core[a373ad73a504971]::pin::Pin<&mut dyn core[a373ad73a504971]::future::future::Future<Output = ()>>>::{closure#0}, ()>
[INFO] [stdout]   17:     0x5c27ccb57475 - <tokio[9f6e4c0bb113ef15]::runtime::runtime::Runtime>::block_on::<core[a373ad73a504971]::pin::Pin<&mut dyn core[a373ad73a504971]::future::future::Future<Output = ()>>>
[INFO] [stdout]   18:     0x5c27ccb2694c - <system[717d965bd2b7b90f]::stale_tmp_file_does_not_break_the_token_store::{closure#0} as core[a373ad73a504971]::ops::function::FnOnce<()>>::call_once
[INFO] [stdout]   19:     0x5c27ccb67fbb - test[aada8e7e76ba119b]::__rust_begin_short_backtrace::<core[a373ad73a504971]::result::Result<(), alloc[2e1b2a31b91974c5]::string::String>, fn() -> core[a373ad73a504971]::result::Result<(), alloc[2e1b2a31b91974c5]::string::String>>
[INFO] [stdout]   20:     0x5c27ccb75195 - test[aada8e7e76ba119b]::run_test::{closure#0}
[INFO] [stdout]   21:     0x5c27ccb6ea84 - std[617be2ca0a6fd877]::sys::backtrace::__rust_begin_short_backtrace::<test[aada8e7e76ba119b]::run_test::{closure#1}, ()>
[INFO] [stdout]   22:     0x5c27ccb78222 - <std[617be2ca0a6fd877]::thread::lifecycle::spawn_unchecked<test[aada8e7e76ba119b]::run_test::{closure#1}, ()>::{closure#1} as core[a373ad73a504971]::ops::function::FnOnce<()>>::call_once::{shim:vtable#0}
[INFO] [stdout]   23:     0x5c27cced614f - <std[617be2ca0a6fd877]::sys::thread::unix::Thread>::new::thread_start
[INFO] [stdout]   24:     0x7c2eac9a9dfa - <unknown>
[INFO] [stdout]   25:     0x7c2eaca3d3d4 - clone
[INFO] [stdout]   26:                0x0 - <unknown>
[INFO] [stdout] 
[INFO] [stdout] 
[INFO] [stdout] failures:
[INFO] [stdout]     stale_tmp_file_does_not_break_the_token_store
[INFO] [stdout] 
[INFO] [stdout] test result: FAILED. 16 passed; 1 failed; 0 ignored; 0 measured; 0 filtered out; finished in 10.07s
[INFO] [stdout] 
[INFO] [stderr] error: test failed, to rerun pass `-p whdr-server --test system`
[INFO] running `Command { std: "docker" "inspect" "ffb32f712a1315ea5adcdbb60de4209b9640126379f97eeb5957fa28cf9a86f0", kill_on_drop: false }`
[INFO] running `Command { std: "docker" "rm" "-f" "ffb32f712a1315ea5adcdbb60de4209b9640126379f97eeb5957fa28cf9a86f0", kill_on_drop: false }`
[INFO] [stdout] ffb32f712a1315ea5adcdbb60de4209b9640126379f97eeb5957fa28cf9a86f0
