[INFO] cloning repository https://github.com/ZviSteinOpt/forge_cv
[INFO] running `Command { std: "git" "-c" "credential.helper=" "-c" "credential.helper=/workspace/cargo-home/bin/git-credential-null" "clone" "--bare" "https://github.com/ZviSteinOpt/forge_cv" "/workspace/cache/git-repos/https%3A%2F%2Fgithub.com%2FZviSteinOpt%2Fforge_cv", kill_on_drop: false }`
[INFO] [stderr] Cloning into bare repository '/workspace/cache/git-repos/https%3A%2F%2Fgithub.com%2FZviSteinOpt%2Fforge_cv'...
[INFO] running `Command { std: "git" "rev-parse" "HEAD", kill_on_drop: false }`
[INFO] [stdout] da346337c2a26611cab47431d26aaf02635a170b
[INFO] testing ZviSteinOpt/forge_cv against 1.100.0-beta.1+cargoflags=--release for beta-release-1.100-3
[INFO] running `Command { std: "git" "clone" "/workspace/cache/git-repos/https%3A%2F%2Fgithub.com%2FZviSteinOpt%2Fforge_cv" "/workspace/builds/worker-0-tc2/source", kill_on_drop: false }`
[INFO] [stderr] Cloning into '/workspace/builds/worker-0-tc2/source'...
[INFO] [stderr] done.
[INFO] started tweaking git repo https://github.com/ZviSteinOpt/forge_cv
[INFO] finished tweaking git repo https://github.com/ZviSteinOpt/forge_cv
[INFO] tweaked toml for git repo https://github.com/ZviSteinOpt/forge_cv written to /workspace/builds/worker-0-tc2/source/Cargo.toml
[INFO] validating manifest of git repo https://github.com/ZviSteinOpt/forge_cv on toolchain 1.100.0-beta.1
[INFO] running `Command { std: CARGO_HOME="/workspace/cargo-home" RUSTUP_HOME="/workspace/rustup-home" "/workspace/cargo-home/bin/cargo" "+1.100.0-beta.1" "metadata" "--manifest-path" "Cargo.toml" "--no-deps", kill_on_drop: false }`
[INFO] crate git repo https://github.com/ZviSteinOpt/forge_cv already has a lockfile, it will not be regenerated
[INFO] running `Command { std: CARGO_HOME="/workspace/cargo-home" RUSTUP_HOME="/workspace/rustup-home" "/workspace/cargo-home/bin/cargo" "+1.100.0-beta.1" "fetch" "--manifest-path" "Cargo.toml", kill_on_drop: false }`
[INFO] running `Command { std: "docker" "create" "-v" "/var/lib/crater-agent-workspace/builds/worker-0-tc2/source:/opt/rustwide/workdir:ro,Z" "-v" "/var/lib/crater-agent-workspace/builds/worker-0-tc2/target:/opt/rustwide/target:rw,Z" "-v" "/var/lib/crater-agent-workspace/cargo-home:/opt/rustwide/cargo-home:ro,Z" "-v" "/var/lib/crater-agent-workspace/rustup-home:/opt/rustwide/rustup-home:ro,Z" "-m" "1610612736" "--network" "none" "ghcr.io/rust-lang/crates-build-env/linux@sha256:77db811e55d90add9212f6832c23229e3de5f1c1f9905e8cb07319ea15df73ac" "sleep" "infinity", kill_on_drop: false }`
[INFO] [stdout] bc56a2770f94b3a7a1cfd8b321eeab5d7c73588cd14eb659e822f39a859edee1
[INFO] running `Command { std: "docker" "start" "bc56a2770f94b3a7a1cfd8b321eeab5d7c73588cd14eb659e822f39a859edee1", kill_on_drop: false }`
[INFO] running `Command { std: "docker" "inspect" "bc56a2770f94b3a7a1cfd8b321eeab5d7c73588cd14eb659e822f39a859edee1", kill_on_drop: false }`
[INFO] running `Command { std: "docker" "exec" "-e" "SOURCE_DIR=/opt/rustwide/workdir" "-e" "CARGO_HOME=/opt/rustwide/cargo-home" "-e" "RUSTUP_HOME=/opt/rustwide/rustup-home" "-e" "CARGO_TARGET_DIR=/opt/rustwide/target" "-w" "/opt/rustwide/workdir" "--user" "0:0" "bc56a2770f94b3a7a1cfd8b321eeab5d7c73588cd14eb659e822f39a859edee1" "/opt/rustwide/cargo-home/bin/cargo" "+1.100.0-beta.1" "metadata" "--no-deps" "--format-version=1", kill_on_drop: false }`
[INFO] running `Command { std: "docker" "inspect" "bc56a2770f94b3a7a1cfd8b321eeab5d7c73588cd14eb659e822f39a859edee1", kill_on_drop: false }`
[INFO] running `Command { std: "docker" "exec" "-e" "SOURCE_DIR=/opt/rustwide/workdir" "-e" "CARGO_HOME=/opt/rustwide/cargo-home" "-e" "RUSTUP_HOME=/opt/rustwide/rustup-home" "-e" "CARGO_TARGET_DIR=/opt/rustwide/target" "-e" "CARGO_INCREMENTAL=0" "-e" "RUST_BACKTRACE=full" "-e" "RUSTFLAGS=--cap-lints=warn" "-e" "RUSTDOCFLAGS=--cap-lints=warn" "-w" "/opt/rustwide/workdir" "--user" "0:0" "bc56a2770f94b3a7a1cfd8b321eeab5d7c73588cd14eb659e822f39a859edee1" "/opt/rustwide/cargo-home/bin/cargo" "+1.100.0-beta.1" "build" "--frozen" "--message-format=json" "--release", kill_on_drop: false }`
[INFO] [stderr]    Compiling proc-macro2 v1.0.106
[INFO] [stderr]    Compiling quote v1.0.45
[INFO] [stderr]    Compiling unicode-ident v1.0.24
[INFO] [stderr]    Compiling cfg-if v1.0.4
[INFO] [stderr]    Compiling serde_core v1.0.228
[INFO] [stderr]    Compiling cfg_aliases v0.2.1
[INFO] [stderr]    Compiling autocfg v1.5.0
[INFO] [stderr]    Compiling libm v0.2.16
[INFO] [stderr]    Compiling crossbeam-utils v0.8.21
[INFO] [stderr]    Compiling zerocopy v0.8.47
[INFO] [stderr]    Compiling libc v0.2.183
[INFO] [stderr]    Compiling rustversion v1.0.22
[INFO] [stderr]    Compiling thiserror v2.0.18
[INFO] [stderr]    Compiling simd-adler32 v0.3.9
[INFO] [stderr]    Compiling smallvec v1.15.1
[INFO] [stderr]    Compiling parking_lot_core v0.9.12
[INFO] [stderr]    Compiling foldhash v0.1.5
[INFO] [stderr]    Compiling heck v0.5.0
[INFO] [stderr]    Compiling rayon-core v1.13.0
[INFO] [stderr]    Compiling naga v25.0.1
[INFO] [stderr]    Compiling libloading v0.8.9
[INFO] [stderr]    Compiling scopeguard v1.2.0
[INFO] [stderr]    Compiling hashbrown v0.15.5
[INFO] [stderr]    Compiling khronos-egl v6.0.0
[INFO] [stderr]    Compiling bit-vec v0.8.0
[INFO] [stderr]    Compiling log v0.4.29
[INFO] [stderr]    Compiling crc32fast v1.5.0
[INFO] [stderr]    Compiling termcolor v1.4.1
[INFO] [stderr]    Compiling ash v0.38.0+1.3.281
[INFO] [stderr]    Compiling adler2 v2.0.1
[INFO] [stderr]    Compiling equivalent v1.0.2
[INFO] [stderr]    Compiling hashbrown v0.16.1
[INFO] [stderr]    Compiling unicode-width v0.2.2
[INFO] [stderr]    Compiling miniz_oxide v0.8.9
[INFO] [stderr]    Compiling lock_api v0.4.14
[INFO] [stderr]    Compiling wgpu-hal v25.0.2
[INFO] [stderr]    Compiling rustc-hash v1.1.0
[INFO] [stderr]    Compiling num-traits v0.2.19
[INFO] [stderr]    Compiling arrayvec v0.7.6
[INFO] [stderr]    Compiling bit-set v0.8.0
[INFO] [stderr]    Compiling hexf-parse v0.2.1
[INFO] [stderr]    Compiling codespan-reporting v0.12.0
[INFO] [stderr]    Compiling once_cell v1.21.4
[INFO] [stderr]    Compiling profiling v1.0.17
[INFO] [stderr]    Compiling glow v0.16.0
[INFO] [stderr]    Compiling renderdoc-sys v1.1.0
[INFO] [stderr]    Compiling either v1.15.0
[INFO] [stderr]    Compiling raw-window-handle v0.6.2
[INFO] [stderr]    Compiling wgpu-core v25.0.2
[INFO] [stderr]    Compiling crossbeam-epoch v0.9.18
[INFO] [stderr]    Compiling weezl v0.1.12
[INFO] [stderr]    Compiling litrs v1.0.0
[INFO] [stderr]    Compiling fdeflate v0.3.7
[INFO] [stderr]    Compiling zune-inflate v0.2.54
[INFO] [stderr]    Compiling wgpu v25.0.2
[INFO] [stderr]    Compiling syn v2.0.117
[INFO] [stderr]    Compiling crossbeam-deque v0.8.6
[INFO] [stderr]    Compiling flate2 v1.1.9
[INFO] [stderr]    Compiling indexmap v2.13.0
[INFO] [stderr]    Compiling parking_lot v0.12.5
[INFO] [stderr]    Compiling document-features v0.2.12
[INFO] [stderr]    Compiling color_quant v1.1.0
[INFO] [stderr]    Compiling lebe v0.5.3
[INFO] [stderr]    Compiling bit_field v0.10.3
[INFO] [stderr]    Compiling rayon v1.11.0
[INFO] [stderr]    Compiling png v0.17.16
[INFO] [stderr]    Compiling gif v0.13.3
[INFO] [stderr]    Compiling byteorder v1.5.0
[INFO] [stderr]    Compiling pollster v0.4.0
[INFO] [stderr]    Compiling bitflags v2.11.0
[INFO] [stderr]    Compiling gpu-descriptor-types v0.2.0
[INFO] [stderr]    Compiling spirv v0.3.0+sdk-1.3.268.0
[INFO] [stderr]    Compiling gpu-alloc-types v0.3.0
[INFO] [stderr]    Compiling gpu-descriptor v0.3.2
[INFO] [stderr]    Compiling ordered-float v4.6.0
[INFO] [stderr]    Compiling gpu-alloc v0.6.0
[INFO] [stderr]    Compiling jpeg-decoder v0.3.2
[INFO] [stderr]    Compiling zerocopy-derive v0.8.47
[INFO] [stderr]    Compiling bytemuck_derive v1.10.2
[INFO] [stderr]    Compiling thiserror-impl v2.0.18
[INFO] [stderr]    Compiling strum_macros v0.26.4
[INFO] [stderr]    Compiling bytemuck v1.25.0
[INFO] [stderr]    Compiling tiff v0.9.1
[INFO] [stderr]    Compiling qoi v0.4.1
[INFO] [stderr]    Compiling wgpu-types v25.0.0
[INFO] [stderr]    Compiling strum v0.26.3
[INFO] [stderr]    Compiling half v2.7.1
[INFO] [stderr]    Compiling exr v1.74.0
[INFO] [stderr]    Compiling image v0.24.9
[INFO] [stderr]    Compiling wgpu-core-deps-windows-linux-android v25.0.0
[INFO] [stderr]    Compiling forge_cv v0.1.0 (/opt/rustwide/workdir)
[INFO] [stderr]     Finished `release` profile [optimized] target(s) in 2m 10s
[INFO] [stderr] warning: the following packages contain code that will be rejected by a future version of Rust: naga v25.0.1, wgpu v25.0.2, wgpu-core v25.0.2, wgpu-hal v25.0.2
[INFO] [stderr] note: to see what the problems were, use the option `--future-incompat-report`, or run `cargo report future-incompatibilities --id 1`
[INFO] running `Command { std: "docker" "inspect" "bc56a2770f94b3a7a1cfd8b321eeab5d7c73588cd14eb659e822f39a859edee1", kill_on_drop: false }`
[INFO] running `Command { std: "docker" "exec" "-e" "SOURCE_DIR=/opt/rustwide/workdir" "-e" "CARGO_HOME=/opt/rustwide/cargo-home" "-e" "RUSTUP_HOME=/opt/rustwide/rustup-home" "-e" "CARGO_TARGET_DIR=/opt/rustwide/target" "-e" "CARGO_INCREMENTAL=0" "-e" "RUST_BACKTRACE=full" "-e" "RUSTFLAGS=--cap-lints=warn" "-e" "RUSTDOCFLAGS=--cap-lints=warn" "-w" "/opt/rustwide/workdir" "--user" "0:0" "bc56a2770f94b3a7a1cfd8b321eeab5d7c73588cd14eb659e822f39a859edee1" "/opt/rustwide/cargo-home/bin/cargo" "+1.100.0-beta.1" "test" "--frozen" "--no-run" "--message-format=json" "--release", kill_on_drop: false }`
[INFO] [stderr]    Compiling forge_cv v0.1.0 (/opt/rustwide/workdir)
[INFO] [stderr]     Finished `release` profile [optimized] target(s) in 1.16s
[INFO] [stderr] warning: the following packages contain code that will be rejected by a future version of Rust: naga v25.0.1, wgpu v25.0.2, wgpu-core v25.0.2, wgpu-hal v25.0.2
[INFO] [stderr] note: to see what the problems were, use the option `--future-incompat-report`, or run `cargo report future-incompatibilities --id 1`
[INFO] running `Command { std: "docker" "inspect" "bc56a2770f94b3a7a1cfd8b321eeab5d7c73588cd14eb659e822f39a859edee1", kill_on_drop: false }`
[INFO] running `Command { std: "docker" "exec" "-e" "SOURCE_DIR=/opt/rustwide/workdir" "-e" "CARGO_HOME=/opt/rustwide/cargo-home" "-e" "RUSTUP_HOME=/opt/rustwide/rustup-home" "-e" "CARGO_TARGET_DIR=/opt/rustwide/target" "-e" "CARGO_INCREMENTAL=0" "-e" "RUST_BACKTRACE=full" "-e" "RUSTFLAGS=--cap-lints=warn" "-e" "RUSTDOCFLAGS=--cap-lints=warn" "-w" "/opt/rustwide/workdir" "--user" "0:0" "bc56a2770f94b3a7a1cfd8b321eeab5d7c73588cd14eb659e822f39a859edee1" "/opt/rustwide/cargo-home/bin/cargo" "+1.100.0-beta.1" "test" "--frozen" "--release", kill_on_drop: false }`
[INFO] [stderr]     Finished `release` profile [optimized] target(s) in 0.20s
[INFO] [stderr] warning: the following packages contain code that will be rejected by a future version of Rust: naga v25.0.1, wgpu v25.0.2, wgpu-core v25.0.2, wgpu-hal v25.0.2
[INFO] [stderr] note: to see what the problems were, use the option `--future-incompat-report`, or run `cargo report future-incompatibilities --id 1`
[INFO] [stderr]      Running unittests src/lib.rs (/opt/rustwide/target/release/build/forge_cv/22552e65237c0b29/out/forge_cv-22552e65237c0b29)
[INFO] [stdout] 
[INFO] [stdout] running 0 tests
[INFO] [stdout] 
[INFO] [stderr]      Running unittests src/gpu_matrix_tester.rs (/opt/rustwide/target/release/build/forge_cv/8d4763d1a2239ac6/out/gpu_matrix_tester-8d4763d1a2239ac6)
[INFO] [stdout] test result: ok. 0 passed; 0 failed; 0 ignored; 0 measured; 0 filtered out; finished in 0.00s
[INFO] [stdout] 
[INFO] [stdout] 
[INFO] [stdout] running 0 tests
[INFO] [stdout] 
[INFO] [stdout] test result: ok. 0 passed; 0 failed; 0 ignored; 0 measured; 0 filtered out; finished in 0.00s
[INFO] [stdout] 
[INFO] [stderr]      Running tests/mat_test.rs (/opt/rustwide/target/release/build/forge_cv/d41fe7b4d3ee195d/out/mat_test-d41fe7b4d3ee195d)
[INFO] [stdout] 
[INFO] [stdout] running 5 tests
[INFO] [stdout] test resize_updates_debug_fields ... ok
[INFO] [stdout] test roundtrip_from_slice ... ok
[INFO] [stdout] test debug_fields_in_sync ... ok
[INFO] [stdout] test imread_loads_image ... FAILED
[INFO] [stdout] test imread_pixel_access ... FAILED
[INFO] [stdout] 
[INFO] [stdout] failures:
[INFO] [stdout] 
[INFO] [stdout] ---- imread_loads_image stdout ----
[INFO] [stdout] 
[INFO] [stdout] thread 'imread_loads_image' (2098) panicked at src/mat.rs:97:33:
[INFO] [stdout] Failed to open '/Users/zvistein/GitHub_repos/GeneratedOutput/BullsAI/data backup/2BulletData/images/train/fa1833bb-Screenshot_20220718-093648_Maps.jpg': No such file or directory (os error 2)
[INFO] [stdout] stack backtrace:
[INFO] [stdout]    0:     0x618ddd9da561 - <<std[617be2ca0a6fd877]::sys::backtrace::BacktraceLock>::print::DisplayBacktrace as core[a373ad73a504971]::fmt::Display>::fmt
[INFO] [stdout]    1:     0x618ddd9f0e8a - core[a373ad73a504971]::fmt::write
[INFO] [stdout]    2:     0x618ddd9de96c - <alloc[2e1b2a31b91974c5]::vec::Vec<u8> as core[a373ad73a504971]::io::write::Write>::write_fmt
[INFO] [stdout]    3:     0x618ddd9b6586 - std[617be2ca0a6fd877]::panicking::default_hook::{closure#0}
[INFO] [stdout]    4:     0x618ddd9d2a79 - std[617be2ca0a6fd877]::panicking::default_hook
[INFO] [stdout]    5:     0x618ddd86f5b0 - test[aada8e7e76ba119b]::test_main_inner::{closure#0}
[INFO] [stdout]    6:     0x618ddd9d2da2 - std[617be2ca0a6fd877]::panicking::panic_with_hook
[INFO] [stdout]    7:     0x618ddd9b6632 - std[617be2ca0a6fd877]::panicking::panic_handler::{closure#0}
[INFO] [stdout]    8:     0x618ddd9af319 - std[617be2ca0a6fd877]::sys::backtrace::__rust_end_short_backtrace::<std[617be2ca0a6fd877]::panicking::panic_handler::{closure#0}, !>
[INFO] [stdout]    9:     0x618ddd9b723d - __rustc[ea4f61d10b84890b]::rust_begin_unwind
[INFO] [stdout]   10:     0x618ddd9f15bc - core[a373ad73a504971]::panicking::panic_fmt
[INFO] [stdout]   11:     0x618ddd8a3257 - <forge_cv[e359b213d55aeac6]::mat::Mat>::imread::{closure#0}
[INFO] [stdout]   12:     0x618ddd8a428c - <forge_cv[e359b213d55aeac6]::mat::Mat>::imread
[INFO] [stdout]   13:     0x618ddd861fb7 - <mat_test[e0e1451369c3c19b]::imread_loads_image::{closure#0} as core[a373ad73a504971]::ops::function::FnOnce<()>>::call_once
[INFO] [stdout]   14:     0x618ddd8629fb - test[aada8e7e76ba119b]::__rust_begin_short_backtrace::<core[a373ad73a504971]::result::Result<(), alloc[2e1b2a31b91974c5]::string::String>, fn() -> core[a373ad73a504971]::result::Result<(), alloc[2e1b2a31b91974c5]::string::String>>
[INFO] [stdout]   15:     0x618ddd86fbd5 - test[aada8e7e76ba119b]::run_test::{closure#0}
[INFO] [stdout]   16:     0x618ddd8694c4 - std[617be2ca0a6fd877]::sys::backtrace::__rust_begin_short_backtrace::<test[aada8e7e76ba119b]::run_test::{closure#1}, ()>
[INFO] [stdout]   17:     0x618ddd872c62 - <std[617be2ca0a6fd877]::thread::lifecycle::spawn_unchecked<test[aada8e7e76ba119b]::run_test::{closure#1}, ()>::{closure#1} as core[a373ad73a504971]::ops::function::FnOnce<()>>::call_once::{shim:vtable#0}
[INFO] [stdout]   18:     0x618ddd9d9daf - <std[617be2ca0a6fd877]::sys::thread::unix::Thread>::new::thread_start
[INFO] [stdout]   19:     0x762cc46a7dfa - <unknown>
[INFO] [stdout]   20:     0x762cc473b3d4 - clone
[INFO] [stdout]   21:                0x0 - <unknown>
[INFO] [stdout] 
[INFO] [stdout] ---- imread_pixel_access stdout ----
[INFO] [stdout] 
[INFO] [stdout] thread 'imread_pixel_access' (2099) panicked at src/mat.rs:97:33:
[INFO] [stdout] Failed to open '/Users/zvistein/GitHub_repos/GeneratedOutput/BullsAI/data backup/2BulletData/images/train/fa1833bb-Screenshot_20220718-093648_Maps.jpg': No such file or directory (os error 2)
[INFO] [stdout] stack backtrace:
[INFO] [stdout]    0:     0x618ddd9da561 - <<std[617be2ca0a6fd877]::sys::backtrace::BacktraceLock>::print::DisplayBacktrace as core[a373ad73a504971]::fmt::Display>::fmt
[INFO] [stdout]    1:     0x618ddd9f0e8a - core[a373ad73a504971]::fmt::write
[INFO] [stdout]    2:     0x618ddd9de96c - <alloc[2e1b2a31b91974c5]::vec::Vec<u8> as core[a373ad73a504971]::io::write::Write>::write_fmt
[INFO] [stdout]    3:     0x618ddd9b6586 - std[617be2ca0a6fd877]::panicking::default_hook::{closure#0}
[INFO] [stdout]    4:     0x618ddd9d2a79 - std[617be2ca0a6fd877]::panicking::default_hook
[INFO] [stdout]    5:     0x618ddd86f5b0 - test[aada8e7e76ba119b]::test_main_inner::{closure#0}
[INFO] [stdout]    6:     0x618ddd9d2da2 - std[617be2ca0a6fd877]::panicking::panic_with_hook
[INFO] [stdout]    7:     0x618ddd9b6632 - std[617be2ca0a6fd877]::panicking::panic_handler::{closure#0}
[INFO] [stdout]    8:     0x618ddd9af319 - std[617be2ca0a6fd877]::sys::backtrace::__rust_end_short_backtrace::<std[617be2ca0a6fd877]::panicking::panic_handler::{closure#0}, !>
[INFO] [stdout]    9:     0x618ddd9b723d - __rustc[ea4f61d10b84890b]::rust_begin_unwind
[INFO] [stdout]   10:     0x618ddd9f15bc - core[a373ad73a504971]::panicking::panic_fmt
[INFO] [stdout]   11:     0x618ddd8a3257 - <forge_cv[e359b213d55aeac6]::mat::Mat>::imread::{closure#0}
[INFO] [stdout]   12:     0x618ddd8a428c - <forge_cv[e359b213d55aeac6]::mat::Mat>::imread
[INFO] [stdout]   13:     0x618ddd862397 - <mat_test[e0e1451369c3c19b]::imread_pixel_access::{closure#0} as core[a373ad73a504971]::ops::function::FnOnce<()>>::call_once
[INFO] [stdout]   14:     0x618ddd8629fb - test[aada8e7e76ba119b]::__rust_begin_short_backtrace::<core[a373ad73a504971]::result::Result<(), alloc[2e1b2a31b91974c5]::string::String>, fn() -> core[a373ad73a504971]::result::Result<(), alloc[2e1b2a31b91974c5]::string::String>>
[INFO] [stdout]   15:     0x618ddd86fbd5 - test[aada8e7e76ba119b]::run_test::{closure#0}
[INFO] [stdout]   16:     0x618ddd8694c4 - std[617be2ca0a6fd877]::sys::backtrace::__rust_begin_short_backtrace::<test[aada8e7e76ba119b]::run_test::{closure#1}, ()>
[INFO] [stdout]   17:     0x618ddd872c62 - <std[617be2ca0a6fd877]::thread::lifecycle::spawn_unchecked<test[aada8e7e76ba119b]::run_test::{closure#1}, ()>::{closure#1} as core[a373ad73a504971]::ops::function::FnOnce<()>>::call_once::{shim:vtable#0}
[INFO] [stdout]   18:     0x618ddd9d9daf - <std[617be2ca0a6fd877]::sys::thread::unix::Thread>::new::thread_start
[INFO] [stdout]   19:     0x762cc46a7dfa - <unknown>
[INFO] [stdout]   20:     0x762cc473b3d4 - clone
[INFO] [stdout]   21:                0x0 - <unknown>
[INFO] [stdout] 
[INFO] [stdout] 
[INFO] [stdout] failures:
[INFO] [stdout]     imread_loads_image
[INFO] [stdout]     imread_pixel_access
[INFO] [stdout] 
[INFO] [stdout] test result: FAILED. 3 passed; 2 failed; 0 ignored; 0 measured; 0 filtered out; finished in 0.00s
[INFO] [stdout] 
[INFO] [stderr] error: test failed, to rerun pass `--test mat_test`
[INFO] running `Command { std: "docker" "inspect" "bc56a2770f94b3a7a1cfd8b321eeab5d7c73588cd14eb659e822f39a859edee1", kill_on_drop: false }`
[INFO] running `Command { std: "docker" "rm" "-f" "bc56a2770f94b3a7a1cfd8b321eeab5d7c73588cd14eb659e822f39a859edee1", kill_on_drop: false }`
[INFO] [stdout] bc56a2770f94b3a7a1cfd8b321eeab5d7c73588cd14eb659e822f39a859edee1
