[INFO] cloning repository https://github.com/VisruthSK/slinker
[INFO] running `Command { std: "git" "-c" "credential.helper=" "-c" "credential.helper=/workspace/cargo-home/bin/git-credential-null" "clone" "--bare" "https://github.com/VisruthSK/slinker" "/workspace/cache/git-repos/https%3A%2F%2Fgithub.com%2FVisruthSK%2Fslinker", kill_on_drop: false }`
[INFO] [stderr] Cloning into bare repository '/workspace/cache/git-repos/https%3A%2F%2Fgithub.com%2FVisruthSK%2Fslinker'...
[INFO] running `Command { std: "git" "rev-parse" "HEAD", kill_on_drop: false }`
[INFO] [stdout] 66d9a4408a7c609ffffc210735c684cd584f4f2b
[INFO] testing VisruthSK/slinker against 1.100.0-beta.1+cargoflags=--release for beta-release-1.100-3
[INFO] running `Command { std: "git" "clone" "/workspace/cache/git-repos/https%3A%2F%2Fgithub.com%2FVisruthSK%2Fslinker" "/workspace/builds/worker-5-tc2/source", kill_on_drop: false }`
[INFO] [stderr] Cloning into '/workspace/builds/worker-5-tc2/source'...
[INFO] [stderr] done.
[INFO] started tweaking git repo https://github.com/VisruthSK/slinker
[INFO] finished tweaking git repo https://github.com/VisruthSK/slinker
[INFO] tweaked toml for git repo https://github.com/VisruthSK/slinker written to /workspace/builds/worker-5-tc2/source/Cargo.toml
[INFO] validating manifest of git repo https://github.com/VisruthSK/slinker on toolchain 1.100.0-beta.1
[INFO] running `Command { std: CARGO_HOME="/workspace/cargo-home" RUSTUP_HOME="/workspace/rustup-home" "/workspace/cargo-home/bin/cargo" "+1.100.0-beta.1" "metadata" "--manifest-path" "Cargo.toml" "--no-deps", kill_on_drop: false }`
[INFO] crate git repo https://github.com/VisruthSK/slinker already has a lockfile, it will not be regenerated
[INFO] running `Command { std: CARGO_HOME="/workspace/cargo-home" RUSTUP_HOME="/workspace/rustup-home" "/workspace/cargo-home/bin/cargo" "+1.100.0-beta.1" "fetch" "--manifest-path" "Cargo.toml", kill_on_drop: false }`
[INFO] running `Command { std: "docker" "create" "-v" "/var/lib/crater-agent-workspace/builds/worker-5-tc2/source:/opt/rustwide/workdir:ro,Z" "-v" "/var/lib/crater-agent-workspace/builds/worker-5-tc2/target:/opt/rustwide/target:rw,Z" "-v" "/var/lib/crater-agent-workspace/cargo-home:/opt/rustwide/cargo-home:ro,Z" "-v" "/var/lib/crater-agent-workspace/rustup-home:/opt/rustwide/rustup-home:ro,Z" "-m" "1610612736" "--network" "none" "ghcr.io/rust-lang/crates-build-env/linux@sha256:77db811e55d90add9212f6832c23229e3de5f1c1f9905e8cb07319ea15df73ac" "sleep" "infinity", kill_on_drop: false }`
[INFO] [stdout] 0ffd0bdec533f23e86af5a6df2c55a5e722b54e252779e18fca5920e6323b4b0
[INFO] running `Command { std: "docker" "start" "0ffd0bdec533f23e86af5a6df2c55a5e722b54e252779e18fca5920e6323b4b0", kill_on_drop: false }`
[INFO] running `Command { std: "docker" "inspect" "0ffd0bdec533f23e86af5a6df2c55a5e722b54e252779e18fca5920e6323b4b0", kill_on_drop: false }`
[INFO] running `Command { std: "docker" "exec" "-e" "SOURCE_DIR=/opt/rustwide/workdir" "-e" "CARGO_HOME=/opt/rustwide/cargo-home" "-e" "RUSTUP_HOME=/opt/rustwide/rustup-home" "-e" "CARGO_TARGET_DIR=/opt/rustwide/target" "-w" "/opt/rustwide/workdir" "--user" "0:0" "0ffd0bdec533f23e86af5a6df2c55a5e722b54e252779e18fca5920e6323b4b0" "/opt/rustwide/cargo-home/bin/cargo" "+1.100.0-beta.1" "metadata" "--no-deps" "--format-version=1", kill_on_drop: false }`
[INFO] running `Command { std: "docker" "inspect" "0ffd0bdec533f23e86af5a6df2c55a5e722b54e252779e18fca5920e6323b4b0", kill_on_drop: false }`
[INFO] running `Command { std: "docker" "exec" "-e" "SOURCE_DIR=/opt/rustwide/workdir" "-e" "CARGO_HOME=/opt/rustwide/cargo-home" "-e" "RUSTUP_HOME=/opt/rustwide/rustup-home" "-e" "CARGO_TARGET_DIR=/opt/rustwide/target" "-e" "CARGO_INCREMENTAL=0" "-e" "RUST_BACKTRACE=full" "-e" "RUSTFLAGS=--cap-lints=warn" "-e" "RUSTDOCFLAGS=--cap-lints=warn" "-w" "/opt/rustwide/workdir" "--user" "0:0" "0ffd0bdec533f23e86af5a6df2c55a5e722b54e252779e18fca5920e6323b4b0" "/opt/rustwide/cargo-home/bin/cargo" "+1.100.0-beta.1" "build" "--frozen" "--message-format=json" "--release", kill_on_drop: false }`
[INFO] [stderr]    Compiling unicode-ident v1.0.26
[INFO] [stderr]    Compiling serde_core v1.0.229
[INFO] [stderr]    Compiling serde v1.0.229
[INFO] [stderr]    Compiling libc v0.2.189
[INFO] [stderr]    Compiling find-msvc-tools v0.1.13
[INFO] [stderr]    Compiling unicode-segmentation v1.13.3
[INFO] [stderr]    Compiling memchr v2.8.3
[INFO] [stderr]    Compiling rustc-hash v2.1.3
[INFO] [stderr]    Compiling proc-macro2 v1.0.107
[INFO] [stderr]    Compiling hashbrown v0.15.5
[INFO] [stderr]    Compiling cc v1.4.7
[INFO] [stderr]    Compiling smallvec v1.16.1
[INFO] [stderr]    Compiling quote v1.0.47
[INFO] [stderr]    Compiling litemap v0.8.3
[INFO] [stderr]    Compiling syn v3.0.6
[INFO] [stderr]    Compiling syn v2.0.119
[INFO] [stderr]    Compiling similar v2.7.0
[INFO] [stderr]    Compiling writeable v0.6.4
[INFO] [stderr]    Compiling proc-macro-error-attr2 v2.0.0
[INFO] [stderr]    Compiling icu_normalizer_data v2.3.0
[INFO] [stderr]    Compiling tree-sitter-language v0.1.8
[INFO] [stderr]    Compiling icu_properties_data v2.3.0
[INFO] [stderr]    Compiling typenum v1.20.1
[INFO] [stderr]    Compiling rustix v1.1.5
[INFO] [stderr]    Compiling proc-macro-error2 v2.0.1
[INFO] [stderr]    Compiling serde_json v1.0.151
[INFO] [stderr]    Compiling object v0.37.3
[INFO] [stderr]    Compiling syn v1.0.109
[INFO] [stderr]    Compiling anyhow v1.0.104
[INFO] [stderr]    Compiling indexmap v2.14.2
[INFO] [stderr]    Compiling hybrid-array v0.4.15
[INFO] [stderr]    Compiling biome_diagnostics_categories v0.5.7 (https://github.com/lionel-/biome?rev=a1296ea6ba363d8b8d8f02181b2a4ce9315c5ef9#a1296ea6)
[INFO] [stderr]    Compiling aho-corasick v1.1.5
[INFO] [stderr]    Compiling gimli v0.32.3
[INFO] [stderr]    Compiling miniz_oxide v0.8.9
[INFO] [stderr]    Compiling synstructure v0.14.0
[INFO] [stderr]    Compiling regex-automata v0.4.18
[INFO] [stderr]    Compiling enumflags2_derive v0.7.12
[INFO] [stderr]    Compiling block-buffer v0.12.1
[INFO] [stderr]    Compiling crypto-common v0.2.2
[INFO] [stderr]    Compiling zerofrom-derive v0.1.8
[INFO] [stderr]    Compiling serde_derive v1.0.229
[INFO] [stderr]    Compiling yoke-derive v0.8.3
[INFO] [stderr]    Compiling zerofrom v0.1.8
[INFO] [stderr]    Compiling zerovec-derive v0.11.6
[INFO] [stderr]    Compiling displaydoc v0.2.7
[INFO] [stderr]    Compiling yoke v0.8.3
[INFO] [stderr]    Compiling addr2line v0.25.1
[INFO] [stderr]    Compiling zerotrie v0.2.5
[INFO] [stderr]    Compiling zerovec v0.11.8
[INFO] [stderr]    Compiling biome_markup v0.5.7 (https://github.com/lionel-/biome?rev=a1296ea6ba363d8b8d8f02181b2a4ce9315c5ef9#a1296ea6)
[INFO] [stderr]    Compiling termcolor v1.4.1
[INFO] [stderr]    Compiling winnow v1.0.4
[INFO] [stderr]    Compiling unicase v2.9.0
[INFO] [stderr]    Compiling rustc-demangle v0.1.28
[INFO] [stderr]    Compiling tinystr v0.8.4
[INFO] [stderr]    Compiling potential_utf v0.1.6
[INFO] [stderr]    Compiling unicode-width v0.1.14
[INFO] [stderr]    Compiling icu_collections v2.3.0
[INFO] [stderr]    Compiling icu_locale_core v2.3.0
[INFO] [stderr]    Compiling const-oid v0.10.2
[INFO] [stderr]    Compiling tracing v0.1.44
[INFO] [stderr]    Compiling digest v0.11.3
[INFO] [stderr]    Compiling toml_parser v1.1.3+spec-1.1.0
[INFO] [stderr]    Compiling mime_guess v2.0.5
[INFO] [stderr]    Compiling backtrace v0.3.76
[INFO] [stderr]    Compiling biome_diagnostics_macros v0.5.7 (https://github.com/lionel-/biome?rev=a1296ea6ba363d8b8d8f02181b2a4ce9315c5ef9#a1296ea6)
[INFO] [stderr]    Compiling regex v1.13.1
[INFO] [stderr]    Compiling serde_spanned v1.1.1
[INFO] [stderr]    Compiling toml_datetime v1.1.1+spec-1.1.0
[INFO] [stderr]    Compiling icu_provider v2.3.1
[INFO] [stderr]    Compiling terminal_size v0.4.4
[INFO] [stderr]    Compiling icu_normalizer v2.3.0
[INFO] [stderr]    Compiling biome_text_size v0.5.7 (https://github.com/lionel-/biome?rev=a1296ea6ba363d8b8d8f02181b2a4ce9315c5ef9#a1296ea6)
[INFO] [stderr]    Compiling icu_properties v2.3.0
[INFO] [stderr]    Compiling biome_text_edit v0.5.7 (https://github.com/lionel-/biome?rev=a1296ea6ba363d8b8d8f02181b2a4ce9315c5ef9#a1296ea6)
[INFO] [stderr]    Compiling biome_console v0.5.7 (https://github.com/lionel-/biome?rev=a1296ea6ba363d8b8d8f02181b2a4ce9315c5ef9#a1296ea6)
[INFO] [stderr]    Compiling biome_rowan v0.5.7 (https://github.com/lionel-/biome?rev=a1296ea6ba363d8b8d8f02181b2a4ce9315c5ef9#a1296ea6)
[INFO] [stderr]    Compiling enumflags2 v0.7.12
[INFO] [stderr]    Compiling idna_adapter v1.2.2
[INFO] [stderr]    Compiling tree-sitter-r v1.1.0 (https://github.com/r-lib/tree-sitter-r?rev=daa26a2ff0d9546e9125c7d8bcec046027f02070#daa26a2f)
[INFO] [stderr]    Compiling tree-sitter v0.24.7
[INFO] [stderr]    Compiling semver v1.0.28
[INFO] [stderr]    Compiling cfg-if v1.0.5
[INFO] [stderr]    Compiling toml_writer v1.1.2+spec-1.1.0
[INFO] [stderr]    Compiling thiserror v2.0.21
[INFO] [stderr]    Compiling percent-encoding v2.3.2
[INFO] [stderr]    Compiling cpufeatures v0.3.1
[INFO] [stderr]    Compiling same-file v1.0.6
[INFO] [stderr]    Compiling air_r_syntax v0.0.0 (https://github.com/posit-dev/air?rev=d2659d5b158374bf486b594625ca50abbd0ac879#d2659d5b)
[INFO] [stderr]    Compiling form_urlencoded v1.2.2
[INFO] [stderr]    Compiling walkdir v2.5.0
[INFO] [stderr]    Compiling biome_diagnostics v0.5.7 (https://github.com/lionel-/biome?rev=a1296ea6ba363d8b8d8f02181b2a4ce9315c5ef9#a1296ea6)
[INFO] [stderr]    Compiling sha2 v0.11.0
[INFO] [stderr]    Compiling toml v1.1.6+spec-1.1.0
[INFO] [stderr]    Compiling rustc_version v0.4.1
[INFO] [stderr]    Compiling idna v1.1.0
[INFO] [stderr]    Compiling thiserror-impl v2.0.21
[INFO] [stderr]    Compiling streaming-iterator v0.1.9
[INFO] [stderr]    Compiling utf8parse v0.2.2
[INFO] [stderr]    Compiling either v1.18.0
[INFO] [stderr]    Compiling mime v0.3.17
[INFO] [stderr]    Compiling unicode-bom v2.0.3
[INFO] [stderr]    Compiling lazy_static v1.5.0
[INFO] [stderr]    Compiling biome_unicode_table v0.5.7 (https://github.com/lionel-/biome?rev=a1296ea6ba363d8b8d8f02181b2a4ce9315c5ef9#a1296ea6)
[INFO] [stderr]    Compiling drop_bomb v0.1.5
[INFO] [stderr]    Compiling embed-resource v3.0.11
[INFO] [stderr]    Compiling sharded-slab v0.1.7
[INFO] [stderr]    Compiling biome_parser v0.5.7 (https://github.com/lionel-/biome?rev=a1296ea6ba363d8b8d8f02181b2a4ce9315c5ef9#a1296ea6)
[INFO] [stderr]    Compiling anstyle-parse v1.0.0
[INFO] [stderr]    Compiling url v2.5.8
[INFO] [stderr]    Compiling stdext v0.1.0 (https://github.com/posit-dev/ark?rev=37fe33a19c4fc678da32c5c23111306b52019f4a#37fe33a1)
[INFO] [stderr]    Compiling air_r_factory v0.0.0 (https://github.com/posit-dev/air?rev=d2659d5b158374bf486b594625ca50abbd0ac879#d2659d5b)
[INFO] [stderr]    Compiling oak_core v0.1.0 (https://github.com/posit-dev/ark?rev=37fe33a19c4fc678da32c5c23111306b52019f4a#37fe33a1)
[INFO] [stderr]    Compiling rust-embed-utils v8.12.0
[INFO] [stderr]    Compiling thread_local v1.1.10
[INFO] [stderr]    Compiling rustc-hash v1.1.0
[INFO] [stderr]    Compiling countme v3.0.1
[INFO] [stderr]    Compiling text-size v1.1.1
[INFO] [stderr]    Compiling is_terminal_polyfill v1.70.2
[INFO] [stderr]    Compiling getrandom v0.4.3
[INFO] [stderr]    Compiling anstyle v1.0.14
[INFO] [stderr]    Compiling hashbrown v0.14.5
[INFO] [stderr]    Compiling anstyle-query v1.1.5
[INFO] [stderr]    Compiling colorchoice v1.0.5
[INFO] [stderr]    Compiling tracing-subscriber v0.3.23
[INFO] [stderr]    Compiling rust-embed-impl v8.12.0
[INFO] [stderr]    Compiling anstream v1.0.0
[INFO] [stderr]    Compiling parking_lot_core v0.9.12
[INFO] [stderr]    Compiling harp v0.1.0 (https://github.com/posit-dev/ark?rev=37fe33a19c4fc678da32c5c23111306b52019f4a#37fe33a1)
[INFO] [stderr]    Compiling itertools v0.15.0
[INFO] [stderr]    Compiling rowan v0.17.0
[INFO] [stderr]    Compiling libloading v0.9.0
[INFO] [stderr]    Compiling linktime-proc-macro v0.2.3
[INFO] [stderr]    Compiling clap_lex v1.1.1
[INFO] [stderr]    Compiling strsim v0.11.1
[INFO] [stderr]    Compiling link-section v0.19.3
[INFO] [stderr]    Compiling tracing-error v0.2.1
[INFO] [stderr]    Compiling r-dcf-syntax v0.3.0
[INFO] [stderr]    Compiling clap_builder v4.6.7
[INFO] [stderr]    Compiling ctor v1.0.13
[INFO] [stderr]    Compiling rust-embed v8.12.0
[INFO] [stderr]    Compiling libr v0.1.0 (https://github.com/posit-dev/ark?rev=37fe33a19c4fc678da32c5c23111306b52019f4a#37fe33a1)
[INFO] [stderr]    Compiling clap_derive v4.6.7
[INFO] [stderr]    Compiling parking_lot v0.12.5
[INFO] [stderr]    Compiling oak_index_vec v0.1.0 (https://github.com/posit-dev/ark?rev=37fe33a19c4fc678da32c5c23111306b52019f4a#37fe33a1)
[INFO] [stderr]    Compiling r-metadata v0.3.0
[INFO] [stderr]    Compiling harp_macros v0.1.0 (https://github.com/posit-dev/ark?rev=37fe33a19c4fc678da32c5c23111306b52019f4a#37fe33a1)
[INFO] [stderr]    Compiling fastrand v2.5.0
[INFO] [stderr]    Compiling rayon v1.12.0
[INFO] [stderr]    Compiling r-description-parser v0.3.0
[INFO] [stderr]    Compiling clap v4.6.7
[INFO] [stderr]    Compiling tempfile v3.27.0
[INFO] [stderr]    Compiling which v8.0.6
[INFO] [stderr]    Compiling dunce v1.0.5
[INFO] [stderr]    Compiling air_r_parser v0.0.0 (https://github.com/posit-dev/air?rev=d2659d5b158374bf486b594625ca50abbd0ac879#d2659d5b)
[INFO] [stderr]    Compiling oak_package_metadata v0.1.0 (https://github.com/posit-dev/ark?rev=37fe33a19c4fc678da32c5c23111306b52019f4a#37fe33a1)
[INFO] [stderr]    Compiling oak_semantic v0.1.0 (https://github.com/posit-dev/ark?rev=37fe33a19c4fc678da32c5c23111306b52019f4a#37fe33a1)
[INFO] [stderr]    Compiling slinker v0.1.0 (/opt/rustwide/workdir)
[INFO] [stderr]     Finished `release` profile [optimized] target(s) in 2m 30s
[INFO] [stderr] warning: the following packages contain code that will be rejected by a future version of Rust: proc-macro-error2 v2.0.1
[INFO] [stderr] note: to see what the problems were, use the option `--future-incompat-report`, or run `cargo report future-incompatibilities --id 1`
[INFO] running `Command { std: "docker" "inspect" "0ffd0bdec533f23e86af5a6df2c55a5e722b54e252779e18fca5920e6323b4b0", kill_on_drop: false }`
[INFO] running `Command { std: "docker" "exec" "-e" "SOURCE_DIR=/opt/rustwide/workdir" "-e" "CARGO_HOME=/opt/rustwide/cargo-home" "-e" "RUSTUP_HOME=/opt/rustwide/rustup-home" "-e" "CARGO_TARGET_DIR=/opt/rustwide/target" "-e" "CARGO_INCREMENTAL=0" "-e" "RUST_BACKTRACE=full" "-e" "RUSTFLAGS=--cap-lints=warn" "-e" "RUSTDOCFLAGS=--cap-lints=warn" "-w" "/opt/rustwide/workdir" "--user" "0:0" "0ffd0bdec533f23e86af5a6df2c55a5e722b54e252779e18fca5920e6323b4b0" "/opt/rustwide/cargo-home/bin/cargo" "+1.100.0-beta.1" "test" "--frozen" "--no-run" "--message-format=json" "--release", kill_on_drop: false }`
[INFO] [stderr]    Compiling serde v1.0.229
[INFO] [stderr]    Compiling serde_json v1.0.151
[INFO] [stderr]    Compiling zerocopy v0.8.59
[INFO] [stderr]    Compiling zerocopy-derive v0.8.59
[INFO] [stderr]    Compiling num-traits v0.2.19
[INFO] [stderr]    Compiling alloca v0.4.0
[INFO] [stderr]    Compiling ciborium-io v0.2.2
[INFO] [stderr]    Compiling itertools v0.13.0
[INFO] [stderr]    Compiling cast v0.3.0
[INFO] [stderr]    Compiling page_size v0.6.0
[INFO] [stderr]    Compiling oorandom v11.1.5
[INFO] [stderr]    Compiling anes v0.1.6
[INFO] [stderr]    Compiling biome_text_size v0.5.7 (https://github.com/lionel-/biome?rev=a1296ea6ba363d8b8d8f02181b2a4ce9315c5ef9#a1296ea6)
[INFO] [stderr]    Compiling enumflags2 v0.7.12
[INFO] [stderr]    Compiling biome_diagnostics_categories v0.5.7 (https://github.com/lionel-/biome?rev=a1296ea6ba363d8b8d8f02181b2a4ce9315c5ef9#a1296ea6)
[INFO] [stderr]    Compiling biome_text_edit v0.5.7 (https://github.com/lionel-/biome?rev=a1296ea6ba363d8b8d8f02181b2a4ce9315c5ef9#a1296ea6)
[INFO] [stderr]    Compiling biome_console v0.5.7 (https://github.com/lionel-/biome?rev=a1296ea6ba363d8b8d8f02181b2a4ce9315c5ef9#a1296ea6)
[INFO] [stderr]    Compiling biome_rowan v0.5.7 (https://github.com/lionel-/biome?rev=a1296ea6ba363d8b8d8f02181b2a4ce9315c5ef9#a1296ea6)
[INFO] [stderr]    Compiling harp v0.1.0 (https://github.com/posit-dev/ark?rev=37fe33a19c4fc678da32c5c23111306b52019f4a#37fe33a1)
[INFO] [stderr]    Compiling tinytemplate v1.2.1
[INFO] [stderr]    Compiling criterion-plot v0.8.2
[INFO] [stderr]    Compiling air_r_syntax v0.0.0 (https://github.com/posit-dev/air?rev=d2659d5b158374bf486b594625ca50abbd0ac879#d2659d5b)
[INFO] [stderr]    Compiling biome_diagnostics v0.5.7 (https://github.com/lionel-/biome?rev=a1296ea6ba363d8b8d8f02181b2a4ce9315c5ef9#a1296ea6)
[INFO] [stderr]    Compiling oak_core v0.1.0 (https://github.com/posit-dev/ark?rev=37fe33a19c4fc678da32c5c23111306b52019f4a#37fe33a1)
[INFO] [stderr]    Compiling air_r_factory v0.0.0 (https://github.com/posit-dev/air?rev=d2659d5b158374bf486b594625ca50abbd0ac879#d2659d5b)
[INFO] [stderr]    Compiling oak_index_vec v0.1.0 (https://github.com/posit-dev/ark?rev=37fe33a19c4fc678da32c5c23111306b52019f4a#37fe33a1)
[INFO] [stderr]    Compiling biome_parser v0.5.7 (https://github.com/lionel-/biome?rev=a1296ea6ba363d8b8d8f02181b2a4ce9315c5ef9#a1296ea6)
[INFO] [stderr]    Compiling air_r_parser v0.0.0 (https://github.com/posit-dev/air?rev=d2659d5b158374bf486b594625ca50abbd0ac879#d2659d5b)
[INFO] [stderr]    Compiling oak_package_metadata v0.1.0 (https://github.com/posit-dev/ark?rev=37fe33a19c4fc678da32c5c23111306b52019f4a#37fe33a1)
[INFO] [stderr]    Compiling oak_semantic v0.1.0 (https://github.com/posit-dev/ark?rev=37fe33a19c4fc678da32c5c23111306b52019f4a#37fe33a1)
[INFO] [stderr]    Compiling half v2.7.1
[INFO] [stderr]    Compiling ciborium-ll v0.2.2
[INFO] [stderr]    Compiling ciborium v0.2.2
[INFO] [stderr]    Compiling slinker v0.1.0 (/opt/rustwide/workdir)
[INFO] [stderr]    Compiling criterion v0.8.2
[INFO] [stderr]     Finished `release` profile [optimized] target(s) in 46.69s
[INFO] [stderr] warning: the following packages contain code that will be rejected by a future version of Rust: proc-macro-error2 v2.0.1
[INFO] [stderr] note: to see what the problems were, use the option `--future-incompat-report`, or run `cargo report future-incompatibilities --id 1`
[INFO] running `Command { std: "docker" "inspect" "0ffd0bdec533f23e86af5a6df2c55a5e722b54e252779e18fca5920e6323b4b0", kill_on_drop: false }`
[INFO] running `Command { std: "docker" "exec" "-e" "SOURCE_DIR=/opt/rustwide/workdir" "-e" "CARGO_HOME=/opt/rustwide/cargo-home" "-e" "RUSTUP_HOME=/opt/rustwide/rustup-home" "-e" "CARGO_TARGET_DIR=/opt/rustwide/target" "-e" "CARGO_INCREMENTAL=0" "-e" "RUST_BACKTRACE=full" "-e" "RUSTFLAGS=--cap-lints=warn" "-e" "RUSTDOCFLAGS=--cap-lints=warn" "-w" "/opt/rustwide/workdir" "--user" "0:0" "0ffd0bdec533f23e86af5a6df2c55a5e722b54e252779e18fca5920e6323b4b0" "/opt/rustwide/cargo-home/bin/cargo" "+1.100.0-beta.1" "test" "--frozen" "--release", kill_on_drop: false }`
[INFO] [stderr]     Finished `release` profile [optimized] target(s) in 0.37s
[INFO] [stderr] warning: the following packages contain code that will be rejected by a future version of Rust: proc-macro-error2 v2.0.1
[INFO] [stderr] note: to see what the problems were, use the option `--future-incompat-report`, or run `cargo report future-incompatibilities --id 1`
[INFO] [stderr]      Running unittests src/lib.rs (/opt/rustwide/target/release/build/slinker/5a06b0a95ad74242/out/slinker-5a06b0a95ad74242)
[INFO] [stdout] 
[INFO] [stdout] running 117 tests
[INFO] [stdout] test analysis::object_world::tests::derived_lookup_respects_parent_and_unknown_fields ... ok
[INFO] [stdout] test analysis::object_world::tests::list2env_records_known_positional_fields_and_opaque_extras ... ok
[INFO] [stdout] test analysis::object_world::tests::environment_identity_survives_self_reference_and_nested_aliases ... ok
[INFO] [stdout] test analysis::object_world::tests::derived_environment_can_hold_its_own_identity ... ok
[INFO] [stdout] test analysis::object_world::tests::incremental_merge_preserves_derived_identities ... ok
[INFO] [stdout] test analysis::object_world::tests::list2env_uses_installed_member_names ... ok
[INFO] [stdout] test analysis::object_world::tests::list2env_uses_parent_only_when_creating_an_environment ... ok
[INFO] [stdout] test analysis::object_world::tests::namespace_binding_and_closure_enclosure_are_distinct ... ok
[INFO] [stdout] test analysis::object_world::tests::nested_closure_is_a_structured_member_not_a_namespace_binding ... ok
[INFO] [stdout] test analysis::object_world::tests::reenclosure_derives_a_closure_without_mutating_the_original ... ok
[INFO] [stdout] test analysis::object_world::tests::structured_reenclosure_transforms_nested_closures_without_mutating_template ... ok
[INFO] [stdout] test metadata::tests::requirement_intersection_collapses_exact_versions_and_prunes_exclusions ... ok
[INFO] [stdout] test cache::tests::disabled_cache_never_returns_a_published_entry ... ok
[INFO] [stdout] test cache::tests::corrupt_entry_is_a_miss ... ok
[INFO] [stdout] test metadata::tests::requirement_intersection_keeps_the_strongest_bounds ... ok
[INFO] [stdout] test metadata::tests::malformed_relation_field_is_not_partially_accepted ... ok
[INFO] [stdout] test metadata::tests::incompatible_requirements_are_rejected_deterministically ... ok
[INFO] [stdout] test metadata::tests::relations_use_typed_description_accessors ... ok
[INFO] [stdout] test package::store::tests::exact_image_native_manifest_attaches_routine_callbacks ... ok
[INFO] [stdout] test package::locator::tests::identity_excludes_physical_location ... ok
[INFO] [stdout] test package::store::tests::native_manifest_rejects_zero_callback_position ... ok
[INFO] [stdout] test package::store::tests::only_epoch_independent_binding_fragments_are_cacheable ... ok
[INFO] [stdout] test cache::tests::concurrent_publication_keeps_one_complete_immutable_entry ... ok
[INFO] [stdout] test r_worker::client::tests::worker_crash_context_identifies_exact_binding_request ... ok
[INFO] [stdout] test package::locator::tests::image_fingerprint_reads_current_bytes_even_when_length_is_unchanged ... ok
[INFO] [stdout] test package::universe::tests::changed_selected_image_is_detected ... ok
[INFO] [stdout] test package::universe::tests::absence_is_frozen_for_the_invocation ... ok
[INFO] [stdout] test source::description::tests::attachment_and_native_links_to_linked_packages_block ... ok
[INFO] [stdout] test r_worker::tests::protocol_round_trips_binding_request ... ok
[INFO] [stdout] test package::universe::tests::package_ids_are_allocated_per_invocation_in_resolution_order ... ok
[INFO] [stdout] test source::description::tests::linked_dependencies_leave_and_external_contracts_replace_imports ... ok
[INFO] [stdout] test package::universe::tests::roles_are_frozen_by_policy_before_resolution ... ok
[INFO] [stdout] test syntax::oak::tests::attached_search_path_does_not_claim_bare_effect_identity ... ok
[INFO] [stdout] test source::description::tests::untouched_fields_keep_their_original_text ... ok
[INFO] [stdout] test syntax::oak::tests::bquote_analyzes_holes_only ... ok
[INFO] [stdout] test syntax::oak::tests::branch_assignment_does_not_dominate_use_after_branch ... ok
[INFO] [stdout] test syntax::oak::tests::boolean_alias_correlates_equivalent_null_guard ... ok
[INFO] [stdout] test syntax::oak::tests::assigned_value_start_is_the_outer_assignment_value ... ok
[INFO] [stdout] test syntax::oak::tests::call_argument_span_matches_selector_name_reference ... ok
[INFO] [stdout] test syntax::oak::tests::call_argument_records_definite_local_closure_identity ... ok
[INFO] [stdout] test syntax::oak::tests::broader_later_guard_does_not_hide_real_fallthrough ... ok
[INFO] [stdout] test syntax::oak::tests::captured_activation_superassignment_is_resolved ... ok
[INFO] [stdout] test syntax::oak::tests::callee_shadowed_by_a_non_closure_local_can_reach_the_enclosing_function ... ok
[INFO] [stdout] test syntax::oak::tests::captured_conditional_binding_is_safe_under_same_stable_guard ... ok
[INFO] [stdout] test syntax::oak::tests::assignment_dominates_later_use_inside_same_branch ... ok
[INFO] [stdout] test syntax::oak::tests::callable_declarations_name_exact_functions ... ok
[INFO] [stdout] test source::package::tests::snapshot_is_immutable_after_source_changes ... ok
[INFO] [stdout] test syntax::oak::tests::conditional_outer_assignment_does_not_fake_capture ... ok
[INFO] [stdout] test syntax::oak::tests::captured_exhaustive_binding_is_safe_under_same_outer_guard ... ok
[INFO] [stdout] test syntax::oak::tests::captured_exhaustive_binding_handles_compound_inner_condition ... ok
[INFO] [stdout] test syntax::oak::tests::conditional_local_read_keeps_external_fallthrough_distinct ... ok
[INFO] [stdout] test syntax::oak::tests::current_function_local_does_not_satisfy_superassignment ... ok
[INFO] [stdout] test syntax::oak::tests::construction_facts_preserve_order_and_target_shapes ... ok
[INFO] [stdout] test syntax::oak::tests::current_function_parameter_does_not_satisfy_superassignment ... ok
[INFO] [stdout] test syntax::oak::tests::definite_local_assignment_never_becomes_external_reference ... ok
[INFO] [stdout] test syntax::oak::tests::custom_infix_operator_is_a_name_reference ... ok
[INFO] [stdout] test syntax::oak::tests::data_masked_names_may_be_columns ... ok
[INFO] [stdout] test syntax::oak::tests::dispatch_frame_variables_are_never_free_names ... ok
[INFO] [stdout] test syntax::oak::tests::dominating_branch_binding_satisfies_nested_superassignment ... ok
[INFO] [stdout] test syntax::oak::tests::descendant_local_shadow_does_not_mutate_captured_guard ... ok
[INFO] [stdout] test syntax::oak::tests::enclosing_function_parameter_satisfies_superassignment ... ok
[INFO] [stdout] test syntax::oak::tests::dots_elements_are_never_free_names ... ok
[INFO] [stdout] test syntax::oak::tests::evaluated_namespace_access_is_recorded ... ok
[INFO] [stdout] test syntax::oak::tests::explicit_return_prevents_never_returns_summary ... ok
[INFO] [stdout] test syntax::oak::tests::for_variable_may_be_unbound_after_zero_iterations ... ok
[INFO] [stdout] test syntax::oak::tests::exhaustive_dispatch_with_stop_proves_local_binding ... ok
[INFO] [stdout] test syntax::oak::tests::for_variable_is_definitely_bound_inside_body ... ok
[INFO] [stdout] test syntax::oak::tests::exhaustive_equality_chain_correlates_later_else_branch ... ok
[INFO] [stdout] test syntax::oak::tests::impure_repeated_predicate_does_not_prove_local_binding ... ok
[INFO] [stdout] test syntax::oak::tests::evaluated_quotation_is_live_code_in_the_calling_frame ... ok
[INFO] [stdout] test syntax::oak::tests::imported_bquote_does_not_receive_base_effects ... ok
[INFO] [stdout] test syntax::oak::tests::later_formal_is_bound_in_earlier_default ... ok
[INFO] [stdout] test syntax::oak::tests::later_import_from_replaces_an_earlier_one ... ok
[INFO] [stdout] test syntax::oak::tests::language_constants_do_not_become_external_bindings ... ok
[INFO] [stdout] test syntax::oak::tests::later_import_all_replaces_an_earlier_import_from ... ok
[INFO] [stdout] test syntax::oak::tests::local_parameter_never_becomes_external_reference ... ok
[INFO] [stdout] test syntax::oak::tests::locally_shadowed_stop_is_not_summarized_as_non_returning ... ok
[INFO] [stdout] test syntax::oak::tests::local_recursive_closure_sees_its_completed_binding ... ok
[INFO] [stdout] test r_worker::client::tests::stale_protocol_files_do_not_block_worker_startup ... ok
[INFO] [stdout] test syntax::oak::tests::locally_shadowed_non_returning_helper_does_not_discharge_fallthrough ... ok
[INFO] [stdout] test syntax::oak::tests::mutated_guard_does_not_validate_captured_conditional_binding ... ok
[INFO] [stdout] test syntax::oak::tests::missing_import_all_blocks_only_names_no_later_import_provides ... ok
[INFO] [stdout] test syntax::oak::tests::missing_later_formal_is_still_bound_in_default_environment ... ok
[INFO] [stdout] test syntax::oak::tests::missing_final_else_keeps_real_fallthrough ... ok
[INFO] [stdout] test syntax::oak::tests::non_returning_summary_requires_terminal_stop ... ok
[INFO] [stdout] test syntax::oak::tests::nested_declaration_narrows_the_captured_binding ... ok
[INFO] [stdout] test syntax::oak::tests::package_local_non_returning_helper_proves_local_binding ... ok
[INFO] [stdout] test syntax::oak::tests::preexisting_binding_keeps_post_for_use_bound ... ok
[INFO] [stdout] test syntax::oak::tests::qualified_base_bquote_receives_base_effects ... ok
[INFO] [stdout] test syntax::oak::tests::non_returning_summary_handles_exhaustive_terminating_if ... ok
[INFO] [stdout] test syntax::oak::tests::non_returning_summary_handles_multi_statement_terminal_stop ... ok
[INFO] [stdout] test syntax::oak::tests::nested_for_variables_are_bound_across_next_paths ... ok
[INFO] [stdout] test syntax::oak::tests::quoted_namespace_access_is_inert ... ok
[INFO] [stdout] test syntax::oak::tests::quoted_system_file_is_inert ... ok
[INFO] [stdout] test syntax::oak::tests::rebound_predicate_symbol_does_not_prove_local_binding ... ok
[INFO] [stdout] test syntax::oak::tests::quotation_evaluated_elsewhere_stays_inert ... ok
[INFO] [stdout] test syntax::oak::tests::reenclosure_helper_construction_shape ... ok
[INFO] [stdout] test syntax::oak::tests::quote_suppresses_ordinary_symbol_uses ... ok
[INFO] [stdout] test syntax::oak::tests::self_referential_default_is_not_global_fallthrough ... ok
[INFO] [stdout] test syntax::oak::tests::repeated_boolean_guard_preserves_exhaustive_inner_assignment ... ok
[INFO] [stdout] test syntax::oak::tests::replacement_call_references_the_replacement_function ... ok
[INFO] [stdout] test syntax::oak::tests::rejecting_guard_makes_following_membership_dispatch_exhaustive ... ok
[INFO] [stdout] test syntax::oak::tests::rejecting_guard_handles_value_assignments_in_membership_dispatch ... ok
[INFO] [stdout] test syntax::oak::tests::shadowed_bquote_does_not_receive_base_effects ... ok
[INFO] [stdout] test syntax::oak::tests::repeated_predicate_proves_local_binding ... ok
[INFO] [stdout] test syntax::oak::tests::shadowed_or_malformed_declarations_are_not_contracts ... ok
[INFO] [stdout] test syntax::oak::tests::repeated_else_if_predicates_preserve_branch_specific_bindings ... ok
[INFO] [stdout] test syntax::oak::tests::slinker_declaration_is_an_inert_lexical_contract ... ok
[INFO] [stdout] test syntax::oak::tests::sibling_function_binding_does_not_satisfy_superassignment ... ok
[INFO] [stdout] test syntax::oak::tests::superassigned_value_is_a_dependency_only_when_free ... ok
[INFO] [stdout] test syntax::oak::tests::substitute_quotes_expression_but_evaluates_environment_argument ... ok
[INFO] [stdout] test syntax::oak::tests::three_level_capture_resolves_outer_activation_binding ... ok
[INFO] [stdout] test syntax::oak::tests::uncaptured_superassignment_remains_unresolved ... ok
[INFO] [stdout] test syntax::oak::tests::zero_iteration_loop_keeps_real_fallthrough ... ok
[INFO] [stdout] test syntax::oak::tests::string_declarations_narrow_and_never_mix_with_classes ... ok
[INFO] [stdout] test target_env::tests::request_preserves_explicit_r_home_and_library_order ... ok
[INFO] [stdout] test r_worker::tests::harp_inspection_preserves_lazy_active_altrep_and_private_state ... ok
[INFO] [stdout] 
[INFO] [stdout] test result: ok. 117 passed; 0 failed; 0 ignored; 0 measured; 0 filtered out; finished in 1.05s
[INFO] [stdout] 
[INFO] [stderr]      Running unittests src/main.rs (/opt/rustwide/target/release/build/slinker/c9f79e45cf5a5c37/out/slinker-c9f79e45cf5a5c37)
[INFO] [stdout] 
[INFO] [stdout] running 6 tests
[INFO] [stdout] test tests::build_defaults_to_current_directory ... ok
[INFO] [stdout] test tests::cli_definition_is_consistent ... ok
[INFO] [stdout] test tests::analyze_accepts_ordered_libraries_and_package_lists ... ok
[INFO] [stdout] test tests::r_home_uses_last_non_warning_line ... ok
[INFO] [stdout] test tests::rejects_invalid_arguments ... ok
[INFO] [stdout] test tests::query_takes_root_then_target ... ok
[INFO] [stdout] 
[INFO] [stdout] test result: ok. 6 passed; 0 failed; 0 ignored; 0 measured; 0 filtered out; finished in 0.00s
[INFO] [stdout] 
[INFO] [stderr]      Running tests/build_materializer.rs (/opt/rustwide/target/release/build/slinker/c8d3703cad49edeb/out/build_materializer-c8d3703cad49edeb)
[INFO] [stdout] 
[INFO] [stdout] running 25 tests
[INFO] [stdout] test blocked_preflight_reports_every_blocker_and_publishes_nothing ... ok
[INFO] [stdout] test graph_export_is_identical_across_runs ... ok
[INFO] [stdout] test build_defaults_to_current_package_and_emits_installable_source ... ok
[INFO] [stdout] test explicit_external_promotes_declared_suggests_contract ... ok
[INFO] [stdout] test enumerating_a_linked_namespace_blocks_the_build ... ok
[INFO] [stdout] test linked_code_keeps_internal_access_to_an_external_package ... ok
[INFO] [stdout] test build_links_pure_r_dependency_absent_from_runtime_library ... ok
[INFO] [stdout] test build_preserves_transitive_external_contract ... ok
[INFO] [stdout] test linked_native_library_whose_init_fails_in_the_worker_blocks ... ok
[INFO] [stdout] test delayed_registrations_on_suggested_generics_reach_the_real_package ... ok
[INFO] [stdout] test linked_namespace_information_reproduces_exports_and_spec ... ok
[INFO] [stdout] test imports_environments_keep_every_original_import_name ... ok
[INFO] [stdout] test linked_on_load_outside_the_namespace_environment_still_runs ... ok
[INFO] [stdout] test linked_namespace_information_reports_the_original_imports_and_s3_methods ... ok
[INFO] [stdout] test rlang_package_queries_answer_for_the_linked_copy ... FAILED
[INFO] [stdout] test linked_native_lookups_by_name_reach_their_own_dll_copy ... ok
[INFO] [stdout] test name_addressed_queries_answer_for_the_linked_copy ... ok
[INFO] [stdout] test payload_namespace_reference_hidden_from_analysis_blocks ... ok
[INFO] [stdout] test private_environments_and_registrations_survive_linking ... ok
[INFO] [stdout] test payload_bundle_preserves_identity_within_its_namespace ... ok
[INFO] [stdout] test payload_closures_reach_their_private_namespace ... ok
[INFO] [stdout] test real_pure_r_packages_build_install_and_run ... ok
[INFO] [stdout] test root_registrations_resolve_linked_bindings_only_after_activation ... ok
[INFO] [stdout] test unresolved_names_continue_to_the_global_environment_as_in_the_original ... ok
[INFO] [stdout] test s3_registrations_on_linked_generics_reach_the_private_namespace ... ok
[INFO] [stdout] 
[INFO] [stdout] failures:
[INFO] [stdout] 
[INFO] [stdout] ---- rlang_package_queries_answer_for_the_linked_copy stdout ----
[INFO] [stdout] 
[INFO] [stdout] thread 'rlang_package_queries_answer_for_the_linked_copy' (11293) panicked at tests/common/mod.rs:96:5:
[INFO] [stdout] locate rlang failed (exit status: 1)
[INFO] [stdout] stdout:
[INFO] [stdout] 
[INFO] [stdout] stderr:
[INFO] [stdout] Error in find.package("rlang") : there is no package called 'rlang'
[INFO] [stdout] Calls: cat -> dirname -> find.package
[INFO] [stdout] Execution halted
[INFO] [stdout] 
[INFO] [stdout] stack backtrace:
[INFO] [stdout]    0:     0x57c4758f50d1 - <<std[617be2ca0a6fd877]::sys::backtrace::BacktraceLock>::print::DisplayBacktrace as core[a373ad73a504971]::fmt::Display>::fmt
[INFO] [stdout]    1:     0x57c47590b20a - core[a373ad73a504971]::fmt::write
[INFO] [stdout]    2:     0x57c4758f9ccc - <alloc[2e1b2a31b91974c5]::vec::Vec<u8> as core[a373ad73a504971]::io::write::Write>::write_fmt
[INFO] [stdout]    3:     0x57c4758ce646 - std[617be2ca0a6fd877]::panicking::default_hook::{closure#0}
[INFO] [stdout]    4:     0x57c4758ec2f9 - std[617be2ca0a6fd877]::panicking::default_hook
[INFO] [stdout]    5:     0x57c4758857a0 - test[aada8e7e76ba119b]::test_main_inner::{closure#0}
[INFO] [stdout]    6:     0x57c4758ec4b2 - std[617be2ca0a6fd877]::panicking::panic_with_hook
[INFO] [stdout]    7:     0x57c4758ce6f2 - std[617be2ca0a6fd877]::panicking::panic_handler::{closure#0}
[INFO] [stdout]    8:     0x57c4758c6b29 - std[617be2ca0a6fd877]::sys::backtrace::__rust_end_short_backtrace::<std[617be2ca0a6fd877]::panicking::panic_handler::{closure#0}, !>
[INFO] [stdout]    9:     0x57c4758cf40d - __rustc[ea4f61d10b84890b]::rust_begin_unwind
[INFO] [stdout]   10:     0x57c47590b9ec - core[a373ad73a504971]::panicking::panic_fmt
[INFO] [stdout]   11:     0x57c4757870df - build_materializer[699e086fb32ed4a1]::common::assert_success
[INFO] [stdout]   12:     0x57c475776253 - <build_materializer[699e086fb32ed4a1]::rlang_package_queries_answer_for_the_linked_copy::{closure#0} as core[a373ad73a504971]::ops::function::FnOnce<()>>::call_once
[INFO] [stdout]   13:     0x57c475878beb - test[aada8e7e76ba119b]::__rust_begin_short_backtrace::<core[a373ad73a504971]::result::Result<(), alloc[2e1b2a31b91974c5]::string::String>, fn() -> core[a373ad73a504971]::result::Result<(), alloc[2e1b2a31b91974c5]::string::String>>
[INFO] [stdout]   14:     0x57c475885dc5 - test[aada8e7e76ba119b]::run_test::{closure#0}
[INFO] [stdout]   15:     0x57c47587f6b4 - std[617be2ca0a6fd877]::sys::backtrace::__rust_begin_short_backtrace::<test[aada8e7e76ba119b]::run_test::{closure#1}, ()>
[INFO] [stdout]   16:     0x57c475888e52 - <std[617be2ca0a6fd877]::thread::lifecycle::spawn_unchecked<test[aada8e7e76ba119b]::run_test::{closure#1}, ()>::{closure#1} as core[a373ad73a504971]::ops::function::FnOnce<()>>::call_once::{shim:vtable#0}
[INFO] [stdout]   17:     0x57c4758f40af - <std[617be2ca0a6fd877]::sys::thread::unix::Thread>::new::thread_start
[INFO] [stdout]   18:     0x77e26b01ddfa - <unknown>
[INFO] [stdout]   19:     0x77e26b0b13d4 - clone
[INFO] [stdout]   20:                0x0 - <unknown>
[INFO] [stdout] 
[INFO] [stdout] 
[INFO] [stdout] failures:
[INFO] [stdout]     rlang_package_queries_answer_for_the_linked_copy
[INFO] [stdout] 
[INFO] [stdout] test result: FAILED. 24 passed; 1 failed; 0 ignored; 0 measured; 0 filtered out; finished in 39.39s
[INFO] [stdout] 
[INFO] [stderr] error: test failed, to rerun pass `--test build_materializer`
[INFO] running `Command { std: "docker" "inspect" "0ffd0bdec533f23e86af5a6df2c55a5e722b54e252779e18fca5920e6323b4b0", kill_on_drop: false }`
[INFO] running `Command { std: "docker" "rm" "-f" "0ffd0bdec533f23e86af5a6df2c55a5e722b54e252779e18fca5920e6323b4b0", kill_on_drop: false }`
[INFO] [stdout] 0ffd0bdec533f23e86af5a6df2c55a5e722b54e252779e18fca5920e6323b4b0
