[INFO] cloning repository https://github.com/OthmaneBlial/Rjest
[INFO] running `Command { std: "git" "-c" "credential.helper=" "-c" "credential.helper=/workspace/cargo-home/bin/git-credential-null" "clone" "--bare" "https://github.com/OthmaneBlial/Rjest" "/workspace/cache/git-repos/https%3A%2F%2Fgithub.com%2FOthmaneBlial%2FRjest", kill_on_drop: false }`
[INFO] [stderr] Cloning into bare repository '/workspace/cache/git-repos/https%3A%2F%2Fgithub.com%2FOthmaneBlial%2FRjest'...
[INFO] running `Command { std: "git" "rev-parse" "HEAD", kill_on_drop: false }`
[INFO] [stdout] 99b88e768268c0d9c9d72801a3cb9409a8ff353d
[INFO] testing OthmaneBlial/Rjest against 1.99.0-beta.8+cargoflags=--release for beta-release-1.100-3
[INFO] running `Command { std: "git" "clone" "/workspace/cache/git-repos/https%3A%2F%2Fgithub.com%2FOthmaneBlial%2FRjest" "/workspace/builds/worker-2-tc1/source", kill_on_drop: false }`
[INFO] [stderr] Cloning into '/workspace/builds/worker-2-tc1/source'...
[INFO] [stderr] done.
[INFO] removed /workspace/builds/worker-2-tc1/source/rust-toolchain.toml
[INFO] started tweaking git repo https://github.com/OthmaneBlial/Rjest
[INFO] finished tweaking git repo https://github.com/OthmaneBlial/Rjest
[INFO] tweaked toml for git repo https://github.com/OthmaneBlial/Rjest written to /workspace/builds/worker-2-tc1/source/Cargo.toml
[INFO] validating manifest of git repo https://github.com/OthmaneBlial/Rjest on toolchain 1.99.0-beta.8
[INFO] running `Command { std: CARGO_HOME="/workspace/cargo-home" RUSTUP_HOME="/workspace/rustup-home" "/workspace/cargo-home/bin/cargo" "+1.99.0-beta.8" "metadata" "--manifest-path" "Cargo.toml" "--no-deps", kill_on_drop: false }`
[INFO] crate git repo https://github.com/OthmaneBlial/Rjest already has a lockfile, it will not be regenerated
[INFO] running `Command { std: CARGO_HOME="/workspace/cargo-home" RUSTUP_HOME="/workspace/rustup-home" "/workspace/cargo-home/bin/cargo" "+1.99.0-beta.8" "fetch" "--manifest-path" "Cargo.toml", kill_on_drop: false }`
[INFO] [stderr]     Blocking waiting for file lock on package cache
[INFO] [stderr]     Updating crates.io index
[INFO] [stderr]     Blocking waiting for file lock on package cache
[INFO] [stderr]  Downloading crates ...
[INFO] [stderr]   Downloaded bitflags v2.13.1
[INFO] [stderr]   Downloaded notify-types v2.1.0
[INFO] [stderr]   Downloaded notify v8.2.0
[INFO] [stderr]   Downloaded clap_lex v1.1.0
[INFO] [stderr]   Downloaded sha1 v0.10.7
[INFO] [stderr]   Downloaded document-features v0.2.12
[INFO] [stderr]   Downloaded signal-hook-mio v0.2.5
[INFO] [stderr]   Downloaded kqueue-sys v1.1.2
[INFO] [stderr]   Downloaded inotify-sys v0.1.8
[INFO] [stderr]   Downloaded natord v1.0.9
[INFO] [stderr]   Downloaded zmij v1.0.23
[INFO] [stderr]   Downloaded globset v0.4.20
[INFO] [stderr]   Downloaded kqueue v1.2.1
[INFO] [stderr]   Downloaded inotify v0.11.5
[INFO] [stderr]   Downloaded thiserror-impl v2.0.20
[INFO] [stderr]   Downloaded crossbeam-deque v0.8.7
[INFO] [stderr]   Downloaded either v1.18.0
[INFO] [stderr]   Downloaded convert_case v0.10.0
[INFO] [stderr]   Downloaded thiserror v2.0.20
[INFO] [stderr]   Downloaded crossbeam-utils v0.8.22
[INFO] [stderr]   Downloaded crossbeam-epoch v0.9.20
[INFO] [stderr]   Downloaded clap_derive v4.6.4
[INFO] [stderr]   Downloaded aho-corasick v1.1.5
[INFO] [stderr]   Downloaded serde_derive v1.0.229
[INFO] [stderr]   Downloaded smallvec v1.15.2
[INFO] [stderr]   Downloaded litrs v1.0.0
[INFO] [stderr]   Downloaded clap v4.6.6
[INFO] [stderr]   Downloaded derive_more v2.1.1
[INFO] [stderr]   Downloaded derive_more-impl v2.1.1
[INFO] [stderr]   Downloaded unicode-segmentation v1.13.3
[INFO] [stderr]   Downloaded mio v1.2.2
[INFO] [stderr]   Downloaded typenum v1.20.1
[INFO] [stderr]   Downloaded crossterm v0.29.0
[INFO] [stderr]   Downloaded serde_json v1.0.151
[INFO] [stderr]   Downloaded clap_builder v4.6.6
[INFO] [stderr]   Downloaded syn v3.0.4
[INFO] [stderr]   Downloaded bstr v1.13.1
[INFO] [stderr]   Downloaded regex-automata v0.4.18
[INFO] running `Command { std: "docker" "create" "-v" "/var/lib/crater-agent-workspace/builds/worker-2-tc1/source:/opt/rustwide/workdir:ro,Z" "-v" "/var/lib/crater-agent-workspace/builds/worker-2-tc1/target:/opt/rustwide/target:rw,Z" "-v" "/var/lib/crater-agent-workspace/cargo-home:/opt/rustwide/cargo-home:ro,Z" "-v" "/var/lib/crater-agent-workspace/rustup-home:/opt/rustwide/rustup-home:ro,Z" "-m" "1610612736" "--network" "none" "ghcr.io/rust-lang/crates-build-env/linux@sha256:77db811e55d90add9212f6832c23229e3de5f1c1f9905e8cb07319ea15df73ac" "sleep" "infinity", kill_on_drop: false }`
[INFO] [stdout] 85cf7ea6afc6401c4e3286ebf6f7056bcad3c2a92931e09336ceafc1cfc12eaf
[INFO] running `Command { std: "docker" "start" "85cf7ea6afc6401c4e3286ebf6f7056bcad3c2a92931e09336ceafc1cfc12eaf", kill_on_drop: false }`
[INFO] running `Command { std: "docker" "inspect" "85cf7ea6afc6401c4e3286ebf6f7056bcad3c2a92931e09336ceafc1cfc12eaf", kill_on_drop: false }`
[INFO] running `Command { std: "docker" "exec" "-e" "SOURCE_DIR=/opt/rustwide/workdir" "-e" "CARGO_HOME=/opt/rustwide/cargo-home" "-e" "RUSTUP_HOME=/opt/rustwide/rustup-home" "-e" "CARGO_TARGET_DIR=/opt/rustwide/target" "-w" "/opt/rustwide/workdir" "--user" "0:0" "85cf7ea6afc6401c4e3286ebf6f7056bcad3c2a92931e09336ceafc1cfc12eaf" "/opt/rustwide/cargo-home/bin/cargo" "+1.99.0-beta.8" "metadata" "--no-deps" "--format-version=1", kill_on_drop: false }`
[INFO] running `Command { std: "docker" "inspect" "85cf7ea6afc6401c4e3286ebf6f7056bcad3c2a92931e09336ceafc1cfc12eaf", kill_on_drop: false }`
[INFO] running `Command { std: "docker" "exec" "-e" "SOURCE_DIR=/opt/rustwide/workdir" "-e" "CARGO_HOME=/opt/rustwide/cargo-home" "-e" "RUSTUP_HOME=/opt/rustwide/rustup-home" "-e" "CARGO_TARGET_DIR=/opt/rustwide/target" "-e" "CARGO_INCREMENTAL=0" "-e" "RUST_BACKTRACE=full" "-e" "RUSTFLAGS=--cap-lints=warn" "-e" "RUSTDOCFLAGS=--cap-lints=warn" "-w" "/opt/rustwide/workdir" "--user" "0:0" "85cf7ea6afc6401c4e3286ebf6f7056bcad3c2a92931e09336ceafc1cfc12eaf" "/opt/rustwide/cargo-home/bin/cargo" "+1.99.0-beta.8" "build" "--frozen" "--message-format=json" "--release", kill_on_drop: false }`
[INFO] [stderr]    Compiling proc-macro2 v1.0.107
[INFO] [stderr]    Compiling unicode-ident v1.0.24
[INFO] [stderr]    Compiling quote v1.0.47
[INFO] [stderr]    Compiling libc v0.2.189
[INFO] [stderr]    Compiling memchr v2.8.3
[INFO] [stderr]    Compiling serde_core v1.0.229
[INFO] [stderr]    Compiling zmij v1.0.23
[INFO] [stderr]    Compiling serde_json v1.0.151
[INFO] [stderr]    Compiling serde v1.0.229
[INFO] [stderr]    Compiling hashbrown v0.17.1
[INFO] [stderr]    Compiling equivalent v1.0.2
[INFO] [stderr]    Compiling log v0.4.34
[INFO] [stderr]    Compiling regex-syntax v0.8.11
[INFO] [stderr]    Compiling bitflags v2.13.1
[INFO] [stderr]    Compiling itoa v1.0.18
[INFO] [stderr]    Compiling cfg-if v1.0.4
[INFO] [stderr]    Compiling crossbeam-utils v0.8.22
[INFO] [stderr]    Compiling version_check v0.9.5
[INFO] [stderr]    Compiling same-file v1.0.6
[INFO] [stderr]    Compiling thiserror v2.0.20
[INFO] [stderr]    Compiling crossbeam-epoch v0.9.20
[INFO] [stderr]    Compiling rustix v1.1.4
[INFO] [stderr]    Compiling generic-array v0.14.7
[INFO] [stderr]    Compiling walkdir v2.5.0
[INFO] [stderr]    Compiling inotify-sys v0.1.8
[INFO] [stderr]    Compiling typenum v1.20.1
[INFO] [stderr]    Compiling crossbeam-deque v0.8.7
[INFO] [stderr]    Compiling rayon-core v1.13.0
[INFO] [stderr]    Compiling getrandom v0.4.3
[INFO] [stderr]    Compiling unicode-segmentation v1.13.3
[INFO] [stderr]    Compiling linux-raw-sys v0.12.1
[INFO] [stderr]    Compiling utf8parse v0.2.2
[INFO] [stderr]    Compiling signal-hook v0.3.18
[INFO] [stderr]    Compiling anyhow v1.0.104
[INFO] [stderr]    Compiling parking_lot_core v0.9.12
[INFO] [stderr]    Compiling anstyle-parse v1.0.0
[INFO] [stderr]    Compiling aho-corasick v1.1.5
[INFO] [stderr]    Compiling bstr v1.13.1
[INFO] [stderr]    Compiling colorchoice v1.0.5
[INFO] [stderr]    Compiling anstyle-query v1.1.5
[INFO] [stderr]    Compiling anstyle v1.0.14
[INFO] [stderr]    Compiling is_terminal_polyfill v1.70.2
[INFO] [stderr]    Compiling smallvec v1.15.2
[INFO] [stderr]    Compiling scopeguard v1.2.0
[INFO] [stderr]    Compiling lock_api v0.4.14
[INFO] [stderr]    Compiling anstream v1.0.0
[INFO] [stderr]    Compiling notify-types v2.1.0
[INFO] [stderr]    Compiling convert_case v0.10.0
[INFO] [stderr]    Compiling litrs v1.0.0
[INFO] [stderr]    Compiling natord v1.0.9
[INFO] [stderr]    Compiling clap_lex v1.1.0
[INFO] [stderr]    Compiling strsim v0.11.1
[INFO] [stderr]    Compiling once_cell v1.21.4
[INFO] [stderr]    Compiling fastrand v2.5.0
[INFO] [stderr]    Compiling either v1.18.0
[INFO] [stderr]    Compiling heck v0.5.0
[INFO] [stderr]    Compiling syn v3.0.4
[INFO] [stderr]    Compiling indexmap v2.14.0
[INFO] [stderr]    Compiling syn v2.0.119
[INFO] [stderr]    Compiling clap_builder v4.6.6
[INFO] [stderr]    Compiling cpufeatures v0.2.17
[INFO] [stderr]    Compiling document-features v0.2.12
[INFO] [stderr]    Compiling errno v0.3.14
[INFO] [stderr]    Compiling mio v1.2.2
[INFO] [stderr]    Compiling signal-hook-registry v1.4.8
[INFO] [stderr]    Compiling inotify v0.11.5
[INFO] [stderr]    Compiling parking_lot v0.12.5
[INFO] [stderr]    Compiling notify v8.2.0
[INFO] [stderr]    Compiling signal-hook-mio v0.2.5
[INFO] [stderr]    Compiling rayon v1.12.0
[INFO] [stderr]    Compiling block-buffer v0.10.4
[INFO] [stderr]    Compiling crypto-common v0.1.7
[INFO] [stderr]    Compiling digest v0.10.7
[INFO] [stderr]    Compiling regex-automata v0.4.18
[INFO] [stderr]    Compiling sha1 v0.10.7
[INFO] [stderr]    Compiling derive_more-impl v2.1.1
[INFO] [stderr]    Compiling tempfile v3.27.0
[INFO] [stderr]    Compiling derive_more v2.1.1
[INFO] [stderr]    Compiling crossterm v0.29.0
[INFO] [stderr]    Compiling serde_derive v1.0.229
[INFO] [stderr]    Compiling thiserror-impl v2.0.20
[INFO] [stderr]    Compiling clap_derive v4.6.4
[INFO] [stderr]    Compiling regex v1.13.1
[INFO] [stderr]    Compiling globset v0.4.20
[INFO] [stderr]    Compiling clap v4.6.6
[INFO] [stderr]    Compiling rjest-watch v0.1.0-alpha.2 (/opt/rustwide/workdir/crates/rjest-watch)
[INFO] [stderr]    Compiling rjest-core v0.1.0-alpha.2 (/opt/rustwide/workdir/crates/rjest-core)
[INFO] [stderr]    Compiling rjest-config v0.1.0-alpha.2 (/opt/rustwide/workdir/crates/rjest-config)
[INFO] [stderr]    Compiling rjest-snapshot v0.1.0-alpha.2 (/opt/rustwide/workdir/crates/rjest-snapshot)
[INFO] [stderr]    Compiling rjest-coverage v0.1.0-alpha.2 (/opt/rustwide/workdir/crates/rjest-coverage)
[INFO] [stderr]    Compiling rjest-dependency v0.1.0-alpha.2 (/opt/rustwide/workdir/crates/rjest-dependency)
[INFO] [stderr]    Compiling rjest-runner v0.1.0-alpha.2 (/opt/rustwide/workdir/crates/rjest-runner)
[INFO] [stderr]    Compiling rjest-discovery v0.1.0-alpha.2 (/opt/rustwide/workdir/crates/rjest-discovery)
[INFO] [stderr]    Compiling rjest-cli v0.1.0-alpha.2 (/opt/rustwide/workdir/crates/rjest-cli)
[INFO] [stderr]     Finished `release` profile [optimized] target(s) in 1m 45s
[INFO] running `Command { std: "docker" "inspect" "85cf7ea6afc6401c4e3286ebf6f7056bcad3c2a92931e09336ceafc1cfc12eaf", kill_on_drop: false }`
[INFO] running `Command { std: "docker" "exec" "-e" "SOURCE_DIR=/opt/rustwide/workdir" "-e" "CARGO_HOME=/opt/rustwide/cargo-home" "-e" "RUSTUP_HOME=/opt/rustwide/rustup-home" "-e" "CARGO_TARGET_DIR=/opt/rustwide/target" "-e" "CARGO_INCREMENTAL=0" "-e" "RUST_BACKTRACE=full" "-e" "RUSTFLAGS=--cap-lints=warn" "-e" "RUSTDOCFLAGS=--cap-lints=warn" "-w" "/opt/rustwide/workdir" "--user" "0:0" "85cf7ea6afc6401c4e3286ebf6f7056bcad3c2a92931e09336ceafc1cfc12eaf" "/opt/rustwide/cargo-home/bin/cargo" "+1.99.0-beta.8" "test" "--frozen" "--no-run" "--message-format=json" "--release", kill_on_drop: false }`
[INFO] [stderr]    Compiling rjest-watch v0.1.0-alpha.2 (/opt/rustwide/workdir/crates/rjest-watch)
[INFO] [stderr]    Compiling rjest-discovery v0.1.0-alpha.2 (/opt/rustwide/workdir/crates/rjest-discovery)
[INFO] [stderr]    Compiling rjest-snapshot v0.1.0-alpha.2 (/opt/rustwide/workdir/crates/rjest-snapshot)
[INFO] [stderr]    Compiling rjest-coverage v0.1.0-alpha.2 (/opt/rustwide/workdir/crates/rjest-coverage)
[INFO] [stderr]    Compiling rjest-dependency v0.1.0-alpha.2 (/opt/rustwide/workdir/crates/rjest-dependency)
[INFO] [stderr]    Compiling rjest-config v0.1.0-alpha.2 (/opt/rustwide/workdir/crates/rjest-config)
[INFO] [stderr]    Compiling rjest-core v0.1.0-alpha.2 (/opt/rustwide/workdir/crates/rjest-core)
[INFO] [stderr]    Compiling rjest-runner v0.1.0-alpha.2 (/opt/rustwide/workdir/crates/rjest-runner)
[INFO] [stderr]    Compiling rjest-cli v0.1.0-alpha.2 (/opt/rustwide/workdir/crates/rjest-cli)
[INFO] [stderr]     Finished `release` profile [optimized] target(s) in 2m 29s
[INFO] running `Command { std: "docker" "inspect" "85cf7ea6afc6401c4e3286ebf6f7056bcad3c2a92931e09336ceafc1cfc12eaf", kill_on_drop: false }`
[INFO] running `Command { std: "docker" "exec" "-e" "SOURCE_DIR=/opt/rustwide/workdir" "-e" "CARGO_HOME=/opt/rustwide/cargo-home" "-e" "RUSTUP_HOME=/opt/rustwide/rustup-home" "-e" "CARGO_TARGET_DIR=/opt/rustwide/target" "-e" "CARGO_INCREMENTAL=0" "-e" "RUST_BACKTRACE=full" "-e" "RUSTFLAGS=--cap-lints=warn" "-e" "RUSTDOCFLAGS=--cap-lints=warn" "-w" "/opt/rustwide/workdir" "--user" "0:0" "85cf7ea6afc6401c4e3286ebf6f7056bcad3c2a92931e09336ceafc1cfc12eaf" "/opt/rustwide/cargo-home/bin/cargo" "+1.99.0-beta.8" "test" "--frozen" "--release", kill_on_drop: false }`
[INFO] [stderr]     Finished `release` profile [optimized] target(s) in 0.21s
[INFO] [stderr]      Running unittests src/main.rs (/opt/rustwide/target/release/deps/rjest-9866711adc518ec7)
[INFO] [stdout] 
[INFO] [stdout] running 43 tests
[INFO] [stdout] test tests::accepts_jest_cache_control_flags ... ok
[INFO] [stdout] test tests::accepts_jest_global_hook_overrides ... ok
[INFO] [stdout] test tests::accepts_only_the_equivalent_jest_test_runner_override ... ok
[INFO] [stdout] test tests::accepts_v8_coverage_provider_for_worker_execution ... ok
[INFO] [stdout] test tests::accepts_variadic_jest_project_paths ... ok
[INFO] [stdout] test tests::accepts_jest_only_failures_flags ... ok
[INFO] [stdout] test tests::accepts_jest_force_exit_and_coverage_negation ... ok
[INFO] [stdout] test tests::accepts_variadic_project_name_filters ... ok
[INFO] [stdout] test tests::accepts_a_jest_test_results_processor_override ... ok
[INFO] [stdout] test tests::accepts_jest_worker_and_heap_usage_flags ... ok
[INFO] [stdout] test tests::applies_jest_transform_overrides_from_each_project_root ... ok
[INFO] [stdout] test tests::applies_the_jest_test_failure_exit_code_override ... ok
[INFO] [stdout] test tests::accepts_and_validates_jest_seed_flags ... ok
[INFO] [stdout] test tests::accepts_a_jest_test_sequencer_override ... ok
[INFO] [stdout] test tests::applies_jest_setup_and_concurrency_overrides_to_every_project ... ok
[INFO] [stdout] test tests::builds_watch_options_from_selected_project_outputs_and_patterns ... ok
[INFO] [stdout] test tests::enables_jest_test_locations_from_the_cli ... ok
[INFO] [stdout] test tests::filters_named_and_unnamed_projects_like_jest ... ok
[INFO] [stdout] test tests::maps_and_applies_core_jest_watch_keys ... ok
[INFO] [stdout] test tests::accepts_jest_changed_selection_flags_and_precedence ... ok
[INFO] [stdout] test tests::native_cache_preserves_skips_and_records_file_errors ... ok
[INFO] [stdout] test tests::parses_and_rejects_jest_shard_pairs ... ok
[INFO] [stdout] test tests::parses_percentage_worker_count ... ok
[INFO] [stdout] test tests::applies_common_jest_runtime_overrides_to_every_project ... ok
[INFO] [stdout] test tests::clears_only_a_safe_configured_cache_directory ... ok
[INFO] [stdout] test tests::parses_numeric_worker_count ... ok
[INFO] [stdout] test tests::native_only_failures_selects_cached_failed_files ... ok
[INFO] [stdout] test tests::applies_jest_ci_snapshot_policy_and_explicit_precedence ... ok
[INFO] [stdout] test tests::no_cache_discards_previous_native_performance_data ... ok
[INFO] [stdout] test tests::applies_jest_mock_runtime_overrides_to_every_project ... ok
[INFO] [stdout] test tests::accepts_jest_exact_and_regular_expression_path_selection ... ok
[INFO] [stdout] test tests::applies_jest_environment_overrides_to_every_project ... ok
[INFO] [stdout] test tests::accepts_boolean_bail_flags_without_consuming_test_patterns ... ok
[INFO] [stdout] test tests::applies_jest_resolution_overrides_from_each_project_root ... ok
[INFO] [stdout] test tests::applies_jest_haste_and_reporter_overrides_from_each_project_root ... ok
[INFO] [stdout] test tests::selects_native_output_from_the_configured_builtin_reporters ... ok
[INFO] [stdout] test tests::applies_jest_discovery_overrides_from_each_project_root ... ok
[INFO] [stdout] test tests::accepts_jest_watch_flags_and_rejects_conflicting_modes ... ok
[INFO] [stdout] test tests::preserves_the_legacy_jest_coverage_summary_empty_percentage ... ok
[INFO] [stdout] test tests::separates_changed_coverage_filtering_from_unloaded_source_collection ... ok
[INFO] [stdout] test tests::sequences_cached_failures_then_uncached_and_slow_files ... ok
[INFO] [stdout] test tests::sequences_default_runs_across_project_roots_by_uncached_file_size ... ok
[INFO] [stdout] test tests::shards_by_the_sha1_of_the_relative_posix_path ... ok
[INFO] [stdout] 
[INFO] [stdout] test result: ok. 43 passed; 0 failed; 0 ignored; 0 measured; 0 filtered out; finished in 0.03s
[INFO] [stdout] 
[INFO] [stderr]      Running tests/cli.rs (/opt/rustwide/target/release/deps/cli-eb6b2eba63ebcca8)
[INFO] [stdout] 
[INFO] [stdout] running 6 tests
[INFO] [stdout] test accepts_jest_inline_json_config ... ok
[INFO] [stdout] test lists_an_empty_shard_successfully ... ok
[INFO] [stdout] test shows_config_and_lists_discovered_tests ... ok
[INFO] [stdout] test writes_json_to_output_file_without_printing_it_to_stdout ... ok
[INFO] [stdout] test bail_stops_serial_dispatch_and_exits_before_json_serialization ... ok
[INFO] [stdout] test returns_jest_style_exit_codes_for_passing_and_failing_runs ... ok
[INFO] [stderr]      Running unittests src/lib.rs (/opt/rustwide/target/release/deps/rjest_config-ac5df435f0423b34)
[INFO] [stdout] 
[INFO] [stdout] test result: ok. 6 passed; 0 failed; 0 ignored; 0 measured; 0 filtered out; finished in 1.72s
[INFO] [stdout] 
[INFO] [stdout] 
[INFO] [stdout] running 39 tests
[INFO] [stdout] test tests::accepts_only_the_equivalent_circus_test_runner ... ok
[INFO] [stdout] test tests::defaults_match_jest_file_extensions ... ok
[INFO] [stdout] test tests::expands_root_tokens_in_regex_path_patterns_and_normalizes_the_root ... ok
[INFO] [stdout] test tests::normalizes_custom_test_sequencer_module_references ... ok
[INFO] [stdout] test tests::normalizes_cache_options_and_root_tokens ... ok
[INFO] [stdout] test tests::normalizes_custom_resolver_module_references ... ok
[INFO] [stdout] test tests::loads_package_json_jest_config_and_root_tokens ... ok
[INFO] [stdout] test tests::normalizes_global_hooks_and_tracks_an_explicit_transform_opt_out ... ok
[INFO] [stdout] test tests::expands_string_project_paths_and_globs ... ok
[INFO] [stdout] test tests::normalizes_module_directories_without_rooting_relative_names ... ok
[INFO] [stdout] test tests::normalizes_inline_projects_independently ... ok
[INFO] [stdout] test tests::normalizes_optional_prettier_module_references ... ok
[INFO] [stdout] test tests::normalizes_reporter_strings_tuples_and_root_tokens ... ok
[INFO] [stdout] test tests::loads_inline_json_configuration_from_the_project_directory ... ok
[INFO] [stdout] test tests::nearest_package_is_an_implicit_root_boundary_without_jest_config ... ok
[INFO] [stdout] test tests::normalizes_runtime_and_tooling_fields_without_hiding_unknowns ... ok
[INFO] [stdout] test tests::normalizes_snapshot_format_options ... ok
[INFO] [stdout] test tests::normalizes_runtime_globals_haste_and_global_execution_options ... ok
[INFO] [stdout] test tests::normalizes_boolean_and_numeric_bail_thresholds ... ok
[INFO] [stdout] test tests::rejects_invalid_reporter_entries ... ok
[INFO] [stdout] test tests::rejects_extensions_with_javascript_inferred_semantics ... ok
[INFO] [stdout] test tests::rejects_explicit_test_match_and_test_regex_together ... ok
[INFO] [stdout] test tests::loads_multiple_cli_project_paths_as_an_execution_matrix ... ok
[INFO] [stdout] test tests::preserves_the_pre_jest_27_jsdom_default ... ok
[INFO] [stdout] test tests::rejects_multiple_config_sources ... ok
[INFO] [stdout] test tests::rejects_string_projects_that_resolve_to_the_same_parent_config ... ok
[INFO] [stdout] test tests::rejects_unknown_options ... ok
[INFO] [stdout] test tests::traverses_parent_directories_for_implicit_configuration ... ok
[INFO] [stdout] test tests::rejects_unknown_or_incompatible_fake_timer_options ... ok
[INFO] [stdout] test tests::normalizes_custom_test_environment_module_references ... ok
[INFO] [stdout] test tests::normalizes_wait_for_unhandled_rejections ... ok
[INFO] [stdout] test tests::normalizes_test_results_processor_module_references ... ok
[INFO] [stdout] test tests::rejects_implicit_discovery_without_a_config_or_package_root ... ok
[INFO] [stdout] test tests::normalizes_watch_backend_configuration ... ok
[INFO] [stdout] test tests::follows_package_json_string_config_reference ... ok
[INFO] [stdout] test tests::loads_esm_typescript_config_with_native_node_semantics ... FAILED
[INFO] [stdout] test tests::follows_the_installed_jest_version_for_implicit_mts_discovery ... FAILED
[INFO] [stdout] test tests::omits_undefined_properties_from_javascript_configs ... ok
[INFO] [stdout] test tests::loads_javascript_commonjs_and_typescript_configs ... FAILED
[INFO] [stdout] 
[INFO] [stdout] failures:
[INFO] [stdout] 
[INFO] [stdout] ---- tests::loads_esm_typescript_config_with_native_node_semantics stdout ----
[INFO] [stdout] 
[INFO] [stdout] thread 'tests::loads_esm_typescript_config_with_native_node_semantics' (2541) panicked at crates/rjest-config/src/lib.rs:2903:46:
[INFO] [stdout] load native ESM TypeScript config: NodeEvaluation { path: "/tmp/.tmpCiV1eS/jest.config.ts", message: "Error: TypeScript Jest config /tmp/.tmpCiV1eS/jest.config.ts requires ts-node to be installed\n    at loadConfigModule (file:///opt/rustwide/workdir/crates/rjest-config/[eval1]:78:13)\n    at file:///opt/rustwide/workdir/crates/rjest-config/[eval1]:13:15\n    at ModuleJob.run (node:internal/modules/esm/module_job:343:25)\n    at async onImport.tracePromise.__proto__ (node:internal/modules/esm/loader:272:26)\n    at async ModuleLoader.executeModuleJob (node:internal/modules/esm/loader:268:20)\n    at async asyncRunEntryPointWithESMLoader (node:internal/modules/run_main:117:5)" }
[INFO] [stdout] stack backtrace:
[INFO] [stdout]    0:     0x5b4f6af93756 - <unknown>
[INFO] [stdout]    1:     0x5b4f6ae1218a - <unknown>
[INFO] [stdout]    2:     0x5b4f6af9916c - <unknown>
[INFO] [stdout]    3:     0x5b4f6af6a242 - <unknown>
[INFO] [stdout]    4:     0x5b4f6af8ae11 - <unknown>
[INFO] [stdout]    5:     0x5b4f6af8aff2 - <unknown>
[INFO] [stdout]    6:     0x5b4f6af6a2f2 - <unknown>
[INFO] [stdout]    7:     0x5b4f6af62ec9 - <unknown>
[INFO] [stdout]    8:     0x5b4f6af6f1ed - <unknown>
[INFO] [stdout]    9:     0x5b4f6ae128ac - <unknown>
[INFO] [stdout]   10:     0x5b4f6ae12682 - <unknown>
[INFO] [stdout]   11:     0x5b4f6af42c81 - <unknown>
[INFO] [stdout]   12:     0x5b4f6af9beeb - <unknown>
[INFO] [stdout]   13:     0x5b4f6afaa041 - <unknown>
[INFO] [stdout]   14:     0x5b4f6afa3754 - <unknown>
[INFO] [stdout]   15:     0x5b4f6afade62 - <unknown>
[INFO] [stdout]   16:     0x5b4f6af9267e - <unknown>
[INFO] [stdout]   17:     0x7a940af07dfa - <unknown>
[INFO] [stdout]   18:     0x7a940af9b3d4 - clone
[INFO] [stdout]   19:                0x0 - <unknown>
[INFO] [stdout] 
[INFO] [stdout] ---- tests::follows_the_installed_jest_version_for_implicit_mts_discovery stdout ----
[INFO] [stdout] 
[INFO] [stdout] thread 'tests::follows_the_installed_jest_version_for_implicit_mts_discovery' (2540) panicked at crates/rjest-config/src/lib.rs:2945:51:
[INFO] [stdout] load Jest 30.0 wrapper: NodeEvaluation { path: "/tmp/.tmpnHRFot/jest.config.mjs", message: "TypeError [ERR_UNKNOWN_FILE_EXTENSION]: Unknown file extension \".mts\" for /tmp/.tmpnHRFot/jest.config.mts\n    at Object.getFileProtocolModuleFormat [as file:] (node:internal/modules/esm/get_format:219:9)\n    at defaultGetFormat (node:internal/modules/esm/get_format:245:36)\n    at defaultLoad (node:internal/modules/esm/load:98:16)\n    at ModuleLoader.load (node:internal/modules/esm/loader:815:12)\n    at ModuleLoader.loadAndTranslate (node:internal/modules/esm/loader:594:31)\n    at #createModuleJob (node:internal/modules/esm/loader:624:36)\n    at #getJobFromResolveResult (node:internal/modules/esm/loader:343:34)\n    at ModuleLoader.getModuleJobForImport (node:internal/modules/esm/loader:311:41)" }
[INFO] [stdout] stack backtrace:
[INFO] [stdout]    0:     0x5b4f6af93756 - <unknown>
[INFO] [stdout]    1:     0x5b4f6ae1218a - <unknown>
[INFO] [stdout]    2:     0x5b4f6af9916c - <unknown>
[INFO] [stdout]    3:     0x5b4f6af6a242 - <unknown>
[INFO] [stdout]    4:     0x5b4f6af8ae11 - <unknown>
[INFO] [stdout]    5:     0x5b4f6af8aff2 - <unknown>
[INFO] [stdout]    6:     0x5b4f6af6a2f2 - <unknown>
[INFO] [stdout]    7:     0x5b4f6af62ec9 - <unknown>
[INFO] [stdout]    8:     0x5b4f6af6f1ed - <unknown>
[INFO] [stdout]    9:     0x5b4f6ae128ac - <unknown>
[INFO] [stdout]   10:     0x5b4f6ae12682 - <unknown>
[INFO] [stdout]   11:     0x5b4f6af4707b - <unknown>
[INFO] [stdout]   12:     0x5b4f6af9beeb - <unknown>
[INFO] [stdout]   13:     0x5b4f6afaa041 - <unknown>
[INFO] [stdout]   14:     0x5b4f6afa3754 - <unknown>
[INFO] [stdout]   15:     0x5b4f6afade62 - <unknown>
[INFO] [stdout]   16:     0x5b4f6af9267e - <unknown>
[INFO] [stdout]   17:     0x7a940af07dfa - <unknown>
[INFO] [stdout]   18:     0x7a940af9b3d4 - clone
[INFO] [stdout]   19:                0x0 - <unknown>
[INFO] [stdout] 
[INFO] [stdout] ---- tests::loads_javascript_commonjs_and_typescript_configs stdout ----
[INFO] [stdout] 
[INFO] [stdout] thread 'tests::loads_javascript_commonjs_and_typescript_configs' (2543) panicked at crates/rjest-config/src/lib.rs:2859:50:
[INFO] [stdout] load executable config: NodeEvaluation { path: "/tmp/.tmpHKNFnE/jest.config.ts", message: "Error: TypeScript Jest config /tmp/.tmpHKNFnE/jest.config.ts requires ts-node to be installed\n    at loadConfigModule (file:///opt/rustwide/workdir/crates/rjest-config/[eval1]:78:13)\n    at file:///opt/rustwide/workdir/crates/rjest-config/[eval1]:13:15\n    at ModuleJob.run (node:internal/modules/esm/module_job:343:25)\n    at async onImport.tracePromise.__proto__ (node:internal/modules/esm/loader:272:26)\n    at async ModuleLoader.executeModuleJob (node:internal/modules/esm/loader:268:20)\n    at async asyncRunEntryPointWithESMLoader (node:internal/modules/run_main:117:5)" }
[INFO] [stdout] stack backtrace:
[INFO] [stdout]    0:     0x5b4f6af93756 - <unknown>
[INFO] [stdout]    1:     0x5b4f6ae1218a - <unknown>
[INFO] [stdout]    2:     0x5b4f6af9916c - <unknown>
[INFO] [stdout]    3:     0x5b4f6af6a242 - <unknown>
[INFO] [stdout]    4:     0x5b4f6af8ae11 - <unknown>
[INFO] [stdout]    5:     0x5b4f6af8aff2 - <unknown>
[INFO] [stdout]    6:     0x5b4f6af6a2f2 - <unknown>
[INFO] [stdout]    7:     0x5b4f6af62ec9 - <unknown>
[INFO] [stdout]    8:     0x5b4f6af6f1ed - <unknown>
[INFO] [stdout]    9:     0x5b4f6ae128ac - <unknown>
[INFO] [stdout]   10:     0x5b4f6ae12682 - <unknown>
[INFO] [stdout]   11:     0x5b4f6af3e7c9 - <unknown>
[INFO] [stdout]   12:     0x5b4f6af9beeb - <unknown>
[INFO] [stdout]   13:     0x5b4f6afaa041 - <unknown>
[INFO] [stdout]   14:     0x5b4f6afa3754 - <unknown>
[INFO] [stdout]   15:     0x5b4f6afade62 - <unknown>
[INFO] [stdout]   16:     0x5b4f6af9267e - <unknown>
[INFO] [stdout]   17:     0x7a940af07dfa - <unknown>
[INFO] [stdout]   18:     0x7a940af9b3d4 - clone
[INFO] [stdout]   19:                0x0 - <unknown>
[INFO] [stdout] 
[INFO] [stdout] 
[INFO] [stdout] failures:
[INFO] [stdout]     tests::follows_the_installed_jest_version_for_implicit_mts_discovery
[INFO] [stdout]     tests::loads_esm_typescript_config_with_native_node_semantics
[INFO] [stdout]     tests::loads_javascript_commonjs_and_typescript_configs
[INFO] [stdout] 
[INFO] [stdout] test result: FAILED. 36 passed; 3 failed; 0 ignored; 0 measured; 0 filtered out; finished in 1.03s
[INFO] [stdout] 
[INFO] [stderr] error: test failed, to rerun pass `-p rjest-config --lib`
[INFO] running `Command { std: "docker" "inspect" "85cf7ea6afc6401c4e3286ebf6f7056bcad3c2a92931e09336ceafc1cfc12eaf", kill_on_drop: false }`
[INFO] running `Command { std: "docker" "rm" "-f" "85cf7ea6afc6401c4e3286ebf6f7056bcad3c2a92931e09336ceafc1cfc12eaf", kill_on_drop: false }`
[INFO] [stdout] 85cf7ea6afc6401c4e3286ebf6f7056bcad3c2a92931e09336ceafc1cfc12eaf
