[INFO] cloning repository https://github.com/OPFIMISS/AgentBell
[INFO] running `Command { std: "git" "-c" "credential.helper=" "-c" "credential.helper=/workspace/cargo-home/bin/git-credential-null" "clone" "--bare" "https://github.com/OPFIMISS/AgentBell" "/workspace/cache/git-repos/https%3A%2F%2Fgithub.com%2FOPFIMISS%2FAgentBell", kill_on_drop: false }`
[INFO] [stderr] Cloning into bare repository '/workspace/cache/git-repos/https%3A%2F%2Fgithub.com%2FOPFIMISS%2FAgentBell'...
[INFO] running `Command { std: "git" "rev-parse" "HEAD", kill_on_drop: false }`
[INFO] [stdout] 02c975a902c5056823d66c2315e5fb11077137d3
[INFO] testing OPFIMISS/AgentBell against 1.99.0-beta.8+cargoflags=--release for beta-release-1.100-3
[INFO] running `Command { std: "git" "clone" "/workspace/cache/git-repos/https%3A%2F%2Fgithub.com%2FOPFIMISS%2FAgentBell" "/workspace/builds/worker-5-tc1/source", kill_on_drop: false }`
[INFO] [stderr] Cloning into '/workspace/builds/worker-5-tc1/source'...
[INFO] [stderr] done.
[INFO] started tweaking git repo https://github.com/OPFIMISS/AgentBell
[INFO] finished tweaking git repo https://github.com/OPFIMISS/AgentBell
[INFO] tweaked toml for git repo https://github.com/OPFIMISS/AgentBell written to /workspace/builds/worker-5-tc1/source/Cargo.toml
[INFO] validating manifest of git repo https://github.com/OPFIMISS/AgentBell on toolchain 1.99.0-beta.8
[INFO] running `Command { std: CARGO_HOME="/workspace/cargo-home" RUSTUP_HOME="/workspace/rustup-home" "/workspace/cargo-home/bin/cargo" "+1.99.0-beta.8" "metadata" "--manifest-path" "Cargo.toml" "--no-deps", kill_on_drop: false }`
[INFO] crate git repo https://github.com/OPFIMISS/AgentBell already has a lockfile, it will not be regenerated
[INFO] running `Command { std: CARGO_HOME="/workspace/cargo-home" RUSTUP_HOME="/workspace/rustup-home" "/workspace/cargo-home/bin/cargo" "+1.99.0-beta.8" "fetch" "--manifest-path" "Cargo.toml", kill_on_drop: false }`
[INFO] [stderr]     Blocking waiting for file lock on package cache
[INFO] [stderr]     Updating crates.io index
[INFO] [stderr]     Blocking waiting for file lock on package cache
[INFO] [stderr]  Downloading crates ...
[INFO] [stderr]   Downloaded cc v1.4.3
[INFO] [stderr]   Downloaded wasm-bindgen-macro v0.2.127
[INFO] [stderr]   Downloaded wasm-bindgen-shared v0.2.127
[INFO] [stderr]   Downloaded futures-macro v0.3.34
[INFO] [stderr]   Downloaded thread_local v1.1.10
[INFO] [stderr]   Downloaded symlink v0.1.0
[INFO] [stderr]   Downloaded zerovec-derive v0.11.4
[INFO] [stderr]   Downloaded wasm-bindgen v0.2.127
[INFO] [stderr]   Downloaded find-msvc-tools v0.1.11
[INFO] [stderr]   Downloaded winres v0.1.12
[INFO] [stderr]   Downloaded wasm-bindgen-macro-support v0.2.127
[INFO] [stderr]   Downloaded tracing-appender v0.2.5
[INFO] [stderr]   Downloaded uuid v1.24.1
[INFO] [stderr]   Downloaded log v0.4.33
[INFO] [stderr]   Downloaded icu_provider v2.3.0
[INFO] [stderr]   Downloaded crossbeam-utils v0.8.22
[INFO] [stderr]   Downloaded crossbeam-channel v0.5.16
[INFO] [stderr]   Downloaded wasm-bindgen-futures v0.4.77
[INFO] [stderr]   Downloaded js-sys v0.3.104
[INFO] [stderr]   Downloaded mio v1.2.2
[INFO] [stderr]   Downloaded zerovec v0.11.7
[INFO] [stderr]   Downloaded rustls-webpki v0.103.14
[INFO] [stderr]   Downloaded tracing-subscriber v0.3.23
[INFO] [stderr]   Downloaded webpki-roots v1.0.9
[INFO] [stderr]   Downloaded rustls v0.23.43
[INFO] [stderr]   Downloaded web-sys v0.3.104
[INFO] [stderr]   Downloaded tinyvec v1.12.0
[INFO] [stderr]   Downloaded hyper v1.11.0
[INFO] [stderr]   Downloaded ipnet v2.12.1
[INFO] [stderr]   Downloaded is-wsl v0.4.0
[INFO] [stderr]   Downloaded qrcode v0.14.1
[INFO] [stderr]   Downloaded is-docker v0.2.0
[INFO] [stderr]   Downloaded hostname v0.4.2
[INFO] [stderr]   Downloaded zerocopy v0.8.56
[INFO] [stderr]   Downloaded zerocopy-derive v0.8.56
[INFO] [stderr]   Downloaded directories v6.0.0
[INFO] [stderr]   Downloaded dirs-sys v0.5.0
[INFO] [stderr]   Downloaded libredox v0.1.20
[INFO] [stderr]   Downloaded open v5.4.1
[INFO] [stderr]   Downloaded if-addrs v0.14.0
[INFO] [stderr]   Downloaded redox_users v0.5.2
[INFO] [stderr]   Downloaded sha1 v0.10.7
[INFO] [stderr]   Downloaded tokio-tungstenite v0.29.0
[INFO] [stderr]   Downloaded tungstenite v0.29.0
[INFO] [stderr]   Downloaded axum-macros v0.5.1
[INFO] running `Command { std: "docker" "create" "-v" "/var/lib/crater-agent-workspace/builds/worker-5-tc1/source:/opt/rustwide/workdir:ro,Z" "-v" "/var/lib/crater-agent-workspace/builds/worker-5-tc1/target:/opt/rustwide/target:rw,Z" "-v" "/var/lib/crater-agent-workspace/cargo-home:/opt/rustwide/cargo-home:ro,Z" "-v" "/var/lib/crater-agent-workspace/rustup-home:/opt/rustwide/rustup-home:ro,Z" "-m" "1610612736" "--network" "none" "ghcr.io/rust-lang/crates-build-env/linux@sha256:77db811e55d90add9212f6832c23229e3de5f1c1f9905e8cb07319ea15df73ac" "sleep" "infinity", kill_on_drop: false }`
[INFO] [stdout] da434bdd6cd714baedabedd985a9acdcfcd7907c5a9c8c3b6888846dee30a4a6
[INFO] running `Command { std: "docker" "start" "da434bdd6cd714baedabedd985a9acdcfcd7907c5a9c8c3b6888846dee30a4a6", kill_on_drop: false }`
[INFO] running `Command { std: "docker" "inspect" "da434bdd6cd714baedabedd985a9acdcfcd7907c5a9c8c3b6888846dee30a4a6", kill_on_drop: false }`
[INFO] running `Command { std: "docker" "exec" "-e" "SOURCE_DIR=/opt/rustwide/workdir" "-e" "CARGO_HOME=/opt/rustwide/cargo-home" "-e" "RUSTUP_HOME=/opt/rustwide/rustup-home" "-e" "CARGO_TARGET_DIR=/opt/rustwide/target" "-w" "/opt/rustwide/workdir" "--user" "0:0" "da434bdd6cd714baedabedd985a9acdcfcd7907c5a9c8c3b6888846dee30a4a6" "/opt/rustwide/cargo-home/bin/cargo" "+1.99.0-beta.8" "metadata" "--no-deps" "--format-version=1", kill_on_drop: false }`
[INFO] running `Command { std: "docker" "inspect" "da434bdd6cd714baedabedd985a9acdcfcd7907c5a9c8c3b6888846dee30a4a6", kill_on_drop: false }`
[INFO] running `Command { std: "docker" "exec" "-e" "SOURCE_DIR=/opt/rustwide/workdir" "-e" "CARGO_HOME=/opt/rustwide/cargo-home" "-e" "RUSTUP_HOME=/opt/rustwide/rustup-home" "-e" "CARGO_TARGET_DIR=/opt/rustwide/target" "-e" "CARGO_INCREMENTAL=0" "-e" "RUST_BACKTRACE=full" "-e" "RUSTFLAGS=--cap-lints=warn" "-e" "RUSTDOCFLAGS=--cap-lints=warn" "-w" "/opt/rustwide/workdir" "--user" "0:0" "da434bdd6cd714baedabedd985a9acdcfcd7907c5a9c8c3b6888846dee30a4a6" "/opt/rustwide/cargo-home/bin/cargo" "+1.99.0-beta.8" "build" "--frozen" "--message-format=json" "--release", kill_on_drop: false }`
[INFO] [stderr]    Compiling proc-macro2 v1.0.107
[INFO] [stderr]    Compiling unicode-ident v1.0.24
[INFO] [stderr]    Compiling quote v1.0.47
[INFO] [stderr]    Compiling libc v0.2.189
[INFO] [stderr]    Compiling cfg-if v1.0.4
[INFO] [stderr]    Compiling smallvec v1.15.2
[INFO] [stderr]    Compiling once_cell v1.21.4
[INFO] [stderr]    Compiling find-msvc-tools v0.1.11
[INFO] [stderr]    Compiling pin-project-lite v0.2.17
[INFO] [stderr]    Compiling shlex v2.0.1
[INFO] [stderr]    Compiling stable_deref_trait v1.2.1
[INFO] [stderr]    Compiling itoa v1.0.18
[INFO] [stderr]    Compiling bytes v1.12.1
[INFO] [stderr]    Compiling futures-core v0.3.34
[INFO] [stderr]    Compiling parking_lot_core v0.9.12
[INFO] [stderr]    Compiling log v0.4.33
[INFO] [stderr]    Compiling scopeguard v1.2.0
[INFO] [stderr]    Compiling lock_api v0.4.14
[INFO] [stderr]    Compiling tracing-core v0.1.36
[INFO] [stderr]    Compiling version_check v0.9.5
[INFO] [stderr]    Compiling serde_core v1.0.229
[INFO] [stderr]    Compiling httparse v1.10.1
[INFO] [stderr]    Compiling http v1.5.0
[INFO] [stderr]    Compiling generic-array v0.14.7
[INFO] [stderr]    Compiling typenum v1.20.1
[INFO] [stderr]    Compiling writeable v0.6.4
[INFO] [stderr]    Compiling syn v3.0.3
[INFO] [stderr]    Compiling syn v2.0.119
[INFO] [stderr]    Compiling litemap v0.8.3
[INFO] [stderr]    Compiling utf8_iter v1.0.4
[INFO] [stderr]    Compiling jobserver v0.1.35
[INFO] [stderr]    Compiling http-body v1.1.0
[INFO] [stderr]    Compiling zerocopy v0.8.56
[INFO] [stderr]    Compiling cc v1.4.3
[INFO] [stderr]    Compiling errno v0.3.14
[INFO] [stderr]    Compiling mio v1.2.2
[INFO] [stderr]    Compiling signal-hook-registry v1.4.8
[INFO] [stderr]    Compiling socket2 v0.6.5
[INFO] [stderr]    Compiling parking_lot v0.12.5
[INFO] [stderr]    Compiling getrandom v0.3.4
[INFO] [stderr]    Compiling futures-sink v0.3.34
[INFO] [stderr]    Compiling percent-encoding v2.3.2
[INFO] [stderr]    Compiling icu_properties_data v2.3.0
[INFO] [stderr]    Compiling slab v0.4.12
[INFO] [stderr]    Compiling icu_normalizer_data v2.3.0
[INFO] [stderr]    Compiling futures-task v0.3.34
[INFO] [stderr]    Compiling zeroize v1.9.0
[INFO] [stderr]    Compiling tower-service v0.3.3
[INFO] [stderr]    Compiling rustls-pki-types v1.15.1
[INFO] [stderr]    Compiling block-buffer v0.10.4
[INFO] [stderr]    Compiling crypto-common v0.1.7
[INFO] [stderr]    Compiling getrandom v0.2.17
[INFO] [stderr]    Compiling thiserror v2.0.20
[INFO] [stderr]    Compiling pkg-config v0.3.34
[INFO] [stderr]    Compiling serde v1.0.229
[INFO] [stderr]    Compiling try-lock v0.2.5
[INFO] [stderr]    Compiling untrusted v0.9.0
[INFO] [stderr]    Compiling ring v0.17.14
[INFO] [stderr]    Compiling zstd-sys v2.0.16+zstd.1.5.7
[INFO] [stderr]    Compiling want v0.3.1
[INFO] [stderr]    Compiling digest v0.10.7
[INFO] [stderr]    Compiling rand_core v0.9.5
[INFO] [stderr]    Compiling form_urlencoded v1.2.2
[INFO] [stderr]    Compiling sync_wrapper v1.0.2
[INFO] [stderr]    Compiling futures-channel v0.3.34
[INFO] [stderr]    Compiling tower-layer v0.3.3
[INFO] [stderr]    Compiling cpufeatures v0.2.17
[INFO] [stderr]    Compiling zmij v1.0.23
[INFO] [stderr]    Compiling httpdate v1.0.3
[INFO] [stderr]    Compiling rustls v0.23.43
[INFO] [stderr]    Compiling atomic-waker v1.1.2
[INFO] [stderr]    Compiling serde_json v1.0.151
[INFO] [stderr]    Compiling regex-syntax v0.8.11
[INFO] [stderr]    Compiling base64 v0.22.1
[INFO] [stderr]    Compiling subtle v2.6.1
[INFO] [stderr]    Compiling crossbeam-utils v0.8.22
[INFO] [stderr]    Compiling ipnet v2.12.1
[INFO] [stderr]    Compiling autocfg v1.5.1
[INFO] [stderr]    Compiling synstructure v0.13.2
[INFO] [stderr]    Compiling utf8parse v0.2.2
[INFO] [stderr]    Compiling anstyle-parse v1.0.0
[INFO] [stderr]    Compiling num-traits v0.2.19
[INFO] [stderr]    Compiling zerovec-derive v0.11.4
[INFO] [stderr]    Compiling displaydoc v0.2.7
[INFO] [stderr]    Compiling tokio-macros v2.7.2
[INFO] [stderr]    Compiling futures-macro v0.3.34
[INFO] [stderr]    Compiling zerofrom-derive v0.1.7
[INFO] [stderr]    Compiling yoke-derive v0.8.2
[INFO] [stderr]    Compiling tracing-attributes v0.1.31
[INFO] [stderr]    Compiling tokio v1.53.1
[INFO] [stderr]    Compiling ppv-lite86 v0.2.21
[INFO] [stderr]    Compiling futures-util v0.3.34
[INFO] [stderr]    Compiling serde_derive v1.0.229
[INFO] [stderr]    Compiling thiserror-impl v2.0.20
[INFO] [stderr]    Compiling zerofrom v0.1.8
[INFO] [stderr]    Compiling yoke v0.8.3
[INFO] [stderr]    Compiling tracing v0.1.44
[INFO] [stderr]    Compiling zerovec v0.11.7
[INFO] [stderr]    Compiling zerotrie v0.2.5
[INFO] [stderr]    Compiling tinystr v0.8.4
[INFO] [stderr]    Compiling potential_utf v0.1.6
[INFO] [stderr]    Compiling icu_locale_core v2.3.0
[INFO] [stderr]    Compiling icu_collections v2.3.0
[INFO] [stderr]    Compiling rand_chacha v0.9.0
[INFO] [stderr]    Compiling rand v0.9.5
[INFO] [stderr]    Compiling toml v0.5.11
[INFO] [stderr]    Compiling icu_provider v2.3.0
[INFO] [stderr]    Compiling rustls-webpki v0.103.14
[INFO] [stderr]    Compiling icu_normalizer v2.3.0
[INFO] [stderr]    Compiling icu_properties v2.3.0
[INFO] [stderr]    Compiling regex-automata v0.4.18
[INFO] [stderr]    Compiling idna_adapter v1.2.2
[INFO] [stderr]    Compiling sha1 v0.10.7
[INFO] [stderr]    Compiling idna v1.1.0
[INFO] [stderr]    Compiling http-body-util v0.1.5
[INFO] [stderr]    Compiling anstyle-query v1.1.5
[INFO] [stderr]    Compiling data-encoding v2.11.1
[INFO] [stderr]    Compiling ryu v1.0.23
[INFO] [stderr]    Compiling is_terminal_polyfill v1.70.2
[INFO] [stderr]    Compiling lazy_static v1.5.0
[INFO] [stderr]    Compiling colorchoice v1.0.5
[INFO] [stderr]    Compiling zstd-safe v7.2.4
[INFO] [stderr]    Compiling anstyle v1.0.14
[INFO] [stderr]    Compiling memchr v2.8.3
[INFO] [stderr]    Compiling getrandom v0.4.3
[INFO] [stderr]    Compiling anstream v1.0.0
[INFO] [stderr]    Compiling tungstenite v0.29.0
[INFO] [stderr]    Compiling hyper v1.11.0
[INFO] [stderr]    Compiling tower v0.5.3
[INFO] [stderr]    Compiling matchers v0.2.0
[INFO] [stderr]    Compiling sharded-slab v0.1.7
[INFO] [stderr]    Compiling hyper-util v0.1.20
[INFO] [stderr]    Compiling serde_urlencoded v0.7.1
[INFO] [stderr]    Compiling url v2.5.8
[INFO] [stderr]    Compiling tokio-rustls v0.26.4
[INFO] [stderr]    Compiling winres v0.1.12
[INFO] [stderr]    Compiling webpki-roots v1.0.9
[INFO] [stderr]    Compiling tracing-log v0.2.0
[INFO] [stderr]    Compiling is-docker v0.2.0
[INFO] [stderr]    Compiling thread_local v1.1.10
[INFO] [stderr]    Compiling clap_lex v1.1.0
[INFO] [stderr]    Compiling time-core v0.1.9
[INFO] [stderr]    Compiling num-conv v0.2.2
[INFO] [stderr]    Compiling heck v0.5.0
[INFO] [stderr]    Compiling bitflags v2.13.1
[INFO] [stderr]    Compiling winnow v1.0.4
[INFO] [stderr]    Compiling hashbrown v0.17.1
[INFO] [stderr]    Compiling deranged v0.5.8
[INFO] [stderr]    Compiling anyhow v1.0.104
[INFO] [stderr]    Compiling nu-ansi-term v0.50.3
[INFO] [stderr]    Compiling strsim v0.11.1
[INFO] [stderr]    Compiling powerfmt v0.2.0
[INFO] [stderr]    Compiling mime v0.3.17
[INFO] [stderr]    Compiling option-ext v0.2.0
[INFO] [stderr]    Compiling equivalent v1.0.2
[INFO] [stderr]    Compiling dirs-sys v0.5.0
[INFO] [stderr]    Compiling indexmap v2.14.0
[INFO] [stderr]    Compiling clap_builder v4.6.6
[INFO] [stderr]    Compiling axum-core v0.5.6
[INFO] [stderr]    Compiling toml_parser v1.1.3+spec-1.1.0
[INFO] [stderr]    Compiling tracing-subscriber v0.3.23
[INFO] [stderr]    Compiling time v0.3.55
[INFO] [stderr]    Compiling clap_derive v4.6.4
[INFO] [stderr]    Compiling hyper-rustls v0.27.9
[INFO] [stderr]    Compiling tower-http v0.6.11
[INFO] [stderr]    Compiling is-wsl v0.4.0
[INFO] [stderr]    Compiling agentbell v1.0.3 (/opt/rustwide/workdir)
[INFO] [stderr]    Compiling crossbeam-channel v0.5.16
[INFO] [stderr]    Compiling tokio-tungstenite v0.29.0
[INFO] [stderr]    Compiling axum-macros v0.5.1
[INFO] [stderr]    Compiling serde_path_to_error v0.1.20
[INFO] [stderr]    Compiling windows-link v0.2.1
[INFO] [stderr]    Compiling same-file v1.0.6
[INFO] [stderr]    Compiling matchit v0.8.4
[INFO] [stderr]    Compiling iana-time-zone v0.1.65
[INFO] [stderr]    Compiling winnow v0.7.15
[INFO] [stderr]    Compiling toml_writer v1.1.2+spec-1.1.0
[INFO] [stderr]    Compiling symlink v0.1.0
[INFO] [stderr]    Compiling toml_datetime v0.7.5+spec-1.1.0
[INFO] [stderr]    Compiling tracing-appender v0.2.5
[INFO] [stderr]    Compiling chrono v0.4.45
[INFO] [stderr]    Compiling walkdir v2.5.0
[INFO] [stderr]    Compiling windows-sys v0.61.2
[INFO] [stderr]    Compiling axum v0.8.9
[INFO] [stderr]    Compiling uuid v1.24.1
[INFO] [stderr]    Compiling clap v4.6.6
[INFO] [stderr]    Compiling open v5.4.1
[INFO] [stderr]    Compiling toml_edit v0.23.10+spec-1.0.0
[INFO] [stderr]    Compiling reqwest v0.12.28
[INFO] [stderr]    Compiling directories v6.0.0
[INFO] [stderr]    Compiling sha2 v0.10.9
[INFO] [stderr]    Compiling hostname v0.4.2
[INFO] [stderr]    Compiling if-addrs v0.14.0
[INFO] [stderr]    Compiling qrcode v0.14.1
[INFO] [stderr]    Compiling zstd v0.13.3
[INFO] [stderr]     Finished `release` profile [optimized] target(s) in 4m 30s
[INFO] running `Command { std: "docker" "inspect" "da434bdd6cd714baedabedd985a9acdcfcd7907c5a9c8c3b6888846dee30a4a6", kill_on_drop: false }`
[INFO] running `Command { std: "docker" "exec" "-e" "SOURCE_DIR=/opt/rustwide/workdir" "-e" "CARGO_HOME=/opt/rustwide/cargo-home" "-e" "RUSTUP_HOME=/opt/rustwide/rustup-home" "-e" "CARGO_TARGET_DIR=/opt/rustwide/target" "-e" "CARGO_INCREMENTAL=0" "-e" "RUST_BACKTRACE=full" "-e" "RUSTFLAGS=--cap-lints=warn" "-e" "RUSTDOCFLAGS=--cap-lints=warn" "-w" "/opt/rustwide/workdir" "--user" "0:0" "da434bdd6cd714baedabedd985a9acdcfcd7907c5a9c8c3b6888846dee30a4a6" "/opt/rustwide/cargo-home/bin/cargo" "+1.99.0-beta.8" "test" "--frozen" "--no-run" "--message-format=json" "--release", kill_on_drop: false }`
[INFO] [stderr]    Compiling bitflags v2.13.1
[INFO] [stderr]    Compiling rustix v1.1.4
[INFO] [stderr]    Compiling linux-raw-sys v0.12.1
[INFO] [stderr]    Compiling fastrand v2.5.0
[INFO] [stderr]    Compiling tower-http v0.6.11
[INFO] [stderr]    Compiling reqwest v0.12.28
[INFO] [stderr]    Compiling tempfile v3.27.0
[INFO] [stderr]    Compiling agentbell v1.0.3 (/opt/rustwide/workdir)
[INFO] [stderr]     Finished `release` profile [optimized] target(s) in 29.06s
[INFO] running `Command { std: "docker" "inspect" "da434bdd6cd714baedabedd985a9acdcfcd7907c5a9c8c3b6888846dee30a4a6", kill_on_drop: false }`
[INFO] running `Command { std: "docker" "exec" "-e" "SOURCE_DIR=/opt/rustwide/workdir" "-e" "CARGO_HOME=/opt/rustwide/cargo-home" "-e" "RUSTUP_HOME=/opt/rustwide/rustup-home" "-e" "CARGO_TARGET_DIR=/opt/rustwide/target" "-e" "CARGO_INCREMENTAL=0" "-e" "RUST_BACKTRACE=full" "-e" "RUSTFLAGS=--cap-lints=warn" "-e" "RUSTDOCFLAGS=--cap-lints=warn" "-w" "/opt/rustwide/workdir" "--user" "0:0" "da434bdd6cd714baedabedd985a9acdcfcd7907c5a9c8c3b6888846dee30a4a6" "/opt/rustwide/cargo-home/bin/cargo" "+1.99.0-beta.8" "test" "--frozen" "--release", kill_on_drop: false }`
[INFO] [stderr]     Finished `release` profile [optimized] target(s) in 0.27s
[INFO] [stderr]      Running unittests src/main.rs (/opt/rustwide/target/release/deps/agentbell-a0accb10362de7cf)
[INFO] [stdout] 
[INFO] [stdout] running 12 tests
[INFO] [stdout] test adapters::tests::codex_rollout_accepts_root_and_ignores_subagent ... ok
[INFO] [stdout] test adapters::tests::haha_desktop_end_turn_is_definitive ... FAILED
[INFO] [stdout] test adapters::tests::deepseek_packed_rows_and_subagents_are_handled ... ok
[INFO] [stdout] test integrations::tests::writes_opencode_lifecycle_plugin ... ok
[INFO] [stdout] test adapters::tests::deepseek_turn_end_is_definitive ... ok
[INFO] [stdout] test integrations::tests::writes_openclaw_agent_end_plugin ... ok
[INFO] [stdout] test adapters::tests::haha_result_is_definitive ... ok
[INFO] [stdout] test adapters::tests::parses_codex_notify_payload ... FAILED
[INFO] [stdout] test discovery::tests::parses_mobile_beacon ... ok
[INFO] [stdout] test store::tests::delete_events_updates_memory_and_disk ... ok
[INFO] [stdout] test integrations::tests::writes_hermes_session_end_plugin ... ok
[INFO] [stdout] test store::tests::event_history_is_bounded_on_disk ... ok
[INFO] [stdout] 
[INFO] [stdout] failures:
[INFO] [stdout] 
[INFO] [stdout] ---- adapters::tests::haha_desktop_end_turn_is_definitive stdout ----
[INFO] [stdout] 
[INFO] [stdout] thread 'adapters::tests::haha_desktop_end_turn_is_definitive' (2712) panicked at src/adapters.rs:776:9:
[INFO] [stdout] assertion `left == right` failed
[INFO] [stdout]   left: "E:\\HahaProject"
[INFO] [stdout]  right: "HahaProject"
[INFO] [stdout] stack backtrace:
[INFO] [stdout]    0:     0x64aaa4a7c6c5 - <unknown>
[INFO] [stdout]    1:     0x64aaa4a5e4b4 - <unknown>
[INFO] [stdout]    2:     0x64aaa4a7bd6b - <unknown>
[INFO] [stdout]    3:     0x64aaa4a7b969 - <unknown>
[INFO] [stdout]    4:     0x64aaa4a7b5ea - <unknown>
[INFO] [stdout]    5:     0x64aaa4a7b123 - <unknown>
[INFO] [stdout]    6:     0x64aaa4aa1061 - <unknown>
[INFO] [stdout]    7:     0x64aaa4aa1019 - <unknown>
[INFO] [stdout]    8:     0x64aaa4aa151c - <unknown>
[INFO] [stdout]    9:     0x64aaa4a5e34b - <unknown>
[INFO] [stdout]   10:     0x64aaa4a5e271 - <unknown>
[INFO] [stdout]   11:     0x64aaa4a48ca3 - <unknown>
[INFO] [stdout]   12:     0x64aaa4a56ea8 - <unknown>
[INFO] [stdout]   13:     0x64aaa4abb87b - <unknown>
[INFO] [stdout]   14:     0x64aaa4ab71b2 - <unknown>
[INFO] [stdout]   15:     0x64aaa4ab6c5c - <unknown>
[INFO] [stdout]   16:     0x64aaa4ad22bc - <unknown>
[INFO] [stdout]   17:     0x64aaa4aa28ba - <unknown>
[INFO] [stdout]   18:     0x7d3bee1c9dfa - <unknown>
[INFO] [stdout]   19:     0x7d3bee25d3d4 - clone
[INFO] [stdout]   20:                0x0 - <unknown>
[INFO] [stdout] 
[INFO] [stdout] ---- adapters::tests::parses_codex_notify_payload stdout ----
[INFO] [stdout] 
[INFO] [stdout] thread 'adapters::tests::parses_codex_notify_payload' (2714) panicked at src/adapters.rs:650:9:
[INFO] [stdout] assertion `left == right` failed
[INFO] [stdout]   left: "E:\\work\\sample-app"
[INFO] [stdout]  right: "sample-app"
[INFO] [stdout] stack backtrace:
[INFO] [stdout]    0:     0x64aaa4a7c6c5 - <unknown>
[INFO] [stdout]    1:     0x64aaa4a5e4b4 - <unknown>
[INFO] [stdout]    2:     0x64aaa4a7bd6b - <unknown>
[INFO] [stdout]    3:     0x64aaa4a7b969 - <unknown>
[INFO] [stdout]    4:     0x64aaa4a7b5ea - <unknown>
[INFO] [stdout]    5:     0x64aaa4a7b123 - <unknown>
[INFO] [stdout]    6:     0x64aaa4aa1061 - <unknown>
[INFO] [stdout]    7:     0x64aaa4aa1019 - <unknown>
[INFO] [stdout]    8:     0x64aaa4aa151c - <unknown>
[INFO] [stdout]    9:     0x64aaa4a5e34b - <unknown>
[INFO] [stdout]   10:     0x64aaa4a5e271 - <unknown>
[INFO] [stdout]   11:     0x64aaa4a48ca3 - <unknown>
[INFO] [stdout]   12:     0x64aaa4a54649 - <unknown>
[INFO] [stdout]   13:     0x64aaa4abb87b - <unknown>
[INFO] [stdout]   14:     0x64aaa4ab71b2 - <unknown>
[INFO] [stdout]   15:     0x64aaa4ab6c5c - <unknown>
[INFO] [stdout]   16:     0x64aaa4ad22bc - <unknown>
[INFO] [stdout]   17:     0x64aaa4aa28ba - <unknown>
[INFO] [stdout]   18:     0x7d3bee1c9dfa - <unknown>
[INFO] [stdout]   19:     0x7d3bee25d3d4 - clone
[INFO] [stdout]   20:                0x0 - <unknown>
[INFO] [stdout] 
[INFO] [stdout] 
[INFO] [stdout] failures:
[INFO] [stdout]     adapters::tests::haha_desktop_end_turn_is_definitive
[INFO] [stdout]     adapters::tests::parses_codex_notify_payload
[INFO] [stdout] 
[INFO] [stdout] test result: FAILED. 10 passed; 2 failed; 0 ignored; 0 measured; 0 filtered out; finished in 0.09s
[INFO] [stdout] 
[INFO] [stderr] error: test failed, to rerun pass `--bin agentbell`
[INFO] running `Command { std: "docker" "inspect" "da434bdd6cd714baedabedd985a9acdcfcd7907c5a9c8c3b6888846dee30a4a6", kill_on_drop: false }`
[INFO] running `Command { std: "docker" "rm" "-f" "da434bdd6cd714baedabedd985a9acdcfcd7907c5a9c8c3b6888846dee30a4a6", kill_on_drop: false }`
[INFO] [stdout] da434bdd6cd714baedabedd985a9acdcfcd7907c5a9c8c3b6888846dee30a4a6
