[INFO] cloning repository https://github.com/Jacob-Dayan/havax
[INFO] running `Command { std: "git" "-c" "credential.helper=" "-c" "credential.helper=/workspace/cargo-home/bin/git-credential-null" "clone" "--bare" "https://github.com/Jacob-Dayan/havax" "/workspace/cache/git-repos/https%3A%2F%2Fgithub.com%2FJacob-Dayan%2Fhavax", kill_on_drop: false }`
[INFO] [stderr] Cloning into bare repository '/workspace/cache/git-repos/https%3A%2F%2Fgithub.com%2FJacob-Dayan%2Fhavax'...
[INFO] running `Command { std: "git" "rev-parse" "HEAD", kill_on_drop: false }`
[INFO] [stdout] 3dc7b30007a2341dce7c3e52b060357e68ec1c50
[INFO] testing Jacob-Dayan/havax against 1.100.0-beta.1+cargoflags=--release for beta-release-1.100-3
[INFO] running `Command { std: "git" "clone" "/workspace/cache/git-repos/https%3A%2F%2Fgithub.com%2FJacob-Dayan%2Fhavax" "/workspace/builds/worker-1-tc2/source", kill_on_drop: false }`
[INFO] [stderr] Cloning into '/workspace/builds/worker-1-tc2/source'...
[INFO] [stderr] done.
[INFO] started tweaking git repo https://github.com/Jacob-Dayan/havax
[INFO] finished tweaking git repo https://github.com/Jacob-Dayan/havax
[INFO] tweaked toml for git repo https://github.com/Jacob-Dayan/havax written to /workspace/builds/worker-1-tc2/source/Cargo.toml
[INFO] validating manifest of git repo https://github.com/Jacob-Dayan/havax on toolchain 1.100.0-beta.1
[INFO] running `Command { std: CARGO_HOME="/workspace/cargo-home" RUSTUP_HOME="/workspace/rustup-home" "/workspace/cargo-home/bin/cargo" "+1.100.0-beta.1" "metadata" "--manifest-path" "Cargo.toml" "--no-deps", kill_on_drop: false }`
[INFO] crate git repo https://github.com/Jacob-Dayan/havax already has a lockfile, it will not be regenerated
[INFO] running `Command { std: CARGO_HOME="/workspace/cargo-home" RUSTUP_HOME="/workspace/rustup-home" "/workspace/cargo-home/bin/cargo" "+1.100.0-beta.1" "fetch" "--manifest-path" "Cargo.toml", kill_on_drop: false }`
[INFO] running `Command { std: "docker" "create" "-v" "/var/lib/crater-agent-workspace/builds/worker-1-tc2/source:/opt/rustwide/workdir:ro,Z" "-v" "/var/lib/crater-agent-workspace/builds/worker-1-tc2/target:/opt/rustwide/target:rw,Z" "-v" "/var/lib/crater-agent-workspace/cargo-home:/opt/rustwide/cargo-home:ro,Z" "-v" "/var/lib/crater-agent-workspace/rustup-home:/opt/rustwide/rustup-home:ro,Z" "-m" "1610612736" "--network" "none" "ghcr.io/rust-lang/crates-build-env/linux@sha256:77db811e55d90add9212f6832c23229e3de5f1c1f9905e8cb07319ea15df73ac" "sleep" "infinity", kill_on_drop: false }`
[INFO] [stdout] b79773bfdf1d1023c6425671c8ad7f20b7bd1d507299028462ce4824436bdbc9
[INFO] running `Command { std: "docker" "start" "b79773bfdf1d1023c6425671c8ad7f20b7bd1d507299028462ce4824436bdbc9", kill_on_drop: false }`
[INFO] running `Command { std: "docker" "inspect" "b79773bfdf1d1023c6425671c8ad7f20b7bd1d507299028462ce4824436bdbc9", kill_on_drop: false }`
[INFO] running `Command { std: "docker" "exec" "-e" "SOURCE_DIR=/opt/rustwide/workdir" "-e" "CARGO_HOME=/opt/rustwide/cargo-home" "-e" "RUSTUP_HOME=/opt/rustwide/rustup-home" "-e" "CARGO_TARGET_DIR=/opt/rustwide/target" "-w" "/opt/rustwide/workdir" "--user" "0:0" "b79773bfdf1d1023c6425671c8ad7f20b7bd1d507299028462ce4824436bdbc9" "/opt/rustwide/cargo-home/bin/cargo" "+1.100.0-beta.1" "metadata" "--no-deps" "--format-version=1", kill_on_drop: false }`
[INFO] running `Command { std: "docker" "inspect" "b79773bfdf1d1023c6425671c8ad7f20b7bd1d507299028462ce4824436bdbc9", kill_on_drop: false }`
[INFO] running `Command { std: "docker" "exec" "-e" "SOURCE_DIR=/opt/rustwide/workdir" "-e" "CARGO_HOME=/opt/rustwide/cargo-home" "-e" "RUSTUP_HOME=/opt/rustwide/rustup-home" "-e" "CARGO_TARGET_DIR=/opt/rustwide/target" "-e" "CARGO_INCREMENTAL=0" "-e" "RUST_BACKTRACE=full" "-e" "RUSTFLAGS=--cap-lints=warn" "-e" "RUSTDOCFLAGS=--cap-lints=warn" "-w" "/opt/rustwide/workdir" "--user" "0:0" "b79773bfdf1d1023c6425671c8ad7f20b7bd1d507299028462ce4824436bdbc9" "/opt/rustwide/cargo-home/bin/cargo" "+1.100.0-beta.1" "build" "--frozen" "--message-format=json" "--release", kill_on_drop: false }`
[INFO] [stderr]    Compiling proc-macro2 v1.0.107
[INFO] [stderr]    Compiling quote v1.0.47
[INFO] [stderr]    Compiling unicode-ident v1.0.26
[INFO] [stderr]    Compiling libc v0.2.189
[INFO] [stderr]    Compiling cfg-if v1.0.5
[INFO] [stderr]    Compiling zmij v1.0.23
[INFO] [stderr]    Compiling heck v0.5.0
[INFO] [stderr]    Compiling equivalent v1.0.2
[INFO] [stderr]    Compiling foldhash v0.2.0
[INFO] [stderr]    Compiling allocator-api2 v0.2.21
[INFO] [stderr]    Compiling rustversion v1.0.23
[INFO] [stderr]    Compiling thiserror v2.0.21
[INFO] [stderr]    Compiling strsim v0.11.1
[INFO] [stderr]    Compiling bitflags v2.13.2
[INFO] [stderr]    Compiling ident_case v1.0.1
[INFO] [stderr]    Compiling itoa v1.0.18
[INFO] [stderr]    Compiling shlex v2.0.1
[INFO] [stderr]    Compiling serde_core v1.0.229
[INFO] [stderr]    Compiling either v1.18.0
[INFO] [stderr]    Compiling find-msvc-tools v0.1.13
[INFO] [stderr]    Compiling unicode-width v0.2.2
[INFO] [stderr]    Compiling static_assertions v1.1.0
[INFO] [stderr]    Compiling unicode-segmentation v1.13.3
[INFO] [stderr]    Compiling tree-sitter-language v0.1.8
[INFO] [stderr]    Compiling cc v1.4.7
[INFO] [stderr]    Compiling signal-hook v0.3.18
[INFO] [stderr]    Compiling parking_lot_core v0.9.12
[INFO] [stderr]    Compiling ryu v1.0.23
[INFO] [stderr]    Compiling critical-section v1.2.0
[INFO] [stderr]    Compiling log v0.4.34
[INFO] [stderr]    Compiling serde_json v1.0.151
[INFO] [stderr]    Compiling smallvec v1.16.1
[INFO] [stderr]    Compiling hashbrown v0.17.1
[INFO] [stderr]    Compiling itertools v0.14.0
[INFO] [stderr]    Compiling memchr v2.8.3
[INFO] [stderr]    Compiling rustix v1.1.5
[INFO] [stderr]    Compiling indoc v2.0.7
[INFO] [stderr]    Compiling hashbrown v0.16.1
[INFO] [stderr]    Compiling scopeguard v1.2.0
[INFO] [stderr]    Compiling lock_api v0.4.14
[INFO] [stderr]    Compiling utf8parse v0.2.2
[INFO] [stderr]    Compiling convert_case v0.10.0
[INFO] [stderr]    Compiling castaway v0.2.4
[INFO] [stderr]    Compiling num_threads v0.1.7
[INFO] [stderr]    Compiling compact_str v0.9.1
[INFO] [stderr]    Compiling powerfmt v0.2.0
[INFO] [stderr]    Compiling lru v0.18.5
[INFO] [stderr]    Compiling time-core v0.1.9
[INFO] [stderr]    Compiling deranged v0.5.8
[INFO] [stderr]    Compiling indexmap v2.14.2
[INFO] [stderr]    Compiling linux-raw-sys v0.12.1
[INFO] [stderr]    Compiling litrs v1.0.0
[INFO] [stderr]    Compiling num-conv v0.2.2
[INFO] [stderr]    Compiling syn v3.0.6
[INFO] [stderr]    Compiling syn v2.0.119
[INFO] [stderr]    Compiling aho-corasick v1.1.5
[INFO] [stderr]    Compiling anstyle-parse v1.0.0
[INFO] [stderr]    Compiling line-clipping v0.3.8
[INFO] [stderr]    Compiling document-features v0.2.12
[INFO] [stderr]    Compiling is_terminal_polyfill v1.70.2
[INFO] [stderr]    Compiling anstyle v1.0.14
[INFO] [stderr]    Compiling colorchoice v1.0.5
[INFO] [stderr]    Compiling regex-syntax v0.8.11
[INFO] [stderr]    Compiling anstyle-query v1.1.5
[INFO] [stderr]    Compiling crossbeam-utils v0.8.23
[INFO] [stderr]    Compiling anstream v1.0.0
[INFO] [stderr]    Compiling winnow v1.0.4
[INFO] [stderr]    Compiling serde v1.0.229
[INFO] [stderr]    Compiling clap_lex v1.1.1
[INFO] [stderr]    Compiling errno v0.3.14
[INFO] [stderr]    Compiling mio v1.2.3
[INFO] [stderr]    Compiling signal-hook-registry v1.4.8
[INFO] [stderr]    Compiling parking_lot v0.12.5
[INFO] [stderr]    Compiling unicode-truncate v2.0.1
[INFO] [stderr]    Compiling toml_parser v1.1.3+spec-1.1.0
[INFO] [stderr]    Compiling tree-sitter-rust v0.24.2
[INFO] [stderr]    Compiling clap_builder v4.6.7
[INFO] [stderr]    Compiling streaming-iterator v0.1.9
[INFO] [stderr]    Compiling toml_writer v1.1.2+spec-1.1.0
[INFO] [stderr]    Compiling signal-hook-mio v0.2.5
[INFO] [stderr]    Compiling crossbeam-channel v0.5.17
[INFO] [stderr]    Compiling libloading v0.9.0
[INFO] [stderr]    Compiling time v0.3.55
[INFO] [stderr]    Compiling serde_spanned v1.1.1
[INFO] [stderr]    Compiling toml_datetime v1.1.1+spec-1.1.0
[INFO] [stderr]    Compiling toml v1.1.6+spec-1.1.0
[INFO] [stderr]    Compiling strum_macros v0.28.0
[INFO] [stderr]    Compiling derive_more-impl v2.1.1
[INFO] [stderr]    Compiling regex-automata v0.4.18
[INFO] [stderr]    Compiling derive_more v2.1.1
[INFO] [stderr]    Compiling crossterm v0.29.0
[INFO] [stderr]    Compiling darling_core v0.24.1
[INFO] [stderr]    Compiling tree-sitter v0.25.10
[INFO] [stderr]    Compiling thiserror-impl v2.0.21
[INFO] [stderr]    Compiling clap_derive v4.6.7
[INFO] [stderr]    Compiling serde_derive v1.0.229
[INFO] [stderr]    Compiling kasuari v0.4.12
[INFO] [stderr]    Compiling strum v0.28.0
[INFO] [stderr]    Compiling darling_macro v0.24.1
[INFO] [stderr]    Compiling clap v4.6.7
[INFO] [stderr]    Compiling ratatui-core v0.1.2
[INFO] [stderr]    Compiling darling v0.24.1
[INFO] [stderr]    Compiling instability v0.3.14
[INFO] [stderr]    Compiling regex v1.13.1
[INFO] [stderr]    Compiling ratatui-widgets v0.3.2
[INFO] [stderr]    Compiling ratatui-crossterm v0.1.2
[INFO] [stderr]    Compiling ratatui-macros v0.7.2
[INFO] [stderr]    Compiling ratatui v0.30.2
[INFO] [stderr]    Compiling havax v0.1.5 (/opt/rustwide/workdir)
[INFO] [stderr]     Finished `release` profile [optimized] target(s) in 1m 30s
[INFO] running `Command { std: "docker" "inspect" "b79773bfdf1d1023c6425671c8ad7f20b7bd1d507299028462ce4824436bdbc9", kill_on_drop: false }`
[INFO] running `Command { std: "docker" "exec" "-e" "SOURCE_DIR=/opt/rustwide/workdir" "-e" "CARGO_HOME=/opt/rustwide/cargo-home" "-e" "RUSTUP_HOME=/opt/rustwide/rustup-home" "-e" "CARGO_TARGET_DIR=/opt/rustwide/target" "-e" "CARGO_INCREMENTAL=0" "-e" "RUST_BACKTRACE=full" "-e" "RUSTFLAGS=--cap-lints=warn" "-e" "RUSTDOCFLAGS=--cap-lints=warn" "-w" "/opt/rustwide/workdir" "--user" "0:0" "b79773bfdf1d1023c6425671c8ad7f20b7bd1d507299028462ce4824436bdbc9" "/opt/rustwide/cargo-home/bin/cargo" "+1.100.0-beta.1" "test" "--frozen" "--no-run" "--message-format=json" "--release", kill_on_drop: false }`
[INFO] [stderr]    Compiling libc v0.2.189
[INFO] [stderr]    Compiling cfg-if v1.0.5
[INFO] [stderr]    Compiling allocator-api2 v0.2.21
[INFO] [stderr]    Compiling equivalent v1.0.2
[INFO] [stderr]    Compiling foldhash v0.2.0
[INFO] [stderr]    Compiling bitflags v2.13.2
[INFO] [stderr]    Compiling itoa v1.0.18
[INFO] [stderr]    Compiling either v1.18.0
[INFO] [stderr]    Compiling thiserror v2.0.21
[INFO] [stderr]    Compiling castaway v0.2.4
[INFO] [stderr]    Compiling ryu v1.0.23
[INFO] [stderr]    Compiling unicode-width v0.2.2
[INFO] [stderr]    Compiling static_assertions v1.1.0
[INFO] [stderr]    Compiling unicode-segmentation v1.13.3
[INFO] [stderr]    Compiling strum v0.28.0
[INFO] [stderr]    Compiling serde_core v1.0.229
[INFO] [stderr]    Compiling smallvec v1.16.1
[INFO] [stderr]    Compiling critical-section v1.2.0
[INFO] [stderr]    Compiling log v0.4.34
[INFO] [stderr]    Compiling memchr v2.8.3
[INFO] [stderr]    Compiling scopeguard v1.2.0
[INFO] [stderr]    Compiling utf8parse v0.2.2
[INFO] [stderr]    Compiling compact_str v0.9.1
[INFO] [stderr]    Compiling lock_api v0.4.14
[INFO] [stderr]    Compiling deranged v0.5.8
[INFO] [stderr]    Compiling num-conv v0.2.2
[INFO] [stderr]    Compiling num_threads v0.1.7
[INFO] [stderr]    Compiling powerfmt v0.2.0
[INFO] [stderr]    Compiling time-core v0.1.9
[INFO] [stderr]    Compiling linux-raw-sys v0.12.1
[INFO] [stderr]    Compiling anstyle-parse v1.0.0
[INFO] [stderr]    Compiling line-clipping v0.3.8
[INFO] [stderr]    Compiling derive_more v2.1.1
[INFO] [stderr]    Compiling regex-syntax v0.8.11
[INFO] [stderr]    Compiling anstyle v1.0.14
[INFO] [stderr]    Compiling anstyle-query v1.1.5
[INFO] [stderr]    Compiling colorchoice v1.0.5
[INFO] [stderr]    Compiling itertools v0.14.0
[INFO] [stderr]    Compiling is_terminal_polyfill v1.70.2
[INFO] [stderr]    Compiling tree-sitter-language v0.1.8
[INFO] [stderr]    Compiling winnow v1.0.4
[INFO] [stderr]    Compiling clap_lex v1.1.1
[INFO] [stderr]    Compiling strsim v0.11.1
[INFO] [stderr]    Compiling anstream v1.0.0
[INFO] [stderr]    Compiling zmij v1.0.23
[INFO] [stderr]    Compiling hashbrown v0.17.1
[INFO] [stderr]    Compiling hashbrown v0.16.1
[INFO] [stderr]    Compiling rustix v1.1.5
[INFO] [stderr]    Compiling crossbeam-utils v0.8.23
[INFO] [stderr]    Compiling streaming-iterator v0.1.9
[INFO] [stderr]    Compiling aho-corasick v1.1.5
[INFO] [stderr]    Compiling toml_parser v1.1.3+spec-1.1.0
[INFO] [stderr]    Compiling clap_builder v4.6.7
[INFO] [stderr]    Compiling toml_writer v1.1.2+spec-1.1.0
[INFO] [stderr]    Compiling tree-sitter-rust v0.24.2
[INFO] [stderr]    Compiling libloading v0.9.0
[INFO] [stderr]    Compiling lru v0.18.5
[INFO] [stderr]    Compiling crossbeam-channel v0.5.17
[INFO] [stderr]    Compiling errno v0.3.14
[INFO] [stderr]    Compiling parking_lot_core v0.9.12
[INFO] [stderr]    Compiling mio v1.2.3
[INFO] [stderr]    Compiling signal-hook-registry v1.4.8
[INFO] [stderr]    Compiling parking_lot v0.12.5
[INFO] [stderr]    Compiling signal-hook v0.3.18
[INFO] [stderr]    Compiling kasuari v0.4.12
[INFO] [stderr]    Compiling time v0.3.55
[INFO] [stderr]    Compiling signal-hook-mio v0.2.5
[INFO] [stderr]    Compiling crossterm v0.29.0
[INFO] [stderr]    Compiling regex-automata v0.4.18
[INFO] [stderr]    Compiling unicode-truncate v2.0.1
[INFO] [stderr]    Compiling serde_spanned v1.1.1
[INFO] [stderr]    Compiling toml_datetime v1.1.1+spec-1.1.0
[INFO] [stderr]    Compiling serde_json v1.0.151
[INFO] [stderr]    Compiling serde v1.0.229
[INFO] [stderr]    Compiling clap v4.6.7
[INFO] [stderr]    Compiling ratatui-core v0.1.2
[INFO] [stderr]    Compiling toml v1.1.6+spec-1.1.0
[INFO] [stderr]    Compiling ratatui-widgets v0.3.2
[INFO] [stderr]    Compiling ratatui-crossterm v0.1.2
[INFO] [stderr]    Compiling regex v1.13.1
[INFO] [stderr]    Compiling tree-sitter v0.25.10
[INFO] [stderr]    Compiling ratatui-macros v0.7.2
[INFO] [stderr]    Compiling ratatui v0.30.2
[INFO] [stderr]    Compiling havax v0.1.5 (/opt/rustwide/workdir)
[INFO] [stderr]     Finished `release` profile [optimized] target(s) in 1m 28s
[INFO] running `Command { std: "docker" "inspect" "b79773bfdf1d1023c6425671c8ad7f20b7bd1d507299028462ce4824436bdbc9", kill_on_drop: false }`
[INFO] running `Command { std: "docker" "exec" "-e" "SOURCE_DIR=/opt/rustwide/workdir" "-e" "CARGO_HOME=/opt/rustwide/cargo-home" "-e" "RUSTUP_HOME=/opt/rustwide/rustup-home" "-e" "CARGO_TARGET_DIR=/opt/rustwide/target" "-e" "CARGO_INCREMENTAL=0" "-e" "RUST_BACKTRACE=full" "-e" "RUSTFLAGS=--cap-lints=warn" "-e" "RUSTDOCFLAGS=--cap-lints=warn" "-w" "/opt/rustwide/workdir" "--user" "0:0" "b79773bfdf1d1023c6425671c8ad7f20b7bd1d507299028462ce4824436bdbc9" "/opt/rustwide/cargo-home/bin/cargo" "+1.100.0-beta.1" "test" "--frozen" "--release", kill_on_drop: false }`
[INFO] [stderr]     Finished `release` profile [optimized] target(s) in 0.39s
[INFO] [stderr]      Running unittests src/lib.rs (/opt/rustwide/target/release/build/havax/053807c7cc29619e/out/havax-053807c7cc29619e)
[INFO] [stderr]      Running unittests src/main.rs (/opt/rustwide/target/release/build/havax/d48e136727409c80/out/havax-d48e136727409c80)
[INFO] [stdout] 
[INFO] [stdout] running 0 tests
[INFO] [stdout] 
[INFO] [stdout] test result: ok. 0 passed; 0 failed; 0 ignored; 0 measured; 0 filtered out; finished in 0.00s
[INFO] [stdout] 
[INFO] [stdout] 
[INFO] [stderr]      Running tests/config_tests.rs (/opt/rustwide/target/release/build/havax/43c5a12b354c2c5e/out/config_tests-43c5a12b354c2c5e)
[INFO] [stdout] running 0 tests
[INFO] [stdout] 
[INFO] [stdout] test result: ok. 0 passed; 0 failed; 0 ignored; 0 measured; 0 filtered out; finished in 0.00s
[INFO] [stdout] 
[INFO] [stdout] 
[INFO] [stdout] running 13 tests
[INFO] [stdout] test test_helix_custom_theme_inheritance_and_override ... ok
[INFO] [stdout] test test_cli_directory_scan_main_priority ... ok
[INFO] [stdout] test test_clap_cli_arguments ... ok
[INFO] [stdout] [0 q[0 qtest test_default_line_number_is_absolute ... ok
[INFO] [stdout] test test_insert_final_newline_with_write_quit_all ... ok
[INFO] [stdout] test test_insert_final_newline_already_has_newline ... ok
[INFO] [stdout] [0 q[0 q[0 qtest test_havax_config_paths ... ok
[INFO] [stdout] test test_auto_format_configuration_and_save ... ok
[INFO] [stdout] test test_configurable_insert_final_newline ... ok
[INFO] [stdout] [0 qtest test_helix_config_toml_parsing ... ok
[INFO] [stdout] test test_config_commands_open_and_reload ... ok
[INFO] [stdout] [0 qtest test_check_user_config ... ok
[INFO] [stdout] [0 qtest test_insert_final_newline_with_write_all ... ok
[INFO] [stdout] 
[INFO] [stdout] test result: ok. 13 passed; 0 failed; 0 ignored; 0 measured; 0 filtered out; finished in 0.01s
[INFO] [stdout] 
[INFO] [stderr]      Running tests/editor_tests.rs (/opt/rustwide/target/release/build/havax/3e576b49fac4beb7/out/editor_tests-3e576b49fac4beb7)
[INFO] [stdout] 
[INFO] [stdout] running 31 tests
[INFO] [stdout] [0 q[0 qtest test_expanded_command_completions ... ok
[INFO] [stdout] test test_delete_word_backward_buffer ... ok
[INFO] [stdout] test test_command_mode_interactive_completions_and_tab_cycling ... ok
[INFO] [stdout] test test_helix_back_word_motion_each_click_marks_word ... ok
[INFO] [stdout] test test_command_set_language ... ok
[INFO] [stdout] test test_directory_file_picker ... ok
[INFO] [stdout] test test_helix_line_selection ... ok
[INFO] [stdout] ]52;c;ICAgIGxldCB4ID0gMTA7Cg==[0 q[0 qtest test_helix_yank_clipboard_yank_and_paste_newline_and_paste_here ... ok
[INFO] [stdout] [0 qtest test_helix_word_motion_each_click_marks_word ... ok
[INFO] [stdout] [0 qtest test_is_delete_word_backward_key_combinations ... ok
[INFO] [stdout] [0 qtest test_helix_leader_mode_and_actions ... ok
[INFO] [stdout] test test_match_mode_goto_matching_bracket ... ok
[INFO] [stdout] test test_match_mode_surround_add_delete_replace ... ok
[INFO] [stdout] test test_match_mode_select_around_and_inside ... ok
[INFO] [stdout] ]52;c;bWVzc2FnZQ==]52;c;aGVsbG8gd29ybGQ=]52;c;cHJpbnRsbiE=]52;c;e21lc3NhZ2V9[0 q[0 q[0 q[0 q[0 qtest test_auto_pairs_parentheses_brackets_and_backspace ... ok
[INFO] [stdout] test test_clipboard_yank_command_and_aliases ... ok
[INFO] [stdout] test test_command_pwd ... ok
[INFO] [stdout] test test_ggvge_marks_entire_file_including_last_line ... ok
[INFO] [stdout] test test_helix_goto_table_and_buffer_actions ... ok
[INFO] [stdout] test test_redo_with_shift_u_and_ctrl_arrow_word_navigation ... ok
[INFO] [stdout] [0 q[0 q[0 qtest test_visual_mode_and_vgl_motion ... ok
[INFO] [stdout] test test_command_cd ... ok
[INFO] [stdout] test test_helix_goto_first_nonblank ... ok
[INFO] [stdout] test test_multi_buffer_switching ... ok
[INFO] [stdout] [0 qtest test_save_current_fast_and_cached ... ok
[INFO] [stdout] [0 q[0 qtest test_replace_char_normal_and_visual_mode ... ok
[INFO] [stdout] test test_replace_mode_enter_edit_and_exit ... ok
[INFO] [stdout] [0 qtest test_ratatui_render_all_modes_and_popups ... ok
[INFO] [stdout] [0 qtest test_normal_mode_xc_immediately_deletes_line_and_preserves_newline ... ok
[INFO] [stdout] [0 qtest test_command_write_preserves_editor_running_and_bufferline ... ok
[INFO] [stdout] [0 qtest test_command_new_buffer_and_write_path ... FAILED
[INFO] [stdout] 
[INFO] [stdout] failures:
[INFO] [stdout] 
[INFO] [stdout] ---- test_command_new_buffer_and_write_path stdout ----
[INFO] [stdout] 
[INFO] [stdout] thread 'test_command_new_buffer_and_write_path' (2641) panicked at tests/editor_tests.rs:991:5:
[INFO] [stdout] assertion failed: res_save.is_ok()
[INFO] [stdout] stack backtrace:
[INFO] [stdout]    0:     0x5b80124a7355 - <unknown>
[INFO] [stdout]    1:     0x5b80123c539a - <unknown>
[INFO] [stdout]    2:     0x5b80124a69eb - <unknown>
[INFO] [stdout]    3:     0x5b80124a64cf - <unknown>
[INFO] [stdout]    4:     0x5b80124a60fa - <unknown>
[INFO] [stdout]    5:     0x5b80124a5c35 - <unknown>
[INFO] [stdout]    6:     0x5b80124cca82 - <unknown>
[INFO] [stdout]    7:     0x5b80124cca09 - <unknown>
[INFO] [stdout]    8:     0x5b80124ccf0c - <unknown>
[INFO] [stdout]    9:     0x5b80123c522b - <unknown>
[INFO] [stdout]   10:     0x5b80123c69d1 - <unknown>
[INFO] [stdout]   11:     0x5b80123b571c - <unknown>
[INFO] [stdout]   12:     0x5b80124ea23b - <unknown>
[INFO] [stdout]   13:     0x5b80124e61e1 - <unknown>
[INFO] [stdout]   14:     0x5b80124e59cc - <unknown>
[INFO] [stdout]   15:     0x5b8012504e6c - <unknown>
[INFO] [stdout]   16:     0x5b80124ce964 - <unknown>
[INFO] [stdout]   17:     0x7db46529edfa - <unknown>
[INFO] [stdout]   18:     0x7db4653323d4 - clone
[INFO] [stdout]   19:                0x0 - <unknown>
[INFO] [stdout] 
[INFO] [stdout] 
[INFO] [stdout] failures:
[INFO] [stdout]     test_command_new_buffer_and_write_path
[INFO] [stdout] 
[INFO] [stdout] test result: FAILED. 30 passed; 1 failed; 0 ignored; 0 measured; 0 filtered out; finished in 0.71s
[INFO] [stdout] 
[INFO] [stderr] error: test failed, to rerun pass `--test editor_tests`
[INFO] running `Command { std: "docker" "inspect" "b79773bfdf1d1023c6425671c8ad7f20b7bd1d507299028462ce4824436bdbc9", kill_on_drop: false }`
[INFO] running `Command { std: "docker" "rm" "-f" "b79773bfdf1d1023c6425671c8ad7f20b7bd1d507299028462ce4824436bdbc9", kill_on_drop: false }`
[INFO] [stdout] b79773bfdf1d1023c6425671c8ad7f20b7bd1d507299028462ce4824436bdbc9
