[INFO] cloning repository https://github.com/BiBoyang/AMClaw
[INFO] running `Command { std: "git" "-c" "credential.helper=" "-c" "credential.helper=/workspace/cargo-home/bin/git-credential-null" "clone" "--bare" "https://github.com/BiBoyang/AMClaw" "/workspace/cache/git-repos/https%3A%2F%2Fgithub.com%2FBiBoyang%2FAMClaw", kill_on_drop: false }`
[INFO] [stderr] Cloning into bare repository '/workspace/cache/git-repos/https%3A%2F%2Fgithub.com%2FBiBoyang%2FAMClaw'...
[INFO] running `Command { std: "git" "rev-parse" "HEAD", kill_on_drop: false }`
[INFO] [stdout] 045a099859003e9b1192bef99a90857af4194dee
[INFO] testing BiBoyang/AMClaw against 1.100.0-beta.1+cargoflags=--release for beta-release-1.100-3
[INFO] running `Command { std: "git" "clone" "/workspace/cache/git-repos/https%3A%2F%2Fgithub.com%2FBiBoyang%2FAMClaw" "/workspace/builds/worker-7-tc2/source", kill_on_drop: false }`
[INFO] [stderr] Cloning into '/workspace/builds/worker-7-tc2/source'...
[INFO] [stderr] done.
[INFO] started tweaking git repo https://github.com/BiBoyang/AMClaw
[INFO] finished tweaking git repo https://github.com/BiBoyang/AMClaw
[INFO] tweaked toml for git repo https://github.com/BiBoyang/AMClaw written to /workspace/builds/worker-7-tc2/source/Cargo.toml
[INFO] validating manifest of git repo https://github.com/BiBoyang/AMClaw on toolchain 1.100.0-beta.1
[INFO] running `Command { std: CARGO_HOME="/workspace/cargo-home" RUSTUP_HOME="/workspace/rustup-home" "/workspace/cargo-home/bin/cargo" "+1.100.0-beta.1" "metadata" "--manifest-path" "Cargo.toml" "--no-deps", kill_on_drop: false }`
[INFO] crate git repo https://github.com/BiBoyang/AMClaw already has a lockfile, it will not be regenerated
[INFO] running `Command { std: CARGO_HOME="/workspace/cargo-home" RUSTUP_HOME="/workspace/rustup-home" "/workspace/cargo-home/bin/cargo" "+1.100.0-beta.1" "fetch" "--manifest-path" "Cargo.toml", kill_on_drop: false }`
[INFO] running `Command { std: "docker" "create" "-v" "/var/lib/crater-agent-workspace/builds/worker-7-tc2/source:/opt/rustwide/workdir:ro,Z" "-v" "/var/lib/crater-agent-workspace/builds/worker-7-tc2/target:/opt/rustwide/target:rw,Z" "-v" "/var/lib/crater-agent-workspace/cargo-home:/opt/rustwide/cargo-home:ro,Z" "-v" "/var/lib/crater-agent-workspace/rustup-home:/opt/rustwide/rustup-home:ro,Z" "-m" "1610612736" "--network" "none" "ghcr.io/rust-lang/crates-build-env/linux@sha256:77db811e55d90add9212f6832c23229e3de5f1c1f9905e8cb07319ea15df73ac" "sleep" "infinity", kill_on_drop: false }`
[INFO] [stdout] 8f4d5a13e2ec85d6bc2db0186961266f749f4a8e23e1086f63cbe97f69606765
[INFO] running `Command { std: "docker" "start" "8f4d5a13e2ec85d6bc2db0186961266f749f4a8e23e1086f63cbe97f69606765", kill_on_drop: false }`
[INFO] running `Command { std: "docker" "inspect" "8f4d5a13e2ec85d6bc2db0186961266f749f4a8e23e1086f63cbe97f69606765", kill_on_drop: false }`
[INFO] running `Command { std: "docker" "exec" "-e" "SOURCE_DIR=/opt/rustwide/workdir" "-e" "CARGO_HOME=/opt/rustwide/cargo-home" "-e" "RUSTUP_HOME=/opt/rustwide/rustup-home" "-e" "CARGO_TARGET_DIR=/opt/rustwide/target" "-w" "/opt/rustwide/workdir" "--user" "0:0" "8f4d5a13e2ec85d6bc2db0186961266f749f4a8e23e1086f63cbe97f69606765" "/opt/rustwide/cargo-home/bin/cargo" "+1.100.0-beta.1" "metadata" "--no-deps" "--format-version=1", kill_on_drop: false }`
[INFO] running `Command { std: "docker" "inspect" "8f4d5a13e2ec85d6bc2db0186961266f749f4a8e23e1086f63cbe97f69606765", kill_on_drop: false }`
[INFO] running `Command { std: "docker" "exec" "-e" "SOURCE_DIR=/opt/rustwide/workdir" "-e" "CARGO_HOME=/opt/rustwide/cargo-home" "-e" "RUSTUP_HOME=/opt/rustwide/rustup-home" "-e" "CARGO_TARGET_DIR=/opt/rustwide/target" "-e" "CARGO_INCREMENTAL=0" "-e" "RUST_BACKTRACE=full" "-e" "RUSTFLAGS=--cap-lints=warn" "-e" "RUSTDOCFLAGS=--cap-lints=warn" "-w" "/opt/rustwide/workdir" "--user" "0:0" "8f4d5a13e2ec85d6bc2db0186961266f749f4a8e23e1086f63cbe97f69606765" "/opt/rustwide/cargo-home/bin/cargo" "+1.100.0-beta.1" "build" "--frozen" "--message-format=json" "--release", kill_on_drop: false }`
[INFO] [stderr]    Compiling proc-macro2 v1.0.106
[INFO] [stderr]    Compiling quote v1.0.45
[INFO] [stderr]    Compiling unicode-ident v1.0.24
[INFO] [stderr]    Compiling libc v0.2.186
[INFO] [stderr]    Compiling cfg-if v1.0.4
[INFO] [stderr]    Compiling shlex v1.3.0
[INFO] [stderr]    Compiling find-msvc-tools v0.1.9
[INFO] [stderr]    Compiling stable_deref_trait v1.2.1
[INFO] [stderr]    Compiling pin-project-lite v0.2.17
[INFO] [stderr]    Compiling bytes v1.11.1
[INFO] [stderr]    Compiling once_cell v1.21.4
[INFO] [stderr]    Compiling serde_core v1.0.228
[INFO] [stderr]    Compiling futures-core v0.3.32
[INFO] [stderr]    Compiling itoa v1.0.18
[INFO] [stderr]    Compiling smallvec v1.15.1
[INFO] [stderr]    Compiling futures-sink v0.3.32
[INFO] [stderr]    Compiling writeable v0.6.3
[INFO] [stderr]    Compiling litemap v0.8.2
[INFO] [stderr]    Compiling serde v1.0.228
[INFO] [stderr]    Compiling cc v1.2.61
[INFO] [stderr]    Compiling zeroize v1.8.2
[INFO] [stderr]    Compiling utf8_iter v1.0.4
[INFO] [stderr]    Compiling memchr v2.8.0
[INFO] [stderr]    Compiling icu_properties_data v2.2.0
[INFO] [stderr]    Compiling icu_normalizer_data v2.2.0
[INFO] [stderr]    Compiling untrusted v0.9.0
[INFO] [stderr]    Compiling futures-io v0.3.32
[INFO] [stderr]    Compiling version_check v0.9.5
[INFO] [stderr]    Compiling httparse v1.10.1
[INFO] [stderr]    Compiling percent-encoding v2.3.2
[INFO] [stderr]    Compiling futures-task v0.3.32
[INFO] [stderr]    Compiling zerocopy v0.8.48
[INFO] [stderr]    Compiling slab v0.4.12
[INFO] [stderr]    Compiling rustls-pki-types v1.14.1
[INFO] [stderr]    Compiling autocfg v1.5.0
[INFO] [stderr]    Compiling ahash v0.8.12
[INFO] [stderr]    Compiling bitflags v2.11.1
[INFO] [stderr]    Compiling rustls v0.23.39
[INFO] [stderr]    Compiling try-lock v0.2.5
[INFO] [stderr]    Compiling http v1.4.0
[INFO] [stderr]    Compiling tower-service v0.3.3
[INFO] [stderr]    Compiling want v0.3.1
[INFO] [stderr]    Compiling tracing-core v0.1.36
[INFO] [stderr]    Compiling futures-channel v0.3.32
[INFO] [stderr]    Compiling num-traits v0.2.19
[INFO] [stderr]    Compiling futures-util v0.3.32
[INFO] [stderr]    Compiling atomic-waker v1.1.2
[INFO] [stderr]    Compiling zmij v1.0.21
[INFO] [stderr]    Compiling cfg_aliases v0.2.1
[INFO] [stderr]    Compiling subtle v2.6.1
[INFO] [stderr]    Compiling vcpkg v0.2.15
[INFO] [stderr]    Compiling pkg-config v0.3.33
[INFO] [stderr]    Compiling ring v0.17.14
[INFO] [stderr]    Compiling tracing v0.1.44
[INFO] [stderr]    Compiling nix v0.31.2
[INFO] [stderr]    Compiling form_urlencoded v1.2.2
[INFO] [stderr]    Compiling sync_wrapper v1.0.2
[INFO] [stderr]    Compiling equivalent v1.0.2
[INFO] [stderr]    Compiling hashbrown v0.17.0
[INFO] [stderr]    Compiling base64 v0.22.1
[INFO] [stderr]    Compiling getrandom v0.4.2
[INFO] [stderr]    Compiling serde_json v1.0.149
[INFO] [stderr]    Compiling siphasher v1.0.2
[INFO] [stderr]    Compiling ipnet v2.12.0
[INFO] [stderr]    Compiling tower-layer v0.3.3
[INFO] [stderr]    Compiling syn v2.0.117
[INFO] [stderr]    Compiling phf_shared v0.12.1
[INFO] [stderr]    Compiling webpki-roots v1.0.7
[INFO] [stderr]    Compiling thiserror v2.0.18
[INFO] [stderr]    Compiling toml_write v0.1.2
[INFO] [stderr]    Compiling chrono-tz v0.10.4
[INFO] [stderr]    Compiling iri-string v0.7.12
[INFO] [stderr]    Compiling libsqlite3-sys v0.28.0
[INFO] [stderr]    Compiling anyhow v1.0.102
[INFO] [stderr]    Compiling ryu v1.0.23
[INFO] [stderr]    Compiling winnow v0.7.15
[INFO] [stderr]    Compiling iana-time-zone v0.1.65
[INFO] [stderr]    Compiling phf v0.12.1
[INFO] [stderr]    Compiling http-body v1.0.1
[INFO] [stderr]    Compiling indexmap v2.14.0
[INFO] [stderr]    Compiling http-body-util v0.1.3
[INFO] [stderr]    Compiling chrono v0.4.44
[INFO] [stderr]    Compiling fallible-iterator v0.3.0
[INFO] [stderr]    Compiling log v0.4.29
[INFO] [stderr]    Compiling fallible-streaming-iterator v0.1.9
[INFO] [stderr]    Compiling synstructure v0.13.2
[INFO] [stderr]    Compiling zerofrom-derive v0.1.7
[INFO] [stderr]    Compiling yoke-derive v0.8.2
[INFO] [stderr]    Compiling zerovec-derive v0.11.3
[INFO] [stderr]    Compiling displaydoc v0.2.5
[INFO] [stderr]    Compiling serde_derive v1.0.228
[INFO] [stderr]    Compiling thiserror-impl v2.0.18
[INFO] [stderr]    Compiling mio v1.2.0
[INFO] [stderr]    Compiling socket2 v0.6.3
[INFO] [stderr]    Compiling getrandom v0.2.17
[INFO] [stderr]    Compiling hashbrown v0.14.5
[INFO] [stderr]    Compiling uuid v1.23.1
[INFO] [stderr]    Compiling zerofrom v0.1.7
[INFO] [stderr]    Compiling tokio v1.52.1
[INFO] [stderr]    Compiling hashlink v0.9.1
[INFO] [stderr]    Compiling yoke v0.8.2
[INFO] [stderr]    Compiling zerotrie v0.2.4
[INFO] [stderr]    Compiling ctrlc v3.5.2
[INFO] [stderr]    Compiling zerovec v0.11.6
[INFO] [stderr]    Compiling tinystr v0.8.3
[INFO] [stderr]    Compiling potential_utf v0.1.5
[INFO] [stderr]    Compiling icu_collections v2.2.0
[INFO] [stderr]    Compiling icu_locale_core v2.2.0
[INFO] [stderr]    Compiling serde_spanned v0.6.9
[INFO] [stderr]    Compiling toml_datetime v0.6.11
[INFO] [stderr]    Compiling serde_urlencoded v0.7.1
[INFO] [stderr]    Compiling toml_edit v0.22.27
[INFO] [stderr]    Compiling icu_provider v2.2.0
[INFO] [stderr]    Compiling icu_normalizer v2.2.0
[INFO] [stderr]    Compiling icu_properties v2.2.0
[INFO] [stderr]    Compiling hyper v1.9.0
[INFO] [stderr]    Compiling tower v0.5.3
[INFO] [stderr]    Compiling hyper-util v0.1.20
[INFO] [stderr]    Compiling idna_adapter v1.2.2
[INFO] [stderr]    Compiling tower-http v0.6.8
[INFO] [stderr]    Compiling idna v1.1.0
[INFO] [stderr]    Compiling url v2.5.8
[INFO] [stderr]    Compiling toml v0.8.23
[INFO] [stderr]    Compiling rustls-webpki v0.103.13
[INFO] [stderr]    Compiling tokio-rustls v0.26.4
[INFO] [stderr]    Compiling hyper-rustls v0.27.9
[INFO] [stderr]    Compiling reqwest v0.12.28
[INFO] [stderr]    Compiling rusqlite v0.31.0
[INFO] [stderr]    Compiling AMClaw v0.3.2 (/opt/rustwide/workdir)
[INFO] [stderr]     Finished `release` profile [optimized] target(s) in 2m 20s
[INFO] [stderr] warning: the following packages contain code that will be rejected by a future version of Rust: nix v0.31.2
[INFO] [stderr] note: to see what the problems were, use the option `--future-incompat-report`, or run `cargo report future-incompatibilities --id 1`
[INFO] running `Command { std: "docker" "inspect" "8f4d5a13e2ec85d6bc2db0186961266f749f4a8e23e1086f63cbe97f69606765", kill_on_drop: false }`
[INFO] running `Command { std: "docker" "exec" "-e" "SOURCE_DIR=/opt/rustwide/workdir" "-e" "CARGO_HOME=/opt/rustwide/cargo-home" "-e" "RUSTUP_HOME=/opt/rustwide/rustup-home" "-e" "CARGO_TARGET_DIR=/opt/rustwide/target" "-e" "CARGO_INCREMENTAL=0" "-e" "RUST_BACKTRACE=full" "-e" "RUSTFLAGS=--cap-lints=warn" "-e" "RUSTDOCFLAGS=--cap-lints=warn" "-w" "/opt/rustwide/workdir" "--user" "0:0" "8f4d5a13e2ec85d6bc2db0186961266f749f4a8e23e1086f63cbe97f69606765" "/opt/rustwide/cargo-home/bin/cargo" "+1.100.0-beta.1" "test" "--frozen" "--no-run" "--message-format=json" "--release", kill_on_drop: false }`
[INFO] [stderr]    Compiling AMClaw v0.3.2 (/opt/rustwide/workdir)
[INFO] [stderr]     Finished `release` profile [optimized] target(s) in 23.00s
[INFO] [stderr] warning: the following packages contain code that will be rejected by a future version of Rust: nix v0.31.2
[INFO] [stderr] note: to see what the problems were, use the option `--future-incompat-report`, or run `cargo report future-incompatibilities --id 1`
[INFO] running `Command { std: "docker" "inspect" "8f4d5a13e2ec85d6bc2db0186961266f749f4a8e23e1086f63cbe97f69606765", kill_on_drop: false }`
[INFO] running `Command { std: "docker" "exec" "-e" "SOURCE_DIR=/opt/rustwide/workdir" "-e" "CARGO_HOME=/opt/rustwide/cargo-home" "-e" "RUSTUP_HOME=/opt/rustwide/rustup-home" "-e" "CARGO_TARGET_DIR=/opt/rustwide/target" "-e" "CARGO_INCREMENTAL=0" "-e" "RUST_BACKTRACE=full" "-e" "RUSTFLAGS=--cap-lints=warn" "-e" "RUSTDOCFLAGS=--cap-lints=warn" "-w" "/opt/rustwide/workdir" "--user" "0:0" "8f4d5a13e2ec85d6bc2db0186961266f749f4a8e23e1086f63cbe97f69606765" "/opt/rustwide/cargo-home/bin/cargo" "+1.100.0-beta.1" "test" "--frozen" "--release", kill_on_drop: false }`
[INFO] [stderr]     Finished `release` profile [optimized] target(s) in 0.18s
[INFO] [stderr] warning: the following packages contain code that will be rejected by a future version of Rust: nix v0.31.2
[INFO] [stderr] note: to see what the problems were, use the option `--future-incompat-report`, or run `cargo report future-incompatibilities --id 1`
[INFO] [stderr]      Running unittests src/lib.rs (/opt/rustwide/target/release/build/AMClaw/4f7f1eff4f7f05bc/out/amclaw-4f7f1eff4f7f05bc)
[INFO] [stdout] 
[INFO] [stdout] running 501 tests
[INFO] [stdout] test agent_core::llm_client::tests::response_parses_usage_when_present ... ok
[INFO] [stdout] test agent_core::llm_fixture::tests::replay_consumes_exchanges_in_order_and_checks_match ... ok
[INFO] [stdout] test agent_core::llm_fixture::tests::record_appends_exchanges_and_preserves_scenario ... ok
[INFO] [stdout] test agent_core::tests::context_pack::context_assembler_includes_runtime_fields_and_observation ... ok
[INFO] [stdout] test agent_core::llm_fixture::tests::fixture_match_default_is_none ... ok
[INFO] [stdout] test agent_core::llm_client::tests::response_tolerates_partial_usage_fields ... ok
[INFO] [stdout] test agent_core::tests::context_pack::context_pack_exposes_section_metadata ... ok
[INFO] [stdout] test agent_core::llm_fixture::tests::load_fixture_rejects_empty_exchanges ... ok
[INFO] [stdout] test agent_core::llm_client::tests::response_tolerates_missing_usage ... ok
[INFO] [stdout] test agent_core::llm_fixture::tests::render_wire_body_roundtrips_through_openai_envelope ... ok
[INFO] [stdout] test agent_core::tests::context_pack::latest_observation_pre_trims_to_section_budget ... ok
[INFO] [stdout] test agent_core::llm_fixture::tests::replay_vars_substitute_match_and_content ... ok
[INFO] [stdout] test agent_core::tests::context_pack::previous_observations_skip_duplicate_summaries ... ok
[INFO] [stdout] test agent_core::tests::context_pack::session_text_compaction_supports_truncate_strategy ... ok
[INFO] [stdout] test agent_core::llm_fixture::tests::replay_match_drift_fails_loudly ... ok
[INFO] [stdout] test agent_core::tests::context_pack::session_text_section_uses_boundary_compaction_for_long_input ... ok
[INFO] [stdout] test agent_core::tests::context_pack::context_pack_records_trim_and_drop_reasons ... ok
[INFO] [stdout] test agent_core::tests::context_pack::context_pack_includes_previous_observation_summaries ... ok
[INFO] [stdout] test agent_core::tests::context_pack::session_text_section_keeps_full_text_for_short_input ... ok
[INFO] [stdout] test agent_core::tests::context_pack::trace_context_pack_fields_populated_on_budget_trim ... ok
[INFO] [stdout] test agent_core::tests::core_loop::agent_log_payload_keeps_contract_fields ... ok
[INFO] [stdout] test agent_core::tests::context_pack::trace_context_pack_fields_present_after_run ... ok
[INFO] [stdout] test agent_core::tests::context_pack::session_text_falls_back_to_strategy_when_state_is_low_signal ... ok
[INFO] [stdout] test agent_core::tests::core_loop::current_step_index_tracks_executor_progress ... ok
[INFO] [stdout] test agent_core::tests::core_loop::ask_user_failure_action_returns_user_message ... ok
[INFO] [stdout] test agent_core::tests::context_pack::session_text_two_stage_keeps_goal_constraints_and_user_words ... ok
[INFO] [stdout] test agent_core::tests::core_loop::current_step_replan_scope_preserves_done_prefix_and_tail ... ok
[INFO] [stdout] test agent_core::tests::core_loop::context_summary_contains_core_runtime_signals ... ok
[INFO] [stdout] test agent_core::tests::core_loop::failed_tool_marks_plan_step_failed ... ok
[INFO] [stdout] test agent_core::tests::core_loop::full_replan_scope_replaces_entire_plan ... ok
[INFO] [stdout] test agent_core::tests::core_loop::fatal_tool_error_aborts_run ... ok
[INFO] [stdout] test agent_core::tests::core_loop::invalid_command_returns_error ... ok
[INFO] [stdout] test agent_core::tests::core_loop::loop_create_then_read ... ok
[INFO] [stdout] test agent_core::tests::core_loop::prefix_command_is_supported ... ok
[INFO] [stdout] test agent_core::tests::core_loop::plan_step_statuses_are_tracked_in_trace ... ok
[INFO] [stdout] test agent_core::tests::core_loop::replan_budget_exhaustion_turns_into_ask_user ... ok
[INFO] [stdout] test agent_core::tests::core_loop::one_step_is_not_enough_for_tool_then_finalize ... ok
[INFO] [stdout] test agent_core::tests::core_loop::run_context_builder_keeps_optional_fields ... ok
[INFO] [stdout] test agent_core::tests::core_loop::repeated_respond_to_model_error_escalates_to_ask_user ... ok
[INFO] [stdout] test agent_core::tests::core_loop::remaining_plan_replan_scope_replaces_remaining_steps ... ok
[INFO] [stdout] test agent_core::tests::core_loop::respond_to_model_tool_error_feeds_back_and_turn_continues ... ok
[INFO] [stdout] test agent_core::tests::core_loop::stalled_trajectory_escalates_to_full_replan_then_ask_user ... ok
[INFO] [stdout] test agent_core::tests::core_loop::scripted_planner_supports_multi_step_tool_loop ... ok
[INFO] [stdout] test agent_core::tests::llm_plan::llm_plan_business_tools_are_supported ... ok
[INFO] [stdout] test agent_core::tests::llm_plan::llm_plan_json_is_supported ... ok
[INFO] [stdout] test agent_core::tests::llm_plan::llm_plan_markdown_json_is_supported ... ok
[INFO] [stdout] test agent_core::tests::llm_plan::llm_plan_with_expected_observation_is_supported ... ok
[INFO] [stdout] test agent_core::tests::llm_plan::llm_plan_with_plan_steps_and_progress_is_supported ... ok
[INFO] [stdout] test agent_core::tests::llm_plan::map_llm_plan_requires_path_for_read ... ok
[INFO] [stdout] test agent_core::tests::core_loop::successful_tool_can_fail_done_rule_validation ... ok
[INFO] [stdout] test agent_core::tests::llm_plan::validate_expected_observation_checks_expected_fields ... ok
[INFO] [stdout] test agent_core::tests::core_loop::unfinished_plan_final_triggers_trajectory_drift_replan ... ok
[INFO] [stdout] test agent_core::tests::budget::tokens_writeback_is_noop_without_task_or_zero_tokens ... ok
[INFO] [stdout] test agent_core::tests::budget::budget_headroom_rejects_exceeded_task ... ok
[INFO] [stdout] test agent_core::tests::context_pack::preview_context_renders_budget_and_sections ... ok
[INFO] [stdout] test agent_core::tests::memory_context::env_failure_classification_matches_taxonomy_l1 ... ok
[INFO] [stdout] test agent_core::tests::budget::run_with_exhausted_task_budget_bails_before_any_step ... ok
[INFO] [stdout] test agent_core::tests::budget::run_with_task_budget_headroom_executes_normally ... ok
[INFO] [stdout] test agent_core::tests::context_pack::preview_context_respects_agent_config_summary_strategy ... ok
[INFO] [stdout] test agent_core::tests::budget::budget_headroom_allows_run_without_budget_or_task ... ok
[INFO] [stdout] test agent_core::tests::context_pack::preview_context_verbose_includes_section_content_and_memory_drop_details ... ok
[INFO] [stdout] test agent_core::tests::context_pack::business_context_snapshot_reads_current_and_recent_tasks ... ok
[INFO] [stdout] test agent_core::tests::context_pack::context_assembler_includes_business_context_sections ... ok
[INFO] [stdout] test agent_core::tests::memory_context::ask_user_escalation_persists_lesson ... ok
[INFO] [stdout] test agent_core::tests::memory_context::auth_failure_lesson_is_filtered ... ok
[INFO] [stdout] test agent_core::tests::memory_context::project_session_state_to_trace_projects_dropped_details ... ok
[INFO] [stdout] test agent_core::tests::memory_context::ask_user_escalation_filters_env_auth ... ok
[INFO] [stdout] test agent_core::tests::memory_context::ask_user_escalation_dedups_repeated ... ok
[INFO] [stdout] test agent_core::tests::core_loop::low_value_observation_triggers_replan ... ok
[INFO] [stdout] test agent_core::tests::budget::tokens_writeback_accumulates_into_task ... ok
[INFO] [stdout] test agent_core::tests::memory_context::failure_lesson_dedups_repeated_failure ... ok
[INFO] [stdout] test agent_core::tests::memory_context::failure_lesson_skips_when_context_missing ... ok
[INFO] [stdout] test agent_core::tests::memory_context::failure_lesson_low_signal_is_gated ... ok
[INFO] [stdout] test agent_core::tests::memory_context::failure_lesson_is_persisted_as_lesson_memory ... ok
[INFO] [stdout] test agent_core::tests::recovery::low_value_observation_replan_then_ask_user ... ok
[INFO] [stdout] test agent_core::tests::recovery::recovery_loop_guard_prevents_infinite_escalation ... ok
[INFO] [stdout] test agent_core::tests::recovery::trace_records_recovery_attempt_action_outcome ... ok
[INFO] [stdout] test agent_core::tests::recovery::transient_failure_is_classified_as_retry_step ... ok
[INFO] [stdout] test agent_core::tests::recovery::transient_failure_retry_then_replan ... ok
[INFO] [stdout] test agent_core::tests::recovery::typed_fatal_tool_error_maps_to_irrecoverable_abort ... ok
[INFO] [stdout] test agent_core::tests::recovery::typed_respond_to_model_tool_error_maps_to_semantic_replan ... ok
[INFO] [stdout] test agent_core::tests::memory_context::business_context_snapshot_reads_user_memories ... ok
[INFO] [stdout] test agent_core::tests::memory_context::memory_feedback_retrieved_and_injected_are_recorded ... ok
[INFO] [stdout] test agent_core::tests::replay_scenarios::replay_exhaustion_fails_loudly_without_fallback ... ok
[INFO] [stdout] test agent_core::tests::memory_context::memory_no_user_id_degrades_gracefully ... ok
[INFO] [stdout] test agent_core::tests::memory_context::memory_budget_trimming_for_typed_memories ... ok
[INFO] [stdout] test agent_core::tests::memory_context::memory_user_isolation_prevents_cross_user_leak ... ok
[INFO] [stdout] test agent_core::tests::replay_scenarios::replay_match_drift_fails_loudly_without_fallback ... ok
[INFO] [stdout] test agent_core::tests::retriever_selection::invalid_retriever_mode_fails_explicitly ... ok
[INFO] [stdout] test agent_core::tests::memory_context::memory_budget_trimming_removes_excess ... ok
[INFO] [stdout] test agent_core::tests::memory_context::session_state_multi_turn_isolation ... ok
[INFO] [stdout] test agent_core::tests::memory_context::session_state_single_item_too_long_marks_dropped ... ok
[INFO] [stdout] test agent_core::tests::memory_context::memory_v1_types_are_injected_with_labels ... ok
[INFO] [stdout] test agent_core::tests::memory_context::session_state_dedup_marks_dropped ... ok
[INFO] [stdout] test agent_core::tests::memory_context::stale_memory_is_demoted_in_context_snapshot ... ok
[INFO] [stdout] test agent_core::tests::memory_context::session_state_trim_marks_budget_exceeded ... ok
[INFO] [stdout] test agent_core::tests::memory_context::transport_failure_lesson_is_filtered ... ok
[INFO] [stdout] test agent_core::tests::memory_context::suppressed_typed_memory_not_injected ... ok
[INFO] [stdout] test agent_core::tests::memory_context::trace_contains_typed_memory_observability_fields ... ok
[INFO] [stdout] test agent_core::tests::session_state::derive_runtime_session_state_merges_persistent_and_runtime ... ok
[INFO] [stdout] test agent_core::tests::session_state::merge_string_arrays_dedup_still_works_with_reserve ... ok
[INFO] [stdout] test agent_core::tests::session_state::merge_string_arrays_deduplicates_and_caps_length ... ok
[INFO] [stdout] test agent_core::tests::session_state::merge_string_arrays_is_case_insensitive_dedup ... ok
[INFO] [stdout] test agent_core::tests::session_state::merge_string_arrays_runtime_signal_is_reserved_when_capacity_full ... ok
[INFO] [stdout] test agent_core::tests::session_state::run_with_context_returns_runtime_session_state ... ok
[INFO] [stdout] test agent_core::tests::session_state::session_state_low_signal_only_for_runtime_default_goal ... ok
[INFO] [stdout] test agent_core::tests::session_state::session_state_persistent_fallback_goal_is_not_low_signal ... ok
[INFO] [stdout] test agent_core::tests::retriever_selection::agent_core_uses_retriever_trait_not_store_directly ... ok
[INFO] [stdout] test agent_core::tests::session_state::session_state_persistent_goal_not_filtered_even_if_template_like_text ... ok
[INFO] [stdout] test agent_core::tests::session_state::session_state_v2_all_slots_injected_into_prompt ... ok
[INFO] [stdout] test agent_core::tests::session_state::trace_contains_session_state_observability_fields ... ok
[INFO] [stdout] test agent_core::tests::trace_persistence::agent_run_writes_trace_file ... ok
[INFO] [stdout] test agent_core::tests::retriever_selection::hybrid_mode_returns_hybrid_retriever_with_fallback ... ok
[INFO] [stdout] test agent_core::tests::replay_scenarios::memory_write_then_query_replays_end_to_end ... ok
[INFO] [stdout] test agent_core::tests::trace_persistence::daily_index_markdown_is_generated ... ok
[INFO] [stdout] test agent_core::tests::trace_persistence::agent_run_with_context_writes_upstream_metadata ... ok
[INFO] [stdout] test agent_core::tests::retriever_selection::rollout_allowlist_hit_shadow_uses_primary ... ok
[INFO] [stdout] test agent_core::tests::trace_persistence::persist_twice_appends_index_without_overwrite ... ok
[INFO] [stdout] test agent_core::tests::trace_persistence::trace_index_backcompat_missing_injected_alias_fields_defaults_to_zero ... ok
[INFO] [stdout] test agent_core::tests::trace_persistence::trace_index_backcompat_missing_memory_dropped_defaults_to_empty ... ok
[INFO] [stdout] test agent_core::tests::trace_persistence::trace_markdown_skips_context_pack_sections_when_absent ... ok
[INFO] [stdout] test agent_core::tests::trace_persistence::trace_json_roundtrip_contains_memory_dropped_details ... ok
[INFO] [stdout] test agent_core::tests::trace_persistence::trace_markdown_renders_context_pack_sections ... ok
[INFO] [stdout] test chat_adapter::tests::ambiguous_task_id_reply_lists_short_id_and_url ... ok
[INFO] [stdout] test agent_core::tests::trace_persistence::trace_markdown_renders_memory_dropped_details ... ok
[INFO] [stdout] test agent_core::tests::trace_persistence::write_daily_index_markdown_skips_invalid_lines ... ok
[INFO] [stdout] test agent_core::tests::replay_scenarios::link_submission_progression_replays_end_to_end ... ok
[INFO] [stdout] test agent_core::tests::retriever_selection::rollout_disabled_semantic_fallback_to_rule ... ok
[INFO] [stdout] test chat_adapter::tests::chat_log_payload_keeps_contract_fields ... ok
[INFO] [stdout] test agent_core::tests::retriever_selection::rule_mode_returns_rule_retriever_directly ... ok
[INFO] [stdout] test agent_core::tests::retriever_selection::retrieval_observability_fields_present_in_trace ... ok
[INFO] [stdout] test agent_core::tests::retriever_selection::preview_context_does_not_apply_memory_feedback ... ok
[INFO] [stdout] test agent_core::tests::retriever_selection::legacy_flow_no_regression_with_default_rule_retriever ... ok
[INFO] [stdout] test agent_core::tests::retriever_selection::rollout_allowlist_miss_hybrid_fallback_to_rule ... ok
[INFO] [stdout] test agent_core::tests::replay_scenarios::task_status_query_replays_end_to_end ... ok
[INFO] [stdout] test agent_core::tests::retriever_selection::memory_feedback_applied_once_per_run ... ok
[INFO] [stdout] test agent_core::tests::retriever_selection::semantic_mode_falls_back_to_rule_with_fallback_name ... ok
[INFO] [stdout] test agent_core::tests::retriever_selection::shadow_mode_returns_shadow_retriever_with_rule_output ... ok
[INFO] [stdout] test chat_adapter::tests::auto_memory_topic_text_typed_as_project_fact ... ok
[INFO] [stdout] test chat_adapter::tests::auto_memory_low_signal_candidate_is_gated ... ok
[INFO] [stdout] test chat_adapter::tests::low_signal_runtime_state_does_not_overwrite_persistent ... ok
[INFO] [stdout] test chat_adapter::tests::auto_memory_preference_text_typed_as_user_preference ... ok
[INFO] [stdout] test chat_adapter::tests::auto_memory_retyped_candidate_promotes_legacy_auto ... ok
[INFO] [stdout] test chat_adapter::tests::daily_report_query_generates_only_when_snapshot_for_requested_day_missing ... ok
[INFO] [stdout] test chat_adapter::tests::daily_report_query_builds_reply ... ok
[INFO] [stdout] test chat_adapter::tests::auto_memory_is_extracted_from_chat_text ... ok
[INFO] [stdout] test chat_adapter::tests::context_debug_does_not_corrupt_persistent_state ... ok
[INFO] [stdout] test chat_adapter::tests::context_debug_query_keeps_pending_session_intact ... ok
[INFO] [stdout] test chat_adapter::tests::daily_report_query_prefers_existing_snapshot ... ok
[INFO] [stdout] test chat_adapter::tests::remaining_chunks_after_failure_returns_one_based_tail ... ok
[INFO] [stdout] test chat_adapter::tests::empty_text_is_not_persisted ... ok
[INFO] [stdout] test chat_adapter::tests::runtime_session_state_merge_is_conservative ... ok
[INFO] [stdout] test chat_adapter::tests::runtime_session_state_merge_returns_false_when_equivalent ... ok
[INFO] [stdout] test chat_adapter::tests::duplicate_link_messages_do_not_create_second_article_or_task ... ok
[INFO] [stdout] test chat_adapter::tests::duplicate_message_is_ignored_by_handle_message ... ok
[INFO] [stdout] test chat_adapter::tests::flush_expired_sessions_deletes_persisted_state ... ok
[INFO] [stdout] test chat_adapter::tests::link_message_creates_article_and_task ... ok
[INFO] [stdout] test chat_adapter::tests::handle_message_persists_inbound_text ... ok
[INFO] [stdout] test chat_adapter::tests::manual_archive_rejected_reply_includes_current_status ... ok
[INFO] [stdout] test chat_adapter::tests::mark_seen_store_error_is_fail_closed ... ok
[INFO] [stdout] test chat_adapter::tests::should_send_processing_ack_threshold_behavior ... ok
[INFO] [stdout] test chat_adapter::tests::no_session_state_does_not_panic ... ok
[INFO] [stdout] test chat_adapter::tests::split_reply_into_chunks_long_text_multi_chunks ... ok
[INFO] [stdout] test chat_adapter::tests::split_reply_into_chunks_preserves_full_content_when_joined ... ok
[INFO] [stdout] test chat_adapter::tests::split_reply_into_chunks_short_text_single_chunk ... ok
[INFO] [stdout] test chat_adapter::tests::split_reply_into_chunks_zero_budget_does_not_loop ... ok
[INFO] [stdout] test chat_adapter::tests::persisted_session_is_restored_on_bot_startup ... ok
[INFO] [stdout] test chat_adapter::tests::manual_tasks_query_does_not_create_new_tasks ... ok
[INFO] [stdout] test chat_adapter::tests::manual_content_submission_archives_task ... ok
[INFO] [stdout] test chat_adapter::tests::recent_tasks_query_does_not_create_new_tasks ... ok
[INFO] [stdout] test chat_adapter::tests::pending_chat_session_is_persisted ... ok
[INFO] [stdout] test chat_adapter::tests::send_generated_reply_writes_trace_with_chat_context ... ok
[INFO] [stdout] test chat_adapter::tests::pending_link_task_is_consumed ... ok
[INFO] [stdout] test chat_adapter::tests::scheduled_push_partial_failure_persists_remaining_chunks ... ok
[INFO] [stdout] test chat_adapter::tests::retry_command_processes_task_immediately ... ok
[INFO] [stdout] test chat_adapter::tests::session_state_is_written_on_flush ... ok
[INFO] [stdout] test chat_adapter::tests::session_state_is_loaded_and_injected_into_agent_context ... ok
[INFO] [stdout] test chat_adapter::tests::session_state_v2_fields_written_on_flush ... ok
[INFO] [stdout] test chat_adapter::tests::session_state_user_isolation_in_chat_adapter ... ok
[INFO] [stdout] test command_router::tests::bang_bang_suffix_becomes_commit ... ok
[INFO] [stdout] test command_router::tests::bare_commit_marker_is_ignored ... ok
[INFO] [stdout] test command_router::tests::bare_continue_marker_is_ignored ... ok
[INFO] [stdout] test command_router::tests::bare_domain_becomes_link_submission ... ok
[INFO] [stdout] test command_router::tests::bare_domain_with_path_becomes_link_submission ... ok
[INFO] [stdout] test command_router::tests::daily_report_command_is_supported ... ok
[INFO] [stdout] test chat_adapter::tests::session_state_updated_at_is_refreshed_after_agent_run ... ok
[INFO] [stdout] test command_router::tests::dot_dot_suffix_becomes_continue ... ok
[INFO] [stdout] test command_router::tests::duplicate_urls_are_deduplicated ... ok
[INFO] [stdout] test command_router::tests::email_like_text_is_not_treated_as_link ... ok
[INFO] [stdout] test command_router::tests::empty_text_is_ignored ... ok
[INFO] [stdout] test command_router::tests::english_status_command_is_supported ... ok
[INFO] [stdout] test command_router::tests::manual_content_submission_is_supported ... ok
[INFO] [stdout] test command_router::tests::manual_tasks_command_is_supported ... ok
[INFO] [stdout] test command_router::tests::plain_text_becomes_pending ... ok
[INFO] [stdout] test command_router::tests::mixed_text_with_url_becomes_link_submission ... ok
[INFO] [stdout] test command_router::tests::recent_tasks_command_is_supported ... ok
[INFO] [stdout] test command_router::tests::retry_command_becomes_task_retry ... ok
[INFO] [stdout] test command_router::tests::status_command_becomes_task_query ... ok
[INFO] [stdout] test command_router::tests::trailing_punctuation_is_removed_from_url ... ok
[INFO] [stdout] test command_router::tests::surrounding_whitespace_is_trimmed ... ok
[INFO] [stdout] test command_router::tests::url_becomes_link_submission ... ok
[INFO] [stdout] test command_router::tests::user_memory_commands_are_supported ... ok
[INFO] [stdout] test command_router::tests::user_memory_suppress_commands_are_supported ... ok
[INFO] [stdout] test command_router::tests::weekly_report_command_is_supported ... ok
[INFO] [stdout] test config::tests::default_retriever_mode_is_rule ... ok
[INFO] [stdout] test config::tests::invalid_toml_returns_error ... ok
[INFO] [stdout] test config::tests::relative_storage_root_is_resolved_against_config_dir ... ok
[INFO] [stdout] test config::tests::missing_config_is_created_with_defaults ... ok
[INFO] [stdout] test context_pack::tests::context_pack_builds_with_sections ... ok
[INFO] [stdout] test context_pack::tests::context_pack_drop_reasons_on_budget_exceeded ... ok
[INFO] [stdout] test context_pack::tests::context_pack_trim_records_reason ... ok
[INFO] [stdout] test context_pack::tests::section_access_by_kind ... ok
[INFO] [stdout] test context_pack::tests::context_pack_no_state_degradation ... ok
[INFO] [stdout] test chat_adapter::tests::snapshot_reply_truncates_with_parsed_archived_count ... ok
[INFO] [stdout] test context_pack::tests::section_usage_marks_trimmed_sections ... ok
[INFO] [stdout] test chat_adapter::tests::status_query_does_not_create_article_or_task ... ok
[INFO] [stdout] test context_pack::tests::section_usage_projects_content_kind_and_budget ... ok
[INFO] [stdout] test context_pack::tests::section_usage_marks_dropped_sections_with_zero_chars ... ok
[INFO] [stdout] test logging::tests::structured_log_payload_has_core_fields_and_drops_nulls ... ok
[INFO] [stdout] test context_pack::tests::tie_break_drops_smaller_section_first ... ok
[INFO] [stdout] test context_pack::tests::snapshot_serializes_content_kind_key ... ok
[INFO] [stdout] test mode_policy::tests::restricted_denies_127_0_0_1 ... ok
[INFO] [stdout] test mode_policy::tests::restricted_allows_172_32 ... ok
[INFO] [stdout] test mode_policy::tests::restricted_allows_public_url ... ok
[INFO] [stdout] test mode_policy::tests::restricted_denies_localhost_url ... ok
[INFO] [stdout] test mode_policy::tests::restricted_denies_172_16 ... ok
[INFO] [stdout] test mode_policy::tests::restricted_denies_file_protocol ... ok
[INFO] [stdout] test pipeline::tests::decode_entities_converts_common ... ok
[INFO] [stdout] test mode_policy::tests::restricted_denies_ipv6_loopback ... ok
[INFO] [stdout] test pipeline::tests::decode_entities_supports_numeric_decimal_and_hex ... ok
[INFO] [stdout] test pipeline::tests::empty_pre_block_behavior ... ok
[INFO] [stdout] test pipeline::tests::browser_capture_response_paths_must_match_request ... ok
[INFO] [stdout] test pipeline::tests::decode_entities_preserves_unknown_entity ... ok
[INFO] [stdout] test pipeline::tests::html_fragment_to_markdown_preserves_code_block ... ok
[INFO] [stdout] test pipeline::tests::browser_capture_archive_uses_extracted_body ... ok
[INFO] [stdout] test pipeline::tests::http_archive_extracts_generic_article_body ... ok
[INFO] [stdout] test pipeline::tests::http_redirect_to_private_target_is_rejected ... ok
[INFO] [stdout] test pipeline::tests::page_kind_article_keeps_existing_logic ... ok
[INFO] [stdout] test pipeline::tests::page_kind_error_page_chinese ... ok
[INFO] [stdout] test pipeline::tests::page_kind_error_page_detected_without_primary_body ... ok
[INFO] [stdout] test pipeline::tests::non_wechat_urls_allow_http_redirects ... ok
[INFO] [stdout] test pipeline::tests::page_kind_error_page_short_with_error_title ... ok
[INFO] [stdout] test pipeline::tests::page_kind_index_like_many_links_little_prose ... ok
[INFO] [stdout] test pipeline::tests::page_kind_index_like_many_list_items ... ok
[INFO] [stdout] test pipeline::tests::page_kind_long_article_about_404_not_classified_as_error ... ok
[INFO] [stdout] test pipeline::tests::page_kind_link_post_short_with_link ... ok
[INFO] [stdout] test pipeline::tests::page_kind_webpage_fallback ... ok
[INFO] [stdout] test pipeline::tests::pre_block_converts_to_code_fence ... ok
[INFO] [stdout] test pipeline::tests::pre_block_preserves_indentation ... ok
[INFO] [stdout] test pipeline::tests::pre_block_wechat_code_snippets ... ok
[INFO] [stdout] test pipeline::tests::pipeline_log_payload_keeps_contract_fields ... ok
[INFO] [stdout] test pipeline::tests::pre_block_with_whitespace_attrs ... ok
[INFO] [stdout] test pipeline::tests::primary_body_extracts_wechat_title_and_content ... ok
[INFO] [stdout] test chat_adapter::tests::task_status_reply_shows_short_and_full_task_id ... ok
[INFO] [stdout] test pipeline::tests::primary_body_keeps_links_and_images_with_single_quoted_attrs ... ok
[INFO] [stdout] test pipeline::tests::redirected_wechat_error_page_is_detected_by_final_url ... ok
[INFO] [stdout] test pipeline::tests::http_archive_includes_summary_section ... ok
[INFO] [stdout] test pipeline::tests::manual_content_creates_archive ... ok
[INFO] [stdout] test pipeline::tests::primary_body_keeps_links_and_images ... ok
[INFO] [stdout] test pipeline::tests::restore_code_placeholders_ignores_user_text_collision ... ok
[INFO] [stdout] test pipeline::tests::rule_summary_generates_from_title_and_paragraphs ... ok
[INFO] [stdout] test pipeline::tests::rule_summary_filters_navigation_text ... ok
[INFO] [stdout] test pipeline::tests::rule_summary_returns_none_for_empty_input ... ok
[INFO] [stdout] test pipeline::tests::title_extraction_handles_missing_title ... ok
[INFO] [stdout] test pipeline::tests::rule_summary_skips_short_paragraphs ... ok
[INFO] [stdout] test pipeline::tests::wechat_captcha_redirect_is_rejected ... ok
[INFO] [stdout] test pipeline::tests::strip_html_tags_removes_all_tags ... ok
[INFO] [stdout] test pipeline::tests::wechat_urls_keep_redirect_guard ... ok
[INFO] [stdout] test pipeline::tests::wechat_error_page_is_rejected ... ok
[INFO] [stdout] test pipeline::tests::wechat_domain_prefers_browser_capture ... ok
[INFO] [stdout] test pipeline::tests::processing_pending_task_creates_markdown_file ... ok
[INFO] [stdout] test chat_adapter::tests::user_memory_commands_write_and_read_back ... ok
[INFO] [stdout] test chat_adapter::tests::task_status_can_reflect_awaiting_manual_input ... ok
[INFO] [stdout] test chat_adapter::tests::status_query_after_link_keeps_single_task ... ok
[INFO] [stdout] test chat_adapter::tests::user_memory_suppress_command_cannot_remove_other_users_memory ... ok
[INFO] [stdout] test retriever::cached_embedding::tests::cached_provider_empty_batch ... ok
[INFO] [stdout] test chat_adapter::tests::task_status_reply_shows_budget_fields_and_blocked_hint ... ok
[INFO] [stdout] test retriever::cached_embedding::tests::cached_provider_model_name_returns_inner ... ok
[INFO] [stdout] test chat_adapter::tests::user_memory_useful_command_cannot_mark_other_users_memory ... ok
[INFO] [stdout] test chat_adapter::tests::user_memory_suppress_command_removes_from_list ... ok
[INFO] [stdout] test chat_adapter::tests::weekly_report_query_builds_reply ... ok
[INFO] [stdout] test chat_adapter::tests::user_memory_promoted_short_non_ascii_id_safe_preview ... ok
[INFO] [stdout] test chat_adapter::tests::user_memory_useful_command_marks_memory_useful ... ok
[INFO] [stdout] test retriever::embedding::tests::create_provider_deepseek_without_env_fails ... ok
[INFO] [stdout] test retriever::embedding::tests::create_provider_moonshot_without_env_fails ... ok
[INFO] [stdout] test retriever::embedding::tests::create_provider_noop_works ... ok
[INFO] [stdout] test retriever::embedding::tests::create_provider_unknown_fails ... ok
[INFO] [stdout] test retriever::embedding::tests::embedding_response_parsing ... ok
[INFO] [stdout] test retriever::embedding::tests::noop_embed_documents_returns_explicit_error ... ok
[INFO] [stdout] test retriever::embedding::tests::noop_embed_query_returns_explicit_error ... ok
[INFO] [stdout] test retriever::embedding::tests::noop_provider_has_stable_model_name ... ok
[INFO] [stdout] test retriever::guarded::tests::guarded_disabled_uses_fallback ... ok
[INFO] [stdout] test retriever::guarded::tests::guarded_enabled_empty_allowlist_allows_all ... ok
[INFO] [stdout] test retriever::guarded::tests::guarded_enabled_with_allowlist_hit_uses_primary ... ok
[INFO] [stdout] test retriever::guarded::tests::guarded_enabled_with_allowlist_miss_uses_fallback ... ok
[INFO] [stdout] test retriever::guarded::tests::guarded_fallback_only_always_uses_fallback ... ok
[INFO] [stdout] test chat_adapter::tests::weekly_report_query_prefers_existing_snapshot ... ok
[INFO] [stdout] test reporter::tests::report_path_helpers_match_generated_markdown_paths ... ok
[INFO] [stdout] test reporter::tests::daily_report_is_generated_for_archived_tasks ... ok
[INFO] [stdout] test reporter::tests::weekly_report_is_generated_for_archived_tasks ... ok
[INFO] [stdout] test reporter::tests::daily_report_includes_summary_when_available ... ok
[INFO] [stdout] test retriever::cached_embedding::tests::cached_provider_batch_survives_db_missing ... FAILED
[INFO] [stdout] test retriever::cached_embedding::tests::cached_provider_batch_partial_hit ... ok
[INFO] [stdout] test retriever::cached_embedding::tests::task_store_embedding_cache_clear ... ok
[INFO] [stdout] test retriever::cached_embedding::tests::task_store_embedding_cache_stats ... ok
[INFO] [stdout] test retriever::cached_embedding::tests::task_store_embedding_cache_batch_roundtrip ... ok
[INFO] [stdout] test retriever::cached_embedding::tests::task_store_embedding_cache_roundtrip ... ok
[INFO] [stdout] test retriever::cached_embedding::tests::cached_provider_miss_then_hit ... ok
[INFO] [stdout] test reporter::tests::utc_storage_with_local_timezone_boundary_is_correct ... ok
[INFO] [stdout] test retriever::cached_embedding::tests::cached_provider_survives_db_missing ... ok
[INFO] [stdout] test retriever::hybrid::tests::hybrid_retriever_basic_flow ... ok
[INFO] [stdout] test retriever::hybrid::tests::hybrid_retriever_custom_alpha ... ok
[INFO] [stdout] test retriever::hybrid::tests::hybrid_retriever_custom_name ... ok
[INFO] [stdout] test retriever::hybrid::tests::hybrid_retriever_empty_result_for_unknown_user ... ok
[INFO] [stdout] test retriever::hybrid::tests::hybrid_retriever_fallback_on_embedding_error ... ok
[INFO] [stdout] test retriever::hybrid::tests::hybrid_retriever_fallback_on_empty_query_text ... ok
[INFO] [stdout] test retriever::semantic_common::tests::cosine_similarity_different_dimensions ... ok
[INFO] [stdout] test retriever::semantic_common::tests::cosine_similarity_identical_vectors ... ok
[INFO] [stdout] test retriever::semantic_common::tests::cosine_similarity_opposite_vectors ... ok
[INFO] [stdout] test retriever::semantic_common::tests::cosine_similarity_orthogonal_vectors ... ok
[INFO] [stdout] test retriever::semantic_common::tests::cosine_similarity_zero_vector ... ok
[INFO] [stdout] test retriever::semantic_common::tests::fallback_to_rule_fills_unified_metadata ... ok
[INFO] [stdout] test retriever::rule::tests::retrieve_result_contains_retriever_name_and_counts ... ok
[INFO] [stdout] test retriever::semantic_common::tests::fallback_to_rule_keeps_existing_embedding_model ... ok
[INFO] [stdout] test retriever::semantic_common::tests::fallback_to_rule_respects_limit ... ok
[INFO] [stdout] test retriever::rule::tests::rule_retriever_custom_name ... ok
[INFO] [stdout] test retriever::rule::tests::rule_retriever_empty_result_for_unknown_user ... ok
[INFO] [stdout] test retriever::rule::tests::rule_retriever_returns_metadata_with_memory_type_and_priority ... ok
[INFO] [stdout] test retriever::rule::tests::rule_retriever_user_isolation ... ok
[INFO] [stdout] test retriever::rule::tests::rule_retriever_returns_same_order_as_task_store_search ... ok
[INFO] [stdout] test retriever::hybrid::tests::hybrid_retriever_respects_limit ... ok
[INFO] [stdout] test retriever::semantic::tests::semantic_fallback_metadata_matches_hybrid_fallback ... ok
[INFO] [stdout] test scheduler::tests::daily_run_time_is_parsed ... ok
[INFO] [stdout] test scheduler::tests::daily_report_schedule_is_built_from_config ... ok
[INFO] [stdout] test scheduler::tests::invalid_daily_run_time_is_rejected ... ok
[INFO] [stdout] test scheduler::tests::schedule_is_built_without_push_target ... ok
[INFO] [stdout] test scheduler::tests::schedule_is_none_when_scheduler_disabled ... ok
[INFO] [stdout] test scheduler::tests::scheduler_watchdog_detects_panic ... ok
[INFO] [stdout] test scheduler::tests::should_run_only_after_scheduled_time_and_once_per_day ... ok
[INFO] [stdout] test scheduler::tests::should_run_weekly_after_target_weekday_and_once_per_week ... ok
[INFO] [stdout] test scheduler::tests::weekly_report_schedule_is_built_from_config ... ok
[INFO] [stdout] test session_router::tests::commit_flushes_buffered_messages ... ok
[INFO] [stdout] test session_router::tests::continue_does_not_flush_immediately ... ok
[INFO] [stdout] test session_router::tests::expired_session_is_flushed ... ok
[INFO] [stdout] test session_router::tests::flushed_session_is_removed ... ok
[INFO] [stdout] test session_router::tests::message_ids_are_preserved_when_flushing ... ok
[INFO] [stdout] test session_router::tests::next_flush_delay_tracks_soonest_session ... ok
[INFO] [stdout] test session_router::tests::pending_messages_do_not_flush_immediately ... ok
[INFO] [stdout] test session_router::tests::restore_session_allows_timeout_flush ... ok
[INFO] [stdout] test session_router::tests::session_snapshot_reflects_buffered_state ... ok
[INFO] [stdout] test session_router::tests::users_are_isolated ... ok
[INFO] [stdout] test retriever::semantic::tests::semantic_retriever_empty_result_for_unknown_user ... ok
[INFO] [stdout] test session_summary::tests::build_session_text_ignores_digest_for_short_input ... ok
[INFO] [stdout] test session_summary::tests::build_session_text_uses_boundary_for_long_input ... ok
[INFO] [stdout] test session_summary::tests::build_session_text_uses_full_for_short_input ... ok
[INFO] [stdout] test session_summary::tests::render_state_digest_summary_admits_by_priority_within_budget ... ok
[INFO] [stdout] test session_summary::tests::select_recent_user_messages_keeps_newest_within_budget ... ok
[INFO] [stdout] test session_summary::tests::semantic_summary_keeps_keywords_and_last_segment ... ok
[INFO] [stdout] test session_summary::tests::select_recent_user_messages_always_keeps_newest_line ... ok
[INFO] [stdout] test session_summary::tests::truncate_summary_adds_notice ... ok
[INFO] [stdout] test session_summary::tests::two_stage_falls_back_when_digest_empty ... ok
[INFO] [stdout] test retriever::semantic::tests::semantic_retriever_basic_flow ... ok
[INFO] [stdout] test session_summary::tests::two_stage_keeps_state_skeleton_and_user_originals ... ok
[INFO] [stdout] test scheduler::tests::scheduler_watchdog_ignores_normal_shutdown ... ok
[INFO] [stdout] test retriever::semantic::tests::semantic_retriever_custom_name ... ok
[INFO] [stdout] test retriever::semantic::tests::semantic_retriever_fallback_on_embedding_error ... ok
[INFO] [stdout] test retriever::semantic::tests::semantic_retriever_fallback_on_empty_query_text ... ok
[INFO] [stdout] test retriever::shadow::tests::shadow_empty_result_for_unknown_user ... ok
[INFO] [stdout] test retriever::shadow::tests::shadow_returns_rule_result_even_with_hybrid ... ok
[INFO] [stdout] test retriever::shadow::tests::shadow_retrieve_non_blocking ... ok
[INFO] [stdout] test retriever::shadow::tests::shadow_matches_rule_output ... ok
[INFO] [stdout] test retriever::shadow::tests::shadow_custom_name ... ok
[INFO] [stdout] test retriever::semantic::tests::semantic_retriever_respects_limit ... ok
[INFO] [stdout] test retriever::shadow::tests::shadow_skips_hybrid_when_query_text_empty ... ok
[INFO] [stdout] test retriever::shadow::tests::shadow_without_hybrid_works_like_rule ... ok
[INFO] [stdout] test task_store::tests::context_token_can_be_persisted_and_loaded ... ok
[INFO] [stdout] test task_store::tests::memory_basic::search_memories_respects_limit ... ok
[INFO] [stdout] test task_store::tests::memory_basic::explicit_memory_sorts_before_auto ... ok
[INFO] [stdout] test task_store::tests::cleanup_expired_user_session_states_cleans_both_tables ... ok
[INFO] [stdout] test task_executor::tests::worker_survives_task_panic_and_consumes_next_task ... ok
[INFO] [stdout] test task_store::tests::memory_basic::search_memories_returns_all_sorted ... ok
[INFO] [stdout] test task_store::tests::memory_basic::search_memories_sorts_by_priority_and_dedupes ... ok
[INFO] [stdout] test task_store::tests::memory_basic::suppress_memory_excludes_from_results ... ok
[INFO] [stdout] test task_store::tests::memory_basic::suppress_memory_rejects_unknown_id ... ok
[INFO] [stdout] test task_store::tests::memory_basic::user_memory_can_be_added_and_listed ... ok
[INFO] [stdout] test task_store::tests::memory_basic::suppress_memory_rejects_other_users_memory ... ok
[INFO] [stdout] test task_executor::tests::circuit_breaker_trips_after_consecutive_failures_and_persists_notification ... ok
[INFO] [stdout] test task_store::tests::memory_basic::user_memory_dedup_check_works ... ok
[INFO] [stdout] test task_store::tests::memory_feedback::feedback_state_is_single_source ... ok
[INFO] [stdout] test task_store::tests::memory_basic::user_memory_isolation ... ok
[INFO] [stdout] test task_store::tests::memory_basic::user_memory_schema_has_new_fields ... ok
[INFO] [stdout] test task_store::tests::memory_basic::user_memory_typed_auto ... ok
[INFO] [stdout] test task_store::tests::memory_basic::user_memory_migration_adds_columns ... ok
[INFO] [stdout] test task_store::tests::memory_decay::explicit_memory_is_never_demoted ... ok
[INFO] [stdout] test task_store::tests::memory_decay::fresh_memory_keeps_original_rank ... ok
[INFO] [stdout] test task_store::tests::memory_decay::decay_applies_before_limit_cut ... ok
[INFO] [stdout] test task_store::tests::memory_decay::stale_zero_hit_memory_is_demoted ... ok
[INFO] [stdout] test task_store::tests::memory_decay::retrieved_hit_refreshes_stale_clock ... ok
[INFO] [stdout] test task_store::tests::memory_feedback::feedback_injected_updates_injected_count ... ok
[INFO] [stdout] test task_store::tests::memory_feedback::confirm_memory_useful_enforces_user_ownership ... ok
[INFO] [stdout] test task_store::tests::memory_feedback::feedback_retrieved_updates_retrieved_count ... ok
[INFO] [stdout] test task_store::tests::memory_decay::useful_memory_is_never_demoted ... ok
[INFO] [stdout] test task_store::tests::memory_feedback::feedback_useful_updates_use_count_and_useful_and_last_used_at ... ok
[INFO] [stdout] test task_store::tests::memory_governance::govern_auto_does_not_downgrade_explicit ... ok
[INFO] [stdout] test task_store::tests::memory_governance::govern_explicit_promotes_auto ... ok
[INFO] [stdout] test task_store::tests::memory_governance::govern_skips_duplicate_same_type ... ok
[INFO] [stdout] test task_store::tests::memory_governance::govern_skips_too_long_content ... ok
[INFO] [stdout] test task_store::tests::memory_governance::govern_write_state_counters_accurate ... ok
[INFO] [stdout] test task_store::tests::memory_governance::govern_skips_empty_content ... ok
[INFO] [stdout] test task_store::tests::memory_governance::govern_write_state_no_cross_user_leak ... ok
[INFO] [stdout] test task_store::tests::memory_governance::govern_writes_new_auto_memory ... ok
[INFO] [stdout] test task_store::tests::memory_governance::memory_write_threshold_skips_noise ... ok
[INFO] [stdout] test task_store::tests::memory_governance::govern_writes_new_explicit_memory ... ok
[INFO] [stdout] test task_store::tests::memory_noop_gate::noop_gate_does_not_block_exact_match_promote ... ok
[INFO] [stdout] test task_store::tests::memory_noop_gate::explicit_is_exempt_from_noop_gate ... ok
[INFO] [stdout] test task_store::tests::memory_noop_gate::noop_gate_rejects_contained_candidate ... ok
[INFO] [stdout] test task_store::tests::memory_noop_gate::noop_gate_rejects_empty_payload ... ok
[INFO] [stdout] test task_store::tests::memory_typed::memory_type_label_prefixes_are_correct ... ok
[INFO] [stdout] test task_store::tests::memory_noop_gate::noop_gate_rejects_greeting_lesson ... ok
[INFO] [stdout] test task_store::tests::memory_noop_gate::noop_gate_rejects_greeting_payload ... ok
[INFO] [stdout] test task_store::tests::memory_sorting::higher_use_count_sorts_first ... ok
[INFO] [stdout] test task_store::tests::memory_sorting::sorting_is_deterministic ... ok
[INFO] [stdout] test task_store::tests::memory_sorting::explicit_still_sorts_before_auto ... ok
[INFO] [stdout] test task_store::tests::memory_sorting::last_used_at_affects_sorting ... ok
[INFO] [stdout] test task_store::tests::memory_sorting::useful_auto_sorts_before_non_useful_auto ... ok
[INFO] [stdout] test task_store::tests::memory_typed::govern_explicit_promotes_lesson ... ok
[INFO] [stdout] test task_store::tests::memory_typed::govern_lesson_skips_duplicate_project_fact ... ok
[INFO] [stdout] test task_store::tests::memory_typed::project_fact_can_be_written_and_retrieved ... ok
[INFO] [stdout] test task_store::tests::memory_typed::govern_project_fact_cannot_downgrade_explicit ... ok
[INFO] [stdout] test task_store::tests::memory_typed::lesson_can_be_written_and_retrieved ... ok
[INFO] [stdout] test task_store::tests::memory_typed::govern_user_preference_promotes_auto ... ok
[INFO] [stdout] test task_store::tests::memory_typed::memory_type_user_isolation ... ok
[INFO] [stdout] test task_store::tests::memory_typed::new_memory_types_sort_by_priority ... ok
[INFO] [stdout] test task_store::tests::memory_typed::user_preference_can_be_written_and_retrieved ... ok
[INFO] [stdout] test task_store::tests::messages::duplicate_message_does_not_create_second_inbound_row ... ok
[INFO] [stdout] test task_store::tests::messages::duplicate_message_is_ignored_even_after_reopen ... ok
[INFO] [stdout] test task_store::tests::messages::inbound_message_text_is_persisted ... ok
[INFO] [stdout] test task_store::tests::messages::schema_is_created ... ok
[INFO] [stdout] test task_store::tests::session_state_can_be_persisted_listed_and_deleted ... ok
[INFO] [stdout] test task_store::tests::summary_is_overwritten_on_rerun ... ok
[INFO] [stdout] test task_store::tests::task_lifecycle::awaiting_manual_input_preserves_failure_streak ... ok
[INFO] [stdout] test task_store::tests::task_lifecycle::archived_tasks_can_be_listed ... ok
[INFO] [stdout] test task_store::tests::task_lifecycle::archived_resets_consecutive_failures ... ok
[INFO] [stdout] test task_store::tests::memory_governance::govern_dedup_checks_all_active_memories_not_top_50 ... ok
[INFO] [stdout] test task_store::tests::task_lifecycle::duplicate_link_returns_existing_article_and_task ... ok
[INFO] [stdout] test task_store::tests::task_lifecycle::circuit_breaker_state_survives_reopen ... ok
[INFO] [stdout] test task_store::tests::task_lifecycle::blocked_task_is_not_claimable ... ok
[INFO] [stdout] test task_store::tests::task_lifecycle::consecutive_failures_trip_circuit_breaker ... ok
[INFO] [stdout] test task_store::tests::task_lifecycle::link_submission_creates_article_and_task ... ok
[INFO] [stdout] test task_store::tests::task_lifecycle::manual_tasks_can_be_listed ... ok
[INFO] [stdout] test task_store::tests::task_lifecycle::expired_lease_task_can_be_reclaimed ... ok
[INFO] [stdout] test task_store::tests::task_lifecycle::mark_task_awaiting_manual_input_preserves_snapshot_when_none ... ok
[INFO] [stdout] test task_store::tests::task_lifecycle::pending_tasks_can_be_listed_and_archived ... ok
[INFO] [stdout] test task_store::tests::task_lifecycle::querying_missing_task_returns_none ... ok
[INFO] [stdout] test task_store::tests::task_lifecycle::recent_tasks_returns_latest_first ... ok
[INFO] [stdout] test task_store::tests::task_lifecycle::mark_task_failed_preserves_diagnostic_fields ... ok
[INFO] [stdout] test task_store::tests::task_store_log_payload_keeps_contract_fields ... ok
[INFO] [stdout] test task_store::tests::url_guard::domain_resolving_to_private_ip_is_blocked ... ok
[INFO] [stdout] test task_store::tests::url_guard::domain_resolving_to_public_ip_is_allowed ... ok
[INFO] [stdout] test task_store::tests::url_guard::fc_fd_prefix_domain_names_are_not_falsely_blocked ... ok
[INFO] [stdout] test task_store::tests::url_guard::is_private_url_detects_all_known_patterns ... ok
[INFO] [stdout] test task_store::tests::task_lifecycle::resolve_task_id_ambiguous_prefix_lists_candidates ... ok
[INFO] [stdout] test task_store::tests::task_lifecycle::retry_missing_task_returns_none ... ok
[INFO] [stdout] test task_store::tests::task_lifecycle::resolve_task_id_unique_prefix ... ok
[INFO] [stdout] test task_store::tests::task_lifecycle::resolve_task_id_no_match ... ok
[INFO] [stdout] test task_store::tests::task_lifecycle::resolve_task_id_full_length_still_works ... ok
[INFO] [stdout] test task_store::tests::messages::concurrent_writes_do_not_panic_on_busy ... ok
[INFO] [stdout] test task_store::tests::task_lifecycle::retry_processing_task_returns_validation_error ... ok
[INFO] [stdout] test task_store::tests::task_lifecycle::retry_from_blocked_grants_one_more_attempt ... ok
[INFO] [stdout] test task_store::tests::task_lifecycle::retry_task_resets_status_and_clears_error ... ok
[INFO] [stdout] test task_store::tests::task_lifecycle::task_budget_exceeded_detection ... ok
[INFO] [stdout] test task_store::tests::url_guard::javascript_scheme_is_rejected_during_link_submission ... ok
[INFO] [stdout] test task_store::tests::task_lifecycle::task_status_can_be_queried ... ok
[INFO] [stdout] test task_store::tests::task_lifecycle::task_can_be_marked_failed ... ok
[INFO] [stdout] test task_store::tests::task_lifecycle::task_tokens_used_accumulates ... ok
[INFO] [stdout] test task_store::tests::task_lifecycle::task_can_be_marked_awaiting_manual_input ... ok
[INFO] [stdout] test tool_registry::tests::create_write_read_file_works ... ok
[INFO] [stdout] test task_store::tests::url_guard::non_http_scheme_is_rejected_during_link_submission ... ok
[INFO] [stdout] test tool_registry::tests::deny_outside_workspace_path ... ok
[INFO] [stdout] test tool_registry::tests::deny_symlink_file_escape_read ... ok
[INFO] [stdout] test tool_registry::tests::deny_symlink_parent_escape_write ... ok
[INFO] [stdout] test task_store::tests::url_guard::private_network_urls_are_rejected ... ok
[INFO] [stdout] test task_store::tests::user_session_state::user_session_state_empty_load_returns_none ... ok
[INFO] [stdout] test task_store::tests::user_session_state::user_session_state_all_optional_fields_can_be_none ... ok
[INFO] [stdout] test tool_registry::tests::typed_error_classification_for_file_actions ... ok
[INFO] [stdout] test task_store::tests::user_session_state::user_session_state_clear_removes_record ... ok
[INFO] [stdout] test task_store::tests::url_guard::tracking_query_params_are_removed_during_normalization ... ok
[INFO] [stdout] test task_store::tests::user_session_state::user_session_state_first_write_and_read_back ... ok
[INFO] [stdout] test task_store::tests::user_session_state::user_session_state_overwrite_updates_fields ... ok
[INFO] [stdout] test task_store::tests::user_session_state::user_session_state_survives_reopen ... ok
[INFO] [stdout] test task_store::tests::user_session_state::user_session_state_upsert_empty_user_id_fails ... ok
[INFO] [stdout] test task_store::tests::user_session_state::user_session_state_v2_fields_round_trip ... ok
[INFO] [stdout] test task_store::tests::user_session_state::user_session_state_user_isolation ... ok
[INFO] [stdout] test tool_registry::tests::deny_archive_path_outside_workspace ... ok
[INFO] [stdout] test tool_registry::tests::get_task_status_reads_from_task_store ... ok
[INFO] [stdout] test tool_registry::tests::typed_error_classification_for_task_actions ... ok
[INFO] [stdout] test tool_registry::tests::read_article_archive_reads_output_file_from_task_status ... ok
[INFO] [stdout] test tool_registry::tests::list_recent_and_manual_tasks_read_from_task_store ... ok
[INFO] [stdout] test task_store::tests::user_session_state::user_session_state_v2_migration_on_existing_db ... ok
[INFO] [stdout] test task_store::tests::write_transaction_serializes_concurrent_writer_without_busy_error ... ok
[INFO] [stdout] test reporter::tests::daily_report_does_not_miss_entries_when_recent_history_is_large ... ok
[INFO] [stdout] 
[INFO] [stdout] failures:
[INFO] [stdout] 
[INFO] [stdout] ---- retriever::cached_embedding::tests::cached_provider_batch_survives_db_missing stdout ----
[INFO] [stdout] {"batch_size":2,"event":"embedding_cache_miss_batch","hit_count":0,"latency_ms":0,"level":"info","miss_count":2,"model_name":"fake_cached_model","ts":"2026-10-19T13:30:09.948028019+08:00"}
[INFO] [stdout] {"dimension":4,"event":"embedding_cache_hit","level":"info","model_name":"fake_cached_model","ts":"2026-10-19T13:30:09.949288369+08:00"}
[INFO] [stdout] {"dimension":4,"event":"embedding_cache_hit","level":"info","model_name":"fake_cached_model","ts":"2026-10-19T13:30:09.949323249+08:00"}
[INFO] [stdout] {"batch_size":2,"event":"embedding_cache_hit_batch","hit_count":2,"level":"info","model_name":"fake_cached_model","ts":"2026-10-19T13:30:09.949384019+08:00"}
[INFO] [stdout] 
[INFO] [stdout] thread 'retriever::cached_embedding::tests::cached_provider_batch_survives_db_missing' (3550) panicked at src/retriever/cached_embedding.rs:335:9:
[INFO] [stdout] assertion `left == right` failed
[INFO] [stdout]   left: 2
[INFO] [stdout]  right: 4
[INFO] [stdout] stack backtrace:
[INFO] [stdout]    0:     0x5cfb67481661 - <<std[617be2ca0a6fd877]::sys::backtrace::BacktraceLock>::print::DisplayBacktrace as core[a373ad73a504971]::fmt::Display>::fmt
[INFO] [stdout]    1:     0x5cfb6749b05a - core[a373ad73a504971]::fmt::write
[INFO] [stdout]    2:     0x5cfb67486abc - <alloc[2e1b2a31b91974c5]::vec::Vec<u8> as core[a373ad73a504971]::io::write::Write>::write_fmt
[INFO] [stdout]    3:     0x5cfb67459bf6 - std[617be2ca0a6fd877]::panicking::default_hook::{closure#0}
[INFO] [stdout]    4:     0x5cfb67478849 - std[617be2ca0a6fd877]::panicking::default_hook
[INFO] [stdout]    5:     0x5cfb6707e690 - test[aada8e7e76ba119b]::test_main_inner::{closure#0}
[INFO] [stdout]    6:     0x5cfb67478b72 - std[617be2ca0a6fd877]::panicking::panic_with_hook
[INFO] [stdout]    7:     0x5cfb67459ca2 - std[617be2ca0a6fd877]::panicking::panic_handler::{closure#0}
[INFO] [stdout]    8:     0x5cfb67451f99 - std[617be2ca0a6fd877]::sys::backtrace::__rust_end_short_backtrace::<std[617be2ca0a6fd877]::panicking::panic_handler::{closure#0}, !>
[INFO] [stdout]    9:     0x5cfb6745ae1d - __rustc[ea4f61d10b84890b]::rust_begin_unwind
[INFO] [stdout]   10:     0x5cfb6749b7bc - core[a373ad73a504971]::panicking::panic_fmt
[INFO] [stdout]   11:     0x5cfb6749b6d3 - core[a373ad73a504971]::panicking::assert_failed_inner
[INFO] [stdout]   12:     0x5cfb67494ddd - core[a373ad73a504971]::panicking::assert_failed::<usize, usize>
[INFO] [stdout]   13:     0x5cfb66f81f72 - <amclaw[14f74d66fa03cdc]::retriever::cached_embedding::tests::cached_provider_batch_survives_db_missing::{closure#0} as core[a373ad73a504971]::ops::function::FnOnce<()>>::call_once
[INFO] [stdout]   14:     0x5cfb67071adb - test[aada8e7e76ba119b]::__rust_begin_short_backtrace::<core[a373ad73a504971]::result::Result<(), alloc[2e1b2a31b91974c5]::string::String>, fn() -> core[a373ad73a504971]::result::Result<(), alloc[2e1b2a31b91974c5]::string::String>>
[INFO] [stdout]   15:     0x5cfb6707ecb5 - test[aada8e7e76ba119b]::run_test::{closure#0}
[INFO] [stdout]   16:     0x5cfb670785a4 - std[617be2ca0a6fd877]::sys::backtrace::__rust_begin_short_backtrace::<test[aada8e7e76ba119b]::run_test::{closure#1}, ()>
[INFO] [stdout]   17:     0x5cfb67081d42 - <std[617be2ca0a6fd877]::thread::lifecycle::spawn_unchecked<test[aada8e7e76ba119b]::run_test::{closure#1}, ()>::{closure#1} as core[a373ad73a504971]::ops::function::FnOnce<()>>::call_once::{shim:vtable#0}
[INFO] [stdout]   18:     0x5cfb674805cf - <std[617be2ca0a6fd877]::sys::thread::unix::Thread>::new::thread_start
[INFO] [stdout]   19:     0x76c2b6a41dfa - <unknown>
[INFO] [stdout]   20:     0x76c2b6ad53d4 - clone
[INFO] [stdout]   21:                0x0 - <unknown>
[INFO] [stdout] 
[INFO] [stdout] 
[INFO] [stdout] failures:
[INFO] [stdout]     retriever::cached_embedding::tests::cached_provider_batch_survives_db_missing
[INFO] [stdout] 
[INFO] [stdout] test result: FAILED. 500 passed; 1 failed; 0 ignored; 0 measured; 0 filtered out; finished in 9.31s
[INFO] [stdout] 
[INFO] [stderr] error: test failed, to rerun pass `--lib`
[INFO] running `Command { std: "docker" "inspect" "8f4d5a13e2ec85d6bc2db0186961266f749f4a8e23e1086f63cbe97f69606765", kill_on_drop: false }`
[INFO] running `Command { std: "docker" "rm" "-f" "8f4d5a13e2ec85d6bc2db0186961266f749f4a8e23e1086f63cbe97f69606765", kill_on_drop: false }`
[INFO] [stdout] 8f4d5a13e2ec85d6bc2db0186961266f749f4a8e23e1086f63cbe97f69606765
