[INFO] fetching crate webtorrent-rs 1.0.2...
[INFO] testing webtorrent-rs-1.0.2 against 1.99.0-beta.8+cargoflags=--release for beta-release-1.100-3
[INFO] extracting crate webtorrent-rs 1.0.2 into /workspace/builds/worker-2-tc1/source
[INFO] started tweaking crates.io crate webtorrent-rs 1.0.2
[INFO] removed 0 missing examples
[INFO] removed 0 missing tests
[INFO] finished tweaking crates.io crate webtorrent-rs 1.0.2
[INFO] tweaked toml for crates.io crate webtorrent-rs 1.0.2 written to /workspace/builds/worker-2-tc1/source/Cargo.toml
[INFO] validating manifest of crates.io crate webtorrent-rs 1.0.2 on toolchain 1.99.0-beta.8
[INFO] running `Command { std: CARGO_HOME="/workspace/cargo-home" RUSTUP_HOME="/workspace/rustup-home" "/workspace/cargo-home/bin/cargo" "+1.99.0-beta.8" "metadata" "--manifest-path" "Cargo.toml" "--no-deps", kill_on_drop: false }`
[INFO] crate crates.io crate webtorrent-rs 1.0.2 already has a lockfile, it will not be regenerated
[INFO] running `Command { std: CARGO_HOME="/workspace/cargo-home" RUSTUP_HOME="/workspace/rustup-home" "/workspace/cargo-home/bin/cargo" "+1.99.0-beta.8" "fetch" "--manifest-path" "Cargo.toml", kill_on_drop: false }`
[INFO] [stderr]     Updating crates.io index
[INFO] [stderr]  Downloading crates ...
[INFO] [stderr]   Downloaded rand_core v0.4.2
[INFO] [stderr]   Downloaded num-traits v0.1.43
[INFO] [stderr]   Downloaded rand_core v0.3.1
[INFO] [stderr]   Downloaded env_logger v0.3.5
[INFO] [stderr]   Downloaded memchr v0.1.11
[INFO] [stderr]   Downloaded itoa v1.0.16
[INFO] [stderr]   Downloaded thread-id v2.0.0
[INFO] [stderr]   Downloaded thread_local v0.2.7
[INFO] [stderr]   Downloaded signal-hook-registry v1.4.7
[INFO] [stderr]   Downloaded rw-stream-sink v0.4.0
[INFO] [stderr]   Downloaded utp v0.7.0
[INFO] [stderr]   Downloaded utf8-ranges v0.1.3
[INFO] [stderr]   Downloaded quote v1.0.42
[INFO] [stderr]   Downloaded find-msvc-tools v0.1.5
[INFO] [stderr]   Downloaded zmij v0.1.7
[INFO] [stderr]   Downloaded natpmp v0.3.3
[INFO] [stderr]   Downloaded multibase v0.9.2
[INFO] [stderr]   Downloaded data-encoding-macro v0.1.18
[INFO] [stderr]   Downloaded data-encoding-macro-internal v0.1.16
[INFO] [stderr]   Downloaded match-lookup v0.1.1
[INFO] [stderr]   Downloaded multiaddr v0.18.2
[INFO] [stderr]   Downloaded multihash v0.19.3
[INFO] [stderr]   Downloaded proc-macro2 v1.0.103
[INFO] [stderr]   Downloaded ryu v1.0.21
[INFO] [stderr]   Downloaded libp2p v0.56.0
[INFO] [stderr]   Downloaded core2 v0.4.0
[INFO] [stderr]   Downloaded zeroize_derive v1.4.2
[INFO] [stderr]   Downloaded regex-syntax v0.3.9
[INFO] [stderr]   Downloaded tokio-util v0.7.17
[INFO] [stderr]   Downloaded bytes v1.11.0
[INFO] [stderr]   Downloaded serde_json v1.0.147
[INFO] [stderr]   Downloaded openssl-sys v0.9.111
[INFO] [stderr]   Downloaded cc v1.2.50
[INFO] [stderr]   Downloaded indexmap v2.12.1
[INFO] [stderr]   Downloaded zerocopy-derive v0.8.31
[INFO] [stderr]   Downloaded libp2p-identity v0.2.13
[INFO] [stderr]   Downloaded quick-protobuf v0.8.1
[INFO] [stderr]   Downloaded base64ct v1.8.1
[INFO] [stderr]   Downloaded libp2p-yamux v0.47.0
[INFO] [stderr]   Downloaded yamux v0.13.8
[INFO] [stderr]   Downloaded regex v0.1.80
[INFO] [stderr]   Downloaded aho-corasick v0.5.3
[INFO] [stderr]   Downloaded tracing-subscriber v0.3.22
[INFO] [stderr]   Downloaded portable-atomic v1.12.0
[INFO] [stderr]   Downloaded openssl v0.10.75
[INFO] [stderr]   Downloaded zerocopy v0.8.31
[INFO] [stderr]   Downloaded yamux v0.12.1
[INFO] [stderr]   Downloaded libp2p-core v0.43.2
[INFO] [stderr]   Downloaded multistream-select v0.13.0
[INFO] [stderr]   Downloaded unsigned-varint v0.7.2
[INFO] [stderr]   Downloaded futures-rustls v0.26.0
[INFO] [stderr]   Downloaded libp2p-tcp v0.44.0
[INFO] [stderr]   Downloaded syn v2.0.111
[INFO] [stderr]   Downloaded futures-timer v3.0.3
[INFO] [stderr]   Downloaded libp2p-websocket v0.45.1
[INFO] [stderr]   Downloaded soketto v0.8.1
[INFO] [stderr]   Downloaded if-watch v3.2.1
[INFO] [stderr]   Downloaded windows-core v0.53.0
[INFO] [stderr]   Downloaded rtnetlink v0.13.1
[INFO] [stderr]   Downloaded netlink-sys v0.8.7
[INFO] [stderr]   Downloaded netlink-proto v0.11.5
[INFO] [stderr]   Downloaded netlink-packet-core v0.7.0
[INFO] [stderr]   Downloaded netlink-packet-utils v0.5.2
[INFO] [stderr]   Downloaded if-addrs v0.10.2
[INFO] [stderr]   Downloaded libp2p-ping v0.47.0
[INFO] [stderr]   Downloaded libp2p-noise v0.46.1
[INFO] [stderr]   Downloaded rustls-webpki v0.103.8
[INFO] [stderr]   Downloaded netlink-packet-route v0.17.1
[INFO] [stderr]   Downloaded libp2p-swarm v0.47.0
[INFO] [stderr]   Downloaded x25519-dalek v2.0.1
[INFO] [stderr]   Downloaded libc v0.2.178
[INFO] [stderr]   Downloaded webpki-roots v1.0.4
[INFO] [stderr]   Downloaded rustls v0.23.35
[INFO] [stderr]   Downloaded poly1305 v0.8.0
[INFO] [stderr]   Downloaded prometheus-client v0.23.1
[INFO] [stderr]   Downloaded tokio v1.48.0
[INFO] [stderr]   Downloaded asynchronous-codec v0.7.0
[INFO] [stderr]   Downloaded prometheus-client-derive-encode v0.4.2
[INFO] [stderr]   Downloaded enum-as-inner v0.6.1
[INFO] [stderr]   Downloaded libp2p-dns v0.44.0
[INFO] [stderr]   Downloaded crossbeam-channel v0.5.15
[INFO] [stderr]   Downloaded libp2p-connection-limits v0.6.0
[INFO] [stderr]   Downloaded snow v0.9.6
[INFO] [stderr]   Downloaded chacha20poly1305 v0.10.1
[INFO] [stderr]   Downloaded crunchy v0.2.4
[INFO] [stderr]   Downloaded libp2p-identify v0.47.0
[INFO] [stderr]   Downloaded moka v0.12.12
[INFO] [stderr]   Downloaded wildmatch v1.1.0
[INFO] [stderr]   Downloaded libp2p-metrics v0.17.0
[INFO] [stderr]   Downloaded uint v0.10.0
[INFO] [stderr]   Downloaded quick-protobuf-codec v0.3.1
[INFO] [stderr]   Downloaded hickory-resolver v0.25.2
[INFO] [stderr]   Downloaded libp2p-allow-block-list v0.6.0
[INFO] [stderr]   Downloaded igd v0.12.1
[INFO] [stderr]   Downloaded dtoa v1.0.10
[INFO] [stderr]   Downloaded libp2p-kad v0.48.0
[INFO] [stderr]   Downloaded futures-bounded v0.2.4
[INFO] [stderr]   Downloaded attohttpc v0.16.3
[INFO] [stderr]   Downloaded bendy v0.3.3
[INFO] [stderr]   Downloaded libp2p-mdns v0.48.0
[INFO] [stderr]   Downloaded hickory-proto v0.25.2
[INFO] [stderr]   Downloaded base32 v0.4.0
[INFO] [stderr]   Downloaded async-fs v1.6.0
[INFO] [stderr]   Downloaded windows v0.53.0
[INFO] running `Command { std: "docker" "create" "-v" "/var/lib/crater-agent-workspace/builds/worker-2-tc1/source:/opt/rustwide/workdir:ro,Z" "-v" "/var/lib/crater-agent-workspace/builds/worker-2-tc1/target:/opt/rustwide/target:rw,Z" "-v" "/var/lib/crater-agent-workspace/cargo-home:/opt/rustwide/cargo-home:ro,Z" "-v" "/var/lib/crater-agent-workspace/rustup-home:/opt/rustwide/rustup-home:ro,Z" "-m" "1610612736" "--network" "none" "ghcr.io/rust-lang/crates-build-env/linux@sha256:77db811e55d90add9212f6832c23229e3de5f1c1f9905e8cb07319ea15df73ac" "sleep" "infinity", kill_on_drop: false }`
[INFO] [stdout] 889c15e455db499fb5de42759c9a60f383f56160f2bf10bc747e7fc96a171640
[INFO] running `Command { std: "docker" "start" "889c15e455db499fb5de42759c9a60f383f56160f2bf10bc747e7fc96a171640", kill_on_drop: false }`
[INFO] running `Command { std: "docker" "inspect" "889c15e455db499fb5de42759c9a60f383f56160f2bf10bc747e7fc96a171640", kill_on_drop: false }`
[INFO] running `Command { std: "docker" "exec" "-e" "SOURCE_DIR=/opt/rustwide/workdir" "-e" "CARGO_HOME=/opt/rustwide/cargo-home" "-e" "RUSTUP_HOME=/opt/rustwide/rustup-home" "-e" "CARGO_TARGET_DIR=/opt/rustwide/target" "-w" "/opt/rustwide/workdir" "--user" "0:0" "889c15e455db499fb5de42759c9a60f383f56160f2bf10bc747e7fc96a171640" "/opt/rustwide/cargo-home/bin/cargo" "+1.99.0-beta.8" "metadata" "--no-deps" "--format-version=1", kill_on_drop: false }`
[INFO] running `Command { std: "docker" "inspect" "889c15e455db499fb5de42759c9a60f383f56160f2bf10bc747e7fc96a171640", kill_on_drop: false }`
[INFO] running `Command { std: "docker" "exec" "-e" "SOURCE_DIR=/opt/rustwide/workdir" "-e" "CARGO_HOME=/opt/rustwide/cargo-home" "-e" "RUSTUP_HOME=/opt/rustwide/rustup-home" "-e" "CARGO_TARGET_DIR=/opt/rustwide/target" "-e" "CARGO_INCREMENTAL=0" "-e" "RUST_BACKTRACE=full" "-e" "RUSTFLAGS=--cap-lints=warn" "-e" "RUSTDOCFLAGS=--cap-lints=warn" "-w" "/opt/rustwide/workdir" "--user" "0:0" "889c15e455db499fb5de42759c9a60f383f56160f2bf10bc747e7fc96a171640" "/opt/rustwide/cargo-home/bin/cargo" "+1.99.0-beta.8" "build" "--frozen" "--message-format=json" "--release", kill_on_drop: false }`
[INFO] [stderr]    Compiling proc-macro2 v1.0.103
[INFO] [stderr]    Compiling quote v1.0.42
[INFO] [stderr]    Compiling libc v0.2.178
[INFO] [stderr]    Compiling futures-core v0.3.31
[INFO] [stderr]    Compiling futures-io v0.3.31
[INFO] [stderr]    Compiling portable-atomic v1.12.0
[INFO] [stderr]    Compiling bytes v1.11.0
[INFO] [stderr]    Compiling futures-task v0.3.31
[INFO] [stderr]    Compiling log v0.4.29
[INFO] [stderr]    Compiling critical-section v1.2.0
[INFO] [stderr]    Compiling typenum v1.19.0
[INFO] [stderr]    Compiling zerocopy v0.8.31
[INFO] [stderr]    Compiling subtle v2.6.1
[INFO] [stderr]    Compiling writeable v0.6.2
[INFO] [stderr]    Compiling litemap v0.8.1
[INFO] [stderr]    Compiling find-msvc-tools v0.1.5
[INFO] [stderr]    Compiling futures-channel v0.3.31
[INFO] [stderr]    Compiling icu_properties_data v2.1.2
[INFO] [stderr]    Compiling icu_normalizer_data v2.1.1
[INFO] [stderr]    Compiling byteorder v1.5.0
[INFO] [stderr]    Compiling cc v1.2.50
[INFO] [stderr]    Compiling thiserror v2.0.17
[INFO] [stderr]    Compiling form_urlencoded v1.2.2
[INFO] [stderr]    Compiling curve25519-dalek v4.1.3
[INFO] [stderr]    Compiling static_assertions v1.1.0
[INFO] [stderr]    Compiling unsigned-varint v0.8.0
[INFO] [stderr]    Compiling signature v2.2.0
[INFO] [stderr]    Compiling data-encoding v2.9.0
[INFO] [stderr]    Compiling core2 v0.4.0
[INFO] [stderr]    Compiling const-str v0.4.3
[INFO] [stderr]    Compiling ed25519 v2.2.3
[INFO] [stderr]    Compiling quick-protobuf v0.8.1
[INFO] [stderr]    Compiling bs58 v0.5.1
[INFO] [stderr]    Compiling multihash v0.19.3
[INFO] [stderr]    Compiling base-x v0.2.11
[INFO] [stderr]    Compiling unsigned-varint v0.7.2
[INFO] [stderr]    Compiling web-time v1.1.0
[INFO] [stderr]    Compiling futures-timer v3.0.3
[INFO] [stderr]    Compiling either v1.15.0
[INFO] [stderr]    Compiling anyhow v1.0.100
[INFO] [stderr]    Compiling foldhash v0.1.5
[INFO] [stderr]    Compiling itoa v1.0.16
[INFO] [stderr]    Compiling winapi-build v0.1.1
[INFO] [stderr]    Compiling hashbrown v0.15.5
[INFO] [stderr]    Compiling kernel32-sys v0.2.2
[INFO] [stderr]    Compiling http v0.2.12
[INFO] [stderr]    Compiling openssl v0.10.75
[INFO] [stderr]    Compiling winapi v0.2.8
[INFO] [stderr]    Compiling syn v2.0.111
[INFO] [stderr]    Compiling syn v1.0.109
[INFO] [stderr]    Compiling concurrent-queue v2.5.0
[INFO] [stderr]    Compiling hashbrown v0.16.1
[INFO] [stderr]    Compiling object v0.37.3
[INFO] [stderr]    Compiling crunchy v0.2.4
[INFO] [stderr]    Compiling rustls v0.23.35
[INFO] [stderr]    Compiling bitflags v2.10.0
[INFO] [stderr]    Compiling event-listener v5.4.1
[INFO] [stderr]    Compiling num-traits v0.2.19
[INFO] [stderr]    Compiling generic-array v0.14.7
[INFO] [stderr]    Compiling once_cell v1.21.3
[INFO] [stderr]    Compiling crossbeam-epoch v0.9.18
[INFO] [stderr]    Compiling crossbeam-channel v0.5.15
[INFO] [stderr]    Compiling snow v0.9.6
[INFO] [stderr]    Compiling tracing-core v0.1.36
[INFO] [stderr]    Compiling adler2 v2.0.1
[INFO] [stderr]    Compiling nohash-hasher v0.2.0
[INFO] [stderr]    Compiling tagptr v0.2.0
[INFO] [stderr]    Compiling unicode-xid v0.2.6
[INFO] [stderr]    Compiling gimli v0.32.3
[INFO] [stderr]    Compiling failure_derive v0.1.8
[INFO] [stderr]    Compiling miniz_oxide v0.8.9
[INFO] [stderr]    Compiling event-listener-strategy v0.5.4
[INFO] [stderr]    Compiling rustc-demangle v0.1.26
[INFO] [stderr]    Compiling indexmap v2.12.1
[INFO] [stderr]    Compiling ring v0.17.14
[INFO] [stderr]    Compiling openssl-sys v0.9.111
[INFO] [stderr]    Compiling lru v0.12.5
[INFO] [stderr]    Compiling base64 v0.22.1
[INFO] [stderr]    Compiling block-buffer v0.10.4
[INFO] [stderr]    Compiling crypto-common v0.1.7
[INFO] [stderr]    Compiling digest v0.10.7
[INFO] [stderr]    Compiling http-body v0.4.6
[INFO] [stderr]    Compiling getrandom v0.2.16
[INFO] [stderr]    Compiling parking_lot_core v0.9.12
[INFO] [stderr]    Compiling num_cpus v1.17.0
[INFO] [stderr]    Compiling parking_lot v0.12.5
[INFO] [stderr]    Compiling ppv-lite86 v0.2.21
[INFO] [stderr]    Compiling sha2 v0.10.9
[INFO] [stderr]    Compiling hmac v0.12.1
[INFO] [stderr]    Compiling rand_core v0.6.4
[INFO] [stderr]    Compiling getrandom v0.3.4
[INFO] [stderr]    Compiling socket2 v0.5.10
[INFO] [stderr]    Compiling hkdf v0.12.4
[INFO] [stderr]    Compiling rand_core v0.9.3
[INFO] [stderr]    Compiling socket2 v0.6.1
[INFO] [stderr]    Compiling signal-hook-registry v1.4.7
[INFO] [stderr]    Compiling rand_chacha v0.3.1
[INFO] [stderr]    Compiling rand_chacha v0.9.0
[INFO] [stderr]    Compiling rand v0.8.5
[INFO] [stderr]    Compiling mio v1.1.1
[INFO] [stderr]    Compiling rand v0.9.2
[INFO] [stderr]    Compiling netlink-sys v0.8.7
[INFO] [stderr]    Compiling nix v0.26.4
[INFO] [stderr]    Compiling uuid v1.19.0
[INFO] [stderr]    Compiling native-tls v0.2.14
[INFO] [stderr]    Compiling thread-id v2.0.0
[INFO] [stderr]    Compiling memchr v0.1.11
[INFO] [stderr]    Compiling thread_local v0.2.7
[INFO] [stderr]    Compiling aho-corasick v0.5.3
[INFO] [stderr]    Compiling sha1 v0.10.6
[INFO] [stderr]    Compiling serde_json v1.0.147
[INFO] [stderr]    Compiling moka v0.12.12
[INFO] [stderr]    Compiling resolv-conf v0.7.6
[INFO] [stderr]    Compiling utf8-ranges v0.1.3
[INFO] [stderr]    Compiling regex-syntax v0.3.9
[INFO] [stderr]    Compiling uint v0.10.0
[INFO] [stderr]    Compiling regex-automata v0.4.13
[INFO] [stderr]    Compiling piper v0.2.4
[INFO] [stderr]    Compiling rand v0.4.6
[INFO] [stderr]    Compiling natpmp v0.3.3
[INFO] [stderr]    Compiling async-channel v2.5.0
[INFO] [stderr]    Compiling async-fs v1.6.0
[INFO] [stderr]    Compiling log v0.3.9
[INFO] [stderr]    Compiling addr2line v0.25.1
[INFO] [stderr]    Compiling futures-lite v2.6.1
[INFO] [stderr]    Compiling wildmatch v1.1.0
[INFO] [stderr]    Compiling ryu v1.0.21
[INFO] [stderr]    Compiling xml-rs v0.8.28
[INFO] [stderr]    Compiling regex v0.1.80
[INFO] [stderr]    Compiling zmij v0.1.7
[INFO] [stderr]    Compiling sharded-slab v0.1.7
[INFO] [stderr]    Compiling num-traits v0.1.43
[INFO] [stderr]    Compiling futures-lite v1.13.0
[INFO] [stderr]    Compiling rustls-pemfile v1.0.4
[INFO] [stderr]    Compiling synstructure v0.12.6
[INFO] [stderr]    Compiling blocking v1.6.2
[INFO] [stderr]    Compiling rand v0.3.23
[INFO] [stderr]    Compiling xmltree v0.10.3
[INFO] [stderr]    Compiling tracing-log v0.2.0
[INFO] [stderr]    Compiling thread_local v1.1.9
[INFO] [stderr]    Compiling env_logger v0.3.5
[INFO] [stderr]    Compiling encoding_rs v0.8.35
[INFO] [stderr]    Compiling synstructure v0.13.2
[INFO] [stderr]    Compiling nu-ansi-term v0.50.3
[INFO] [stderr]    Compiling utp v0.7.0
[INFO] [stderr]    Compiling urlencoding v2.1.3
[INFO] [stderr]    Compiling base32 v0.4.0
[INFO] [stderr]    Compiling match-lookup v0.1.1
[INFO] [stderr]    Compiling base256emoji v1.0.2
[INFO] [stderr]    Compiling backtrace v0.3.76
[INFO] [stderr]    Compiling matchers v0.2.0
[INFO] [stderr]    Compiling futures-macro v0.3.31
[INFO] [stderr]    Compiling zerofrom-derive v0.1.6
[INFO] [stderr]    Compiling yoke-derive v0.8.1
[INFO] [stderr]    Compiling zerovec-derive v0.11.2
[INFO] [stderr]    Compiling displaydoc v0.2.5
[INFO] [stderr]    Compiling futures-util v0.3.31
[INFO] [stderr]    Compiling zeroize_derive v1.4.2
[INFO] [stderr]    Compiling tracing-attributes v0.1.31
[INFO] [stderr]    Compiling serde_derive v1.0.228
[INFO] [stderr]    Compiling thiserror-impl v2.0.17
[INFO] [stderr]    Compiling pin-project-internal v1.1.10
[INFO] [stderr]    Compiling zeroize v1.8.2
[INFO] [stderr]    Compiling zerofrom v0.1.6
[INFO] [stderr]    Compiling yoke v0.8.1
[INFO] [stderr]    Compiling curve25519-dalek-derive v0.1.1
[INFO] [stderr]    Compiling data-encoding-macro-internal v0.1.16
[INFO] [stderr]    Compiling zerovec v0.11.5
[INFO] [stderr]    Compiling zerotrie v0.2.3
[INFO] [stderr]    Compiling data-encoding-macro v0.1.18
[INFO] [stderr]    Compiling multibase v0.9.2
[INFO] [stderr]    Compiling thiserror-impl v1.0.69
[INFO] [stderr]    Compiling tokio-macros v2.6.0
[INFO] [stderr]    Compiling rustls-pki-types v1.13.2
[INFO] [stderr]    Compiling tracing v0.1.44
[INFO] [stderr]    Compiling async-trait v0.1.89
[INFO] [stderr]    Compiling openssl-macros v0.1.1
[INFO] [stderr]    Compiling pin-project v1.1.10
[INFO] [stderr]    Compiling tokio v1.48.0
[INFO] [stderr]    Compiling enum-as-inner v0.6.1
[INFO] [stderr]    Compiling tinystr v0.8.2
[INFO] [stderr]    Compiling potential_utf v0.1.4
[INFO] [stderr]    Compiling icu_collections v2.1.1
[INFO] [stderr]    Compiling icu_locale_core v2.1.1
[INFO] [stderr]    Compiling webpki-roots v1.0.4
[INFO] [stderr]    Compiling webpki-roots v0.26.11
[INFO] [stderr]    Compiling failure v0.1.8
[INFO] [stderr]    Compiling tracing-subscriber v0.3.22
[INFO] [stderr]    Compiling thiserror v1.0.69
[INFO] [stderr]    Compiling bendy v0.3.3
[INFO] [stderr]    Compiling netlink-packet-utils v0.5.2
[INFO] [stderr]    Compiling ed25519-dalek v2.2.0
[INFO] [stderr]    Compiling netlink-packet-core v0.7.0
[INFO] [stderr]    Compiling libp2p-identity v0.2.13
[INFO] [stderr]    Compiling x25519-dalek v2.0.1
[INFO] [stderr]    Compiling netlink-packet-route v0.17.1
[INFO] [stderr]    Compiling icu_provider v2.1.1
[INFO] [stderr]    Compiling serde v1.0.228
[INFO] [stderr]    Compiling icu_normalizer v2.1.1
[INFO] [stderr]    Compiling icu_properties v2.1.2
[INFO] [stderr]    Compiling futures-executor v0.3.31
[INFO] [stderr]    Compiling asynchronous-codec v0.7.0
[INFO] [stderr]    Compiling futures-bounded v0.2.4
[INFO] [stderr]    Compiling quick-protobuf-codec v0.3.1
[INFO] [stderr]    Compiling futures v0.3.31
[INFO] [stderr]    Compiling rw-stream-sink v0.4.0
[INFO] [stderr]    Compiling multistream-select v0.13.0
[INFO] [stderr]    Compiling netlink-proto v0.11.5
[INFO] [stderr]    Compiling soketto v0.8.1
[INFO] [stderr]    Compiling yamux v0.13.8
[INFO] [stderr]    Compiling yamux v0.12.1
[INFO] [stderr]    Compiling serde_urlencoded v0.7.1
[INFO] [stderr]    Compiling idna_adapter v1.2.1
[INFO] [stderr]    Compiling idna v1.1.0
[INFO] [stderr]    Compiling url v2.5.7
[INFO] [stderr]    Compiling rtnetlink v0.13.1
[INFO] [stderr]    Compiling multiaddr v0.18.2
[INFO] [stderr]    Compiling hickory-proto v0.25.2
[INFO] [stderr]    Compiling attohttpc v0.16.3
[INFO] [stderr]    Compiling libp2p-core v0.43.2
[INFO] [stderr]    Compiling igd v0.12.1
[INFO] [stderr]    Compiling if-watch v3.2.1
[INFO] [stderr]    Compiling rustls-webpki v0.103.8
[INFO] [stderr]    Compiling libp2p-swarm v0.47.0
[INFO] [stderr]    Compiling libp2p-yamux v0.47.0
[INFO] [stderr]    Compiling libp2p-tcp v0.44.0
[INFO] [stderr]    Compiling libp2p-noise v0.46.1
[INFO] [stderr]    Compiling tokio-util v0.7.17
[INFO] [stderr]    Compiling tokio-native-tls v0.3.1
[INFO] [stderr]    Compiling hickory-resolver v0.25.2
[INFO] [stderr]    Compiling h2 v0.3.27
[INFO] [stderr]    Compiling libp2p-connection-limits v0.6.0
[INFO] [stderr]    Compiling libp2p-allow-block-list v0.6.0
[INFO] [stderr]    Compiling libp2p-identify v0.47.0
[INFO] [stderr]    Compiling libp2p-ping v0.47.0
[INFO] [stderr]    Compiling libp2p-kad v0.48.0
[INFO] [stderr]    Compiling libp2p-mdns v0.48.0
[INFO] [stderr]    Compiling libp2p-dns v0.44.0
[INFO] [stderr]    Compiling futures-rustls v0.26.0
[INFO] [stderr]    Compiling libp2p-websocket v0.45.1
[INFO] [stderr]    Compiling hyper v0.14.32
[INFO] [stderr]    Compiling libp2p v0.56.0
[INFO] [stderr]    Compiling hyper-tls v0.5.0
[INFO] [stderr]    Compiling reqwest v0.11.27
[INFO] [stderr]    Compiling webtorrent-rs v1.0.2 (/opt/rustwide/workdir)
[INFO] [stderr]     Finished `release` profile [optimized] target(s) in 2m 33s
[INFO] running `Command { std: "docker" "inspect" "889c15e455db499fb5de42759c9a60f383f56160f2bf10bc747e7fc96a171640", kill_on_drop: false }`
[INFO] running `Command { std: "docker" "exec" "-e" "SOURCE_DIR=/opt/rustwide/workdir" "-e" "CARGO_HOME=/opt/rustwide/cargo-home" "-e" "RUSTUP_HOME=/opt/rustwide/rustup-home" "-e" "CARGO_TARGET_DIR=/opt/rustwide/target" "-e" "CARGO_INCREMENTAL=0" "-e" "RUST_BACKTRACE=full" "-e" "RUSTFLAGS=--cap-lints=warn" "-e" "RUSTDOCFLAGS=--cap-lints=warn" "-w" "/opt/rustwide/workdir" "--user" "0:0" "889c15e455db499fb5de42759c9a60f383f56160f2bf10bc747e7fc96a171640" "/opt/rustwide/cargo-home/bin/cargo" "+1.99.0-beta.8" "test" "--frozen" "--no-run" "--message-format=json" "--release", kill_on_drop: false }`
[INFO] [stderr]    Compiling tokio v1.48.0
[INFO] [stderr]    Compiling openssl v0.10.75
[INFO] [stderr]    Compiling piper v0.2.4
[INFO] [stderr]    Compiling async-stream-impl v0.3.6
[INFO] [stderr]    Compiling tempfile v3.24.0
[INFO] [stderr]    Compiling blocking v1.6.2
[INFO] [stderr]    Compiling async-fs v1.6.0
[INFO] [stderr]    Compiling async-stream v0.3.6
[INFO] [stderr]    Compiling native-tls v0.2.14
[INFO] [stderr]    Compiling tokio-util v0.7.17
[INFO] [stderr]    Compiling tokio-native-tls v0.3.1
[INFO] [stderr]    Compiling natpmp v0.3.3
[INFO] [stderr]    Compiling tokio-stream v0.1.17
[INFO] [stderr]    Compiling h2 v0.3.27
[INFO] [stderr]    Compiling tokio-test v0.4.4
[INFO] [stderr]    Compiling hyper v0.14.32
[INFO] [stderr]    Compiling hyper-tls v0.5.0
[INFO] [stderr]    Compiling reqwest v0.11.27
[INFO] [stderr]    Compiling webtorrent-rs v1.0.2 (/opt/rustwide/workdir)
[INFO] [stderr]     Finished `release` profile [optimized] target(s) in 1m 15s
[INFO] running `Command { std: "docker" "inspect" "889c15e455db499fb5de42759c9a60f383f56160f2bf10bc747e7fc96a171640", kill_on_drop: false }`
[INFO] running `Command { std: "docker" "exec" "-e" "SOURCE_DIR=/opt/rustwide/workdir" "-e" "CARGO_HOME=/opt/rustwide/cargo-home" "-e" "RUSTUP_HOME=/opt/rustwide/rustup-home" "-e" "CARGO_TARGET_DIR=/opt/rustwide/target" "-e" "CARGO_INCREMENTAL=0" "-e" "RUST_BACKTRACE=full" "-e" "RUSTFLAGS=--cap-lints=warn" "-e" "RUSTDOCFLAGS=--cap-lints=warn" "-w" "/opt/rustwide/workdir" "--user" "0:0" "889c15e455db499fb5de42759c9a60f383f56160f2bf10bc747e7fc96a171640" "/opt/rustwide/cargo-home/bin/cargo" "+1.99.0-beta.8" "test" "--frozen" "--release", kill_on_drop: false }`
[INFO] [stderr]     Finished `release` profile [optimized] target(s) in 0.59s
[INFO] [stderr]      Running unittests src/lib.rs (/opt/rustwide/target/release/deps/webtorrent-bd9605db47594608)
[INFO] [stdout] 
[INFO] [stdout] running 0 tests
[INFO] [stderr]      Running unittests src/bin/main.rs (/opt/rustwide/target/release/deps/webtorrent_cli-9334068da6a7c65d)
[INFO] [stdout] 
[INFO] [stdout] test result: ok. 0 passed; 0 failed; 0 ignored; 0 measured; 0 filtered out; finished in 0.00s
[INFO] [stdout] 
[INFO] [stdout] 
[INFO] [stdout] running 0 tests
[INFO] [stdout] 
[INFO] [stdout] test result: ok. 0 passed; 0 failed; 0 ignored; 0 measured; 0 filtered out; finished in 0.00s
[INFO] [stdout] 
[INFO] [stderr]      Running tests/common.rs (/opt/rustwide/target/release/deps/common-eca9e80b035ec1b8)
[INFO] [stderr]      Running tests/test_bencode.rs (/opt/rustwide/target/release/deps/test_bencode-96692584afe8050a)
[INFO] [stdout] 
[INFO] [stdout] running 0 tests
[INFO] [stdout] 
[INFO] [stdout] test result: ok. 0 passed; 0 failed; 0 ignored; 0 measured; 0 filtered out; finished in 0.00s
[INFO] [stdout] 
[INFO] [stdout] 
[INFO] [stdout] running 10 tests
[INFO] [stdout] test test_parse_integer ... ok
[INFO] [stdout] test test_encode_dict ... ok
[INFO] [stdout] test test_parse_list ... ok
[INFO] [stdout] test test_parse_dict ... ok
[INFO] [stdout] test test_encode_integer ... ok
[INFO] [stdout] test test_parse_bytes ... ok
[INFO] [stdout] test test_encode_list ... ok
[INFO] [stdout] test test_round_trip ... ok
[INFO] [stdout] test test_encode_bytes ... ok
[INFO] [stderr]      Running tests/test_client.rs (/opt/rustwide/target/release/deps/test_client-d502e31de08b9414)
[INFO] [stdout] test test_parse_negative_integer ... ok
[INFO] [stdout] 
[INFO] [stdout] test result: ok. 10 passed; 0 failed; 0 ignored; 0 measured; 0 filtered out; finished in 0.01s
[INFO] [stdout] 
[INFO] [stdout] 
[INFO] [stdout] running 12 tests
[INFO] [stdout] test test_client_destroy ... ok
[INFO] [stdout] test test_client_address_not_listening ... ok
[INFO] [stdout] test test_client_throttle_download ... ok
[INFO] [stdout] test test_client_throttle_unlimited ... ok
[INFO] [stdout] test test_client_download_speed ... ok
[INFO] [stdout] test test_client_destroy_twice ... ok
[INFO] [stdout] test test_client_ratio_empty ... ok
[INFO] [stdout] test test_client_throttle_upload ... ok
[INFO] [stdout] test test_client_progress_empty ... ok
[INFO] [stdout] test test_client_creation ... ok
[INFO] [stdout] test test_client_upload_speed ... ok
[INFO] [stderr]      Running tests/test_conn_pool.rs (/opt/rustwide/target/release/deps/test_conn_pool-b8eddcd391a07f07)
[INFO] [stdout] test test_client_with_custom_options ... ok
[INFO] [stdout] 
[INFO] [stdout] test result: ok. 12 passed; 0 failed; 0 ignored; 0 measured; 0 filtered out; finished in 0.01s
[INFO] [stdout] 
[INFO] [stdout] 
[INFO] [stdout] running 7 tests
[INFO] [stdout] test test_conn_pool_utp_enabled ... ok
[INFO] [stdout] test test_conn_pool_utp_disabled ... ok
[INFO] [stdout] test test_conn_pool_listening ... ok
[INFO] [stdout] test test_conn_pool_creation ... ok
[INFO] [stdout] test test_conn_pool_destroy ... ok
[INFO] [stdout] test test_conn_pool_multiple_connections ... FAILED
[INFO] [stdout] test test_conn_pool_handshake ... FAILED
[INFO] [stdout] 
[INFO] [stdout] failures:
[INFO] [stdout] 
[INFO] [stdout] ---- test_conn_pool_multiple_connections stdout ----
[INFO] [stdout] 
[INFO] [stdout] thread 'test_conn_pool_multiple_connections' (6100) panicked at tests/test_conn_pool.rs:110:48:
[INFO] [stdout] called `Result::unwrap()` on an `Err` value: Bencode("Unexpected byte: 58")
[INFO] [stdout] stack backtrace:
[INFO] [stdout]    0:     0x623e91deeba1 - <<std[70759c8f55707aa4]::sys::backtrace::BacktraceLock>::print::DisplayBacktrace as core[df12db4294e9bfd3]::fmt::Display>::fmt
[INFO] [stdout]    1:     0x623e91e063aa - core[df12db4294e9bfd3]::fmt::write
[INFO] [stdout]    2:     0x623e91df3a2c - <alloc[2182bb758b4b3781]::vec::Vec<u8> as core[df12db4294e9bfd3]::io::write::Write>::write_fmt
[INFO] [stdout]    3:     0x623e91dc8f56 - std[70759c8f55707aa4]::panicking::default_hook::{closure#0}
[INFO] [stdout]    4:     0x623e91de67d9 - std[70759c8f55707aa4]::panicking::default_hook
[INFO] [stdout]    5:     0x623e91bc13e0 - test[9d35eded1c95d3be]::test_main_inner::<test[9d35eded1c95d3be]::test_main_static::{closure#0}>::{closure#0}
[INFO] [stdout]    6:     0x623e91de6b02 - std[70759c8f55707aa4]::panicking::panic_with_hook
[INFO] [stdout]    7:     0x623e91dc9002 - std[70759c8f55707aa4]::panicking::panic_handler::{closure#0}
[INFO] [stdout]    8:     0x623e91dc1ca9 - std[70759c8f55707aa4]::sys::backtrace::__rust_end_short_backtrace::<std[70759c8f55707aa4]::panicking::panic_handler::{closure#0}, !>
[INFO] [stdout]    9:     0x623e91dc9ded - __rustc[8fa7c3cbc660c2b3]::rust_begin_unwind
[INFO] [stdout]   10:     0x623e91e06b0c - core[df12db4294e9bfd3]::panicking::panic_fmt
[INFO] [stdout]   11:     0x623e91e068e2 - core[df12db4294e9bfd3]::result::unwrap_failed
[INFO] [stdout]   12:     0x623e91b7d091 - test_conn_pool[e05d7c222c5af4f7]::test_conn_pool_multiple_connections::{closure#0}
[INFO] [stdout]   13:     0x623e91bacda3 - <tokio[ae1169655e88534d]::runtime::scheduler::current_thread::Context>::enter::<core[df12db4294e9bfd3]::task::poll::Poll<()>, <tokio[ae1169655e88534d]::runtime::scheduler::current_thread::CoreGuard>::block_on<core[df12db4294e9bfd3]::pin::Pin<&mut core[df12db4294e9bfd3]::pin::Pin<&mut dyn core[df12db4294e9bfd3]::future::future::Future<Output = ()>>>>::{closure#0}::{closure#0}>
[INFO] [stdout]   14:     0x623e91ba8abc - <tokio[ae1169655e88534d]::runtime::context::scoped::Scoped<tokio[ae1169655e88534d]::runtime::scheduler::Context>>::set::<<tokio[ae1169655e88534d]::runtime::scheduler::current_thread::CoreGuard>::enter<<tokio[ae1169655e88534d]::runtime::scheduler::current_thread::CoreGuard>::block_on<core[df12db4294e9bfd3]::pin::Pin<&mut core[df12db4294e9bfd3]::pin::Pin<&mut dyn core[df12db4294e9bfd3]::future::future::Future<Output = ()>>>>::{closure#0}, core[df12db4294e9bfd3]::option::Option<()>>::{closure#0}, (alloc[2182bb758b4b3781]::boxed::Box<tokio[ae1169655e88534d]::runtime::scheduler::current_thread::Core>, core[df12db4294e9bfd3]::option::Option<()>)>
[INFO] [stdout]   15:     0x623e91bac22f - <tokio[ae1169655e88534d]::runtime::scheduler::current_thread::CurrentThread>::block_on::<core[df12db4294e9bfd3]::pin::Pin<&mut dyn core[df12db4294e9bfd3]::future::future::Future<Output = ()>>>
[INFO] [stdout]   16:     0x623e91ba1a62 - <tokio[ae1169655e88534d]::runtime::runtime::Runtime>::block_on::<core[df12db4294e9bfd3]::pin::Pin<&mut dyn core[df12db4294e9bfd3]::future::future::Future<Output = ()>>>
[INFO] [stdout]   17:     0x623e91b8afae - <test_conn_pool[e05d7c222c5af4f7]::test_conn_pool_multiple_connections::{closure#0} as core[df12db4294e9bfd3]::ops::function::FnOnce<()>>::call_once
[INFO] [stdout]   18:     0x623e91bb46cb - test[9d35eded1c95d3be]::__rust_begin_short_backtrace::<core[df12db4294e9bfd3]::result::Result<(), alloc[2182bb758b4b3781]::string::String>, fn() -> core[df12db4294e9bfd3]::result::Result<(), alloc[2182bb758b4b3781]::string::String>>
[INFO] [stdout]   19:     0x623e91bc1d35 - test[9d35eded1c95d3be]::run_test::{closure#0}
[INFO] [stdout]   20:     0x623e91bbb5f4 - std[70759c8f55707aa4]::sys::backtrace::__rust_begin_short_backtrace::<test[9d35eded1c95d3be]::run_test::{closure#1}, ()>
[INFO] [stdout]   21:     0x623e91bc4e92 - <std[70759c8f55707aa4]::thread::lifecycle::spawn_unchecked<test[9d35eded1c95d3be]::run_test::{closure#1}, ()>::{closure#1} as core[df12db4294e9bfd3]::ops::function::FnOnce<()>>::call_once::{shim:vtable#0}
[INFO] [stdout]   22:     0x623e91dede49 - <std[70759c8f55707aa4]::sys::thread::unix::Thread>::new::thread_start
[INFO] [stdout]   23:     0x760f1d6fedfa - <unknown>
[INFO] [stdout]   24:     0x760f1d7923d4 - clone
[INFO] [stdout]   25:                0x0 - <unknown>
[INFO] [stdout] 
[INFO] [stdout] ---- test_conn_pool_handshake stdout ----
[INFO] [stdout] 
[INFO] [stdout] thread 'test_conn_pool_handshake' (6098) panicked at tests/test_conn_pool.rs:50:48:
[INFO] [stdout] called `Result::unwrap()` on an `Err` value: Bencode("Unexpected byte: 58")
[INFO] [stdout] stack backtrace:
[INFO] [stdout]    0:     0x623e91deeba1 - <<std[70759c8f55707aa4]::sys::backtrace::BacktraceLock>::print::DisplayBacktrace as core[df12db4294e9bfd3]::fmt::Display>::fmt
[INFO] [stdout]    1:     0x623e91e063aa - core[df12db4294e9bfd3]::fmt::write
[INFO] [stdout]    2:     0x623e91df3a2c - <alloc[2182bb758b4b3781]::vec::Vec<u8> as core[df12db4294e9bfd3]::io::write::Write>::write_fmt
[INFO] [stdout]    3:     0x623e91dc8f56 - std[70759c8f55707aa4]::panicking::default_hook::{closure#0}
[INFO] [stdout]    4:     0x623e91de67d9 - std[70759c8f55707aa4]::panicking::default_hook
[INFO] [stdout]    5:     0x623e91bc13e0 - test[9d35eded1c95d3be]::test_main_inner::<test[9d35eded1c95d3be]::test_main_static::{closure#0}>::{closure#0}
[INFO] [stdout]    6:     0x623e91de6b02 - std[70759c8f55707aa4]::panicking::panic_with_hook
[INFO] [stdout]    7:     0x623e91dc9002 - std[70759c8f55707aa4]::panicking::panic_handler::{closure#0}
[INFO] [stdout]    8:     0x623e91dc1ca9 - std[70759c8f55707aa4]::sys::backtrace::__rust_end_short_backtrace::<std[70759c8f55707aa4]::panicking::panic_handler::{closure#0}, !>
[INFO] [stdout]    9:     0x623e91dc9ded - __rustc[8fa7c3cbc660c2b3]::rust_begin_unwind
[INFO] [stdout]   10:     0x623e91e06b0c - core[df12db4294e9bfd3]::panicking::panic_fmt
[INFO] [stdout]   11:     0x623e91e068e2 - core[df12db4294e9bfd3]::result::unwrap_failed
[INFO] [stdout]   12:     0x623e91b7bb2d - test_conn_pool[e05d7c222c5af4f7]::test_conn_pool_handshake::{closure#0}
[INFO] [stdout]   13:     0x623e91bacda3 - <tokio[ae1169655e88534d]::runtime::scheduler::current_thread::Context>::enter::<core[df12db4294e9bfd3]::task::poll::Poll<()>, <tokio[ae1169655e88534d]::runtime::scheduler::current_thread::CoreGuard>::block_on<core[df12db4294e9bfd3]::pin::Pin<&mut core[df12db4294e9bfd3]::pin::Pin<&mut dyn core[df12db4294e9bfd3]::future::future::Future<Output = ()>>>>::{closure#0}::{closure#0}>
[INFO] [stdout]   14:     0x623e91ba8abc - <tokio[ae1169655e88534d]::runtime::context::scoped::Scoped<tokio[ae1169655e88534d]::runtime::scheduler::Context>>::set::<<tokio[ae1169655e88534d]::runtime::scheduler::current_thread::CoreGuard>::enter<<tokio[ae1169655e88534d]::runtime::scheduler::current_thread::CoreGuard>::block_on<core[df12db4294e9bfd3]::pin::Pin<&mut core[df12db4294e9bfd3]::pin::Pin<&mut dyn core[df12db4294e9bfd3]::future::future::Future<Output = ()>>>>::{closure#0}, core[df12db4294e9bfd3]::option::Option<()>>::{closure#0}, (alloc[2182bb758b4b3781]::boxed::Box<tokio[ae1169655e88534d]::runtime::scheduler::current_thread::Core>, core[df12db4294e9bfd3]::option::Option<()>)>
[INFO] [stdout]   15:     0x623e91bac22f - <tokio[ae1169655e88534d]::runtime::scheduler::current_thread::CurrentThread>::block_on::<core[df12db4294e9bfd3]::pin::Pin<&mut dyn core[df12db4294e9bfd3]::future::future::Future<Output = ()>>>
[INFO] [stdout]   16:     0x623e91ba1a62 - <tokio[ae1169655e88534d]::runtime::runtime::Runtime>::block_on::<core[df12db4294e9bfd3]::pin::Pin<&mut dyn core[df12db4294e9bfd3]::future::future::Future<Output = ()>>>
[INFO] [stdout]   17:     0x623e91b8aa2e - <test_conn_pool[e05d7c222c5af4f7]::test_conn_pool_handshake::{closure#0} as core[df12db4294e9bfd3]::ops::function::FnOnce<()>>::call_once
[INFO] [stdout]   18:     0x623e91bb46cb - test[9d35eded1c95d3be]::__rust_begin_short_backtrace::<core[df12db4294e9bfd3]::result::Result<(), alloc[2182bb758b4b3781]::string::String>, fn() -> core[df12db4294e9bfd3]::result::Result<(), alloc[2182bb758b4b3781]::string::String>>
[INFO] [stdout]   19:     0x623e91bc1d35 - test[9d35eded1c95d3be]::run_test::{closure#0}
[INFO] [stdout]   20:     0x623e91bbb5f4 - std[70759c8f55707aa4]::sys::backtrace::__rust_begin_short_backtrace::<test[9d35eded1c95d3be]::run_test::{closure#1}, ()>
[INFO] [stdout]   21:     0x623e91bc4e92 - <std[70759c8f55707aa4]::thread::lifecycle::spawn_unchecked<test[9d35eded1c95d3be]::run_test::{closure#1}, ()>::{closure#1} as core[df12db4294e9bfd3]::ops::function::FnOnce<()>>::call_once::{shim:vtable#0}
[INFO] [stdout]   22:     0x623e91dede49 - <std[70759c8f55707aa4]::sys::thread::unix::Thread>::new::thread_start
[INFO] [stdout]   23:     0x760f1d6fedfa - <unknown>
[INFO] [stdout]   24:     0x760f1d7923d4 - clone
[INFO] [stdout]   25:                0x0 - <unknown>
[INFO] [stdout] 
[INFO] [stdout] 
[INFO] [stdout] failures:
[INFO] [stdout]     test_conn_pool_handshake
[INFO] [stdout]     test_conn_pool_multiple_connections
[INFO] [stdout] 
[INFO] [stdout] test result: FAILED. 5 passed; 2 failed; 0 ignored; 0 measured; 0 filtered out; finished in 0.00s
[INFO] [stdout] 
[INFO] [stderr] error: test failed, to rerun pass `--test test_conn_pool`
[INFO] running `Command { std: "docker" "inspect" "889c15e455db499fb5de42759c9a60f383f56160f2bf10bc747e7fc96a171640", kill_on_drop: false }`
[INFO] running `Command { std: "docker" "rm" "-f" "889c15e455db499fb5de42759c9a60f383f56160f2bf10bc747e7fc96a171640", kill_on_drop: false }`
[INFO] [stdout] 889c15e455db499fb5de42759c9a60f383f56160f2bf10bc747e7fc96a171640
