[INFO] fetching crate openapi31to30 0.0.1...
[INFO] testing openapi31to30-0.0.1 against 1.99.0-beta.8+cargoflags=--release for beta-release-1.100-3
[INFO] extracting crate openapi31to30 0.0.1 into /workspace/builds/worker-5-tc1/source
[INFO] started tweaking crates.io crate openapi31to30 0.0.1
[INFO] finished tweaking crates.io crate openapi31to30 0.0.1
[INFO] tweaked toml for crates.io crate openapi31to30 0.0.1 written to /workspace/builds/worker-5-tc1/source/Cargo.toml
[INFO] validating manifest of crates.io crate openapi31to30 0.0.1 on toolchain 1.99.0-beta.8
[INFO] running `Command { std: CARGO_HOME="/workspace/cargo-home" RUSTUP_HOME="/workspace/rustup-home" "/workspace/cargo-home/bin/cargo" "+1.99.0-beta.8" "metadata" "--manifest-path" "Cargo.toml" "--no-deps", kill_on_drop: false }`
[INFO] crate crates.io crate openapi31to30 0.0.1 already has a lockfile, it will not be regenerated
[INFO] running `Command { std: CARGO_HOME="/workspace/cargo-home" RUSTUP_HOME="/workspace/rustup-home" "/workspace/cargo-home/bin/cargo" "+1.99.0-beta.8" "fetch" "--manifest-path" "Cargo.toml", kill_on_drop: false }`
[INFO] [stderr]     Updating crates.io index
[INFO] [stderr]  Downloading crates ...
[INFO] [stderr]   Downloaded unicode-ident v1.0.17
[INFO] [stderr]   Downloaded utoipa-axum v0.2.0
[INFO] [stderr]   Downloaded yoke-derive v0.7.5
[INFO] [stderr]   Downloaded utoipa v5.3.1
[INFO] [stderr]   Downloaded console v0.15.10
[INFO] [stderr]   Downloaded idna_adapter v1.2.0
[INFO] [stderr]   Downloaded zerofrom v0.1.5
[INFO] [stderr]   Downloaded write16 v1.0.0
[INFO] [stderr]   Downloaded wasm-bindgen-futures v0.4.50
[INFO] [stderr]   Downloaded tracing-error v0.2.1
[INFO] [stderr]   Downloaded typify-macro v0.3.0
[INFO] [stderr]   Downloaded windows-result v0.2.0
[INFO] [stderr]   Downloaded zerofrom-derive v0.1.5
[INFO] [stderr]   Downloaded itoa v1.0.14
[INFO] [stderr]   Downloaded utf16_iter v1.0.5
[INFO] [stderr]   Downloaded dyn-clone v1.0.18
[INFO] [stderr]   Downloaded windows-strings v0.1.0
[INFO] [stderr]   Downloaded progenitor-macro v0.9.1
[INFO] [stderr]   Downloaded tinystr v0.7.6
[INFO] [stderr]   Downloaded pin-project-internal v1.1.9
[INFO] [stderr]   Downloaded semver v1.0.25
[INFO] [stderr]   Downloaded foldhash v0.1.4
[INFO] [stderr]   Downloaded adler v1.0.2
[INFO] [stderr]   Downloaded http-body-util v0.1.2
[INFO] [stderr]   Downloaded progenitor-client v0.9.1
[INFO] [stderr]   Downloaded linked-hash-map v0.5.6
[INFO] [stderr]   Downloaded encode_unicode v1.0.0
[INFO] [stderr]   Downloaded serde_path_to_error v0.1.16
[INFO] [stderr]   Downloaded multer v3.1.0
[INFO] [stderr]   Downloaded axum-core v0.5.0
[INFO] [stderr]   Downloaded progenitor v0.9.1
[INFO] [stderr]   Downloaded serde_tokenstream v0.2.2
[INFO] [stderr]   Downloaded schemars_derive v0.8.21
[INFO] [stderr]   Downloaded serde_derive_internals v0.29.1
[INFO] [stderr]   Downloaded thiserror-impl v2.0.11
[INFO] [stderr]   Downloaded windows-registry v0.2.0
[INFO] [stderr]   Downloaded zerovec-derive v0.10.3
[INFO] [stderr]   Downloaded yoke v0.7.5
[INFO] [stderr]   Downloaded icu_provider_macros v1.5.0
[INFO] [stderr]   Downloaded thread_local v1.1.8
[INFO] [stderr]   Downloaded indenter v0.3.3
[INFO] [stderr]   Downloaded quote v1.0.38
[INFO] [stderr]   Downloaded rustversion v1.0.19
[INFO] [stderr]   Downloaded typify v0.3.0
[INFO] [stderr]   Downloaded thiserror v2.0.11
[INFO] [stderr]   Downloaded wasm-streams v0.4.2
[INFO] [stderr]   Downloaded writeable v0.5.5
[INFO] [stderr]   Downloaded litemap v0.7.4
[INFO] [stderr]   Downloaded ipnet v2.11.0
[INFO] [stderr]   Downloaded owo-colors v3.5.0
[INFO] [stderr]   Downloaded once_cell v1.20.3
[INFO] [stderr]   Downloaded smallvec v1.14.0
[INFO] [stderr]   Downloaded eyre v0.6.12
[INFO] [stderr]   Downloaded log v0.4.25
[INFO] [stderr]   Downloaded addr2line v0.21.0
[INFO] [stderr]   Downloaded schemars v0.8.21
[INFO] [stderr]   Downloaded progenitor-impl v0.9.1
[INFO] [stderr]   Downloaded icu_provider v1.5.0
[INFO] [stderr]   Downloaded icu_locid v1.5.0
[INFO] [stderr]   Downloaded icu_locid_transform v1.5.0
[INFO] [stderr]   Downloaded icu_locid_transform_data v1.5.0
[INFO] [stderr]   Downloaded icu_normalizer v1.5.0
[INFO] [stderr]   Downloaded icu_normalizer_data v1.5.0
[INFO] [stderr]   Downloaded diff v0.1.13
[INFO] [stderr]   Downloaded similar v2.7.0
[INFO] [stderr]   Downloaded serde_derive v1.0.218
[INFO] [stderr]   Downloaded ryu v1.0.19
[INFO] [stderr]   Downloaded httparse v1.10.0
[INFO] [stderr]   Downloaded serde_yaml v0.9.34+deprecated
[INFO] [stderr]   Downloaded unsafe-libyaml v0.2.11
[INFO] [stderr]   Downloaded uuid v1.13.2
[INFO] [stderr]   Downloaded pretty_assertions v1.4.1
[INFO] [stderr]   Downloaded pin-project v1.1.9
[INFO] [stderr]   Downloaded proc-macro2 v1.0.93
[INFO] [stderr]   Downloaded serde v1.0.218
[INFO] [stderr]   Downloaded socket2 v0.5.8
[INFO] [stderr]   Downloaded miniz_oxide v0.7.4
[INFO] [stderr]   Downloaded hyper-util v0.1.10
[INFO] [stderr]   Downloaded bumpalo v3.17.0
[INFO] [stderr]   Downloaded icu_properties v1.5.1
[INFO] [stderr]   Downloaded icu_collections v1.5.0
[INFO] [stderr]   Downloaded yansi v1.0.1
[INFO] [stderr]   Downloaded backtrace v0.3.71
[INFO] [stderr]   Downloaded cc v1.2.14
[INFO] [stderr]   Downloaded http v1.2.0
[INFO] [stderr]   Downloaded bytes v1.10.0
[INFO] [stderr]   Downloaded tokio-util v0.7.13
[INFO] [stderr]   Downloaded insta v1.42.1
[INFO] [stderr]   Downloaded tracing-subscriber v0.3.19
[INFO] [stderr]   Downloaded indexmap v2.7.1
[INFO] [stderr]   Downloaded zerovec v0.10.4
[INFO] [stderr]   Downloaded hashbrown v0.15.2
[INFO] [stderr]   Downloaded serde_json v1.0.139
[INFO] [stderr]   Downloaded axum v0.8.1
[INFO] [stderr]   Downloaded color-spantrace v0.2.1
[INFO] [stderr]   Downloaded utoipa-gen v5.3.1
[INFO] [stderr]   Downloaded reqwest v0.12.12
[INFO] [stderr]   Downloaded icu_properties_data v1.5.0
[INFO] [stderr]   Downloaded syn v2.0.98
[INFO] [stderr]   Downloaded chrono v0.4.39
[INFO] [stderr]   Downloaded object v0.32.2
[INFO] [stderr]   Downloaded gimli v0.28.1
[INFO] [stderr]   Downloaded regress v0.10.3
[INFO] [stderr]   Downloaded openapiv3 v2.0.0
[INFO] [stderr]   Downloaded typify-impl v0.3.0
[INFO] [stderr]   Downloaded color-eyre v0.6.3
[INFO] [stderr]   Downloaded web-sys v0.3.77
[INFO] [stderr]   Downloaded libc v0.2.169
[INFO] [stderr]   Downloaded tokio v1.43.0
[INFO] [stderr]   Downloaded encoding_rs v0.8.35
[INFO] running `Command { std: "docker" "create" "-v" "/var/lib/crater-agent-workspace/builds/worker-5-tc1/source:/opt/rustwide/workdir:ro,Z" "-v" "/var/lib/crater-agent-workspace/builds/worker-5-tc1/target:/opt/rustwide/target:rw,Z" "-v" "/var/lib/crater-agent-workspace/cargo-home:/opt/rustwide/cargo-home:ro,Z" "-v" "/var/lib/crater-agent-workspace/rustup-home:/opt/rustwide/rustup-home:ro,Z" "-m" "1610612736" "--network" "none" "ghcr.io/rust-lang/crates-build-env/linux@sha256:77db811e55d90add9212f6832c23229e3de5f1c1f9905e8cb07319ea15df73ac" "sleep" "infinity", kill_on_drop: false }`
[INFO] [stdout] cb03a9bcd4ecab5c39c3ab92146929d01366886c3de871730263e12d9aa54827
[INFO] running `Command { std: "docker" "start" "cb03a9bcd4ecab5c39c3ab92146929d01366886c3de871730263e12d9aa54827", kill_on_drop: false }`
[INFO] running `Command { std: "docker" "inspect" "cb03a9bcd4ecab5c39c3ab92146929d01366886c3de871730263e12d9aa54827", kill_on_drop: false }`
[INFO] running `Command { std: "docker" "exec" "-e" "SOURCE_DIR=/opt/rustwide/workdir" "-e" "CARGO_HOME=/opt/rustwide/cargo-home" "-e" "RUSTUP_HOME=/opt/rustwide/rustup-home" "-e" "CARGO_TARGET_DIR=/opt/rustwide/target" "-w" "/opt/rustwide/workdir" "--user" "0:0" "cb03a9bcd4ecab5c39c3ab92146929d01366886c3de871730263e12d9aa54827" "/opt/rustwide/cargo-home/bin/cargo" "+1.99.0-beta.8" "metadata" "--no-deps" "--format-version=1", kill_on_drop: false }`
[INFO] running `Command { std: "docker" "inspect" "cb03a9bcd4ecab5c39c3ab92146929d01366886c3de871730263e12d9aa54827", kill_on_drop: false }`
[INFO] running `Command { std: "docker" "exec" "-e" "SOURCE_DIR=/opt/rustwide/workdir" "-e" "CARGO_HOME=/opt/rustwide/cargo-home" "-e" "RUSTUP_HOME=/opt/rustwide/rustup-home" "-e" "CARGO_TARGET_DIR=/opt/rustwide/target" "-e" "CARGO_INCREMENTAL=0" "-e" "RUST_BACKTRACE=full" "-e" "RUSTFLAGS=--cap-lints=warn" "-e" "RUSTDOCFLAGS=--cap-lints=warn" "-w" "/opt/rustwide/workdir" "--user" "0:0" "cb03a9bcd4ecab5c39c3ab92146929d01366886c3de871730263e12d9aa54827" "/opt/rustwide/cargo-home/bin/cargo" "+1.99.0-beta.8" "build" "--frozen" "--message-format=json" "--release", kill_on_drop: false }`
[INFO] [stderr]    Compiling once_cell v1.20.3
[INFO] [stderr]    Compiling proc-macro2 v1.0.93
[INFO] [stderr]    Compiling cfg-if v1.0.0
[INFO] [stderr]    Compiling unicode-ident v1.0.17
[INFO] [stderr]    Compiling lazy_static v1.5.0
[INFO] [stderr]    Compiling shlex v1.3.0
[INFO] [stderr]    Compiling libc v0.2.169
[INFO] [stderr]    Compiling pin-project-lite v0.2.16
[INFO] [stderr]    Compiling serde v1.0.218
[INFO] [stderr]    Compiling gimli v0.28.1
[INFO] [stderr]    Compiling adler v1.0.2
[INFO] [stderr]    Compiling memchr v2.7.4
[INFO] [stderr]    Compiling eyre v0.6.12
[INFO] [stderr]    Compiling indenter v0.3.3
[INFO] [stderr]    Compiling rustc-demangle v0.1.24
[INFO] [stderr]    Compiling owo-colors v3.5.0
[INFO] [stderr]    Compiling equivalent v1.0.2
[INFO] [stderr]    Compiling hashbrown v0.15.2
[INFO] [stderr]    Compiling tracing-core v0.1.33
[INFO] [stderr]    Compiling sharded-slab v0.1.7
[INFO] [stderr]    Compiling thread_local v1.1.8
[INFO] [stderr]    Compiling miniz_oxide v0.7.4
[INFO] [stderr]    Compiling unsafe-libyaml v0.2.11
[INFO] [stderr]    Compiling ryu v1.0.19
[INFO] [stderr]    Compiling itoa v1.0.14
[INFO] [stderr]    Compiling cc v1.2.14
[INFO] [stderr]    Compiling indexmap v2.7.1
[INFO] [stderr]    Compiling tracing v0.1.41
[INFO] [stderr]    Compiling quote v1.0.38
[INFO] [stderr]    Compiling tracing-subscriber v0.3.19
[INFO] [stderr]    Compiling object v0.32.2
[INFO] [stderr]    Compiling syn v2.0.98
[INFO] [stderr]    Compiling backtrace v0.3.71
[INFO] [stderr]    Compiling tracing-error v0.2.1
[INFO] [stderr]    Compiling addr2line v0.21.0
[INFO] [stderr]    Compiling color-spantrace v0.2.1
[INFO] [stderr]    Compiling serde_derive v1.0.218
[INFO] [stderr]    Compiling color-eyre v0.6.3
[INFO] [stderr]    Compiling serde_yaml v0.9.34+deprecated
[INFO] [stderr]    Compiling openapi31to30 v0.0.1 (/opt/rustwide/workdir)
[INFO] [stdout] warning: trailing semicolon in macro used in expression position
[INFO] [stdout]   --> src/main.rs:20:13
[INFO] [stdout]    |
[INFO] [stdout] 20 |             bail!(USAGE)
[INFO] [stdout]    |             ^^^^^^^^^^^^
[INFO] [stdout]    |
[INFO] [stdout]    = note: macro invocations at the end of a block are treated as expressions
[INFO] [stdout]    = note: to ignore the value produced by the macro, add a semicolon after the invocation of `bail`
[INFO] [stdout]    = warning: this was previously accepted by the compiler but is being phased out; it will become a hard error in a future release!
[INFO] [stdout]    = note: for more information, see issue #79813 <https://github.com/rust-lang/rust/issues/79813>
[INFO] [stdout]    = note: `#[warn(semicolon_in_expressions_from_non_local_macros)]` (part of `#[warn(future_incompatible)]`) on by default
[INFO] [stdout]    = note: this warning originates in the macro `bail` (in Nightly builds, run with -Z macro-backtrace for more info)
[INFO] [stdout] 
[INFO] [stdout] 
[INFO] [stdout] warning: trailing semicolon in macro used in expression position
[INFO] [stdout]   --> src/main.rs:25:13
[INFO] [stdout]    |
[INFO] [stdout] 25 |             bail!(USAGE)
[INFO] [stdout]    |             ^^^^^^^^^^^^
[INFO] [stdout]    |
[INFO] [stdout]    = note: macro invocations at the end of a block are treated as expressions
[INFO] [stdout]    = note: to ignore the value produced by the macro, add a semicolon after the invocation of `bail`
[INFO] [stdout]    = warning: this was previously accepted by the compiler but is being phased out; it will become a hard error in a future release!
[INFO] [stdout]    = note: for more information, see issue #79813 <https://github.com/rust-lang/rust/issues/79813>
[INFO] [stdout]    = note: this warning originates in the macro `bail` (in Nightly builds, run with -Z macro-backtrace for more info)
[INFO] [stdout] 
[INFO] [stdout] 
[INFO] [stderr]     Finished `release` profile [optimized] target(s) in 28.96s
[INFO] running `Command { std: "docker" "inspect" "cb03a9bcd4ecab5c39c3ab92146929d01366886c3de871730263e12d9aa54827", kill_on_drop: false }`
[INFO] running `Command { std: "docker" "exec" "-e" "SOURCE_DIR=/opt/rustwide/workdir" "-e" "CARGO_HOME=/opt/rustwide/cargo-home" "-e" "RUSTUP_HOME=/opt/rustwide/rustup-home" "-e" "CARGO_TARGET_DIR=/opt/rustwide/target" "-e" "CARGO_INCREMENTAL=0" "-e" "RUST_BACKTRACE=full" "-e" "RUSTFLAGS=--cap-lints=warn" "-e" "RUSTDOCFLAGS=--cap-lints=warn" "-w" "/opt/rustwide/workdir" "--user" "0:0" "cb03a9bcd4ecab5c39c3ab92146929d01366886c3de871730263e12d9aa54827" "/opt/rustwide/cargo-home/bin/cargo" "+1.99.0-beta.8" "test" "--frozen" "--no-run" "--message-format=json" "--release", kill_on_drop: false }`
[INFO] [stderr]    Compiling proc-macro2 v1.0.93
[INFO] [stderr]    Compiling memchr v2.7.4
[INFO] [stderr]    Compiling libc v0.2.169
[INFO] [stderr]    Compiling autocfg v1.4.0
[INFO] [stderr]    Compiling log v0.4.25
[INFO] [stderr]    Compiling futures-core v0.3.31
[INFO] [stderr]    Compiling stable_deref_trait v1.2.0
[INFO] [stderr]    Compiling bytes v1.10.0
[INFO] [stderr]    Compiling thiserror v2.0.11
[INFO] [stderr]    Compiling equivalent v1.0.2
[INFO] [stderr]    Compiling serde v1.0.218
[INFO] [stderr]    Compiling serde_json v1.0.139
[INFO] [stderr]    Compiling foldhash v0.1.4
[INFO] [stderr]    Compiling itoa v1.0.14
[INFO] [stderr]    Compiling allocator-api2 v0.2.21
[INFO] [stderr]    Compiling fnv v1.0.7
[INFO] [stderr]    Compiling schemars v0.8.21
[INFO] [stderr]    Compiling ryu v1.0.19
[INFO] [stderr]    Compiling futures-task v0.3.31
[INFO] [stderr]    Compiling tracing v0.1.41
[INFO] [stderr]    Compiling pin-utils v0.1.0
[INFO] [stderr]    Compiling smallvec v1.14.0
[INFO] [stderr]    Compiling writeable v0.5.5
[INFO] [stderr]    Compiling litemap v0.7.4
[INFO] [stderr]    Compiling futures-util v0.3.31
[INFO] [stderr]    Compiling semver v1.0.25
[INFO] [stderr]    Compiling httparse v1.10.0
[INFO] [stderr]    Compiling uuid v1.13.2
[INFO] [stderr]    Compiling num-traits v0.2.19
[INFO] [stderr]    Compiling hashbrown v0.15.2
[INFO] [stderr]    Compiling dyn-clone v1.0.18
[INFO] [stderr]    Compiling icu_locid_transform_data v1.5.0
[INFO] [stderr]    Compiling aho-corasick v1.1.3
[INFO] [stderr]    Compiling percent-encoding v2.3.1
[INFO] [stderr]    Compiling tower-service v0.3.3
[INFO] [stderr]    Compiling icu_properties_data v1.5.0
[INFO] [stderr]    Compiling try-lock v0.2.5
[INFO] [stderr]    Compiling heck v0.5.0
[INFO] [stderr]    Compiling regex-syntax v0.8.5
[INFO] [stderr]    Compiling want v0.3.1
[INFO] [stderr]    Compiling form_urlencoded v1.2.1
[INFO] [stderr]    Compiling sync_wrapper v1.0.2
[INFO] [stderr]    Compiling futures-channel v0.3.31
[INFO] [stderr]    Compiling httpdate v1.0.3
[INFO] [stderr]    Compiling write16 v1.0.0
[INFO] [stderr]    Compiling utf8_iter v1.0.4
[INFO] [stderr]    Compiling quote v1.0.38
[INFO] [stderr]    Compiling syn v2.0.98
[INFO] [stderr]    Compiling http v1.2.0
[INFO] [stderr]    Compiling mio v1.0.3
[INFO] [stderr]    Compiling socket2 v0.5.8
[INFO] [stderr]    Compiling icu_normalizer_data v1.5.0
[INFO] [stderr]    Compiling regress v0.10.3
[INFO] [stderr]    Compiling tower-layer v0.3.3
[INFO] [stderr]    Compiling unicode-ident v1.0.17
[INFO] [stderr]    Compiling mime v0.3.17
[INFO] [stderr]    Compiling utf16_iter v1.0.5
[INFO] [stderr]    Compiling version_check v0.9.5
[INFO] [stderr]    Compiling chrono v0.4.39
[INFO] [stderr]    Compiling rustversion v1.0.19
[INFO] [stderr]    Compiling multer v3.1.0
[INFO] [stderr]    Compiling futures-sink v0.3.31
[INFO] [stderr]    Compiling tracing-error v0.2.1
[INFO] [stderr]    Compiling http-body v1.0.1
[INFO] [stderr]    Compiling http-body-util v0.1.2
[INFO] [stderr]    Compiling object v0.32.2
[INFO] [stderr]    Compiling encoding_rs v0.8.35
[INFO] [stderr]    Compiling ipnet v2.11.0
[INFO] [stderr]    Compiling unsafe-libyaml v0.2.11
[INFO] [stderr]    Compiling base64 v0.22.1
[INFO] [stderr]    Compiling regex-automata v0.4.9
[INFO] [stderr]    Compiling paste v1.0.15
[INFO] [stderr]    Compiling spin v0.9.8
[INFO] [stderr]    Compiling axum-core v0.5.0
[INFO] [stderr]    Compiling color-spantrace v0.2.1
[INFO] [stderr]    Compiling matchit v0.8.4
[INFO] [stderr]    Compiling console v0.15.10
[INFO] [stderr]    Compiling yansi v1.0.1
[INFO] [stderr]    Compiling similar v2.7.0
[INFO] [stderr]    Compiling diff v0.1.13
[INFO] [stderr]    Compiling linked-hash-map v0.5.6
[INFO] [stderr]    Compiling pretty_assertions v1.4.1
[INFO] [stderr]    Compiling synstructure v0.13.1
[INFO] [stderr]    Compiling serde_derive_internals v0.29.1
[INFO] [stderr]    Compiling regex v1.11.1
[INFO] [stderr]    Compiling backtrace v0.3.71
[INFO] [stderr]    Compiling serde_derive v1.0.218
[INFO] [stderr]    Compiling zerofrom-derive v0.1.5
[INFO] [stderr]    Compiling yoke-derive v0.7.5
[INFO] [stderr]    Compiling zerovec-derive v0.10.3
[INFO] [stderr]    Compiling displaydoc v0.2.5
[INFO] [stderr]    Compiling schemars_derive v0.8.21
[INFO] [stderr]    Compiling thiserror-impl v2.0.11
[INFO] [stderr]    Compiling tokio-macros v2.5.0
[INFO] [stderr]    Compiling icu_provider_macros v1.5.0
[INFO] [stderr]    Compiling utoipa-gen v5.3.1
[INFO] [stderr]    Compiling pin-project-internal v1.1.9
[INFO] [stderr]    Compiling color-eyre v0.6.3
[INFO] [stderr]    Compiling tokio v1.43.0
[INFO] [stderr]    Compiling zerofrom v0.1.5
[INFO] [stderr]    Compiling yoke v0.7.5
[INFO] [stderr]    Compiling zerovec v0.10.4
[INFO] [stderr]    Compiling pin-project v1.1.9
[INFO] [stderr]    Compiling insta v1.42.1
[INFO] [stderr]    Compiling tinystr v0.7.6
[INFO] [stderr]    Compiling icu_collections v1.5.0
[INFO] [stderr]    Compiling icu_locid v1.5.0
[INFO] [stderr]    Compiling icu_provider v1.5.0
[INFO] [stderr]    Compiling hyper v1.6.0
[INFO] [stderr]    Compiling icu_locid_transform v1.5.0
[INFO] [stderr]    Compiling tower v0.5.2
[INFO] [stderr]    Compiling tokio-util v0.7.13
[INFO] [stderr]    Compiling hyper-util v0.1.10
[INFO] [stderr]    Compiling icu_properties v1.5.1
[INFO] [stderr]    Compiling indexmap v2.7.1
[INFO] [stderr]    Compiling serde_tokenstream v0.2.2
[INFO] [stderr]    Compiling serde_urlencoded v0.7.1
[INFO] [stderr]    Compiling serde_path_to_error v0.1.16
[INFO] [stderr]    Compiling serde_yaml v0.9.34+deprecated
[INFO] [stderr]    Compiling icu_normalizer v1.5.0
[INFO] [stderr]    Compiling openapiv3 v2.0.0
[INFO] [stderr]    Compiling typify-impl v0.3.0
[INFO] [stderr]    Compiling idna_adapter v1.2.0
[INFO] [stderr]    Compiling utoipa v5.3.1
[INFO] [stderr]    Compiling axum v0.8.1
[INFO] [stderr]    Compiling idna v1.0.3
[INFO] [stderr]    Compiling url v2.5.4
[INFO] [stderr]    Compiling openapi31to30 v0.0.1 (/opt/rustwide/workdir)
[INFO] [stderr]    Compiling reqwest v0.12.12
[INFO] [stderr]    Compiling progenitor-client v0.9.1
[INFO] [stderr]    Compiling typify-macro v0.3.0
[INFO] [stderr]    Compiling utoipa-axum v0.2.0
[INFO] [stderr]    Compiling typify v0.3.0
[INFO] [stderr]    Compiling progenitor-impl v0.9.1
[INFO] [stderr]    Compiling progenitor-macro v0.9.1
[INFO] [stderr]    Compiling progenitor v0.9.1
[INFO] [stdout] warning: trailing semicolon in macro used in expression position
[INFO] [stdout]   --> src/main.rs:20:13
[INFO] [stdout]    |
[INFO] [stdout] 20 |             bail!(USAGE)
[INFO] [stdout]    |             ^^^^^^^^^^^^
[INFO] [stdout]    |
[INFO] [stdout]    = note: macro invocations at the end of a block are treated as expressions
[INFO] [stdout]    = note: to ignore the value produced by the macro, add a semicolon after the invocation of `bail`
[INFO] [stdout]    = warning: this was previously accepted by the compiler but is being phased out; it will become a hard error in a future release!
[INFO] [stdout]    = note: for more information, see issue #79813 <https://github.com/rust-lang/rust/issues/79813>
[INFO] [stdout]    = note: `#[warn(semicolon_in_expressions_from_non_local_macros)]` (part of `#[warn(future_incompatible)]`) on by default
[INFO] [stdout]    = note: this warning originates in the macro `bail` (in Nightly builds, run with -Z macro-backtrace for more info)
[INFO] [stdout] 
[INFO] [stdout] 
[INFO] [stdout] warning: trailing semicolon in macro used in expression position
[INFO] [stdout]   --> src/main.rs:25:13
[INFO] [stdout]    |
[INFO] [stdout] 25 |             bail!(USAGE)
[INFO] [stdout]    |             ^^^^^^^^^^^^
[INFO] [stdout]    |
[INFO] [stdout]    = note: macro invocations at the end of a block are treated as expressions
[INFO] [stdout]    = note: to ignore the value produced by the macro, add a semicolon after the invocation of `bail`
[INFO] [stdout]    = warning: this was previously accepted by the compiler but is being phased out; it will become a hard error in a future release!
[INFO] [stdout]    = note: for more information, see issue #79813 <https://github.com/rust-lang/rust/issues/79813>
[INFO] [stdout]    = note: this warning originates in the macro `bail` (in Nightly builds, run with -Z macro-backtrace for more info)
[INFO] [stdout] 
[INFO] [stdout] 
[INFO] [stderr]     Finished `release` profile [optimized] target(s) in 2m 16s
[INFO] running `Command { std: "docker" "inspect" "cb03a9bcd4ecab5c39c3ab92146929d01366886c3de871730263e12d9aa54827", kill_on_drop: false }`
[INFO] running `Command { std: "docker" "exec" "-e" "SOURCE_DIR=/opt/rustwide/workdir" "-e" "CARGO_HOME=/opt/rustwide/cargo-home" "-e" "RUSTUP_HOME=/opt/rustwide/rustup-home" "-e" "CARGO_TARGET_DIR=/opt/rustwide/target" "-e" "CARGO_INCREMENTAL=0" "-e" "RUST_BACKTRACE=full" "-e" "RUSTFLAGS=--cap-lints=warn" "-e" "RUSTDOCFLAGS=--cap-lints=warn" "-w" "/opt/rustwide/workdir" "--user" "0:0" "cb03a9bcd4ecab5c39c3ab92146929d01366886c3de871730263e12d9aa54827" "/opt/rustwide/cargo-home/bin/cargo" "+1.99.0-beta.8" "test" "--frozen" "--release", kill_on_drop: false }`
[INFO] [stderr] warning: trailing semicolon in macro used in expression position
[INFO] [stderr]   --> src/main.rs:20:13
[INFO] [stderr]    |
[INFO] [stderr] 20 |             bail!(USAGE)
[INFO] [stderr]    |             ^^^^^^^^^^^^
[INFO] [stderr]    |
[INFO] [stderr]    = note: macro invocations at the end of a block are treated as expressions
[INFO] [stderr]    = note: to ignore the value produced by the macro, add a semicolon after the invocation of `bail`
[INFO] [stderr]    = warning: this was previously accepted by the compiler but is being phased out; it will become a hard error in a future release!
[INFO] [stderr]    = note: for more information, see issue #79813 <https://github.com/rust-lang/rust/issues/79813>
[INFO] [stderr]    = note: `#[warn(semicolon_in_expressions_from_non_local_macros)]` (part of `#[warn(future_incompatible)]`) on by default
[INFO] [stderr]    = note: this warning originates in the macro `bail` (in Nightly builds, run with -Z macro-backtrace for more info)
[INFO] [stderr] 
[INFO] [stderr] warning: trailing semicolon in macro used in expression position
[INFO] [stderr]   --> src/main.rs:25:13
[INFO] [stderr]    |
[INFO] [stderr] 25 |             bail!(USAGE)
[INFO] [stderr]    |             ^^^^^^^^^^^^
[INFO] [stderr]    |
[INFO] [stderr]    = note: macro invocations at the end of a block are treated as expressions
[INFO] [stderr]    = note: to ignore the value produced by the macro, add a semicolon after the invocation of `bail`
[INFO] [stderr]    = warning: this was previously accepted by the compiler but is being phased out; it will become a hard error in a future release!
[INFO] [stderr]    = note: for more information, see issue #79813 <https://github.com/rust-lang/rust/issues/79813>
[INFO] [stderr]    = note: this warning originates in the macro `bail` (in Nightly builds, run with -Z macro-backtrace for more info)
[INFO] [stderr] 
[INFO] [stderr] warning: `openapi31to30` (bin "openapi31to30" test) generated 2 warnings
[INFO] [stderr]     Finished `release` profile [optimized] target(s) in 0.16s
[INFO] [stderr]      Running unittests src/lib.rs (/opt/rustwide/target/release/deps/openapi31to30-585ba13bc72e10cd)
[INFO] [stdout] 
[INFO] [stdout] running 16 tests
[INFO] [stdout] test test::schema_versions ... ok
[INFO] [stdout] test test::test_const_enum ... ok
[INFO] [stdout] test test::schema_ref ... ok
[INFO] [stdout] test test::test_nullable_type_0 ... ok
[INFO] [stdout] test test::test_nullable_oneof ... ok
[INFO] [stdout] test test::test_nullable_type_1 ... ok
[INFO] [stdout] test test::test_nullable_type_2 ... ok
[INFO] [stdout] test visitor::test::test_ref_objects ... ok
[INFO] [stdout] test visitor::test::test_walk_objects ... ok
[INFO] [stdout] test test::test_nullable_type_3 ... FAILED
[INFO] [stdout] test utoipa_tests::multipart ... ok
[INFO] [stdout] test utoipa_tests::basic_get ... ok
[INFO] [stdout] test test::example_from_downconvert ... FAILED
[INFO] [stdout] test utoipa_tests::basic_verbs ... ok
[INFO] [stdout] test utoipa_tests::nullable ... ok
[INFO] [stdout] test utoipa_tests::paths ... ok
[INFO] [stdout] 
[INFO] [stdout] failures:
[INFO] [stdout] 
[INFO] [stdout] ---- test::test_nullable_type_3 stdout ----
[INFO] [stdout] [src/lib.rs:156:9] &typ = Mapping {
[INFO] [stdout]     "$ref": String("#/components/thing"),
[INFO] [stdout]     "description": String("hi"),
[INFO] [stdout] }
[INFO] [stdout] 
[INFO] [stdout] thread 'test::test_nullable_type_3' (3953) panicked at /opt/rustwide/cargo-home/registry/src/index.crates.io-1949cf8c6b5b557f/typify-impl-0.3.0/src/convert.rs:1285:32:
[INFO] [stdout] $ref #/components/thing is missing
[INFO] [stdout] stack backtrace:
[INFO] [stdout]    0:     0x587358c6f001 - <<std[70759c8f55707aa4]::sys::backtrace::BacktraceLock>::print::DisplayBacktrace as core[df12db4294e9bfd3]::fmt::Display>::fmt
[INFO] [stdout]    1:     0x587358c8713a - core[df12db4294e9bfd3]::fmt::write
[INFO] [stdout]    2:     0x587358c7391c - <alloc[2182bb758b4b3781]::vec::Vec<u8> as core[df12db4294e9bfd3]::io::write::Write>::write_fmt
[INFO] [stdout]    3:     0x587358c48a16 - std[70759c8f55707aa4]::panicking::default_hook::{closure#0}
[INFO] [stdout]    4:     0x587358c66749 - std[70759c8f55707aa4]::panicking::default_hook
[INFO] [stdout]    5:     0x587358b35a00 - test[9d35eded1c95d3be]::test_main_inner::<test[9d35eded1c95d3be]::test_main_static::{closure#0}>::{closure#0}
[INFO] [stdout]    6:     0x587358c66a72 - std[70759c8f55707aa4]::panicking::panic_with_hook
[INFO] [stdout]    7:     0x587358c48ac2 - std[70759c8f55707aa4]::panicking::panic_handler::{closure#0}
[INFO] [stdout]    8:     0x587358c41339 - std[70759c8f55707aa4]::sys::backtrace::__rust_end_short_backtrace::<std[70759c8f55707aa4]::panicking::panic_handler::{closure#0}, !>
[INFO] [stdout]    9:     0x587358c4975d - __rustc[8fa7c3cbc660c2b3]::rust_begin_unwind
[INFO] [stdout]   10:     0x587358c8791c - core[df12db4294e9bfd3]::panicking::panic_fmt
[INFO] [stdout]   11:     0x587358947503 - <typify_impl[75e0c70d0c9f00d]::TypeSpace>::convert_schema_object
[INFO] [stdout]   12:     0x587358941f9e - <typify_impl[75e0c70d0c9f00d]::TypeSpace>::convert_schema
[INFO] [stdout]   13:     0x58735894958f - <typify_impl[75e0c70d0c9f00d]::TypeSpace>::id_for_schema
[INFO] [stdout]   14:     0x5873589482bd - <typify_impl[75e0c70d0c9f00d]::TypeSpace>::struct_property
[INFO] [stdout]   15:     0x58735899def3 - <&mut core[df12db4294e9bfd3]::iter::adapters::filter_map::filter_map_try_fold<(&alloc[2182bb758b4b3781]::string::String, &schemars[f2b2f4e86b50712d]::schema::Schema), core[df12db4294e9bfd3]::result::Result<typify_impl[75e0c70d0c9f00d]::type_entry::StructProperty, typify_impl[75e0c70d0c9f00d]::Error>, (), core[df12db4294e9bfd3]::ops::control_flow::ControlFlow<core[df12db4294e9bfd3]::ops::control_flow::ControlFlow<typify_impl[75e0c70d0c9f00d]::type_entry::StructProperty>>, <typify_impl[75e0c70d0c9f00d]::TypeSpace>::struct_members::{closure#1}, <core[df12db4294e9bfd3]::iter::adapters::GenericShunt<core[df12db4294e9bfd3]::iter::adapters::filter_map::FilterMap<core[df12db4294e9bfd3]::iter::adapters::chain::Chain<alloc[2182bb758b4b3781]::collections::btree::map::Iter<alloc[2182bb758b4b3781]::string::String, schemars[f2b2f4e86b50712d]::schema::Schema>, core[df12db4294e9bfd3]::iter::adapters::filter_map::FilterMap<alloc[2182bb758b4b3781]::collections::btree::set::Iter<alloc[2182bb758b4b3781]::string::String>, <typify_impl[75e0c70d0c9f00d]::TypeSpace>::struct_members::{closure#0}>>, <typify_impl[75e0c70d0c9f00d]::TypeSpace>::struct_members::{closure#1}>, core[df12db4294e9bfd3]::result::Result<core[df12db4294e9bfd3]::convert::Infallible, typify_impl[75e0c70d0c9f00d]::Error>> as core[df12db4294e9bfd3]::iter::traits::iterator::Iterator>::try_fold<(), core[df12db4294e9bfd3]::iter::traits::iterator::Iterator::try_for_each::call<typify_impl[75e0c70d0c9f00d]::type_entry::StructProperty, core[df12db4294e9bfd3]::ops::control_flow::ControlFlow<typify_impl[75e0c70d0c9f00d]::type_entry::StructProperty>, core[df12db4294e9bfd3]::ops::control_flow::ControlFlow<typify_impl[75e0c70d0c9f00d]::type_entry::StructProperty>::Break>::{closure#0}, core[df12db4294e9bfd3]::ops::control_flow::ControlFlow<typify_impl[75e0c70d0c9f00d]::type_entry::StructProperty>>::{closure#0}>::{closure#0} as core[df12db4294e9bfd3]::ops::function::FnMut<((), (&alloc[2182bb758b4b3781]::string::String, &schemars[f2b2f4e86b50712d]::schema::Schema))>>::call_mut
[INFO] [stdout]   16:     0x587358980c0e - <core[df12db4294e9bfd3]::iter::adapters::chain::Chain<alloc[2182bb758b4b3781]::collections::btree::map::Iter<alloc[2182bb758b4b3781]::string::String, schemars[f2b2f4e86b50712d]::schema::Schema>, core[df12db4294e9bfd3]::iter::adapters::filter_map::FilterMap<alloc[2182bb758b4b3781]::collections::btree::set::Iter<alloc[2182bb758b4b3781]::string::String>, <typify_impl[75e0c70d0c9f00d]::TypeSpace>::struct_members::{closure#0}>> as core[df12db4294e9bfd3]::iter::traits::iterator::Iterator>::try_fold::<(), core[df12db4294e9bfd3]::iter::adapters::filter_map::filter_map_try_fold<(&alloc[2182bb758b4b3781]::string::String, &schemars[f2b2f4e86b50712d]::schema::Schema), core[df12db4294e9bfd3]::result::Result<typify_impl[75e0c70d0c9f00d]::type_entry::StructProperty, typify_impl[75e0c70d0c9f00d]::Error>, (), core[df12db4294e9bfd3]::ops::control_flow::ControlFlow<core[df12db4294e9bfd3]::ops::control_flow::ControlFlow<typify_impl[75e0c70d0c9f00d]::type_entry::StructProperty>>, <typify_impl[75e0c70d0c9f00d]::TypeSpace>::struct_members::{closure#1}, <core[df12db4294e9bfd3]::iter::adapters::GenericShunt<core[df12db4294e9bfd3]::iter::adapters::filter_map::FilterMap<core[df12db4294e9bfd3]::iter::adapters::chain::Chain<alloc[2182bb758b4b3781]::collections::btree::map::Iter<alloc[2182bb758b4b3781]::string::String, schemars[f2b2f4e86b50712d]::schema::Schema>, core[df12db4294e9bfd3]::iter::adapters::filter_map::FilterMap<alloc[2182bb758b4b3781]::collections::btree::set::Iter<alloc[2182bb758b4b3781]::string::String>, <typify_impl[75e0c70d0c9f00d]::TypeSpace>::struct_members::{closure#0}>>, <typify_impl[75e0c70d0c9f00d]::TypeSpace>::struct_members::{closure#1}>, core[df12db4294e9bfd3]::result::Result<core[df12db4294e9bfd3]::convert::Infallible, typify_impl[75e0c70d0c9f00d]::Error>> as core[df12db4294e9bfd3]::iter::traits::iterator::Iterator>::try_fold<(), core[df12db4294e9bfd3]::iter::traits::iterator::Iterator::try_for_each::call<typify_impl[75e0c70d0c9f00d]::type_entry::StructProperty, core[df12db4294e9bfd3]::ops::control_flow::ControlFlow<typify_impl[75e0c70d0c9f00d]::type_entry::StructProperty>, core[df12db4294e9bfd3]::ops::control_flow::ControlFlow<typify_impl[75e0c70d0c9f00d]::type_entry::StructProperty>::Break>::{closure#0}, core[df12db4294e9bfd3]::ops::control_flow::ControlFlow<typify_impl[75e0c70d0c9f00d]::type_entry::StructProperty>>::{closure#0}>::{closure#0}, core[df12db4294e9bfd3]::ops::control_flow::ControlFlow<core[df12db4294e9bfd3]::ops::control_flow::ControlFlow<typify_impl[75e0c70d0c9f00d]::type_entry::StructProperty>>>
[INFO] [stdout]   17:     0x587358909257 - <alloc[2182bb758b4b3781]::vec::Vec<typify_impl[75e0c70d0c9f00d]::type_entry::StructProperty> as alloc[2182bb758b4b3781]::vec::spec_from_iter::SpecFromIter<typify_impl[75e0c70d0c9f00d]::type_entry::StructProperty, core[df12db4294e9bfd3]::iter::adapters::GenericShunt<core[df12db4294e9bfd3]::iter::adapters::filter_map::FilterMap<core[df12db4294e9bfd3]::iter::adapters::chain::Chain<alloc[2182bb758b4b3781]::collections::btree::map::Iter<alloc[2182bb758b4b3781]::string::String, schemars[f2b2f4e86b50712d]::schema::Schema>, core[df12db4294e9bfd3]::iter::adapters::filter_map::FilterMap<alloc[2182bb758b4b3781]::collections::btree::set::Iter<alloc[2182bb758b4b3781]::string::String>, <typify_impl[75e0c70d0c9f00d]::TypeSpace>::struct_members::{closure#0}>>, <typify_impl[75e0c70d0c9f00d]::TypeSpace>::struct_members::{closure#1}>, core[df12db4294e9bfd3]::result::Result<core[df12db4294e9bfd3]::convert::Infallible, typify_impl[75e0c70d0c9f00d]::Error>>>>::from_iter
[INFO] [stdout]   18:     0x5873589f0d45 - core[df12db4294e9bfd3]::iter::adapters::try_process::<core[df12db4294e9bfd3]::iter::adapters::filter_map::FilterMap<core[df12db4294e9bfd3]::iter::adapters::chain::Chain<alloc[2182bb758b4b3781]::collections::btree::map::Iter<alloc[2182bb758b4b3781]::string::String, schemars[f2b2f4e86b50712d]::schema::Schema>, core[df12db4294e9bfd3]::iter::adapters::filter_map::FilterMap<alloc[2182bb758b4b3781]::collections::btree::set::Iter<alloc[2182bb758b4b3781]::string::String>, <typify_impl[75e0c70d0c9f00d]::TypeSpace>::struct_members::{closure#0}>>, <typify_impl[75e0c70d0c9f00d]::TypeSpace>::struct_members::{closure#1}>, typify_impl[75e0c70d0c9f00d]::type_entry::StructProperty, core[df12db4294e9bfd3]::result::Result<core[df12db4294e9bfd3]::convert::Infallible, typify_impl[75e0c70d0c9f00d]::Error>, <core[df12db4294e9bfd3]::result::Result<alloc[2182bb758b4b3781]::vec::Vec<typify_impl[75e0c70d0c9f00d]::type_entry::StructProperty>, typify_impl[75e0c70d0c9f00d]::Error> as core[df12db4294e9bfd3]::iter::traits::collect::FromIterator<core[df12db4294e9bfd3]::result::Result<typify_impl[75e0c70d0c9f00d]::type_entry::StructProperty, typify_impl[75e0c70d0c9f00d]::Error>>>::from_iter<core[df12db4294e9bfd3]::iter::adapters::filter_map::FilterMap<core[df12db4294e9bfd3]::iter::adapters::chain::Chain<alloc[2182bb758b4b3781]::collections::btree::map::Iter<alloc[2182bb758b4b3781]::string::String, schemars[f2b2f4e86b50712d]::schema::Schema>, core[df12db4294e9bfd3]::iter::adapters::filter_map::FilterMap<alloc[2182bb758b4b3781]::collections::btree::set::Iter<alloc[2182bb758b4b3781]::string::String>, <typify_impl[75e0c70d0c9f00d]::TypeSpace>::struct_members::{closure#0}>>, <typify_impl[75e0c70d0c9f00d]::TypeSpace>::struct_members::{closure#1}>>::{closure#0}, alloc[2182bb758b4b3781]::vec::Vec<typify_impl[75e0c70d0c9f00d]::type_entry::StructProperty>>
[INFO] [stderr] error: test failed, to rerun pass `--lib`
[INFO] [stdout]   19:     0x587358947d57 - <typify_impl[75e0c70d0c9f00d]::TypeSpace>::struct_members
[INFO] [stdout]   20:     0x58735893ec6a - <typify_impl[75e0c70d0c9f00d]::TypeSpace>::convert_object
[INFO] [stdout]   21:     0x587358944ec4 - <typify_impl[75e0c70d0c9f00d]::TypeSpace>::convert_schema_object
[INFO] [stdout]   22:     0x587358941f9e - <typify_impl[75e0c70d0c9f00d]::TypeSpace>::convert_schema
[INFO] [stdout]   23:     0x58735894958f - <typify_impl[75e0c70d0c9f00d]::TypeSpace>::id_for_schema
[INFO] [stdout]   24:     0x58735894a61e - <typify_impl[75e0c70d0c9f00d]::TypeSpace>::add_type_with_name
[INFO] [stdout]   25:     0x58735887c492 - <core[df12db4294e9bfd3]::iter::adapters::map::Map<alloc[2182bb758b4b3781]::collections::btree::map::Values<&alloc[2182bb758b4b3781]::string::String, &openapiv3[c2106a4d0429e8b2]::parameter::Parameter>, <progenitor_impl[8fae9f8a22917eb0]::Generator>::process_operation::{closure#0}> as core[df12db4294e9bfd3]::iter::traits::iterator::Iterator>::try_fold::<(), <core[df12db4294e9bfd3]::iter::adapters::GenericShunt<core[df12db4294e9bfd3]::iter::adapters::map::Map<alloc[2182bb758b4b3781]::collections::btree::map::Values<&alloc[2182bb758b4b3781]::string::String, &openapiv3[c2106a4d0429e8b2]::parameter::Parameter>, <progenitor_impl[8fae9f8a22917eb0]::Generator>::process_operation::{closure#0}>, core[df12db4294e9bfd3]::result::Result<core[df12db4294e9bfd3]::convert::Infallible, progenitor_impl[8fae9f8a22917eb0]::Error>> as core[df12db4294e9bfd3]::iter::traits::iterator::Iterator>::try_fold<(), core[df12db4294e9bfd3]::iter::traits::iterator::Iterator::try_for_each::call<progenitor_impl[8fae9f8a22917eb0]::method::OperationParameter, core[df12db4294e9bfd3]::ops::control_flow::ControlFlow<progenitor_impl[8fae9f8a22917eb0]::method::OperationParameter>, core[df12db4294e9bfd3]::ops::control_flow::ControlFlow<progenitor_impl[8fae9f8a22917eb0]::method::OperationParameter>::Break>::{closure#0}, core[df12db4294e9bfd3]::ops::control_flow::ControlFlow<progenitor_impl[8fae9f8a22917eb0]::method::OperationParameter>>::{closure#0}, core[df12db4294e9bfd3]::ops::control_flow::ControlFlow<core[df12db4294e9bfd3]::ops::control_flow::ControlFlow<progenitor_impl[8fae9f8a22917eb0]::method::OperationParameter>>>
[INFO] [stdout]   26:     0x58735886fa4d - <alloc[2182bb758b4b3781]::vec::Vec<progenitor_impl[8fae9f8a22917eb0]::method::OperationParameter> as alloc[2182bb758b4b3781]::vec::spec_from_iter::SpecFromIter<progenitor_impl[8fae9f8a22917eb0]::method::OperationParameter, core[df12db4294e9bfd3]::iter::adapters::GenericShunt<core[df12db4294e9bfd3]::iter::adapters::map::Map<alloc[2182bb758b4b3781]::collections::btree::map::Values<&alloc[2182bb758b4b3781]::string::String, &openapiv3[c2106a4d0429e8b2]::parameter::Parameter>, <progenitor_impl[8fae9f8a22917eb0]::Generator>::process_operation::{closure#0}>, core[df12db4294e9bfd3]::result::Result<core[df12db4294e9bfd3]::convert::Infallible, progenitor_impl[8fae9f8a22917eb0]::Error>>>>::from_iter
[INFO] [stdout]   27:     0x5873588b4c21 - core[df12db4294e9bfd3]::iter::adapters::try_process::<core[df12db4294e9bfd3]::iter::adapters::map::Map<alloc[2182bb758b4b3781]::collections::btree::map::Values<&alloc[2182bb758b4b3781]::string::String, &openapiv3[c2106a4d0429e8b2]::parameter::Parameter>, <progenitor_impl[8fae9f8a22917eb0]::Generator>::process_operation::{closure#0}>, progenitor_impl[8fae9f8a22917eb0]::method::OperationParameter, core[df12db4294e9bfd3]::result::Result<core[df12db4294e9bfd3]::convert::Infallible, progenitor_impl[8fae9f8a22917eb0]::Error>, <core[df12db4294e9bfd3]::result::Result<alloc[2182bb758b4b3781]::vec::Vec<progenitor_impl[8fae9f8a22917eb0]::method::OperationParameter>, progenitor_impl[8fae9f8a22917eb0]::Error> as core[df12db4294e9bfd3]::iter::traits::collect::FromIterator<core[df12db4294e9bfd3]::result::Result<progenitor_impl[8fae9f8a22917eb0]::method::OperationParameter, progenitor_impl[8fae9f8a22917eb0]::Error>>>::from_iter<core[df12db4294e9bfd3]::iter::adapters::map::Map<alloc[2182bb758b4b3781]::collections::btree::map::Values<&alloc[2182bb758b4b3781]::string::String, &openapiv3[c2106a4d0429e8b2]::parameter::Parameter>, <progenitor_impl[8fae9f8a22917eb0]::Generator>::process_operation::{closure#0}>>::{closure#0}, alloc[2182bb758b4b3781]::vec::Vec<progenitor_impl[8fae9f8a22917eb0]::method::OperationParameter>>
[INFO] [stdout]   28:     0x58735884df8c - <progenitor_impl[8fae9f8a22917eb0]::Generator>::process_operation
[INFO] [stdout]   29:     0x5873588b228b - <alloc[2182bb758b4b3781]::vec::into_iter::IntoIter<(&str, &core[df12db4294e9bfd3]::option::Option<openapiv3[c2106a4d0429e8b2]::operation::Operation>)> as core[df12db4294e9bfd3]::iter::traits::iterator::Iterator>::try_fold::<(), core[df12db4294e9bfd3]::iter::adapters::filter_map::filter_map_try_fold<(&str, &core[df12db4294e9bfd3]::option::Option<openapiv3[c2106a4d0429e8b2]::operation::Operation>), (&str, &openapiv3[c2106a4d0429e8b2]::operation::Operation), (), core[df12db4294e9bfd3]::ops::control_flow::ControlFlow<core[df12db4294e9bfd3]::ops::control_flow::ControlFlow<progenitor_impl[8fae9f8a22917eb0]::method::OperationMethod>>, <openapiv3[c2106a4d0429e8b2]::paths::PathItem>::iter::{closure#0}, core[df12db4294e9bfd3]::iter::adapters::map::map_try_fold<(&str, &openapiv3[c2106a4d0429e8b2]::operation::Operation), (&str, &str, &openapiv3[c2106a4d0429e8b2]::operation::Operation, &alloc[2182bb758b4b3781]::vec::Vec<openapiv3[c2106a4d0429e8b2]::reference::ReferenceOr<openapiv3[c2106a4d0429e8b2]::parameter::Parameter>>), (), core[df12db4294e9bfd3]::ops::control_flow::ControlFlow<core[df12db4294e9bfd3]::ops::control_flow::ControlFlow<progenitor_impl[8fae9f8a22917eb0]::method::OperationMethod>>, <progenitor_impl[8fae9f8a22917eb0]::Generator>::generate_tokens::{closure#1}::{closure#0}, &mut core[df12db4294e9bfd3]::iter::adapters::map::map_try_fold<(&str, &str, &openapiv3[c2106a4d0429e8b2]::operation::Operation, &alloc[2182bb758b4b3781]::vec::Vec<openapiv3[c2106a4d0429e8b2]::reference::ReferenceOr<openapiv3[c2106a4d0429e8b2]::parameter::Parameter>>), core[df12db4294e9bfd3]::result::Result<progenitor_impl[8fae9f8a22917eb0]::method::OperationMethod, progenitor_impl[8fae9f8a22917eb0]::Error>, (), core[df12db4294e9bfd3]::ops::control_flow::ControlFlow<core[df12db4294e9bfd3]::ops::control_flow::ControlFlow<progenitor_impl[8fae9f8a22917eb0]::method::OperationMethod>>, <progenitor_impl[8fae9f8a22917eb0]::Generator>::generate_tokens::{closure#2}, <core[df12db4294e9bfd3]::iter::adapters::GenericShunt<core[df12db4294e9bfd3]::iter::adapters::map::Map<core[df12db4294e9bfd3]::iter::adapters::flatten::FlatMap<indexmap[8bc5a3a0a03e9939]::map::iter::Iter<alloc[2182bb758b4b3781]::string::String, openapiv3[c2106a4d0429e8b2]::reference::ReferenceOr<openapiv3[c2106a4d0429e8b2]::paths::PathItem>>, core[df12db4294e9bfd3]::iter::adapters::map::Map<core[df12db4294e9bfd3]::iter::adapters::filter_map::FilterMap<alloc[2182bb758b4b3781]::vec::into_iter::IntoIter<(&str, &core[df12db4294e9bfd3]::option::Option<openapiv3[c2106a4d0429e8b2]::operation::Operation>)>, <openapiv3[c2106a4d0429e8b2]::paths::PathItem>::iter::{closure#0}>, <progenitor_impl[8fae9f8a22917eb0]::Generator>::generate_tokens::{closure#1}::{closure#0}>, <progenitor_impl[8fae9f8a22917eb0]::Generator>::generate_tokens::{closure#1}>, <progenitor_impl[8fae9f8a22917eb0]::Generator>::generate_tokens::{closure#2}>, core[df12db4294e9bfd3]::result::Result<core[df12db4294e9bfd3]::convert::Infallible, progenitor_impl[8fae9f8a22917eb0]::Error>> as core[df12db4294e9bfd3]::iter::traits::iterator::Iterator>::try_fold<(), core[df12db4294e9bfd3]::iter::traits::iterator::Iterator::try_for_each::call<progenitor_impl[8fae9f8a22917eb0]::method::OperationMethod, core[df12db4294e9bfd3]::ops::control_flow::ControlFlow<progenitor_impl[8fae9f8a22917eb0]::method::OperationMethod>, core[df12db4294e9bfd3]::ops::control_flow::ControlFlow<progenitor_impl[8fae9f8a22917eb0]::method::OperationMethod>::Break>::{closure#0}, core[df12db4294e9bfd3]::ops::control_flow::ControlFlow<progenitor_impl[8fae9f8a22917eb0]::method::OperationMethod>>::{closure#0}>::{closure#0}>::{closure#0}>::{closure#0}, core[df12db4294e9bfd3]::ops::control_flow::ControlFlow<core[df12db4294e9bfd3]::ops::control_flow::ControlFlow<progenitor_impl[8fae9f8a22917eb0]::method::OperationMethod>>>
[INFO] [stdout]   30:     0x587358879f65 - <core[df12db4294e9bfd3]::iter::adapters::map::Map<core[df12db4294e9bfd3]::iter::adapters::flatten::FlatMap<indexmap[8bc5a3a0a03e9939]::map::iter::Iter<alloc[2182bb758b4b3781]::string::String, openapiv3[c2106a4d0429e8b2]::reference::ReferenceOr<openapiv3[c2106a4d0429e8b2]::paths::PathItem>>, core[df12db4294e9bfd3]::iter::adapters::map::Map<core[df12db4294e9bfd3]::iter::adapters::filter_map::FilterMap<alloc[2182bb758b4b3781]::vec::into_iter::IntoIter<(&str, &core[df12db4294e9bfd3]::option::Option<openapiv3[c2106a4d0429e8b2]::operation::Operation>)>, <openapiv3[c2106a4d0429e8b2]::paths::PathItem>::iter::{closure#0}>, <progenitor_impl[8fae9f8a22917eb0]::Generator>::generate_tokens::{closure#1}::{closure#0}>, <progenitor_impl[8fae9f8a22917eb0]::Generator>::generate_tokens::{closure#1}>, <progenitor_impl[8fae9f8a22917eb0]::Generator>::generate_tokens::{closure#2}> as core[df12db4294e9bfd3]::iter::traits::iterator::Iterator>::try_fold::<(), <core[df12db4294e9bfd3]::iter::adapters::GenericShunt<core[df12db4294e9bfd3]::iter::adapters::map::Map<core[df12db4294e9bfd3]::iter::adapters::flatten::FlatMap<indexmap[8bc5a3a0a03e9939]::map::iter::Iter<alloc[2182bb758b4b3781]::string::String, openapiv3[c2106a4d0429e8b2]::reference::ReferenceOr<openapiv3[c2106a4d0429e8b2]::paths::PathItem>>, core[df12db4294e9bfd3]::iter::adapters::map::Map<core[df12db4294e9bfd3]::iter::adapters::filter_map::FilterMap<alloc[2182bb758b4b3781]::vec::into_iter::IntoIter<(&str, &core[df12db4294e9bfd3]::option::Option<openapiv3[c2106a4d0429e8b2]::operation::Operation>)>, <openapiv3[c2106a4d0429e8b2]::paths::PathItem>::iter::{closure#0}>, <progenitor_impl[8fae9f8a22917eb0]::Generator>::generate_tokens::{closure#1}::{closure#0}>, <progenitor_impl[8fae9f8a22917eb0]::Generator>::generate_tokens::{closure#1}>, <progenitor_impl[8fae9f8a22917eb0]::Generator>::generate_tokens::{closure#2}>, core[df12db4294e9bfd3]::result::Result<core[df12db4294e9bfd3]::convert::Infallible, progenitor_impl[8fae9f8a22917eb0]::Error>> as core[df12db4294e9bfd3]::iter::traits::iterator::Iterator>::try_fold<(), core[df12db4294e9bfd3]::iter::traits::iterator::Iterator::try_for_each::call<progenitor_impl[8fae9f8a22917eb0]::method::OperationMethod, core[df12db4294e9bfd3]::ops::control_flow::ControlFlow<progenitor_impl[8fae9f8a22917eb0]::method::OperationMethod>, core[df12db4294e9bfd3]::ops::control_flow::ControlFlow<progenitor_impl[8fae9f8a22917eb0]::method::OperationMethod>::Break>::{closure#0}, core[df12db4294e9bfd3]::ops::control_flow::ControlFlow<progenitor_impl[8fae9f8a22917eb0]::method::OperationMethod>>::{closure#0}, core[df12db4294e9bfd3]::ops::control_flow::ControlFlow<core[df12db4294e9bfd3]::ops::control_flow::ControlFlow<progenitor_impl[8fae9f8a22917eb0]::method::OperationMethod>>>
[INFO] [stdout]   31:     0x58735886f2c0 - <alloc[2182bb758b4b3781]::vec::Vec<progenitor_impl[8fae9f8a22917eb0]::method::OperationMethod> as alloc[2182bb758b4b3781]::vec::spec_from_iter::SpecFromIter<progenitor_impl[8fae9f8a22917eb0]::method::OperationMethod, core[df12db4294e9bfd3]::iter::adapters::GenericShunt<core[df12db4294e9bfd3]::iter::adapters::map::Map<core[df12db4294e9bfd3]::iter::adapters::flatten::FlatMap<indexmap[8bc5a3a0a03e9939]::map::iter::Iter<alloc[2182bb758b4b3781]::string::String, openapiv3[c2106a4d0429e8b2]::reference::ReferenceOr<openapiv3[c2106a4d0429e8b2]::paths::PathItem>>, core[df12db4294e9bfd3]::iter::adapters::map::Map<core[df12db4294e9bfd3]::iter::adapters::filter_map::FilterMap<alloc[2182bb758b4b3781]::vec::into_iter::IntoIter<(&str, &core[df12db4294e9bfd3]::option::Option<openapiv3[c2106a4d0429e8b2]::operation::Operation>)>, <openapiv3[c2106a4d0429e8b2]::paths::PathItem>::iter::{closure#0}>, <progenitor_impl[8fae9f8a22917eb0]::Generator>::generate_tokens::{closure#1}::{closure#0}>, <progenitor_impl[8fae9f8a22917eb0]::Generator>::generate_tokens::{closure#1}>, <progenitor_impl[8fae9f8a22917eb0]::Generator>::generate_tokens::{closure#2}>, core[df12db4294e9bfd3]::result::Result<core[df12db4294e9bfd3]::convert::Infallible, progenitor_impl[8fae9f8a22917eb0]::Error>>>>::from_iter
[INFO] [stdout]   32:     0x5873588b405f - core[df12db4294e9bfd3]::iter::adapters::try_process::<core[df12db4294e9bfd3]::iter::adapters::map::Map<core[df12db4294e9bfd3]::iter::adapters::flatten::FlatMap<indexmap[8bc5a3a0a03e9939]::map::iter::Iter<alloc[2182bb758b4b3781]::string::String, openapiv3[c2106a4d0429e8b2]::reference::ReferenceOr<openapiv3[c2106a4d0429e8b2]::paths::PathItem>>, core[df12db4294e9bfd3]::iter::adapters::map::Map<core[df12db4294e9bfd3]::iter::adapters::filter_map::FilterMap<alloc[2182bb758b4b3781]::vec::into_iter::IntoIter<(&str, &core[df12db4294e9bfd3]::option::Option<openapiv3[c2106a4d0429e8b2]::operation::Operation>)>, <openapiv3[c2106a4d0429e8b2]::paths::PathItem>::iter::{closure#0}>, <progenitor_impl[8fae9f8a22917eb0]::Generator>::generate_tokens::{closure#1}::{closure#0}>, <progenitor_impl[8fae9f8a22917eb0]::Generator>::generate_tokens::{closure#1}>, <progenitor_impl[8fae9f8a22917eb0]::Generator>::generate_tokens::{closure#2}>, progenitor_impl[8fae9f8a22917eb0]::method::OperationMethod, core[df12db4294e9bfd3]::result::Result<core[df12db4294e9bfd3]::convert::Infallible, progenitor_impl[8fae9f8a22917eb0]::Error>, <core[df12db4294e9bfd3]::result::Result<alloc[2182bb758b4b3781]::vec::Vec<progenitor_impl[8fae9f8a22917eb0]::method::OperationMethod>, progenitor_impl[8fae9f8a22917eb0]::Error> as core[df12db4294e9bfd3]::iter::traits::collect::FromIterator<core[df12db4294e9bfd3]::result::Result<progenitor_impl[8fae9f8a22917eb0]::method::OperationMethod, progenitor_impl[8fae9f8a22917eb0]::Error>>>::from_iter<core[df12db4294e9bfd3]::iter::adapters::map::Map<core[df12db4294e9bfd3]::iter::adapters::flatten::FlatMap<indexmap[8bc5a3a0a03e9939]::map::iter::Iter<alloc[2182bb758b4b3781]::string::String, openapiv3[c2106a4d0429e8b2]::reference::ReferenceOr<openapiv3[c2106a4d0429e8b2]::paths::PathItem>>, core[df12db4294e9bfd3]::iter::adapters::map::Map<core[df12db4294e9bfd3]::iter::adapters::filter_map::FilterMap<alloc[2182bb758b4b3781]::vec::into_iter::IntoIter<(&str, &core[df12db4294e9bfd3]::option::Option<openapiv3[c2106a4d0429e8b2]::operation::Operation>)>, <openapiv3[c2106a4d0429e8b2]::paths::PathItem>::iter::{closure#0}>, <progenitor_impl[8fae9f8a22917eb0]::Generator>::generate_tokens::{closure#1}::{closure#0}>, <progenitor_impl[8fae9f8a22917eb0]::Generator>::generate_tokens::{closure#1}>, <progenitor_impl[8fae9f8a22917eb0]::Generator>::generate_tokens::{closure#2}>>::{closure#0}, alloc[2182bb758b4b3781]::vec::Vec<progenitor_impl[8fae9f8a22917eb0]::method::OperationMethod>>
[INFO] [stdout]   33:     0x58735883e502 - <progenitor_impl[8fae9f8a22917eb0]::Generator>::generate_tokens
[INFO] [stdout]   34:     0x5873587c19a2 - openapi31to30[d2d2b6ce7bff5663]::test::progenitor_test
[INFO] [stdout]   35:     0x5873587c386c - openapi31to30[d2d2b6ce7bff5663]::test::test_nullable_type_3
[INFO] [stdout]   36:     0x587358833cd9 - <openapi31to30[d2d2b6ce7bff5663]::test::test_nullable_type_3::{closure#0} as core[df12db4294e9bfd3]::ops::function::FnOnce<()>>::call_once
[INFO] [stdout]   37:     0x587358b28ceb - test[9d35eded1c95d3be]::__rust_begin_short_backtrace::<core[df12db4294e9bfd3]::result::Result<(), alloc[2182bb758b4b3781]::string::String>, fn() -> core[df12db4294e9bfd3]::result::Result<(), alloc[2182bb758b4b3781]::string::String>>
[INFO] [stdout]   38:     0x587358b36355 - test[9d35eded1c95d3be]::run_test::{closure#0}
[INFO] [stdout]   39:     0x587358b2fc14 - std[70759c8f55707aa4]::sys::backtrace::__rust_begin_short_backtrace::<test[9d35eded1c95d3be]::run_test::{closure#1}, ()>
[INFO] [stdout]   40:     0x587358b394b2 - <std[70759c8f55707aa4]::thread::lifecycle::spawn_unchecked<test[9d35eded1c95d3be]::run_test::{closure#1}, ()>::{closure#1} as core[df12db4294e9bfd3]::ops::function::FnOnce<()>>::call_once::{shim:vtable#0}
[INFO] [stdout]   41:     0x587358c6e019 - <std[70759c8f55707aa4]::sys::thread::unix::Thread>::new::thread_start
[INFO] [stdout]   42:     0x7d4748928dfa - <unknown>
[INFO] [stdout]   43:     0x7d47489bc3d4 - clone
[INFO] [stdout]   44:                0x0 - <unknown>
[INFO] [stdout] 
[INFO] [stdout] ---- test::example_from_downconvert stdout ----
[INFO] [stdout] Remove licence info, `some identifier`
[INFO] [stdout] Convert types array to be nullable
[INFO] [stdout] Convert types array to be nullable
[INFO] [stdout] 
[INFO] [stdout] thread 'test::example_from_downconvert' (3945) panicked at src/lib.rs:190:47:
[INFO] [stdout] YAML parse: Error("paths: data did not match any variant of untagged enum ReferenceOr", line: 15, column: 3)
[INFO] [stdout] stack backtrace:
[INFO] [stdout]    0:     0x587358c6f001 - <<std[70759c8f55707aa4]::sys::backtrace::BacktraceLock>::print::DisplayBacktrace as core[df12db4294e9bfd3]::fmt::Display>::fmt
[INFO] [stdout]    1:     0x587358c8713a - core[df12db4294e9bfd3]::fmt::write
[INFO] [stdout]    2:     0x587358c7391c - <alloc[2182bb758b4b3781]::vec::Vec<u8> as core[df12db4294e9bfd3]::io::write::Write>::write_fmt
[INFO] [stdout]    3:     0x587358c48a16 - std[70759c8f55707aa4]::panicking::default_hook::{closure#0}
[INFO] [stdout]    4:     0x587358c66749 - std[70759c8f55707aa4]::panicking::default_hook
[INFO] [stdout]    5:     0x587358b35a00 - test[9d35eded1c95d3be]::test_main_inner::<test[9d35eded1c95d3be]::test_main_static::{closure#0}>::{closure#0}
[INFO] [stdout]    6:     0x587358c66a72 - std[70759c8f55707aa4]::panicking::panic_with_hook
[INFO] [stdout]    7:     0x587358c48ac2 - std[70759c8f55707aa4]::panicking::panic_handler::{closure#0}
[INFO] [stdout]    8:     0x587358c41339 - std[70759c8f55707aa4]::sys::backtrace::__rust_end_short_backtrace::<std[70759c8f55707aa4]::panicking::panic_handler::{closure#0}, !>
[INFO] [stdout]    9:     0x587358c4975d - __rustc[8fa7c3cbc660c2b3]::rust_begin_unwind
[INFO] [stdout]   10:     0x587358c8791c - core[df12db4294e9bfd3]::panicking::panic_fmt
[INFO] [stdout]   11:     0x587358c876f2 - core[df12db4294e9bfd3]::result::unwrap_failed
[INFO] [stdout]   12:     0x5873587c1a1f - openapi31to30[d2d2b6ce7bff5663]::test::progenitor_test
[INFO] [stdout]   13:     0x5873587c3b17 - openapi31to30[d2d2b6ce7bff5663]::test::example_from_downconvert
[INFO] [stdout]   14:     0x587358833cf9 - <openapi31to30[d2d2b6ce7bff5663]::test::example_from_downconvert::{closure#0} as core[df12db4294e9bfd3]::ops::function::FnOnce<()>>::call_once
[INFO] [stdout]   15:     0x587358b28ceb - test[9d35eded1c95d3be]::__rust_begin_short_backtrace::<core[df12db4294e9bfd3]::result::Result<(), alloc[2182bb758b4b3781]::string::String>, fn() -> core[df12db4294e9bfd3]::result::Result<(), alloc[2182bb758b4b3781]::string::String>>
[INFO] [stdout]   16:     0x587358b36355 - test[9d35eded1c95d3be]::run_test::{closure#0}
[INFO] [stdout]   17:     0x587358b2fc14 - std[70759c8f55707aa4]::sys::backtrace::__rust_begin_short_backtrace::<test[9d35eded1c95d3be]::run_test::{closure#1}, ()>
[INFO] [stdout]   18:     0x587358b394b2 - <std[70759c8f55707aa4]::thread::lifecycle::spawn_unchecked<test[9d35eded1c95d3be]::run_test::{closure#1}, ()>::{closure#1} as core[df12db4294e9bfd3]::ops::function::FnOnce<()>>::call_once::{shim:vtable#0}
[INFO] [stdout]   19:     0x587358c6e019 - <std[70759c8f55707aa4]::sys::thread::unix::Thread>::new::thread_start
[INFO] [stdout]   20:     0x7d4748928dfa - <unknown>
[INFO] [stdout]   21:     0x7d47489bc3d4 - clone
[INFO] [stdout]   22:                0x0 - <unknown>
[INFO] [stdout] 
[INFO] [stdout] 
[INFO] [stdout] failures:
[INFO] [stdout]     test::example_from_downconvert
[INFO] [stdout]     test::test_nullable_type_3
[INFO] [stdout] 
[INFO] [stdout] test result: FAILED. 14 passed; 2 failed; 0 ignored; 0 measured; 0 filtered out; finished in 0.01s
[INFO] [stdout] 
[INFO] running `Command { std: "docker" "inspect" "cb03a9bcd4ecab5c39c3ab92146929d01366886c3de871730263e12d9aa54827", kill_on_drop: false }`
[INFO] running `Command { std: "docker" "rm" "-f" "cb03a9bcd4ecab5c39c3ab92146929d01366886c3de871730263e12d9aa54827", kill_on_drop: false }`
[INFO] [stdout] cb03a9bcd4ecab5c39c3ab92146929d01366886c3de871730263e12d9aa54827
