[INFO] fetching crate mdbook-ai-pocket-reference 0.1.3...
[INFO] testing mdbook-ai-pocket-reference-0.1.3 against 1.99.0-beta.8+cargoflags=--release for beta-release-1.100-3
[INFO] extracting crate mdbook-ai-pocket-reference 0.1.3 into /workspace/builds/worker-4-tc1/source
[INFO] started tweaking crates.io crate mdbook-ai-pocket-reference 0.1.3
[INFO] removed 0 missing tests
[INFO] finished tweaking crates.io crate mdbook-ai-pocket-reference 0.1.3
[INFO] tweaked toml for crates.io crate mdbook-ai-pocket-reference 0.1.3 written to /workspace/builds/worker-4-tc1/source/Cargo.toml
[INFO] validating manifest of crates.io crate mdbook-ai-pocket-reference 0.1.3 on toolchain 1.99.0-beta.8
[INFO] running `Command { std: CARGO_HOME="/workspace/cargo-home" RUSTUP_HOME="/workspace/rustup-home" "/workspace/cargo-home/bin/cargo" "+1.99.0-beta.8" "metadata" "--manifest-path" "Cargo.toml" "--no-deps", kill_on_drop: false }`
[INFO] crate crates.io crate mdbook-ai-pocket-reference 0.1.3 already has a lockfile, it will not be regenerated
[INFO] running `Command { std: CARGO_HOME="/workspace/cargo-home" RUSTUP_HOME="/workspace/rustup-home" "/workspace/cargo-home/bin/cargo" "+1.99.0-beta.8" "fetch" "--manifest-path" "Cargo.toml", kill_on_drop: false }`
[INFO] [stderr]     Blocking waiting for file lock on package cache
[INFO] [stderr]     Updating crates.io index
[INFO] [stderr]     Blocking waiting for file lock on package cache
[INFO] [stderr]  Downloading crates ...
[INFO] [stderr]   Downloaded unicode-ident v1.0.16
[INFO] [stderr]   Downloaded words-count v0.1.6
[INFO] [stderr]   Downloaded quote v1.0.38
[INFO] [stderr]   Downloaded unicode-blocks v0.1.9
[INFO] [stderr]   Downloaded zerofrom v0.1.5
[INFO] [stderr]   Downloaded idna_adapter v1.2.0
[INFO] [stderr]   Downloaded itoa v1.0.14
[INFO] [stderr]   Downloaded anyhow v1.0.97
[INFO] [stderr]   Downloaded derive_builder_macro v0.20.2
[INFO] [stderr]   Downloaded kqueue v1.0.8
[INFO] [stderr]   Downloaded inotify-sys v0.1.5
[INFO] [stderr]   Downloaded zerofrom-derive v0.1.5
[INFO] [stderr]   Downloaded notify-types v2.0.0
[INFO] [stderr]   Downloaded kqueue-sys v1.0.4
[INFO] [stderr]   Downloaded anstyle v1.0.10
[INFO] [stderr]   Downloaded wit-bindgen-rt v0.33.0
[INFO] [stderr]   Downloaded fsevent-sys v4.1.0
[INFO] [stderr]   Downloaded colorchoice v1.0.3
[INFO] [stderr]   Downloaded anstyle-wincon v3.0.7
[INFO] [stderr]   Downloaded rustversion v1.0.19
[INFO] [stderr]   Downloaded notify-debouncer-mini v0.6.0
[INFO] [stderr]   Downloaded is_terminal_polyfill v1.70.1
[INFO] [stderr]   Downloaded glob v0.3.2
[INFO] [stderr]   Downloaded semver v1.0.25
[INFO] [stderr]   Downloaded zerovec-derive v0.10.3
[INFO] [stderr]   Downloaded env_filter v0.1.3
[INFO] [stderr]   Downloaded write16 v1.0.0
[INFO] [stderr]   Downloaded utf16_iter v1.0.5
[INFO] [stderr]   Downloaded topological-sort v0.2.2
[INFO] [stderr]   Downloaded anstyle-query v1.1.2
[INFO] [stderr]   Downloaded iana-time-zone v0.1.61
[INFO] [stderr]   Downloaded icu_provider_macros v1.5.0
[INFO] [stderr]   Downloaded errno v0.3.10
[INFO] [stderr]   Downloaded clap_lex v0.7.4
[INFO] [stderr]   Downloaded yoke-derive v0.7.5
[INFO] [stderr]   Downloaded pest_generator v2.7.15
[INFO] [stderr]   Downloaded pin-project-internal v1.1.9
[INFO] [stderr]   Downloaded inotify v0.11.0
[INFO] [stderr]   Downloaded num-order v1.2.0
[INFO] [stderr]   Downloaded derive_builder_core v0.20.2
[INFO] [stderr]   Downloaded ryu v1.0.19
[INFO] [stderr]   Downloaded opener v0.7.2
[INFO] [stderr]   Downloaded normpath v1.3.0
[INFO] [stderr]   Downloaded redox_syscall v0.5.8
[INFO] [stderr]   Downloaded once_cell v1.21.1
[INFO] [stderr]   Downloaded thiserror v2.0.11
[INFO] [stderr]   Downloaded phf_codegen v0.11.3
[INFO] [stderr]   Downloaded unicase v2.8.1
[INFO] [stderr]   Downloaded tinystr v0.7.6
[INFO] [stderr]   Downloaded data-encoding v2.8.0
[INFO] [stderr]   Downloaded pkg-config v0.3.31
[INFO] [stderr]   Downloaded thiserror-impl v2.0.11
[INFO] [stderr]   Downloaded env_logger v0.11.6
[INFO] [stderr]   Downloaded anstream v0.6.18
[INFO] [stderr]   Downloaded anstyle-parse v0.2.6
[INFO] [stderr]   Downloaded writeable v0.5.5
[INFO] [stderr]   Downloaded terminal_size v0.4.1
[INFO] [stderr]   Downloaded yoke v0.7.5
[INFO] [stderr]   Downloaded string_cache v0.8.8
[INFO] [stderr]   Downloaded log v0.4.26
[INFO] [stderr]   Downloaded litemap v0.7.4
[INFO] [stderr]   Downloaded tempfile v3.16.0
[INFO] [stderr]   Downloaded notify v8.0.0
[INFO] [stderr]   Downloaded globset v0.4.15
[INFO] [stderr]   Downloaded tracing-core v0.1.33
[INFO] [stderr]   Downloaded socket2 v0.5.8
[INFO] [stderr]   Downloaded httparse v1.10.0
[INFO] [stderr]   Downloaded bitflags v2.8.0
[INFO] [stderr]   Downloaded getrandom v0.3.1
[INFO] [stderr]   Downloaded icu_properties v1.5.1
[INFO] [stderr]   Downloaded icu_provider v1.5.0
[INFO] [stderr]   Downloaded icu_locid_transform v1.5.0
[INFO] [stderr]   Downloaded icu_normalizer v1.5.0
[INFO] [stderr]   Downloaded icu_normalizer_data v1.5.0
[INFO] [stderr]   Downloaded pest_derive v2.7.15
[INFO] [stderr]   Downloaded pest_meta v2.7.15
[INFO] [stderr]   Downloaded num-modular v0.6.1
[INFO] [stderr]   Downloaded derive_builder v0.20.2
[INFO] [stderr]   Downloaded clap_derive v4.5.28
[INFO] [stderr]   Downloaded ammonia v4.0.0
[INFO] [stderr]   Downloaded markup5ever v0.12.1
[INFO] [stderr]   Downloaded string_cache_codegen v0.5.3
[INFO] [stderr]   Downloaded proc-macro2 v1.0.93
[INFO] [stderr]   Downloaded rstest v0.25.0
[INFO] [stderr]   Downloaded bytes v1.10.0
[INFO] [stderr]   Downloaded miniz_oxide v0.8.3
[INFO] [stderr]   Downloaded icu_locid v1.5.0
[INFO] [stderr]   Downloaded icu_locid_transform_data v1.5.0
[INFO] [stderr]   Downloaded pin-project v1.1.9
[INFO] [stderr]   Downloaded ignore v0.4.23
[INFO] [stderr]   Downloaded clap_complete v4.5.44
[INFO] [stderr]   Downloaded rstest_macros v0.25.0
[INFO] [stderr]   Downloaded indexmap v2.7.1
[INFO] [stderr]   Downloaded zerovec v0.10.4
[INFO] [stderr]   Downloaded icu_collections v1.5.0
[INFO] [stderr]   Downloaded headers v0.3.9
[INFO] [stderr]   Downloaded handlebars v6.3.1
[INFO] [stderr]   Downloaded warp v0.3.7
[INFO] [stderr]   Downloaded clap v4.5.31
[INFO] [stderr]   Downloaded tokio-util v0.7.13
[INFO] [stderr]   Downloaded http v1.2.0
[INFO] [stderr]   Downloaded cc v1.2.13
[INFO] [stderr]   Downloaded elasticlunr-rs v3.0.2
[INFO] [stderr]   Downloaded syn v2.0.98
[INFO] [stderr]   Downloaded pest v2.7.15
[INFO] [stderr]   Downloaded wasi v0.13.3+wasi-0.2.2
[INFO] [stderr]   Downloaded winnow v0.7.2
[INFO] [stderr]   Downloaded icu_properties_data v1.5.0
[INFO] [stderr]   Downloaded html5ever v0.27.0
[INFO] [stderr]   Downloaded bstr v1.11.3
[INFO] [stderr]   Downloaded clap_builder v4.5.31
[INFO] [stderr]   Downloaded tokio v1.43.0
[INFO] [stderr]   Downloaded chrono v0.4.39
[INFO] [stderr]   Downloaded libc v0.2.169
[INFO] [stderr]   Downloaded mdbook v0.4.47
[INFO] running `Command { std: "docker" "create" "-v" "/var/lib/crater-agent-workspace/builds/worker-4-tc1/source:/opt/rustwide/workdir:ro,Z" "-v" "/var/lib/crater-agent-workspace/builds/worker-4-tc1/target:/opt/rustwide/target:rw,Z" "-v" "/var/lib/crater-agent-workspace/cargo-home:/opt/rustwide/cargo-home:ro,Z" "-v" "/var/lib/crater-agent-workspace/rustup-home:/opt/rustwide/rustup-home:ro,Z" "-m" "1610612736" "--network" "none" "ghcr.io/rust-lang/crates-build-env/linux@sha256:77db811e55d90add9212f6832c23229e3de5f1c1f9905e8cb07319ea15df73ac" "sleep" "infinity", kill_on_drop: false }`
[INFO] [stdout] 90c5ab6063c3aa925409d195c176158ddd4d2992f2f41e5d94af2e0c74699176
[INFO] running `Command { std: "docker" "start" "90c5ab6063c3aa925409d195c176158ddd4d2992f2f41e5d94af2e0c74699176", kill_on_drop: false }`
[INFO] running `Command { std: "docker" "inspect" "90c5ab6063c3aa925409d195c176158ddd4d2992f2f41e5d94af2e0c74699176", kill_on_drop: false }`
[INFO] running `Command { std: "docker" "exec" "-e" "SOURCE_DIR=/opt/rustwide/workdir" "-e" "CARGO_HOME=/opt/rustwide/cargo-home" "-e" "RUSTUP_HOME=/opt/rustwide/rustup-home" "-e" "CARGO_TARGET_DIR=/opt/rustwide/target" "-w" "/opt/rustwide/workdir" "--user" "0:0" "90c5ab6063c3aa925409d195c176158ddd4d2992f2f41e5d94af2e0c74699176" "/opt/rustwide/cargo-home/bin/cargo" "+1.99.0-beta.8" "metadata" "--no-deps" "--format-version=1", kill_on_drop: false }`
[INFO] running `Command { std: "docker" "inspect" "90c5ab6063c3aa925409d195c176158ddd4d2992f2f41e5d94af2e0c74699176", kill_on_drop: false }`
[INFO] running `Command { std: "docker" "exec" "-e" "SOURCE_DIR=/opt/rustwide/workdir" "-e" "CARGO_HOME=/opt/rustwide/cargo-home" "-e" "RUSTUP_HOME=/opt/rustwide/rustup-home" "-e" "CARGO_TARGET_DIR=/opt/rustwide/target" "-e" "CARGO_INCREMENTAL=0" "-e" "RUST_BACKTRACE=full" "-e" "RUSTFLAGS=--cap-lints=warn" "-e" "RUSTDOCFLAGS=--cap-lints=warn" "-w" "/opt/rustwide/workdir" "--user" "0:0" "90c5ab6063c3aa925409d195c176158ddd4d2992f2f41e5d94af2e0c74699176" "/opt/rustwide/cargo-home/bin/cargo" "+1.99.0-beta.8" "build" "--frozen" "--message-format=json" "--release", kill_on_drop: false }`
[INFO] [stderr]    Compiling proc-macro2 v1.0.93
[INFO] [stderr]    Compiling unicode-ident v1.0.16
[INFO] [stderr]    Compiling libc v0.2.169
[INFO] [stderr]    Compiling autocfg v1.4.0
[INFO] [stderr]    Compiling log v0.4.26
[INFO] [stderr]    Compiling stable_deref_trait v1.2.0
[INFO] [stderr]    Compiling memchr v2.7.4
[INFO] [stderr]    Compiling itoa v1.0.14
[INFO] [stderr]    Compiling smallvec v1.13.2
[INFO] [stderr]    Compiling serde v1.0.219
[INFO] [stderr]    Compiling bytes v1.10.0
[INFO] [stderr]    Compiling writeable v0.5.5
[INFO] [stderr]    Compiling litemap v0.7.4
[INFO] [stderr]    Compiling generic-array v0.14.7
[INFO] [stderr]    Compiling bitflags v2.8.0
[INFO] [stderr]    Compiling pin-project-lite v0.2.16
[INFO] [stderr]    Compiling thiserror v2.0.11
[INFO] [stderr]    Compiling icu_locid_transform_data v1.5.0
[INFO] [stderr]    Compiling rand_core v0.6.4
[INFO] [stderr]    Compiling regex-syntax v0.8.5
[INFO] [stderr]    Compiling icu_properties_data v1.5.0
[INFO] [stderr]    Compiling siphasher v1.0.1
[INFO] [stderr]    Compiling rand v0.8.5
[INFO] [stderr]    Compiling futures-sink v0.3.31
[INFO] [stderr]    Compiling phf_shared v0.11.3
[INFO] [stderr]    Compiling utf16_iter v1.0.5
[INFO] [stderr]    Compiling once_cell v1.21.1
[INFO] [stderr]    Compiling icu_normalizer_data v1.5.0
[INFO] [stderr]    Compiling slab v0.4.9
[INFO] [stderr]    Compiling write16 v1.0.0
[INFO] [stderr]    Compiling rustix v0.38.44
[INFO] [stderr]    Compiling futures-core v0.3.31
[INFO] [stderr]    Compiling lock_api v0.4.12
[INFO] [stderr]    Compiling parking_lot_core v0.9.10
[INFO] [stderr]    Compiling quote v1.0.38
[INFO] [stderr]    Compiling linux-raw-sys v0.4.15
[INFO] [stderr]    Compiling utf8parse v0.2.2
[INFO] [stderr]    Compiling semver v1.0.25
[INFO] [stderr]    Compiling http v0.2.12
[INFO] [stderr]    Compiling httparse v1.10.0
[INFO] [stderr]    Compiling new_debug_unreachable v1.0.6
[INFO] [stderr]    Compiling aho-corasick v1.1.3
[INFO] [stderr]    Compiling block-buffer v0.10.4
[INFO] [stderr]    Compiling crypto-common v0.1.6
[INFO] [stderr]    Compiling futures-task v0.3.31
[INFO] [stderr]    Compiling anstyle-parse v0.2.6
[INFO] [stderr]    Compiling syn v2.0.98
[INFO] [stderr]    Compiling mio v1.0.3
[INFO] [stderr]    Compiling phf_generator v0.11.3
[INFO] [stderr]    Compiling getrandom v0.2.15
[INFO] [stderr]    Compiling digest v0.10.7
[INFO] [stderr]    Compiling socket2 v0.5.8
[INFO] [stderr]    Compiling phf_codegen v0.11.3
[INFO] [stderr]    Compiling string_cache_codegen v0.5.3
[INFO] [stderr]    Compiling crossbeam-utils v0.8.21
[INFO] [stderr]    Compiling is_terminal_polyfill v1.70.1
[INFO] [stderr]    Compiling mac v0.1.1
[INFO] [stderr]    Compiling colorchoice v1.0.3
[INFO] [stderr]    Compiling anstyle v1.0.10
[INFO] [stderr]    Compiling ryu v1.0.19
[INFO] [stderr]    Compiling anstyle-query v1.1.2
[INFO] [stderr]    Compiling ucd-trie v0.1.7
[INFO] [stderr]    Compiling serde_json v1.0.140
[INFO] [stderr]    Compiling sha1 v0.10.6
[INFO] [stderr]    Compiling parking_lot v0.12.3
[INFO] [stderr]    Compiling futf v0.1.5
[INFO] [stderr]    Compiling markup5ever v0.12.1
[INFO] [stderr]    Compiling anstream v0.6.18
[INFO] [stderr]    Compiling tracing-core v0.1.33
[INFO] [stderr]    Compiling unicase v2.8.1
[INFO] [stderr]    Compiling equivalent v1.0.1
[INFO] [stderr]    Compiling same-file v1.0.6
[INFO] [stderr]    Compiling getrandom v0.3.1
[INFO] [stderr]    Compiling precomputed-hash v0.1.1
[INFO] [stderr]    Compiling hashbrown v0.15.2
[INFO] [stderr]    Compiling walkdir v2.5.0
[INFO] [stderr]    Compiling mime_guess v2.0.5
[INFO] [stderr]    Compiling rustc_version v0.4.1
[INFO] [stderr]    Compiling tendril v0.4.3
[INFO] [stderr]    Compiling phf v0.11.3
[INFO] [stderr]    Compiling tracing v0.1.41
[INFO] [stderr]    Compiling inotify-sys v0.1.5
[INFO] [stderr]    Compiling http v1.2.0
[INFO] [stderr]    Compiling num-traits v0.2.19
[INFO] [stderr]    Compiling data-encoding v2.8.0
[INFO] [stderr]    Compiling toml_datetime v0.6.8
[INFO] [stderr]    Compiling indexmap v2.7.1
[INFO] [stderr]    Compiling clap_lex v0.7.4
[INFO] [stderr]    Compiling winnow v0.7.2
[INFO] [stderr]    Compiling strsim v0.11.1
[INFO] [stderr]    Compiling crossbeam-epoch v0.9.18
[INFO] [stderr]    Compiling inotify v0.11.0
[INFO] [stderr]    Compiling regex-automata v0.4.9
[INFO] [stderr]    Compiling rstest_macros v0.25.0
[INFO] [stderr]    Compiling headers-core v0.2.0
[INFO] [stderr]    Compiling http-body v0.4.6
[INFO] [stderr]    Compiling filetime v0.2.25
[INFO] [stderr]    Compiling futures-channel v0.3.31
[INFO] [stderr]    Compiling num-modular v0.6.1
[INFO] [stderr]    Compiling notify-types v2.0.0
[INFO] [stderr]    Compiling anyhow v1.0.97
[INFO] [stderr]    Compiling fastrand v2.3.0
[INFO] [stderr]    Compiling pulldown-cmark v0.10.3
[INFO] [stderr]    Compiling notify v8.0.0
[INFO] [stderr]    Compiling headers v0.3.9
[INFO] [stderr]    Compiling crossbeam-deque v0.8.6
[INFO] [stderr]    Compiling cfg-if v1.0.0
[INFO] [stderr]    Compiling humantime v2.1.0
[INFO] [stderr]    Compiling terminal_size v0.4.1
[INFO] [stderr]    Compiling clap_builder v4.5.31
[INFO] [stderr]    Compiling num-order v1.2.0
[INFO] [stderr]    Compiling toml_edit v0.22.24
[INFO] [stderr]    Compiling tempfile v3.16.0
[INFO] [stderr]    Compiling scoped-tls v1.0.1
[INFO] [stderr]    Compiling glob v0.3.2
[INFO] [stderr]    Compiling iana-time-zone v0.1.61
[INFO] [stderr]    Compiling relative-path v1.9.3
[INFO] [stderr]    Compiling maplit v1.0.2
[INFO] [stderr]    Compiling pulldown-cmark-escape v0.10.1
[INFO] [stderr]    Compiling chrono v0.4.39
[INFO] [stderr]    Compiling notify-debouncer-mini v0.6.0
[INFO] [stderr]    Compiling sha2 v0.10.8
[INFO] [stderr]    Compiling synstructure v0.13.1
[INFO] [stderr]    Compiling darling_core v0.20.10
[INFO] [stderr]    Compiling hex v0.4.3
[INFO] [stderr]    Compiling futures-timer v3.0.3
[INFO] [stderr]    Compiling pathdiff v0.2.3
[INFO] [stderr]    Compiling topological-sort v0.2.2
[INFO] [stderr]    Compiling shlex v1.3.0
[INFO] [stderr]    Compiling unicode-blocks v0.1.9
[INFO] [stderr]    Compiling words-count v0.1.6
[INFO] [stderr]    Compiling proc-macro-crate v3.2.0
[INFO] [stderr]    Compiling zerofrom-derive v0.1.5
[INFO] [stderr]    Compiling yoke-derive v0.7.5
[INFO] [stderr]    Compiling zerovec-derive v0.10.3
[INFO] [stderr]    Compiling displaydoc v0.2.5
[INFO] [stderr]    Compiling icu_provider_macros v1.5.0
[INFO] [stderr]    Compiling serde_derive v1.0.219
[INFO] [stderr]    Compiling thiserror-impl v2.0.11
[INFO] [stderr]    Compiling zerocopy-derive v0.7.35
[INFO] [stderr]    Compiling futures-macro v0.3.31
[INFO] [stderr]    Compiling tokio-macros v2.5.0
[INFO] [stderr]    Compiling thiserror-impl v1.0.69
[INFO] [stderr]    Compiling zerocopy v0.7.35
[INFO] [stderr]    Compiling regex v1.11.1
[INFO] [stderr]    Compiling bstr v1.11.3
[INFO] [stderr]    Compiling zerofrom v0.1.5
[INFO] [stderr]    Compiling yoke v0.7.5
[INFO] [stderr]    Compiling tokio v1.43.0
[INFO] [stderr]    Compiling html5ever v0.27.0
[INFO] [stderr]    Compiling pin-project-internal v1.1.9
[INFO] [stderr]    Compiling zerovec v0.10.4
[INFO] [stderr]    Compiling pest v2.7.15
[INFO] [stderr]    Compiling clap_derive v4.5.28
[INFO] [stderr]    Compiling futures-util v0.3.31
[INFO] [stderr]    Compiling darling_macro v0.20.10
[INFO] [stderr]    Compiling ppv-lite86 v0.2.20
[INFO] [stderr]    Compiling thiserror v1.0.69
[INFO] [stderr]    Compiling globset v0.4.15
[INFO] [stderr]    Compiling darling v0.20.10
[INFO] [stderr]    Compiling derive_builder_core v0.20.2
[INFO] [stderr]    Compiling pin-project v1.1.9
[INFO] [stderr]    Compiling env_filter v0.1.3
[INFO] [stderr]    Compiling rand_chacha v0.3.1
[INFO] [stderr]    Compiling tinystr v0.7.6
[INFO] [stderr]    Compiling icu_collections v1.5.0
[INFO] [stderr]    Compiling pest_meta v2.7.15
[INFO] [stderr]    Compiling derive_builder_macro v0.20.2
[INFO] [stderr]    Compiling icu_locid v1.5.0
[INFO] [stderr]    Compiling clap v4.5.31
[INFO] [stderr]    Compiling env_logger v0.11.6
[INFO] [stderr]    Compiling clap_complete v4.5.44
[INFO] [stderr]    Compiling derive_builder v0.20.2
[INFO] [stderr]    Compiling ignore v0.4.23
[INFO] [stderr]    Compiling opener v0.7.2
[INFO] [stderr]    Compiling icu_provider v1.5.0
[INFO] [stderr]    Compiling icu_locid_transform v1.5.0
[INFO] [stderr]    Compiling pest_generator v2.7.15
[INFO] [stderr]    Compiling icu_properties v1.5.1
[INFO] [stderr]    Compiling pest_derive v2.7.15
[INFO] [stderr]    Compiling rstest v0.25.0
[INFO] [stderr]    Compiling string_cache v0.8.8
[INFO] [stderr]    Compiling serde_urlencoded v0.7.1
[INFO] [stderr]    Compiling toml v0.5.11
[INFO] [stderr]    Compiling tokio-util v0.7.13
[INFO] [stderr]    Compiling h2 v0.3.26
[INFO] [stderr]    Compiling handlebars v6.3.1
[INFO] [stderr]    Compiling elasticlunr-rs v3.0.2
[INFO] [stderr]    Compiling icu_normalizer v1.5.0
[INFO] [stderr]    Compiling idna_adapter v1.2.0
[INFO] [stderr]    Compiling idna v1.0.3
[INFO] [stderr]    Compiling url v2.5.4
[INFO] [stderr]    Compiling tungstenite v0.21.0
[INFO] [stderr]    Compiling ammonia v4.0.0
[INFO] [stderr]    Compiling tokio-tungstenite v0.21.0
[INFO] [stderr]    Compiling hyper v0.14.32
[INFO] [stderr]    Compiling warp v0.3.7
[INFO] [stderr]    Compiling mdbook v0.4.47
[INFO] [stderr]    Compiling mdbook-ai-pocket-reference v0.1.3 (/opt/rustwide/workdir)
[INFO] [stderr]     Finished `release` profile [optimized] target(s) in 1m 54s
[INFO] running `Command { std: "docker" "inspect" "90c5ab6063c3aa925409d195c176158ddd4d2992f2f41e5d94af2e0c74699176", kill_on_drop: false }`
[INFO] running `Command { std: "docker" "exec" "-e" "SOURCE_DIR=/opt/rustwide/workdir" "-e" "CARGO_HOME=/opt/rustwide/cargo-home" "-e" "RUSTUP_HOME=/opt/rustwide/rustup-home" "-e" "CARGO_TARGET_DIR=/opt/rustwide/target" "-e" "CARGO_INCREMENTAL=0" "-e" "RUST_BACKTRACE=full" "-e" "RUSTFLAGS=--cap-lints=warn" "-e" "RUSTDOCFLAGS=--cap-lints=warn" "-w" "/opt/rustwide/workdir" "--user" "0:0" "90c5ab6063c3aa925409d195c176158ddd4d2992f2f41e5d94af2e0c74699176" "/opt/rustwide/cargo-home/bin/cargo" "+1.99.0-beta.8" "test" "--frozen" "--no-run" "--message-format=json" "--release", kill_on_drop: false }`
[INFO] [stderr]    Compiling mdbook-ai-pocket-reference v0.1.3 (/opt/rustwide/workdir)
[INFO] [stderr]     Finished `release` profile [optimized] target(s) in 1.30s
[INFO] running `Command { std: "docker" "inspect" "90c5ab6063c3aa925409d195c176158ddd4d2992f2f41e5d94af2e0c74699176", kill_on_drop: false }`
[INFO] running `Command { std: "docker" "exec" "-e" "SOURCE_DIR=/opt/rustwide/workdir" "-e" "CARGO_HOME=/opt/rustwide/cargo-home" "-e" "RUSTUP_HOME=/opt/rustwide/rustup-home" "-e" "CARGO_TARGET_DIR=/opt/rustwide/target" "-e" "CARGO_INCREMENTAL=0" "-e" "RUST_BACKTRACE=full" "-e" "RUSTFLAGS=--cap-lints=warn" "-e" "RUSTDOCFLAGS=--cap-lints=warn" "-w" "/opt/rustwide/workdir" "--user" "0:0" "90c5ab6063c3aa925409d195c176158ddd4d2992f2f41e5d94af2e0c74699176" "/opt/rustwide/cargo-home/bin/cargo" "+1.99.0-beta.8" "test" "--frozen" "--release", kill_on_drop: false }`
[INFO] [stderr]     Finished `release` profile [optimized] target(s) in 0.21s
[INFO] [stderr]      Running unittests src/lib.rs (/opt/rustwide/target/release/deps/mdbook_ai_pocket_reference-7c04b1bdf3f81f22)
[INFO] [stdout] 
[INFO] [stdout] running 13 tests
[INFO] [stdout] test ai_pocket_reference::tests::test_md_link_render ... ok
[INFO] [stdout] test ai_pocket_reference::tests::test_link_render_no_colab_no_reading_time ... ok
[INFO] [stdout] test ai_pocket_reference::tests::test_aipr_header_settings::case_3 ... ok
[INFO] [stdout] test ai_pocket_reference::tests::test_aipr_header_settings::case_1 ... ok
[INFO] [stdout] test ai_pocket_reference::tests::test_aipr_header_settings::case_2 ... ok
[INFO] [stdout] test ai_pocket_reference::tests::test_link_render ... ok
[INFO] [stdout] test ai_pocket_reference::tests::test_replace_all_md_links ... ok
[INFO] [stdout] test ai_pocket_reference::tests::test_link_render_no_colab ... ok
[INFO] [stdout] test ai_pocket_reference::tests::test_finds_md_link ... ok
[INFO] [stdout] test ai_pocket_reference::tests::test_find_links_no_author_links ... ok
[INFO] [stdout] test ai_pocket_reference::tests::test_find_links_empty_link ... ok
[INFO] [stdout] test ai_pocket_reference::tests::test_find_links_simple_author_links ... ok
[INFO] [stderr]      Running unittests src/bin/main.rs (/opt/rustwide/target/release/deps/mdbook_ai_pocket_reference-d211349e94de0fd7)
[INFO] [stdout] test ai_pocket_reference::tests::test_find_links_unknown_link_type ... ok
[INFO] [stdout] 
[INFO] [stdout] test result: ok. 13 passed; 0 failed; 0 ignored; 0 measured; 0 filtered out; finished in 0.01s
[INFO] [stdout] 
[INFO] [stdout] 
[INFO] [stdout] running 0 tests
[INFO] [stdout] 
[INFO] [stderr]      Running tests/test_preprocessor.rs (/opt/rustwide/target/release/deps/test_preprocessor-8cd1d6f06ebc56e6)
[INFO] [stdout] test result: ok. 0 passed; 0 failed; 0 ignored; 0 measured; 0 filtered out; finished in 0.00s
[INFO] [stdout] 
[INFO] [stdout] 
[INFO] [stdout] running 1 test
[INFO] [stderr]    Compiling proc-macro2 v1.0.93
[INFO] [stderr]    Compiling unicode-ident v1.0.16
[INFO] [stderr]    Compiling libc v0.2.169
[INFO] [stderr]    Compiling cfg-if v1.0.0
[INFO] [stderr]    Compiling memchr v2.7.4
[INFO] [stderr]    Compiling autocfg v1.4.0
[INFO] [stderr]    Compiling log v0.4.26
[INFO] [stderr]    Compiling fnv v1.0.7
[INFO] [stderr]    Compiling stable_deref_trait v1.2.0
[INFO] [stderr]    Compiling itoa v1.0.14
[INFO] [stderr]    Compiling smallvec v1.13.2
[INFO] [stderr]    Compiling regex-syntax v0.8.5
[INFO] [stderr]    Compiling bytes v1.10.0
[INFO] [stderr]    Compiling litemap v0.7.4
[INFO] [stderr]    Compiling typenum v1.17.0
[INFO] [stderr]    Compiling writeable v0.5.5
[INFO] [stderr]    Compiling serde v1.0.219
[INFO] [stderr]    Compiling once_cell v1.21.1
[INFO] [stderr]    Compiling version_check v0.9.5
[INFO] [stderr]    Compiling siphasher v1.0.1
[INFO] [stderr]    Compiling pin-project-lite v0.2.16
[INFO] [stderr]    Compiling phf_shared v0.11.3
[INFO] [stderr]    Compiling bitflags v2.8.0
[INFO] [stderr]    Compiling icu_locid_transform_data v1.5.0
[INFO] [stderr]    Compiling strsim v0.11.1
[INFO] [stderr]    Compiling icu_properties_data v1.5.0
[INFO] [stderr]    Compiling rand_core v0.6.4
[INFO] [stderr]    Compiling write16 v1.0.0
[INFO] [stderr]    Compiling futures-sink v0.3.31
[INFO] [stderr]    Compiling generic-array v0.14.7
[INFO] [stderr]    Compiling utf8_iter v1.0.4
[INFO] [stderr]    Compiling rustix v0.38.44
[INFO] [stderr]    Compiling slab v0.4.9
[INFO] [stderr]    Compiling rand v0.8.5
[INFO] [stderr]    Compiling hashbrown v0.15.2
[INFO] [stderr]    Compiling utf16_iter v1.0.5
[INFO] [stderr]    Compiling icu_normalizer_data v1.5.0
[INFO] [stderr]    Compiling futures-core v0.3.31
[INFO] [stderr]    Compiling equivalent v1.0.1
[INFO] [stderr]    Compiling lock_api v0.4.12
[INFO] [stderr]    Compiling parking_lot_core v0.9.10
[INFO] [stderr]    Compiling utf-8 v0.7.6
[INFO] [stderr]    Compiling byteorder v1.5.0
[INFO] [stderr]    Compiling percent-encoding v2.3.1
[INFO] [stderr]    Compiling thiserror v2.0.11
[INFO] [stderr]    Compiling ident_case v1.0.1
[INFO] [stderr]    Compiling linux-raw-sys v0.4.15
[INFO] [stderr]    Compiling quote v1.0.38
[INFO] [stderr]    Compiling aho-corasick v1.1.3
[INFO] [stderr]    Compiling phf_generator v0.11.3
[INFO] [stderr]    Compiling http v0.2.12
[INFO] [stderr]    Compiling form_urlencoded v1.2.1
[INFO] [stderr]    Compiling utf8parse v0.2.2
[INFO] [stderr]    Compiling semver v1.0.25
[INFO] [stderr]    Compiling syn v2.0.98
[INFO] [stderr]    Compiling mio v1.0.3
[INFO] [stderr]    Compiling indexmap v2.7.1
[INFO] [stderr]    Compiling socket2 v0.5.8
[INFO] [stderr]    Compiling getrandom v0.2.15
[INFO] [stderr]    Compiling new_debug_unreachable v1.0.6
[INFO] [stderr]    Compiling cpufeatures v0.2.17
[INFO] [stderr]    Compiling pin-utils v0.1.0
[INFO] [stderr]    Compiling futures-task v0.3.31
[INFO] [stderr]    Compiling httparse v1.10.0
[INFO] [stderr]    Compiling scopeguard v1.2.0
[INFO] [stderr]    Compiling anstyle-parse v0.2.6
[INFO] [stderr]    Compiling phf_codegen v0.11.3
[INFO] [stderr]    Compiling string_cache_codegen v0.5.3
[INFO] [stderr]    Compiling is_terminal_polyfill v1.70.1
[INFO] [stderr]    Compiling crossbeam-utils v0.8.21
[INFO] [stderr]    Compiling ucd-trie v0.1.7
[INFO] [stderr]    Compiling unicase v2.8.1
[INFO] [stderr]    Compiling mac v0.1.1
[INFO] [stderr]    Compiling colorchoice v1.0.3
[INFO] [stderr]    Compiling anstyle v1.0.10
[INFO] [stderr]    Compiling thiserror v1.0.69
[INFO] [stderr]    Compiling anstyle-query v1.1.2
[INFO] [stderr]    Compiling ryu v1.0.19
[INFO] [stderr]    Compiling serde_json v1.0.140
[INFO] [stderr]    Compiling futf v0.1.5
[INFO] [stderr]    Compiling parking_lot v0.12.3
[INFO] [stderr]    Compiling tracing-core v0.1.33
[INFO] [stderr]    Compiling same-file v1.0.6
[INFO] [stderr]    Compiling anstream v0.6.18
[INFO] [stderr]    Compiling precomputed-hash v0.1.1
[INFO] [stderr]    Compiling getrandom v0.3.1
[INFO] [stderr]    Compiling block-buffer v0.10.4
[INFO] [stderr]    Compiling crypto-common v0.1.6
[INFO] [stderr]    Compiling markup5ever v0.12.1
[INFO] [stderr]    Compiling rustc_version v0.4.1
[INFO] [stderr]    Compiling walkdir v2.5.0
[INFO] [stderr]    Compiling tendril v0.4.3
[INFO] [stderr]    Compiling mime_guess v2.0.5
[INFO] [stderr]    Compiling inotify-sys v0.1.5
[INFO] [stderr]    Compiling http v1.2.0
[INFO] [stderr]    Compiling digest v0.10.7
[INFO] [stderr]    Compiling regex-automata v0.4.9
[INFO] [stderr]    Compiling tracing v0.1.41
[INFO] [stderr]    Compiling num-traits v0.2.19
[INFO] [stderr]    Compiling sha1 v0.10.6
[INFO] [stderr]    Compiling phf v0.11.3
[INFO] [stderr]    Compiling heck v0.5.0
[INFO] [stderr]    Compiling mime v0.3.17
[INFO] [stderr]    Compiling toml_datetime v0.6.8
[INFO] [stderr]    Compiling data-encoding v2.8.0
[INFO] [stderr]    Compiling clap_lex v0.7.4
[INFO] [stderr]    Compiling winnow v0.7.2
[INFO] [stderr]    Compiling httpdate v1.0.3
[INFO] [stderr]    Compiling try-lock v0.2.5
[INFO] [stderr]    Compiling want v0.3.1
[INFO] [stderr]    Compiling crossbeam-epoch v0.9.18
[INFO] [stderr]    Compiling rstest_macros v0.25.0
[INFO] [stderr]    Compiling inotify v0.11.0
[INFO] [stderr]    Compiling http-body v0.4.6
[INFO] [stderr]    Compiling headers-core v0.2.0
[INFO] [stderr]    Compiling filetime v0.2.25
[INFO] [stderr]    Compiling futures-channel v0.3.31
[INFO] [stderr]    Compiling notify-types v2.0.0
[INFO] [stderr]    Compiling fastrand v2.3.0
[INFO] [stderr]    Compiling pulldown-cmark v0.10.3
[INFO] [stderr]    Compiling base64 v0.21.7
[INFO] [stderr]    Compiling anyhow v1.0.97
[INFO] [stderr]    Compiling num-modular v0.6.1
[INFO] [stderr]    Compiling tower-service v0.3.3
[INFO] [stderr]    Compiling headers v0.3.9
[INFO] [stderr]    Compiling notify v8.0.0
[INFO] [stderr]    Compiling crossbeam-deque v0.8.6
[INFO] [stderr]    Compiling scoped-tls v1.0.1
[INFO] [stderr]    Compiling humantime v2.1.0
[INFO] [stderr]    Compiling relative-path v1.9.3
[INFO] [stderr]    Compiling iana-time-zone v0.1.61
[INFO] [stderr]    Compiling maplit v1.0.2
[INFO] [stderr]    Compiling glob v0.3.2
[INFO] [stderr]    Compiling pulldown-cmark-escape v0.10.1
[INFO] [stderr]    Compiling num-order v1.2.0
[INFO] [stderr]    Compiling toml_edit v0.22.24
[INFO] [stderr]    Compiling sha2 v0.10.8
[INFO] [stderr]    Compiling terminal_size v0.4.1
[INFO] [stderr]    Compiling tempfile v3.16.0
[INFO] [stderr]    Compiling clap_builder v4.5.31
[INFO] [stderr]    Compiling chrono v0.4.39
[INFO] [stderr]    Compiling hex v0.4.3
[INFO] [stderr]    Compiling notify-debouncer-mini v0.6.0
[INFO] [stderr]    Compiling futures-timer v3.0.3
[INFO] [stderr]    Compiling pathdiff v0.2.3
[INFO] [stderr]    Compiling unicode-blocks v0.1.9
[INFO] [stderr]    Compiling topological-sort v0.2.2
[INFO] [stderr]    Compiling shlex v1.3.0
[INFO] [stderr]    Compiling words-count v0.1.6
[INFO] [stderr]    Compiling regex v1.11.1
[INFO] [stderr]    Compiling bstr v1.11.3
[INFO] [stderr]    Compiling env_filter v0.1.3
[INFO] [stderr]    Compiling proc-macro-crate v3.2.0
[INFO] [stderr]    Compiling env_logger v0.11.6
[INFO] [stderr]    Compiling synstructure v0.13.1
[INFO] [stderr]    Compiling darling_core v0.20.10
[INFO] [stderr]    Compiling globset v0.4.15
[INFO] [stderr]    Compiling opener v0.7.2
[INFO] [stderr]    Compiling ignore v0.4.23
[INFO] [stderr]    Compiling zerofrom-derive v0.1.5
[INFO] [stderr]    Compiling yoke-derive v0.7.5
[INFO] [stderr]    Compiling zerovec-derive v0.10.3
[INFO] [stderr]    Compiling displaydoc v0.2.5
[INFO] [stderr]    Compiling icu_provider_macros v1.5.0
[INFO] [stderr]    Compiling serde_derive v1.0.219
[INFO] [stderr]    Compiling zerocopy-derive v0.7.35
[INFO] [stderr]    Compiling tokio-macros v2.5.0
[INFO] [stderr]    Compiling thiserror-impl v2.0.11
[INFO] [stderr]    Compiling futures-macro v0.3.31
[INFO] [stderr]    Compiling thiserror-impl v1.0.69
[INFO] [stderr]    Compiling html5ever v0.27.0
[INFO] [stderr]    Compiling pin-project-internal v1.1.9
[INFO] [stderr]    Compiling clap_derive v4.5.28
[INFO] [stderr]    Compiling tokio v1.43.0
[INFO] [stderr]    Compiling futures-util v0.3.31
[INFO] [stderr]    Compiling zerocopy v0.7.35
[INFO] [stderr]    Compiling zerofrom v0.1.5
[INFO] [stderr]    Compiling pin-project v1.1.9
[INFO] [stderr]    Compiling pest v2.7.15
[INFO] [stderr]    Compiling yoke v0.7.5
[INFO] [stderr]    Compiling ppv-lite86 v0.2.20
[INFO] [stderr]    Compiling darling_macro v0.20.10
[INFO] [stderr]    Compiling zerovec v0.10.4
[INFO] [stderr]    Compiling rand_chacha v0.3.1
[INFO] [stderr]    Compiling tinystr v0.7.6
[INFO] [stderr]    Compiling icu_collections v1.5.0
[INFO] [stderr]    Compiling pest_meta v2.7.15
[INFO] [stderr]    Compiling icu_locid v1.5.0
[INFO] [stderr]    Compiling darling v0.20.10
[INFO] [stderr]    Compiling clap v4.5.31
[INFO] [stderr]    Compiling derive_builder_core v0.20.2
[INFO] [stderr]    Compiling rstest v0.25.0
[INFO] [stderr]    Compiling clap_complete v4.5.44
[INFO] [stderr]    Compiling icu_provider v1.5.0
[INFO] [stderr]    Compiling pest_generator v2.7.15
[INFO] [stderr]    Compiling icu_locid_transform v1.5.0
[INFO] [stderr]    Compiling derive_builder_macro v0.20.2
[INFO] [stderr]    Compiling derive_builder v0.20.2
[INFO] [stderr]    Compiling pest_derive v2.7.15
[INFO] [stderr]    Compiling tokio-util v0.7.13
[INFO] [stderr]    Compiling icu_properties v1.5.1
[INFO] [stderr]    Compiling h2 v0.3.26
[INFO] [stderr]    Compiling string_cache v0.8.8
[INFO] [stderr]    Compiling serde_urlencoded v0.7.1
[INFO] [stderr]    Compiling toml v0.5.11
[INFO] [stderr]    Compiling icu_normalizer v1.5.0
[INFO] [stderr]    Compiling handlebars v6.3.1
[INFO] [stderr]    Compiling elasticlunr-rs v3.0.2
[INFO] [stderr]    Compiling idna_adapter v1.2.0
[INFO] [stderr]    Compiling idna v1.0.3
[INFO] [stderr]    Compiling url v2.5.4
[INFO] [stderr]    Compiling tungstenite v0.21.0
[INFO] [stderr]    Compiling ammonia v4.0.0
[INFO] [stderr]    Compiling tokio-tungstenite v0.21.0
[INFO] [stderr]    Compiling hyper v0.14.32
[INFO] [stderr]    Compiling warp v0.3.7
[INFO] [stderr]    Compiling mdbook v0.4.47
[INFO] [stderr]    Compiling mdbook-ai-pocket-reference v0.1.3 (/opt/rustwide/workdir)
[INFO] [stderr]     Finished `dev` profile [unoptimized + debuginfo] target(s) in 27.64s
[INFO] [stderr]      Running `/opt/rustwide/target/debug/mdbook-ai-pocket-reference supports html`
[INFO] [stderr]     Finished `dev` profile [unoptimized + debuginfo] target(s) in 0.22s
[INFO] [stderr]      Running `/opt/rustwide/target/debug/mdbook-ai-pocket-reference`
[INFO] [stdout] test aipr_header_works ... FAILED
[INFO] [stdout] 
[INFO] [stdout] failures:
[INFO] [stdout] 
[INFO] [stdout] ---- aipr_header_works stdout ----
[INFO] [stdout] 
[INFO] [stdout] thread 'aipr_header_works' (4029) panicked at tests/test_preprocessor.rs:10:18:
[INFO] [stdout] called `Result::unwrap()` on an `Err` value: Rendering failed
[INFO] [stdout] 
[INFO] [stdout] Caused by:
[INFO] [stdout]     0: Unexpected error when constructing destination path
[INFO] [stdout]     1: Read-only file system (os error 30)
[INFO] [stdout] 
[INFO] [stdout] Stack backtrace:
[INFO] [stdout]    0: <core::io::error::Error as anyhow::context::ext::StdError>::ext_context::<&str>
[INFO] [stdout]    1: <mdbook::renderer::html_handlebars::hbs_renderer::HtmlHandlebars as mdbook::renderer::Renderer>::render
[INFO] [stdout]    2: <mdbook::book::MDBook>::execute_build_process
[INFO] [stdout]    3: <mdbook::book::MDBook>::build
[INFO] [stdout]    4: <test_preprocessor::aipr_header_works::{closure#0} as core::ops::function::FnOnce<()>>::call_once
[INFO] [stdout]    5: test::__rust_begin_short_backtrace::<core::result::Result<(), alloc::string::String>, fn() -> core::result::Result<(), alloc::string::String>>
[INFO] [stdout]    6: test::run_test::{closure#0}
[INFO] [stdout]    7: std::sys::backtrace::__rust_begin_short_backtrace::<test::run_test::{closure#1}, ()>
[INFO] [stdout]    8: <std::thread::lifecycle::spawn_unchecked<test::run_test::{closure#1}, ()>::{closure#1} as core::ops::function::FnOnce<()>>::call_once::{shim:vtable#0}
[INFO] [stdout]    9: <std::sys::thread::unix::Thread>::new::thread_start
[INFO] [stdout]   10: <unknown>
[INFO] [stdout]   11: clone
[INFO] [stdout] stack backtrace:
[INFO] [stdout]    0:     0x609f54a4d981 - <<std[70759c8f55707aa4]::sys::backtrace::BacktraceLock>::print::DisplayBacktrace as core[df12db4294e9bfd3]::fmt::Display>::fmt
[INFO] [stdout]    1:     0x609f54a65bba - core[df12db4294e9bfd3]::fmt::write
[INFO] [stdout]    2:     0x609f54a52d9c - <alloc[2182bb758b4b3781]::vec::Vec<u8> as core[df12db4294e9bfd3]::io::write::Write>::write_fmt
[INFO] [stdout]    3:     0x609f54a259e6 - std[70759c8f55707aa4]::panicking::default_hook::{closure#0}
[INFO] [stdout]    4:     0x609f54a44109 - std[70759c8f55707aa4]::panicking::default_hook
[INFO] [stdout]    5:     0x609f54752d60 - test[9d35eded1c95d3be]::test_main_inner::<test[9d35eded1c95d3be]::test_main_static::{closure#0}>::{closure#0}
[INFO] [stdout]    6:     0x609f54a442c2 - std[70759c8f55707aa4]::panicking::panic_with_hook
[INFO] [stdout]    7:     0x609f54a25a92 - std[70759c8f55707aa4]::panicking::panic_handler::{closure#0}
[INFO] [stdout]    8:     0x609f54a1de79 - std[70759c8f55707aa4]::sys::backtrace::__rust_end_short_backtrace::<std[70759c8f55707aa4]::panicking::panic_handler::{closure#0}, !>
[INFO] [stdout]    9:     0x609f54a2679d - __rustc[8fa7c3cbc660c2b3]::rust_begin_unwind
[INFO] [stdout]   10:     0x609f54a6639c - core[df12db4294e9bfd3]::panicking::panic_fmt
[INFO] [stdout]   11:     0x609f54a66172 - core[df12db4294e9bfd3]::result::unwrap_failed
[INFO] [stdout]   12:     0x609f54745d2b - <test_preprocessor[e6dea1271015e451]::aipr_header_works::{closure#0} as core[df12db4294e9bfd3]::ops::function::FnOnce<()>>::call_once
[INFO] [stdout]   13:     0x609f5474604b - test[9d35eded1c95d3be]::__rust_begin_short_backtrace::<core[df12db4294e9bfd3]::result::Result<(), alloc[2182bb758b4b3781]::string::String>, fn() -> core[df12db4294e9bfd3]::result::Result<(), alloc[2182bb758b4b3781]::string::String>>
[INFO] [stdout]   14:     0x609f547536b5 - test[9d35eded1c95d3be]::run_test::{closure#0}
[INFO] [stdout]   15:     0x609f5474cf74 - std[70759c8f55707aa4]::sys::backtrace::__rust_begin_short_backtrace::<test[9d35eded1c95d3be]::run_test::{closure#1}, ()>
[INFO] [stdout]   16:     0x609f54756812 - <std[70759c8f55707aa4]::thread::lifecycle::spawn_unchecked<test[9d35eded1c95d3be]::run_test::{closure#1}, ()>::{closure#1} as core[df12db4294e9bfd3]::ops::function::FnOnce<()>>::call_once::{shim:vtable#0}
[INFO] [stdout]   17:     0x609f54a4cad9 - <std[70759c8f55707aa4]::sys::thread::unix::Thread>::new::thread_start
[INFO] [stdout]   18:     0x7e9fb61acdfa - <unknown>
[INFO] [stdout]   19:     0x7e9fb62403d4 - clone
[INFO] [stdout]   20:                0x0 - <unknown>
[INFO] [stdout] 
[INFO] [stdout] 
[INFO] [stdout] failures:
[INFO] [stdout]     aipr_header_works
[INFO] [stdout] 
[INFO] [stdout] test result: FAILED. 0 passed; 1 failed; 0 ignored; 0 measured; 0 filtered out; finished in 27.97s
[INFO] [stdout] 
[INFO] [stderr] error: test failed, to rerun pass `--test test_preprocessor`
[INFO] running `Command { std: "docker" "inspect" "90c5ab6063c3aa925409d195c176158ddd4d2992f2f41e5d94af2e0c74699176", kill_on_drop: false }`
[INFO] running `Command { std: "docker" "rm" "-f" "90c5ab6063c3aa925409d195c176158ddd4d2992f2f41e5d94af2e0c74699176", kill_on_drop: false }`
[INFO] [stdout] 90c5ab6063c3aa925409d195c176158ddd4d2992f2f41e5d94af2e0c74699176
