[INFO] cloning repository https://github.com/EdmundsEcho/data-join-oauth
[INFO] running `Command { std: "git" "-c" "credential.helper=" "-c" "credential.helper=/workspace/cargo-home/bin/git-credential-null" "clone" "--bare" "https://github.com/EdmundsEcho/data-join-oauth" "/workspace/cache/git-repos/https%3A%2F%2Fgithub.com%2FEdmundsEcho%2Fdata-join-oauth", kill_on_drop: false }`
[INFO] [stderr] Cloning into bare repository '/workspace/cache/git-repos/https%3A%2F%2Fgithub.com%2FEdmundsEcho%2Fdata-join-oauth'...
[INFO] running `Command { std: "git" "rev-parse" "HEAD", kill_on_drop: false }`
[INFO] [stdout] 17c4cb40e881b4ad89e45e1939edd74569b11593
[INFO] testing EdmundsEcho/data-join-oauth against 1.99.0-beta.8+cargoflags=--release for beta-release-1.100-3
[INFO] running `Command { std: "git" "clone" "/workspace/cache/git-repos/https%3A%2F%2Fgithub.com%2FEdmundsEcho%2Fdata-join-oauth" "/workspace/builds/worker-2-tc1/source", kill_on_drop: false }`
[INFO] [stderr] Cloning into '/workspace/builds/worker-2-tc1/source'...
[INFO] [stderr] done.
[INFO] started tweaking git repo https://github.com/EdmundsEcho/data-join-oauth
[INFO] finished tweaking git repo https://github.com/EdmundsEcho/data-join-oauth
[INFO] tweaked toml for git repo https://github.com/EdmundsEcho/data-join-oauth written to /workspace/builds/worker-2-tc1/source/Cargo.toml
[INFO] validating manifest of git repo https://github.com/EdmundsEcho/data-join-oauth on toolchain 1.99.0-beta.8
[INFO] running `Command { std: CARGO_HOME="/workspace/cargo-home" RUSTUP_HOME="/workspace/rustup-home" "/workspace/cargo-home/bin/cargo" "+1.99.0-beta.8" "metadata" "--manifest-path" "Cargo.toml" "--no-deps", kill_on_drop: false }`
[INFO] crate git repo https://github.com/EdmundsEcho/data-join-oauth already has a lockfile, it will not be regenerated
[INFO] running `Command { std: CARGO_HOME="/workspace/cargo-home" RUSTUP_HOME="/workspace/rustup-home" "/workspace/cargo-home/bin/cargo" "+1.99.0-beta.8" "fetch" "--manifest-path" "Cargo.toml", kill_on_drop: false }`
[INFO] [stderr] warning: profiles for the non root package will be ignored, specify profiles at the workspace root:
[INFO] [stderr] package:   /workspace/builds/worker-2-tc1/source/oauth/Cargo.toml
[INFO] [stderr] workspace: /workspace/builds/worker-2-tc1/source/Cargo.toml
[INFO] [stderr] warning: virtual workspace defaulting to `resolver = "1"` despite one or more workspace members being on edition 2021 which implies `resolver = "2"`
[INFO] [stderr]   |
[INFO] [stderr]   = note: to keep the current resolver, specify `workspace.resolver = "1"` in the workspace root's manifest
[INFO] [stderr]   = note: to use the edition 2021 resolver, specify `workspace.resolver = "2"` in the workspace root's manifest
[INFO] [stderr]   = note: for more details see https://doc.rust-lang.org/cargo/reference/resolver.html#resolver-versions
[INFO] [stderr]     Updating crates.io index
[INFO] [stderr]  Downloading crates ...
[INFO] [stderr]   Downloaded num_cpus v1.13.1
[INFO] [stderr]   Downloaded tokio-rustls v0.22.0
[INFO] [stderr]   Downloaded once_cell v1.10.0
[INFO] [stderr]   Downloaded miow v0.3.7
[INFO] [stderr]   Downloaded futures-macro v0.3.21
[INFO] [stderr]   Downloaded parking v2.0.0
[INFO] [stderr]   Downloaded thiserror-impl v1.0.30
[INFO] [stderr]   Downloaded async-session v3.0.0
[INFO] [stderr]   Downloaded matches v0.1.9
[INFO] [stderr]   Downloaded tokio-macros v1.7.0
[INFO] [stderr]   Downloaded async-lock v2.4.0
[INFO] [stderr]   Downloaded serde_derive v1.0.136
[INFO] [stderr]   Downloaded unicode-ident v1.0.0
[INFO] [stderr]   Downloaded proc-macro2 v1.0.39
[INFO] [stderr]   Downloaded log v0.4.14
[INFO] [stderr]   Downloaded concurrent-queue v1.2.2
[INFO] [stderr]   Downloaded webpki v0.21.4
[INFO] [stderr]   Downloaded itoa v0.4.8
[INFO] [stderr]   Downloaded wasm-bindgen-futures v0.4.29
[INFO] [stderr]   Downloaded digest v0.9.0
[INFO] [stderr]   Downloaded futures-sink v0.3.21
[INFO] [stderr]   Downloaded dtoa v0.4.8
[INFO] [stderr]   Downloaded waker-fn v1.1.0
[INFO] [stderr]   Downloaded cache-padded v1.2.0
[INFO] [stderr]   Downloaded async-executor v1.4.1
[INFO] [stderr]   Downloaded ctor v0.1.21
[INFO] [stderr]   Downloaded autocfg v1.0.1
[INFO] [stderr]   Downloaded wasm-bindgen-macro v0.2.79
[INFO] [stderr]   Downloaded wasm-bindgen-shared v0.2.79
[INFO] [stderr]   Downloaded gloo-timers v0.2.3
[INFO] [stderr]   Downloaded slab v0.4.5
[INFO] [stderr]   Downloaded async-global-executor v2.0.2
[INFO] [stderr]   Downloaded async-mutex v1.4.0
[INFO] [stderr]   Downloaded itoa v1.0.1
[INFO] [stderr]   Downloaded form_urlencoded v1.0.1
[INFO] [stderr]   Downloaded fastrand v1.7.0
[INFO] [stderr]   Downloaded async-channel v1.6.1
[INFO] [stderr]   Downloaded lock_api v0.4.6
[INFO] [stderr]   Downloaded futures-core v0.3.21
[INFO] [stderr]   Downloaded native-tls v0.2.8
[INFO] [stderr]   Downloaded futures-io v0.3.21
[INFO] [stderr]   Downloaded wasm-bindgen-macro-support v0.2.79
[INFO] [stderr]   Downloaded kv-log-macro v1.0.7
[INFO] [stderr]   Downloaded event-listener v2.5.2
[INFO] [stderr]   Downloaded polling v2.2.0
[INFO] [stderr]   Downloaded blocking v1.1.0
[INFO] [stderr]   Downloaded atomic-waker v1.0.0
[INFO] [stderr]   Downloaded async-attributes v1.1.2
[INFO] [stderr]   Downloaded opaque-debug v0.3.0
[INFO] [stderr]   Downloaded cpufeatures v0.2.1
[INFO] [stderr]   Downloaded block-buffer v0.9.0
[INFO] [stderr]   Downloaded hyper-rustls v0.22.1
[INFO] [stderr]   Downloaded redis v0.21.5
[INFO] [stderr]   Downloaded url v2.2.2
[INFO] [stderr]   Downloaded quote v1.0.15
[INFO] [stderr]   Downloaded percent-encoding v2.1.0
[INFO] [stderr]   Downloaded pin-project-lite v0.2.8
[INFO] [stderr]   Downloaded smallvec v1.8.0
[INFO] [stderr]   Downloaded redox_syscall v0.2.10
[INFO] [stderr]   Downloaded value-bag v1.0.0-alpha.8
[INFO] [stderr]   Downloaded core-foundation v0.9.2
[INFO] [stderr]   Downloaded pkg-config v0.3.24
[INFO] [stderr]   Downloaded futures-task v0.3.21
[INFO] [stderr]   Downloaded async-trait v0.1.52
[INFO] [stderr]   Downloaded wasm-bindgen-backend v0.2.79
[INFO] [stderr]   Downloaded futures-lite v1.12.0
[INFO] [stderr]   Downloaded crossbeam-utils v0.8.7
[INFO] [stderr]   Downloaded async-io v1.6.0
[INFO] [stderr]   Downloaded wepoll-ffi v0.1.2
[INFO] [stderr]   Downloaded async-task v4.1.0
[INFO] [stderr]   Downloaded async-native-tls v0.3.3
[INFO] [stderr]   Downloaded thiserror v1.0.30
[INFO] [stderr]   Downloaded sha2 v0.9.9
[INFO] [stderr]   Downloaded generic-array v0.14.5
[INFO] [stderr]   Downloaded tracing-log v0.1.2
[INFO] [stderr]   Downloaded axum-extra v0.1.2
[INFO] [stderr]   Downloaded unicode-bidi v0.3.7
[INFO] [stderr]   Downloaded rand v0.8.4
[INFO] [stderr]   Downloaded serde v1.0.136
[INFO] [stderr]   Downloaded tinyvec v1.5.1
[INFO] [stderr]   Downloaded parking_lot v0.12.0
[INFO] [stderr]   Downloaded memchr v2.4.1
[INFO] [stderr]   Downloaded schannel v0.1.19
[INFO] [stderr]   Downloaded cc v1.0.72
[INFO] [stderr]   Downloaded futures-channel v0.3.21
[INFO] [stderr]   Downloaded ryu v1.0.9
[INFO] [stderr]   Downloaded hmac v0.11.0
[INFO] [stderr]   Downloaded either v1.6.1
[INFO] [stderr]   Downloaded mime_guess v2.0.3
[INFO] [stderr]   Downloaded json5 v0.4.1
[INFO] [stderr]   Downloaded tokio-util v0.6.9
[INFO] [stderr]   Downloaded socket2 v0.4.4
[INFO] [stderr]   Downloaded mio v0.8.2
[INFO] [stderr]   Downloaded ntapi v0.3.6
[INFO] [stderr]   Downloaded bytes v1.1.0
[INFO] [stderr]   Downloaded security-framework v2.6.1
[INFO] [stderr]   Downloaded openssl-sys v0.9.72
[INFO] [stderr]   Downloaded bumpalo v3.9.1
[INFO] [stderr]   Downloaded js-sys v0.3.56
[INFO] [stderr]   Downloaded hashbrown v0.11.2
[INFO] [stderr]   Downloaded pin-project v1.0.10
[INFO] [stderr]   Downloaded pin-project-internal v1.0.10
[INFO] [stderr]   Downloaded unicase v2.6.0
[INFO] [stderr]   Downloaded opaque-debug v0.2.3
[INFO] [stderr]   Downloaded askama_derive v0.11.0
[INFO] [stderr]   Downloaded unicode-normalization v0.1.19
[INFO] [stderr]   Downloaded futures-util v0.3.21
[INFO] [stderr]   Downloaded combine v4.6.3
[INFO] [stderr]   Downloaded wasm-bindgen v0.2.79
[INFO] [stderr]   Downloaded serde_json v1.0.78
[INFO] [stderr]   Downloaded crypto-mac v0.11.1
[INFO] [stderr]   Downloaded crypto-mac v0.8.0
[INFO] [stderr]   Downloaded rustls-pemfile v0.3.0
[INFO] [stderr]   Downloaded tracing-subscriber v0.3.7
[INFO] [stderr]   Downloaded cookie_store v0.15.1
[INFO] [stderr]   Downloaded time v0.2.27
[INFO] [stderr]   Downloaded psl-types v2.0.10
[INFO] [stderr]   Downloaded cookie v0.15.1
[INFO] [stderr]   Downloaded oauth2 v4.2.0
[INFO] [stderr]   Downloaded digest v0.10.3
[INFO] [stderr]   Downloaded rust-ini v0.18.0
[INFO] [stderr]   Downloaded ordered-multimap v0.4.3
[INFO] [stderr]   Downloaded pathdiff v0.2.1
[INFO] [stderr]   Downloaded pest_generator v2.1.3
[INFO] [stderr]   Downloaded block-buffer v0.7.3
[INFO] [stderr]   Downloaded byte-tools v0.3.1
[INFO] [stderr]   Downloaded heck v0.4.0
[INFO] [stderr]   Downloaded sync_wrapper v0.1.1
[INFO] [stderr]   Downloaded syn v1.0.95
[INFO] [stderr]   Downloaded idna v0.2.3
[INFO] [stderr]   Downloaded openssl v0.10.38
[INFO] [stderr]   Downloaded async-std v1.10.0
[INFO] [stderr]   Downloaded rand_hc v0.3.1
[INFO] [stderr]   Downloaded num-integer v0.1.44
[INFO] [stderr]   Downloaded arrayref v0.3.6
[INFO] [stderr]   Downloaded futures v0.3.21
[INFO] [stderr]   Downloaded thread_local v1.1.4
[INFO] [stderr]   Downloaded sha2 v0.10.2
[INFO] [stderr]   Downloaded linked-hash-map v0.5.4
[INFO] [stderr]   Downloaded tokio v1.18.2
[INFO] [stderr]   Downloaded web-sys v0.3.56
[INFO] [stderr]   Downloaded futures-executor v0.3.21
[INFO] [stderr]   Downloaded uuid v1.0.0
[INFO] [stderr]   Downloaded winreg v0.7.0
[INFO] [stderr]   Downloaded proc-macro-hack v0.5.19
[INFO] [stderr]   Downloaded ipnet v2.3.1
[INFO] [stderr]   Downloaded time-macros v0.1.1
[INFO] [stderr]   Downloaded standback v0.2.17
[INFO] [stderr]   Downloaded ahash v0.7.6
[INFO] [stderr]   Downloaded pest_derive v2.1.0
[INFO] [stderr]   Downloaded fake-simd v0.1.2
[INFO] [stderr]   Downloaded termcolor v1.1.2
[INFO] [stderr]   Downloaded async-recursion v1.0.0
[INFO] [stderr]   Downloaded askama v0.11.0
[INFO] [stderr]   Downloaded humansize v1.1.1
[INFO] [stderr]   Downloaded rand_core v0.6.3
[INFO] [stderr]   Downloaded constant_time_eq v0.1.5
[INFO] [stderr]   Downloaded http-body v0.4.4
[INFO] [stderr]   Downloaded ansi_term v0.12.1
[INFO] [stderr]   Downloaded tower-http v0.2.1
[INFO] [stderr]   Downloaded tower-layer v0.3.1
[INFO] [stderr]   Downloaded webpki-roots v0.22.2
[INFO] [stderr]   Downloaded rustls-pemfile v0.2.1
[INFO] [stderr]   Downloaded time-macros-impl v0.1.2
[INFO] [stderr]   Downloaded cfg-if v0.1.10
[INFO] [stderr]   Downloaded sha-1 v0.8.2
[INFO] [stderr]   Downloaded block-padding v0.1.5
[INFO] [stderr]   Downloaded maplit v1.0.2
[INFO] [stderr]   Downloaded num_threads v0.1.5
[INFO] [stderr]   Downloaded untrusted v0.7.1
[INFO] [stderr]   Downloaded rustls-pemfile v1.0.0
[INFO] [stderr]   Downloaded tower-service v0.3.1
[INFO] [stderr]   Downloaded regex v1.5.6
[INFO] [stderr]   Downloaded regex-syntax v0.6.26
[INFO] [stderr]   Downloaded log v0.3.9
[INFO] [stderr]   Downloaded dlv-list v0.3.0
[INFO] [stderr]   Downloaded proc-macro-error-attr v1.0.4
[INFO] [stderr]   Downloaded axum-core v0.1.1
[INFO] [stderr]   Downloaded askama_escape v0.10.2
[INFO] [stderr]   Downloaded tower v0.4.11
[INFO] [stderr]   Downloaded http-range-header v0.3.0
[INFO] [stderr]   Downloaded strum_macros v0.23.1
[INFO] [stderr]   Downloaded rustversion v1.0.6
[INFO] [stderr]   Downloaded heck v0.3.3
[INFO] [stderr]   Downloaded strum v0.23.0
[INFO] [stderr]   Downloaded zeroize v1.5.2
[INFO] [stderr]   Downloaded encoding_rs v0.8.30
[INFO] [stderr]   Downloaded base-x v0.2.8
[INFO] [stderr]   Downloaded const_fn v0.4.9
[INFO] [stderr]   Downloaded crypto-common v0.1.3
[INFO] [stderr]   Downloaded block-buffer v0.10.2
[INFO] [stderr]   Downloaded secrecy v0.8.0
[INFO] [stderr]   Downloaded reqwest v0.11.9
[INFO] [stderr]   Downloaded headers v0.3.6
[INFO] [stderr]   Downloaded unicode-segmentation v1.8.0
[INFO] [stderr]   Downloaded serde_path_to_error v0.1.7
[INFO] [stderr]   Downloaded sha-1 v0.9.8
[INFO] [stderr]   Downloaded headers-core v0.2.0
[INFO] [stderr]   Downloaded google-drive3 v3.0.0+20220225
[INFO] [stderr]   Downloaded percent-encoding v1.0.1
[INFO] [stderr]   Downloaded url v1.7.2
[INFO] [stderr]   Downloaded tracing-attributes v0.1.18
[INFO] [stderr]   Downloaded ron v0.7.0
[INFO] [stderr]   Downloaded digest v0.8.1
[INFO] [stderr]   Downloaded generic-array v0.12.4
[INFO] [stderr]   Downloaded mime v0.2.6
[INFO] [stderr]   Downloaded publicsuffix v2.1.1
[INFO] [stderr]   Downloaded idna v0.1.5
[INFO] [stderr]   Downloaded getrandom v0.2.4
[INFO] [stderr]   Downloaded rustls-native-certs v0.6.2
[INFO] [stderr]   Downloaded clap_derive v3.0.12
[INFO] [stderr]   Downloaded wasi v0.10.2+wasi-snapshot-preview1
[INFO] [stderr]   Downloaded rustls-native-certs v0.5.0
[INFO] [stderr]   Downloaded ct-logs v0.8.0
[INFO] [stderr]   Downloaded os_str_bytes v6.0.0
[INFO] [stderr]   Downloaded ppv-lite86 v0.2.16
[INFO] [stderr]   Downloaded hyper-rustls v0.23.0
[INFO] [stderr]   Downloaded sct v0.6.1
[INFO] [stderr]   Downloaded proc-macro-error v1.0.4
[INFO] [stderr]   Downloaded axum-macros v0.2.1
[INFO] [stderr]   Downloaded matchit v0.4.4
[INFO] [stderr]   Downloaded time v0.1.43
[INFO] [stderr]   Downloaded httparse v1.5.1
[INFO] [stderr]   Downloaded seahash v4.1.0
[INFO] [stderr]   Downloaded tokio-rustls v0.23.2
[INFO] [stderr]   Downloaded ucd-trie v0.1.3
[INFO] [stderr]   Downloaded askama_shared v0.12.0
[INFO] [stderr]   Downloaded anyhow v1.0.53
[INFO] [stderr]   Downloaded pest_meta v2.1.3
[INFO] [stderr]   Downloaded textwrap v0.14.2
[INFO] [stderr]   Downloaded sct v0.7.0
[INFO] [stderr]   Downloaded tracing-core v0.1.21
[INFO] [stderr]   Downloaded indexmap v1.7.0
[INFO] [stderr]   Downloaded config v0.13.1
[INFO] [stderr]   Downloaded arc-swap v1.5.0
[INFO] [stderr]   Downloaded yaml-rust v0.4.5
[INFO] [stderr]   Downloaded num-traits v0.2.14
[INFO] [stderr]   Downloaded base64 v0.13.0
[INFO] [stderr]   Downloaded time v0.3.9
[INFO] [stderr]   Downloaded webpki v0.22.0
[INFO] [stderr]   Downloaded tracing v0.1.29
[INFO] [stderr]   Downloaded http v0.2.6
[INFO] [stderr]   Downloaded sharded-slab v0.1.4
[INFO] [stderr]   Downloaded rustls v0.19.1
[INFO] [stderr]   Downloaded pest v2.1.3
[INFO] [stderr]   Downloaded axum v0.4.5
[INFO] [stderr]   Downloaded hashbrown v0.12.0
[INFO] [stderr]   Downloaded toml v0.5.8
[INFO] [stderr]   Downloaded nom v7.1.0
[INFO] [stderr]   Downloaded itertools v0.10.3
[INFO] [stderr]   Downloaded blake3 v0.3.8
[INFO] [stderr]   Downloaded hyper v0.14.16
[INFO] [stderr]   Downloaded clap v3.0.13
[INFO] [stderr]   Downloaded chrono v0.4.19
[INFO] [stderr]   Downloaded yup-oauth2 v6.6.0
[INFO] [stderr]   Downloaded h2 v0.3.11
[INFO] [stderr]   Downloaded rustls v0.20.4
[INFO] [stderr]   Downloaded ring v0.16.20
[INFO] running `Command { std: "docker" "create" "-v" "/var/lib/crater-agent-workspace/builds/worker-2-tc1/source:/opt/rustwide/workdir:ro,Z" "-v" "/var/lib/crater-agent-workspace/builds/worker-2-tc1/target:/opt/rustwide/target:rw,Z" "-v" "/var/lib/crater-agent-workspace/cargo-home:/opt/rustwide/cargo-home:ro,Z" "-v" "/var/lib/crater-agent-workspace/rustup-home:/opt/rustwide/rustup-home:ro,Z" "-m" "1610612736" "--network" "none" "ghcr.io/rust-lang/crates-build-env/linux@sha256:77db811e55d90add9212f6832c23229e3de5f1c1f9905e8cb07319ea15df73ac" "sleep" "infinity", kill_on_drop: false }`
[INFO] [stdout] 394f3db7f5503076a78dca4c05d50b7a50122a4f7db1bb1b034b03bd55d12692
[INFO] running `Command { std: "docker" "start" "394f3db7f5503076a78dca4c05d50b7a50122a4f7db1bb1b034b03bd55d12692", kill_on_drop: false }`
[INFO] running `Command { std: "docker" "inspect" "394f3db7f5503076a78dca4c05d50b7a50122a4f7db1bb1b034b03bd55d12692", kill_on_drop: false }`
[INFO] running `Command { std: "docker" "exec" "-e" "SOURCE_DIR=/opt/rustwide/workdir" "-e" "CARGO_HOME=/opt/rustwide/cargo-home" "-e" "RUSTUP_HOME=/opt/rustwide/rustup-home" "-e" "CARGO_TARGET_DIR=/opt/rustwide/target" "-w" "/opt/rustwide/workdir" "--user" "0:0" "394f3db7f5503076a78dca4c05d50b7a50122a4f7db1bb1b034b03bd55d12692" "/opt/rustwide/cargo-home/bin/cargo" "+1.99.0-beta.8" "metadata" "--no-deps" "--format-version=1", kill_on_drop: false }`
[INFO] running `Command { std: "docker" "inspect" "394f3db7f5503076a78dca4c05d50b7a50122a4f7db1bb1b034b03bd55d12692", kill_on_drop: false }`
[INFO] running `Command { std: "docker" "exec" "-e" "SOURCE_DIR=/opt/rustwide/workdir" "-e" "CARGO_HOME=/opt/rustwide/cargo-home" "-e" "RUSTUP_HOME=/opt/rustwide/rustup-home" "-e" "CARGO_TARGET_DIR=/opt/rustwide/target" "-e" "CARGO_INCREMENTAL=0" "-e" "RUST_BACKTRACE=full" "-e" "RUSTFLAGS=--cap-lints=warn" "-e" "RUSTDOCFLAGS=--cap-lints=warn" "-w" "/opt/rustwide/workdir" "--user" "0:0" "394f3db7f5503076a78dca4c05d50b7a50122a4f7db1bb1b034b03bd55d12692" "/opt/rustwide/cargo-home/bin/cargo" "+1.99.0-beta.8" "build" "--frozen" "--message-format=json" "--release", kill_on_drop: false }`
[INFO] [stderr] warning: profiles for the non root package will be ignored, specify profiles at the workspace root:
[INFO] [stderr] package:   /opt/rustwide/workdir/oauth/Cargo.toml
[INFO] [stderr] workspace: /opt/rustwide/workdir/Cargo.toml
[INFO] [stderr] warning: virtual workspace defaulting to `resolver = "1"` despite one or more workspace members being on edition 2021 which implies `resolver = "2"`
[INFO] [stderr]   |
[INFO] [stderr]   = note: to keep the current resolver, specify `workspace.resolver = "1"` in the workspace root's manifest
[INFO] [stderr]   = note: to use the edition 2021 resolver, specify `workspace.resolver = "2"` in the workspace root's manifest
[INFO] [stderr]   = note: for more details see https://doc.rust-lang.org/cargo/reference/resolver.html#resolver-versions
[INFO] [stderr]    Compiling version_check v0.9.4
[INFO] [stderr]    Compiling proc-macro2 v1.0.39
[INFO] [stderr]    Compiling syn v1.0.95
[INFO] [stderr]    Compiling unicode-ident v1.0.0
[INFO] [stderr]    Compiling libc v0.2.126
[INFO] [stderr]    Compiling cfg-if v1.0.0
[INFO] [stderr]    Compiling once_cell v1.10.0
[INFO] [stderr]    Compiling memchr v2.4.1
[INFO] [stderr]    Compiling log v0.4.14
[INFO] [stderr]    Compiling autocfg v1.0.1
[INFO] [stderr]    Compiling cc v1.0.72
[INFO] [stderr]    Compiling pin-project-lite v0.2.8
[INFO] [stderr]    Compiling serde_derive v1.0.136
[INFO] [stderr]    Compiling serde v1.0.136
[INFO] [stderr]    Compiling futures-core v0.3.21
[INFO] [stderr]    Compiling bytes v1.1.0
[INFO] [stderr]    Compiling futures-io v0.3.21
[INFO] [stderr]    Compiling lazy_static v1.4.0
[INFO] [stderr]    Compiling smallvec v1.8.0
[INFO] [stderr]    Compiling slab v0.4.5
[INFO] [stderr]    Compiling parking_lot_core v0.9.3
[INFO] [stderr]    Compiling itoa v1.0.1
[INFO] [stderr]    Compiling scopeguard v1.1.0
[INFO] [stderr]    Compiling futures-sink v0.3.21
[INFO] [stderr]    Compiling value-bag v1.0.0-alpha.8
[INFO] [stderr]    Compiling lock_api v0.4.6
[INFO] [stderr]    Compiling typenum v1.15.0
[INFO] [stderr]    Compiling generic-array v0.14.5
[INFO] [stderr]    Compiling base64 v0.13.0
[INFO] [stderr]    Compiling futures-task v0.3.21
[INFO] [stderr]    Compiling futures-channel v0.3.21
[INFO] [stderr]    Compiling pin-utils v0.1.0
[INFO] [stderr]    Compiling futures-util v0.3.21
[INFO] [stderr]    Compiling untrusted v0.7.1
[INFO] [stderr]    Compiling spin v0.5.2
[INFO] [stderr]    Compiling percent-encoding v2.1.0
[INFO] [stderr]    Compiling matches v0.1.9
[INFO] [stderr]    Compiling fnv v1.0.7
[INFO] [stderr]    Compiling tracing-core v0.1.21
[INFO] [stderr]    Compiling tinyvec_macros v0.1.0
[INFO] [stderr]    Compiling hashbrown v0.11.2
[INFO] [stderr]    Compiling tinyvec v1.5.1
[INFO] [stderr]    Compiling num-traits v0.2.14
[INFO] [stderr]    Compiling indexmap v1.7.0
[INFO] [stderr]    Compiling unicode-bidi v0.3.7
[INFO] [stderr]    Compiling socket2 v0.4.4
[INFO] [stderr]    Compiling num_cpus v1.13.1
[INFO] [stderr]    Compiling signal-hook-registry v1.4.0
[INFO] [stderr]    Compiling openssl-probe v0.1.5
[INFO] [stderr]    Compiling quote v1.0.15
[INFO] [stderr]    Compiling bitflags v1.3.2
[INFO] [stderr]    Compiling http v0.2.6
[INFO] [stderr]    Compiling parking_lot v0.12.0
[INFO] [stderr]    Compiling getrandom v0.2.4
[INFO] [stderr]    Compiling form_urlencoded v1.0.1
[INFO] [stderr]    Compiling ring v0.16.20
[INFO] [stderr]    Compiling serde_json v1.0.78
[INFO] [stderr]    Compiling ryu v1.0.9
[INFO] [stderr]    Compiling standback v0.2.17
[INFO] [stderr]    Compiling async-trait v0.1.52
[INFO] [stderr]    Compiling tower-service v0.3.1
[INFO] [stderr]    Compiling itoa v0.4.8
[INFO] [stderr]    Compiling httparse v1.5.1
[INFO] [stderr]    Compiling httpdate v1.0.2
[INFO] [stderr]    Compiling pkg-config v0.3.24
[INFO] [stderr]    Compiling unicase v2.6.0
[INFO] [stderr]    Compiling cache-padded v1.2.0
[INFO] [stderr]    Compiling try-lock v0.2.3
[INFO] [stderr]    Compiling event-listener v2.5.2
[INFO] [stderr]    Compiling concurrent-queue v1.2.2
[INFO] [stderr]    Compiling nom v7.1.0
[INFO] [stderr]    Compiling cpufeatures v0.2.1
[INFO] [stderr]    Compiling proc-macro-hack v0.5.19
[INFO] [stderr]    Compiling unicode-normalization v0.1.19
[INFO] [stderr]    Compiling waker-fn v1.1.0
[INFO] [stderr]    Compiling fastrand v1.7.0
[INFO] [stderr]    Compiling parking v2.0.0
[INFO] [stderr]    Compiling rustls v0.20.4
[INFO] [stderr]    Compiling mime v0.3.16
[INFO] [stderr]    Compiling opaque-debug v0.3.0
[INFO] [stderr]    Compiling async-task v4.1.0
[INFO] [stderr]    Compiling foreign-types-shared v0.1.1
[INFO] [stderr]    Compiling openssl v0.10.38
[INFO] [stderr]    Compiling openssl-sys v0.9.72
[INFO] [stderr]    Compiling const_fn v0.4.9
[INFO] [stderr]    Compiling foreign-types v0.3.2
[INFO] [stderr]    Compiling async-channel v1.6.1
[INFO] [stderr]    Compiling rustls-pemfile v1.0.0
[INFO] [stderr]    Compiling num-integer v0.1.44
[INFO] [stderr]    Compiling time v0.2.27
[INFO] [stderr]    Compiling futures-lite v1.12.0
[INFO] [stderr]    Compiling ahash v0.7.6
[INFO] [stderr]    Compiling atomic-waker v1.0.0
[INFO] [stderr]    Compiling ucd-trie v0.1.3
[INFO] [stderr]    Compiling subtle v2.4.1
[INFO] [stderr]    Compiling crossbeam-utils v0.8.7
[INFO] [stderr]    Compiling anyhow v1.0.53
[INFO] [stderr]    Compiling native-tls v0.2.8
[INFO] [stderr]    Compiling pest v2.1.3
[INFO] [stderr]    Compiling mime_guess v2.0.3
[INFO] [stderr]    Compiling digest v0.9.0
[INFO] [stderr]    Compiling block-buffer v0.9.0
[INFO] [stderr]    Compiling rustls-native-certs v0.6.2
[INFO] [stderr]    Compiling async-mutex v1.4.0
[INFO] [stderr]    Compiling async-lock v2.4.0
[INFO] [stderr]    Compiling rand_core v0.6.3
[INFO] [stderr]    Compiling proc-macro-error-attr v1.0.4
[INFO] [stderr]    Compiling cookie v0.15.1
[INFO] [stderr]    Compiling idna v0.2.3
[INFO] [stderr]    Compiling maplit v1.0.2
[INFO] [stderr]    Compiling ppv-lite86 v0.2.16
[INFO] [stderr]    Compiling blocking v1.1.0
[INFO] [stderr]    Compiling async-executor v1.4.1
[INFO] [stderr]    Compiling rand_chacha v0.3.1
[INFO] [stderr]    Compiling pest_meta v2.1.3
[INFO] [stderr]    Compiling blake3 v0.3.8
[INFO] [stderr]    Compiling time v0.1.43
[INFO] [stderr]    Compiling proc-macro-error v1.0.4
[INFO] [stderr]    Compiling byteorder v1.4.3
[INFO] [stderr]    Compiling tower-layer v0.3.1
[INFO] [stderr]    Compiling rustversion v1.0.6
[INFO] [stderr]    Compiling regex-syntax v0.6.26
[INFO] [stderr]    Compiling http-body v0.4.4
[INFO] [stderr]    Compiling minimal-lexical v0.2.1
[INFO] [stderr]    Compiling encoding_rs v0.8.30
[INFO] [stderr]    Compiling psl-types v2.0.10
[INFO] [stderr]    Compiling headers-core v0.2.0
[INFO] [stderr]    Compiling rand v0.8.4
[INFO] [stderr]    Compiling publicsuffix v2.1.1
[INFO] [stderr]    Compiling hashbrown v0.12.0
[INFO] [stderr]    Compiling sha-1 v0.9.8
[INFO] [stderr]    Compiling crypto-mac v0.8.0
[INFO] [stderr]    Compiling crypto-mac v0.11.1
[INFO] [stderr]    Compiling block-buffer v0.10.2
[INFO] [stderr]    Compiling crypto-common v0.1.3
[INFO] [stderr]    Compiling dlv-list v0.3.0
[INFO] [stderr]    Compiling arrayref v0.3.6
[INFO] [stderr]    Compiling either v1.6.1
[INFO] [stderr]    Compiling http-range-header v0.3.0
[INFO] [stderr]    Compiling askama_escape v0.10.2
[INFO] [stderr]    Compiling unicode-segmentation v1.8.0
[INFO] [stderr]    Compiling humansize v1.1.1
[INFO] [stderr]    Compiling constant_time_eq v0.1.5
[INFO] [stderr]    Compiling heck v0.4.0
[INFO] [stderr]    Compiling num_threads v0.1.5
[INFO] [stderr]    Compiling cfg-if v0.1.10
[INFO] [stderr]    Compiling sha1_smol v1.0.0
[INFO] [stderr]    Compiling arrayvec v0.5.2
[INFO] [stderr]    Compiling ordered-multimap v0.4.3
[INFO] [stderr]    Compiling itertools v0.10.3
[INFO] [stderr]    Compiling heck v0.3.3
[INFO] [stderr]    Compiling sha1 v0.6.1
[INFO] [stderr]    Compiling digest v0.10.3
[INFO] [stderr]    Compiling headers v0.3.6
[INFO] [stderr]    Compiling hmac v0.11.0
[INFO] [stderr]    Compiling idna v0.1.5
[INFO] [stderr]    Compiling regex-automata v0.1.10
[INFO] [stderr]    Compiling sha2 v0.9.9
[INFO] [stderr]    Compiling rustls-pemfile v0.2.1
[INFO] [stderr]    Compiling pest_generator v2.1.3
[INFO] [stderr]    Compiling rustls-pemfile v0.3.0
[INFO] [stderr]    Compiling ipnet v2.3.1
[INFO] [stderr]    Compiling sync_wrapper v0.1.1
[INFO] [stderr]    Compiling linked-hash-map v0.5.4
[INFO] [stderr]    Compiling seahash v4.1.0
[INFO] [stderr]    Compiling percent-encoding v1.0.1
[INFO] [stderr]    Compiling dtoa v0.4.8
[INFO] [stderr]    Compiling matchit v0.4.4
[INFO] [stderr]    Compiling yaml-rust v0.4.5
[INFO] [stderr]    Compiling url v1.7.2
[INFO] [stderr]    Compiling matchers v0.1.0
[INFO] [stderr]    Compiling regex v1.5.6
[INFO] [stderr]    Compiling rust-ini v0.18.0
[INFO] [stderr]    Compiling sha2 v0.10.2
[INFO] [stderr]    Compiling os_str_bytes v6.0.0
[INFO] [stderr]    Compiling atty v0.2.14
[INFO] [stderr]    Compiling sharded-slab v0.1.4
[INFO] [stderr]    Compiling thread_local v1.1.4
[INFO] [stderr]    Compiling ansi_term v0.12.1
[INFO] [stderr]    Compiling textwrap v0.14.2
[INFO] [stderr]    Compiling strsim v0.10.0
[INFO] [stderr]    Compiling pathdiff v0.2.1
[INFO] [stderr]    Compiling zeroize v1.5.2
[INFO] [stderr]    Compiling ctor v0.1.21
[INFO] [stderr]    Compiling tokio-macros v1.7.0
[INFO] [stderr]    Compiling futures-macro v0.3.21
[INFO] [stderr]    Compiling tracing-attributes v0.1.18
[INFO] [stderr]    Compiling time-macros-impl v0.1.2
[INFO] [stderr]    Compiling time-macros v0.1.1
[INFO] [stderr]    Compiling pin-project-internal v1.0.10
[INFO] [stderr]    Compiling thiserror-impl v1.0.30
[INFO] [stderr]    Compiling mio v0.8.2
[INFO] [stderr]    Compiling tracing v0.1.29
[INFO] [stderr]    Compiling want v0.3.0
[INFO] [stderr]    Compiling webpki v0.22.0
[INFO] [stderr]    Compiling sct v0.7.0
[INFO] [stderr]    Compiling tokio v1.18.2
[INFO] [stderr]    Compiling sct v0.6.1
[INFO] [stderr]    Compiling polling v2.2.0
[INFO] [stderr]    Compiling webpki v0.21.4
[INFO] [stderr]    Compiling async-io v1.6.0
[INFO] [stderr]    Compiling pin-project v1.0.10
[INFO] [stderr]    Compiling thiserror v1.0.30
[INFO] [stderr]    Compiling kv-log-macro v1.0.7
[INFO] [stderr]    Compiling async-attributes v1.1.2
[INFO] [stderr]    Compiling ct-logs v0.8.0
[INFO] [stderr]    Compiling rustls v0.19.1
[INFO] [stderr]    Compiling webpki-roots v0.22.2
[INFO] [stderr]    Compiling log v0.3.9
[INFO] [stderr]    Compiling pest_derive v2.1.0
[INFO] [stderr]    Compiling mime v0.2.6
[INFO] [stderr]    Compiling tracing-log v0.1.2
[INFO] [stderr]    Compiling async-global-executor v2.0.2
[INFO] [stderr]    Compiling strum_macros v0.23.1
[INFO] [stderr]    Compiling clap_derive v3.0.12
[INFO] [stderr]    Compiling async-std v1.10.0
[INFO] [stderr]    Compiling termcolor v1.1.2
[INFO] [stderr]    Compiling tracing-subscriber v0.3.7
[INFO] [stderr]    Compiling axum-macros v0.2.1
[INFO] [stderr]    Compiling async-recursion v1.0.0
[INFO] [stderr]    Compiling dotenv v0.15.0
[INFO] [stderr]    Compiling arc-swap v1.5.0
[INFO] [stderr]    Compiling strum v0.23.0
[INFO] [stderr]    Compiling clap v3.0.13
[INFO] [stderr]    Compiling futures-executor v0.3.21
[INFO] [stderr]    Compiling rustls-native-certs v0.5.0
[INFO] [stderr]    Compiling futures v0.3.21
[INFO] [stderr]    Compiling axum-core v0.1.1
[INFO] [stderr]    Compiling tokio-util v0.6.9
[INFO] [stderr]    Compiling url v2.2.2
[INFO] [stderr]    Compiling h2 v0.3.11
[INFO] [stderr]    Compiling tokio-rustls v0.23.2
[INFO] [stderr]    Compiling serde_urlencoded v0.7.1
[INFO] [stderr]    Compiling tower v0.4.11
[INFO] [stderr]    Compiling toml v0.5.8
[INFO] [stderr]    Compiling chrono v0.4.19
[INFO] [stderr]    Compiling askama_shared v0.12.0
[INFO] [stderr]    Compiling async-native-tls v0.3.3
[INFO] [stderr]    Compiling cookie_store v0.15.1
[INFO] [stderr]    Compiling combine v4.6.3
[INFO] [stderr]    Compiling tokio-rustls v0.22.0
[INFO] [stderr]    Compiling tower-http v0.2.1
[INFO] [stderr]    Compiling tokio-native-tls v0.3.0
[INFO] [stderr]    Compiling time v0.3.9
[INFO] [stderr]    Compiling bincode v1.3.3
[INFO] [stderr]    Compiling serde_path_to_error v0.1.7
[INFO] [stderr]    Compiling ron v0.7.0
[INFO] [stderr]    Compiling async-session v3.0.0
[INFO] [stderr]    Compiling json5 v0.4.1
[INFO] [stderr]    Compiling secrecy v0.8.0
[INFO] [stderr]    Compiling uuid v1.0.0
[INFO] [stderr]    Compiling config v0.13.1
[INFO] [stderr]    Compiling askama_derive v0.11.0
[INFO] [stderr]    Compiling askama v0.11.0
[INFO] [stderr]    Compiling hyper v0.14.16
[INFO] [stderr]    Compiling redis v0.21.5
[INFO] [stderr]    Compiling hyper-rustls v0.23.0
[INFO] [stderr]    Compiling axum v0.4.5
[INFO] [stderr]    Compiling hyper-rustls v0.22.1
[INFO] [stderr]    Compiling yup-oauth2 v6.6.0
[INFO] [stderr]    Compiling reqwest v0.11.9
[INFO] [stderr]    Compiling async-redis-session v0.3.0 (/opt/rustwide/workdir/async-redis-session)
[INFO] [stderr]    Compiling google-drive3 v3.0.0+20220225
[INFO] [stderr]    Compiling axum-extra v0.1.2
[INFO] [stderr]    Compiling oauth2 v4.2.0
[INFO] [stderr]    Compiling oauth v0.1.0 (/opt/rustwide/workdir/oauth)
[INFO] [stdout] warning: struct `AuthRedirect` is never constructed
[INFO] [stdout]  --> oauth/src/models/auth_redirect.rs:3:12
[INFO] [stdout]   |
[INFO] [stdout] 3 | pub struct AuthRedirect;
[INFO] [stdout]   |            ^^^^^^^^^^^^
[INFO] [stdout]   |
[INFO] [stdout]   = note: `#[warn(dead_code)]` (part of `#[warn(unused)]`) on by default
[INFO] [stdout] 
[INFO] [stdout] 
[INFO] [stdout] warning: fields `query_read` and `json_body_ls` are never read
[INFO] [stdout]   --> oauth/src/models/drive_clients.rs:36:9
[INFO] [stdout]    |
[INFO] [stdout] 31 | pub struct FilesRequest {
[INFO] [stdout]    |            ------------ fields in this struct
[INFO] [stdout] ...
[INFO] [stdout] 36 |     pub query_read: Option<String>,
[INFO] [stdout]    |         ^^^^^^^^^^
[INFO] [stdout] 37 |     pub json_body_ls: Option<String>,
[INFO] [stdout]    |         ^^^^^^^^^^^^
[INFO] [stdout]    |
[INFO] [stdout]    = note: `FilesRequest` has derived impls for the traits `Clone` and `Debug`, but these are intentionally ignored during dead code analysis
[INFO] [stdout] 
[INFO] [stdout] 
[INFO] [stdout] warning: struct `User` is never constructed
[INFO] [stdout]   --> oauth/src/models/user.rs:54:12
[INFO] [stdout]    |
[INFO] [stdout] 54 | pub struct User {
[INFO] [stdout]    |            ^^^^
[INFO] [stdout] 
[INFO] [stdout] 
[INFO] [stdout] warning: fields `verified_email`, `given_name`, `family_name`, and `locale` are never read
[INFO] [stdout]   --> oauth/src/models/user.rs:85:9
[INFO] [stdout]    |
[INFO] [stdout] 80 | pub struct RawFromGoogle {
[INFO] [stdout]    |            ------------- fields in this struct
[INFO] [stdout] ...
[INFO] [stdout] 85 |     pub verified_email: bool,
[INFO] [stdout]    |         ^^^^^^^^^^^^^^
[INFO] [stdout] 86 |     pub given_name: Option<String>,
[INFO] [stdout]    |         ^^^^^^^^^^
[INFO] [stdout] 87 |     pub family_name: Option<String>,
[INFO] [stdout]    |         ^^^^^^^^^^^
[INFO] [stdout] 88 |     pub locale: Option<String>,
[INFO] [stdout]    |         ^^^^^^
[INFO] [stdout]    |
[INFO] [stdout]    = note: `RawFromGoogle` has a derived impl for the trait `Debug`, but this is intentionally ignored during dead code analysis
[INFO] [stdout] 
[INFO] [stdout] 
[INFO] [stderr]     Finished `release` profile [optimized] target(s) in 3m 29s
[INFO] [stderr] warning: the following packages contain code that will be rejected by a future version of Rust: redis v0.21.5
[INFO] [stderr] note: to see what the problems were, use the option `--future-incompat-report`, or run `cargo report future-incompatibilities --id 2`
[INFO] running `Command { std: "docker" "inspect" "394f3db7f5503076a78dca4c05d50b7a50122a4f7db1bb1b034b03bd55d12692", kill_on_drop: false }`
[INFO] running `Command { std: "docker" "exec" "-e" "SOURCE_DIR=/opt/rustwide/workdir" "-e" "CARGO_HOME=/opt/rustwide/cargo-home" "-e" "RUSTUP_HOME=/opt/rustwide/rustup-home" "-e" "CARGO_TARGET_DIR=/opt/rustwide/target" "-e" "CARGO_INCREMENTAL=0" "-e" "RUST_BACKTRACE=full" "-e" "RUSTFLAGS=--cap-lints=warn" "-e" "RUSTDOCFLAGS=--cap-lints=warn" "-w" "/opt/rustwide/workdir" "--user" "0:0" "394f3db7f5503076a78dca4c05d50b7a50122a4f7db1bb1b034b03bd55d12692" "/opt/rustwide/cargo-home/bin/cargo" "+1.99.0-beta.8" "test" "--frozen" "--no-run" "--message-format=json" "--release", kill_on_drop: false }`
[INFO] [stderr] warning: profiles for the non root package will be ignored, specify profiles at the workspace root:
[INFO] [stderr] package:   /opt/rustwide/workdir/oauth/Cargo.toml
[INFO] [stderr] workspace: /opt/rustwide/workdir/Cargo.toml
[INFO] [stderr] warning: virtual workspace defaulting to `resolver = "1"` despite one or more workspace members being on edition 2021 which implies `resolver = "2"`
[INFO] [stderr]   |
[INFO] [stderr]   = note: to keep the current resolver, specify `workspace.resolver = "1"` in the workspace root's manifest
[INFO] [stderr]   = note: to use the edition 2021 resolver, specify `workspace.resolver = "2"` in the workspace root's manifest
[INFO] [stderr]   = note: for more details see https://doc.rust-lang.org/cargo/reference/resolver.html#resolver-versions
[INFO] [stderr]    Compiling async-redis-session v0.3.0 (/opt/rustwide/workdir/async-redis-session)
[INFO] [stderr]    Compiling oauth v0.1.0 (/opt/rustwide/workdir/oauth)
[INFO] [stdout] warning: struct `AuthRedirect` is never constructed
[INFO] [stdout]  --> oauth/src/models/auth_redirect.rs:3:12
[INFO] [stdout]   |
[INFO] [stdout] 3 | pub struct AuthRedirect;
[INFO] [stdout]   |            ^^^^^^^^^^^^
[INFO] [stdout]   |
[INFO] [stdout]   = note: `#[warn(dead_code)]` (part of `#[warn(unused)]`) on by default
[INFO] [stdout] 
[INFO] [stdout] 
[INFO] [stdout] warning: fields `query_read` and `json_body_ls` are never read
[INFO] [stdout]   --> oauth/src/models/drive_clients.rs:36:9
[INFO] [stdout]    |
[INFO] [stdout] 31 | pub struct FilesRequest {
[INFO] [stdout]    |            ------------ fields in this struct
[INFO] [stdout] ...
[INFO] [stdout] 36 |     pub query_read: Option<String>,
[INFO] [stdout]    |         ^^^^^^^^^^
[INFO] [stdout] 37 |     pub json_body_ls: Option<String>,
[INFO] [stdout]    |         ^^^^^^^^^^^^
[INFO] [stdout]    |
[INFO] [stdout]    = note: `FilesRequest` has derived impls for the traits `Clone` and `Debug`, but these are intentionally ignored during dead code analysis
[INFO] [stdout] 
[INFO] [stdout] 
[INFO] [stdout] warning: struct `User` is never constructed
[INFO] [stdout]   --> oauth/src/models/user.rs:54:12
[INFO] [stdout]    |
[INFO] [stdout] 54 | pub struct User {
[INFO] [stdout]    |            ^^^^
[INFO] [stdout] 
[INFO] [stdout] 
[INFO] [stdout] warning: fields `verified_email`, `given_name`, `family_name`, and `locale` are never read
[INFO] [stdout]   --> oauth/src/models/user.rs:85:9
[INFO] [stdout]    |
[INFO] [stdout] 80 | pub struct RawFromGoogle {
[INFO] [stdout]    |            ------------- fields in this struct
[INFO] [stdout] ...
[INFO] [stdout] 85 |     pub verified_email: bool,
[INFO] [stdout]    |         ^^^^^^^^^^^^^^
[INFO] [stdout] 86 |     pub given_name: Option<String>,
[INFO] [stdout]    |         ^^^^^^^^^^
[INFO] [stdout] 87 |     pub family_name: Option<String>,
[INFO] [stdout]    |         ^^^^^^^^^^^
[INFO] [stdout] 88 |     pub locale: Option<String>,
[INFO] [stdout]    |         ^^^^^^
[INFO] [stdout]    |
[INFO] [stdout]    = note: `RawFromGoogle` has a derived impl for the trait `Debug`, but this is intentionally ignored during dead code analysis
[INFO] [stdout] 
[INFO] [stdout] 
[INFO] [stdout] warning: struct `AuthRedirect` is never constructed
[INFO] [stdout]  --> oauth/src/models/auth_redirect.rs:3:12
[INFO] [stdout]   |
[INFO] [stdout] 3 | pub struct AuthRedirect;
[INFO] [stdout]   |            ^^^^^^^^^^^^
[INFO] [stdout]   |
[INFO] [stdout]   = note: `#[warn(dead_code)]` (part of `#[warn(unused)]`) on by default
[INFO] [stdout] 
[INFO] [stdout] 
[INFO] [stdout] warning: fields `query_read` and `json_body_ls` are never read
[INFO] [stdout]   --> oauth/src/models/drive_clients.rs:36:9
[INFO] [stdout]    |
[INFO] [stdout] 31 | pub struct FilesRequest {
[INFO] [stdout]    |            ------------ fields in this struct
[INFO] [stdout] ...
[INFO] [stdout] 36 |     pub query_read: Option<String>,
[INFO] [stdout]    |         ^^^^^^^^^^
[INFO] [stdout] 37 |     pub json_body_ls: Option<String>,
[INFO] [stdout]    |         ^^^^^^^^^^^^
[INFO] [stdout]    |
[INFO] [stdout]    = note: `FilesRequest` has derived impls for the traits `Clone` and `Debug`, but these are intentionally ignored during dead code analysis
[INFO] [stdout] 
[INFO] [stdout] 
[INFO] [stdout] warning: struct `User` is never constructed
[INFO] [stdout]   --> oauth/src/models/user.rs:54:12
[INFO] [stdout]    |
[INFO] [stdout] 54 | pub struct User {
[INFO] [stdout]    |            ^^^^
[INFO] [stdout] 
[INFO] [stdout] 
[INFO] [stdout] warning: fields `verified_email`, `given_name`, `family_name`, and `locale` are never read
[INFO] [stdout]   --> oauth/src/models/user.rs:85:9
[INFO] [stdout]    |
[INFO] [stdout] 80 | pub struct RawFromGoogle {
[INFO] [stdout]    |            ------------- fields in this struct
[INFO] [stdout] ...
[INFO] [stdout] 85 |     pub verified_email: bool,
[INFO] [stdout]    |         ^^^^^^^^^^^^^^
[INFO] [stdout] 86 |     pub given_name: Option<String>,
[INFO] [stdout]    |         ^^^^^^^^^^
[INFO] [stdout] 87 |     pub family_name: Option<String>,
[INFO] [stdout]    |         ^^^^^^^^^^^
[INFO] [stdout] 88 |     pub locale: Option<String>,
[INFO] [stdout]    |         ^^^^^^
[INFO] [stdout]    |
[INFO] [stdout]    = note: `RawFromGoogle` has a derived impl for the trait `Debug`, but this is intentionally ignored during dead code analysis
[INFO] [stdout] 
[INFO] [stdout] 
[INFO] [stderr]     Finished `release` profile [optimized] target(s) in 5.46s
[INFO] [stderr] warning: the following packages contain code that will be rejected by a future version of Rust: redis v0.21.5
[INFO] [stderr] note: to see what the problems were, use the option `--future-incompat-report`, or run `cargo report future-incompatibilities --id 2`
[INFO] running `Command { std: "docker" "inspect" "394f3db7f5503076a78dca4c05d50b7a50122a4f7db1bb1b034b03bd55d12692", kill_on_drop: false }`
[INFO] running `Command { std: "docker" "exec" "-e" "SOURCE_DIR=/opt/rustwide/workdir" "-e" "CARGO_HOME=/opt/rustwide/cargo-home" "-e" "RUSTUP_HOME=/opt/rustwide/rustup-home" "-e" "CARGO_TARGET_DIR=/opt/rustwide/target" "-e" "CARGO_INCREMENTAL=0" "-e" "RUST_BACKTRACE=full" "-e" "RUSTFLAGS=--cap-lints=warn" "-e" "RUSTDOCFLAGS=--cap-lints=warn" "-w" "/opt/rustwide/workdir" "--user" "0:0" "394f3db7f5503076a78dca4c05d50b7a50122a4f7db1bb1b034b03bd55d12692" "/opt/rustwide/cargo-home/bin/cargo" "+1.99.0-beta.8" "test" "--frozen" "--release", kill_on_drop: false }`
[INFO] [stderr] warning: profiles for the non root package will be ignored, specify profiles at the workspace root:
[INFO] [stderr] package:   /opt/rustwide/workdir/oauth/Cargo.toml
[INFO] [stderr] workspace: /opt/rustwide/workdir/Cargo.toml
[INFO] [stderr] warning: virtual workspace defaulting to `resolver = "1"` despite one or more workspace members being on edition 2021 which implies `resolver = "2"`
[INFO] [stderr]   |
[INFO] [stderr]   = note: to keep the current resolver, specify `workspace.resolver = "1"` in the workspace root's manifest
[INFO] [stderr]   = note: to use the edition 2021 resolver, specify `workspace.resolver = "2"` in the workspace root's manifest
[INFO] [stderr]   = note: for more details see https://doc.rust-lang.org/cargo/reference/resolver.html#resolver-versions
[INFO] [stderr] warning: struct `AuthRedirect` is never constructed
[INFO] [stderr]  --> oauth/src/models/auth_redirect.rs:3:12
[INFO] [stderr]   |
[INFO] [stderr] 3 | pub struct AuthRedirect;
[INFO] [stderr]   |            ^^^^^^^^^^^^
[INFO] [stderr]   |
[INFO] [stderr]   = note: `#[warn(dead_code)]` (part of `#[warn(unused)]`) on by default
[INFO] [stderr] 
[INFO] [stderr] warning: fields `query_read` and `json_body_ls` are never read
[INFO] [stderr]   --> oauth/src/models/drive_clients.rs:36:9
[INFO] [stderr]    |
[INFO] [stderr] 31 | pub struct FilesRequest {
[INFO] [stderr]    |            ------------ fields in this struct
[INFO] [stderr] ...
[INFO] [stderr] 36 |     pub query_read: Option<String>,
[INFO] [stderr]    |         ^^^^^^^^^^
[INFO] [stderr] 37 |     pub json_body_ls: Option<String>,
[INFO] [stderr]    |         ^^^^^^^^^^^^
[INFO] [stderr]    |
[INFO] [stderr]    = note: `FilesRequest` has derived impls for the traits `Clone` and `Debug`, but these are intentionally ignored during dead code analysis
[INFO] [stderr] 
[INFO] [stderr] warning: struct `User` is never constructed
[INFO] [stderr]   --> oauth/src/models/user.rs:54:12
[INFO] [stderr]    |
[INFO] [stderr] 54 | pub struct User {
[INFO] [stderr]    |            ^^^^
[INFO] [stderr] 
[INFO] [stderr] warning: fields `verified_email`, `given_name`, `family_name`, and `locale` are never read
[INFO] [stderr]   --> oauth/src/models/user.rs:85:9
[INFO] [stderr]    |
[INFO] [stderr] 80 | pub struct RawFromGoogle {
[INFO] [stderr]    |            ------------- fields in this struct
[INFO] [stderr] ...
[INFO] [stderr] 85 |     pub verified_email: bool,
[INFO] [stderr]    |         ^^^^^^^^^^^^^^
[INFO] [stderr] 86 |     pub given_name: Option<String>,
[INFO] [stderr]    |         ^^^^^^^^^^
[INFO] [stderr] 87 |     pub family_name: Option<String>,
[INFO] [stderr]    |         ^^^^^^^^^^^
[INFO] [stderr] 88 |     pub locale: Option<String>,
[INFO] [stderr]    |         ^^^^^^
[INFO] [stderr]    |
[INFO] [stderr]    = note: `RawFromGoogle` has a derived impl for the trait `Debug`, but this is intentionally ignored during dead code analysis
[INFO] [stderr] 
[INFO] [stderr] warning: `oauth` (lib) generated 4 warnings
[INFO] [stderr] warning: `oauth` (lib test) generated 4 warnings (4 duplicates)
[INFO] [stderr]     Finished `release` profile [optimized] target(s) in 0.27s
[INFO] [stderr] warning: the following packages contain code that will be rejected by a future version of Rust: redis v0.21.5
[INFO] [stderr] note: to see what the problems were, use the option `--future-incompat-report`, or run `cargo report future-incompatibilities --id 2`
[INFO] [stderr]      Running unittests src/lib.rs (/opt/rustwide/target/release/deps/async_redis_session-eced56b1754d6987)
[INFO] [stdout] 
[INFO] [stdout] running 7 tests
[INFO] [stdout] test tests::creating_a_new_session_with_expiry ... FAILED
[INFO] [stdout] test tests::updating_a_session ... FAILED
[INFO] [stdout] test tests::updating_a_session_extending_expiry ... FAILED
[INFO] [stdout] test tests::clearing_the_whole_store ... FAILED
[INFO] [stdout] test tests::destroying_a_single_session ... FAILED
[INFO] [stdout] test tests::creating_a_new_session_with_no_expiry ... FAILED
[INFO] [stdout] test tests::prefixes ... FAILED
[INFO] [stdout] 
[INFO] [stdout] failures:
[INFO] [stdout] 
[INFO] [stdout] ---- tests::creating_a_new_session_with_expiry stdout ----
[INFO] [stdout] 
[INFO] [stdout] thread 'tests::creating_a_new_session_with_expiry' (5649) panicked at async-redis-session/src/lib.rs:182:35:
[INFO] [stdout] called `Result::unwrap()` on an `Err` value: Connection refused (os error 111)
[INFO] [stdout] stack backtrace:
[INFO] [stdout]    0:     0x560b27fb83e1 - <<std[70759c8f55707aa4]::sys::backtrace::BacktraceLock>::print::DisplayBacktrace as core[df12db4294e9bfd3]::fmt::Display>::fmt
[INFO] [stdout]    1:     0x560b27fcddea - core[df12db4294e9bfd3]::fmt::write
[INFO] [stdout]    2:     0x560b27fbcd2c - <alloc[2182bb758b4b3781]::vec::Vec<u8> as core[df12db4294e9bfd3]::io::write::Write>::write_fmt
[INFO] [stdout]    3:     0x560b27f93816 - std[70759c8f55707aa4]::panicking::default_hook::{closure#0}
[INFO] [stdout]    4:     0x560b27fb0299 - std[70759c8f55707aa4]::panicking::default_hook
[INFO] [stdout]    5:     0x560b27ee7f80 - test[9d35eded1c95d3be]::test_main_inner::<test[9d35eded1c95d3be]::test_main_static::{closure#0}>::{closure#0}
[INFO] [stdout]    6:     0x560b27fb05c2 - std[70759c8f55707aa4]::panicking::panic_with_hook
[INFO] [stdout]    7:     0x560b27f938c2 - std[70759c8f55707aa4]::panicking::panic_handler::{closure#0}
[INFO] [stdout]    8:     0x560b27f8c329 - std[70759c8f55707aa4]::sys::backtrace::__rust_end_short_backtrace::<std[70759c8f55707aa4]::panicking::panic_handler::{closure#0}, !>
[INFO] [stdout]    9:     0x560b27f9474d - __rustc[8fa7c3cbc660c2b3]::rust_begin_unwind
[INFO] [stdout]   10:     0x560b27fce51c - core[df12db4294e9bfd3]::panicking::panic_fmt
[INFO] [stdout]   11:     0x560b27fce2f2 - core[df12db4294e9bfd3]::result::unwrap_failed
[INFO] [stdout]   12:     0x560b27eaa996 - async_redis_session[469844109022f4dd]::tests::test_store::{closure#0}
[INFO] [stdout]   13:     0x560b27e9ea78 - <std[70759c8f55707aa4]::thread::local::LocalKey<core[df12db4294e9bfd3]::cell::Cell<*const async_std[3f4fd0dd06714dae]::task::task_locals_wrapper::TaskLocalsWrapper>>>::with::<<async_std[3f4fd0dd06714dae]::task::task_locals_wrapper::TaskLocalsWrapper>::set_current<<async_std[3f4fd0dd06714dae]::task::builder::SupportTaskLocals<async_redis_session[469844109022f4dd]::tests::creating_a_new_session_with_expiry::{closure#0}> as core[df12db4294e9bfd3]::future::future::Future>::poll::{closure#0}, core[df12db4294e9bfd3]::task::poll::Poll<core[df12db4294e9bfd3]::result::Result<(), anyhow[b23f9cd54d762478]::Error>>>::{closure#0}, core[df12db4294e9bfd3]::task::poll::Poll<core[df12db4294e9bfd3]::result::Result<(), anyhow[b23f9cd54d762478]::Error>>>
[INFO] [stdout]   14:     0x560b27ec465e - <futures_lite[18f2b58b17a5cffa]::future::Or<async_std[3f4fd0dd06714dae]::task::builder::SupportTaskLocals<async_redis_session[469844109022f4dd]::tests::creating_a_new_session_with_expiry::{closure#0}>, <async_executor[7d691b5168533d61]::Executor>::run<core[df12db4294e9bfd3]::result::Result<(), anyhow[b23f9cd54d762478]::Error>, async_std[3f4fd0dd06714dae]::task::builder::SupportTaskLocals<async_redis_session[469844109022f4dd]::tests::creating_a_new_session_with_expiry::{closure#0}>>::{closure#0}::{closure#0}> as core[df12db4294e9bfd3]::future::future::Future>::poll
[INFO] [stdout]   15:     0x560b27eb075e - async_io[df402d581cdd9456]::driver::block_on::<core[df12db4294e9bfd3]::result::Result<(), anyhow[b23f9cd54d762478]::Error>, <async_executor[7d691b5168533d61]::LocalExecutor>::run<core[df12db4294e9bfd3]::result::Result<(), anyhow[b23f9cd54d762478]::Error>, async_std[3f4fd0dd06714dae]::task::builder::SupportTaskLocals<async_redis_session[469844109022f4dd]::tests::creating_a_new_session_with_expiry::{closure#0}>>::{closure#0}>
[INFO] [stdout]   16:     0x560b27ea357a - <std[70759c8f55707aa4]::thread::local::LocalKey<core[df12db4294e9bfd3]::cell::Cell<usize>>>::with::<<async_std[3f4fd0dd06714dae]::task::builder::Builder>::blocking<async_redis_session[469844109022f4dd]::tests::creating_a_new_session_with_expiry::{closure#0}, core[df12db4294e9bfd3]::result::Result<(), anyhow[b23f9cd54d762478]::Error>>::{closure#0}, core[df12db4294e9bfd3]::result::Result<(), anyhow[b23f9cd54d762478]::Error>>
[INFO] [stdout]   17:     0x560b27ec5518 - <async_std[3f4fd0dd06714dae]::task::builder::Builder>::blocking::<async_redis_session[469844109022f4dd]::tests::creating_a_new_session_with_expiry::{closure#0}, core[df12db4294e9bfd3]::result::Result<(), anyhow[b23f9cd54d762478]::Error>>
[INFO] [stdout]   18:     0x560b27ebac40 - <async_redis_session[469844109022f4dd]::tests::creating_a_new_session_with_expiry::{closure#0} as core[df12db4294e9bfd3]::ops::function::FnOnce<()>>::call_once
[INFO] [stdout]   19:     0x560b27edb26b - test[9d35eded1c95d3be]::__rust_begin_short_backtrace::<core[df12db4294e9bfd3]::result::Result<(), alloc[2182bb758b4b3781]::string::String>, fn() -> core[df12db4294e9bfd3]::result::Result<(), alloc[2182bb758b4b3781]::string::String>>
[INFO] [stdout]   20:     0x560b27ee88d5 - test[9d35eded1c95d3be]::run_test::{closure#0}
[INFO] [stdout]   21:     0x560b27ee2194 - std[70759c8f55707aa4]::sys::backtrace::__rust_begin_short_backtrace::<test[9d35eded1c95d3be]::run_test::{closure#1}, ()>
[INFO] [stdout]   22:     0x560b27eeba32 - <std[70759c8f55707aa4]::thread::lifecycle::spawn_unchecked<test[9d35eded1c95d3be]::run_test::{closure#1}, ()>::{closure#1} as core[df12db4294e9bfd3]::ops::function::FnOnce<()>>::call_once::{shim:vtable#0}
[INFO] [stdout]   23:     0x560b27fb7909 - <std[70759c8f55707aa4]::sys::thread::unix::Thread>::new::thread_start
[INFO] [stdout]   24:     0x70d3bc1e3dfa - <unknown>
[INFO] [stdout]   25:     0x70d3bc2773d4 - clone
[INFO] [stdout]   26:                0x0 - <unknown>
[INFO] [stdout] 
[INFO] [stdout] ---- tests::updating_a_session stdout ----
[INFO] [stdout] 
[INFO] [stdout] thread 'tests::updating_a_session' (5653) panicked at async-redis-session/src/lib.rs:182:35:
[INFO] [stdout] called `Result::unwrap()` on an `Err` value: Connection refused (os error 111)
[INFO] [stdout] stack backtrace:
[INFO] [stdout]    0:     0x560b27fb83e1 - <<std[70759c8f55707aa4]::sys::backtrace::BacktraceLock>::print::DisplayBacktrace as core[df12db4294e9bfd3]::fmt::Display>::fmt
[INFO] [stdout]    1:     0x560b27fcddea - core[df12db4294e9bfd3]::fmt::write
[INFO] [stdout]    2:     0x560b27fbcd2c - <alloc[2182bb758b4b3781]::vec::Vec<u8> as core[df12db4294e9bfd3]::io::write::Write>::write_fmt
[INFO] [stdout]    3:     0x560b27f93816 - std[70759c8f55707aa4]::panicking::default_hook::{closure#0}
[INFO] [stdout]    4:     0x560b27fb0299 - std[70759c8f55707aa4]::panicking::default_hook
[INFO] [stdout]    5:     0x560b27ee7f80 - test[9d35eded1c95d3be]::test_main_inner::<test[9d35eded1c95d3be]::test_main_static::{closure#0}>::{closure#0}
[INFO] [stdout]    6:     0x560b27fb05c2 - std[70759c8f55707aa4]::panicking::panic_with_hook
[INFO] [stdout]    7:     0x560b27f938c2 - std[70759c8f55707aa4]::panicking::panic_handler::{closure#0}
[INFO] [stdout]    8:     0x560b27f8c329 - std[70759c8f55707aa4]::sys::backtrace::__rust_end_short_backtrace::<std[70759c8f55707aa4]::panicking::panic_handler::{closure#0}, !>
[INFO] [stdout]    9:     0x560b27f9474d - __rustc[8fa7c3cbc660c2b3]::rust_begin_unwind
[INFO] [stdout]   10:     0x560b27fce51c - core[df12db4294e9bfd3]::panicking::panic_fmt
[INFO] [stdout]   11:     0x560b27fce2f2 - core[df12db4294e9bfd3]::result::unwrap_failed
[INFO] [stdout]   12:     0x560b27eaa996 - async_redis_session[469844109022f4dd]::tests::test_store::{closure#0}
[INFO] [stdout]   13:     0x560b27e9c3b2 - <std[70759c8f55707aa4]::thread::local::LocalKey<core[df12db4294e9bfd3]::cell::Cell<*const async_std[3f4fd0dd06714dae]::task::task_locals_wrapper::TaskLocalsWrapper>>>::with::<<async_std[3f4fd0dd06714dae]::task::task_locals_wrapper::TaskLocalsWrapper>::set_current<<async_std[3f4fd0dd06714dae]::task::builder::SupportTaskLocals<async_redis_session[469844109022f4dd]::tests::updating_a_session::{closure#0}> as core[df12db4294e9bfd3]::future::future::Future>::poll::{closure#0}, core[df12db4294e9bfd3]::task::poll::Poll<core[df12db4294e9bfd3]::result::Result<(), anyhow[b23f9cd54d762478]::Error>>>::{closure#0}, core[df12db4294e9bfd3]::task::poll::Poll<core[df12db4294e9bfd3]::result::Result<(), anyhow[b23f9cd54d762478]::Error>>>
[INFO] [stdout]   14:     0x560b27ec4275 - <futures_lite[18f2b58b17a5cffa]::future::Or<async_std[3f4fd0dd06714dae]::task::builder::SupportTaskLocals<async_redis_session[469844109022f4dd]::tests::updating_a_session::{closure#0}>, <async_executor[7d691b5168533d61]::Executor>::run<core[df12db4294e9bfd3]::result::Result<(), anyhow[b23f9cd54d762478]::Error>, async_std[3f4fd0dd06714dae]::task::builder::SupportTaskLocals<async_redis_session[469844109022f4dd]::tests::updating_a_session::{closure#0}>>::{closure#0}::{closure#0}> as core[df12db4294e9bfd3]::future::future::Future>::poll
[INFO] [stdout]   15:     0x560b27eadfff - async_io[df402d581cdd9456]::driver::block_on::<core[df12db4294e9bfd3]::result::Result<(), anyhow[b23f9cd54d762478]::Error>, <async_executor[7d691b5168533d61]::LocalExecutor>::run<core[df12db4294e9bfd3]::result::Result<(), anyhow[b23f9cd54d762478]::Error>, async_std[3f4fd0dd06714dae]::task::builder::SupportTaskLocals<async_redis_session[469844109022f4dd]::tests::updating_a_session::{closure#0}>>::{closure#0}>
[INFO] [stdout]   16:     0x560b27ea2ef1 - <std[70759c8f55707aa4]::thread::local::LocalKey<core[df12db4294e9bfd3]::cell::Cell<usize>>>::with::<<async_std[3f4fd0dd06714dae]::task::builder::Builder>::blocking<async_redis_session[469844109022f4dd]::tests::updating_a_session::{closure#0}, core[df12db4294e9bfd3]::result::Result<(), anyhow[b23f9cd54d762478]::Error>>::{closure#0}, core[df12db4294e9bfd3]::result::Result<(), anyhow[b23f9cd54d762478]::Error>>
[INFO] [stdout]   17:     0x560b27ec4d68 - <async_std[3f4fd0dd06714dae]::task::builder::Builder>::blocking::<async_redis_session[469844109022f4dd]::tests::updating_a_session::{closure#0}, core[df12db4294e9bfd3]::result::Result<(), anyhow[b23f9cd54d762478]::Error>>
[INFO] [stdout]   18:     0x560b27eba9cd - <async_redis_session[469844109022f4dd]::tests::updating_a_session::{closure#0} as core[df12db4294e9bfd3]::ops::function::FnOnce<()>>::call_once
[INFO] [stdout]   19:     0x560b27edb26b - test[9d35eded1c95d3be]::__rust_begin_short_backtrace::<core[df12db4294e9bfd3]::result::Result<(), alloc[2182bb758b4b3781]::string::String>, fn() -> core[df12db4294e9bfd3]::result::Result<(), alloc[2182bb758b4b3781]::string::String>>
[INFO] [stdout]   20:     0x560b27ee88d5 - test[9d35eded1c95d3be]::run_test::{closure#0}
[INFO] [stdout]   21:     0x560b27ee2194 - std[70759c8f55707aa4]::sys::backtrace::__rust_begin_short_backtrace::<test[9d35eded1c95d3be]::run_test::{closure#1}, ()>
[INFO] [stdout]   22:     0x560b27eeba32 - <std[70759c8f55707aa4]::thread::lifecycle::spawn_unchecked<test[9d35eded1c95d3be]::run_test::{closure#1}, ()>::{closure#1} as core[df12db4294e9bfd3]::ops::function::FnOnce<()>>::call_once::{shim:vtable#0}
[INFO] [stdout]   23:     0x560b27fb7909 - <std[70759c8f55707aa4]::sys::thread::unix::Thread>::new::thread_start
[INFO] [stdout]   24:     0x70d3bc1e3dfa - <unknown>
[INFO] [stdout]   25:     0x70d3bc2773d4 - clone
[INFO] [stdout]   26:                0x0 - <unknown>
[INFO] [stdout] 
[INFO] [stdout] ---- tests::updating_a_session_extending_expiry stdout ----
[INFO] [stdout] 
[INFO] [stdout] thread 'tests::updating_a_session_extending_expiry' (5654) panicked at async-redis-session/src/lib.rs:182:35:
[INFO] [stdout] called `Result::unwrap()` on an `Err` value: Connection refused (os error 111)
[INFO] [stdout] stack backtrace:
[INFO] [stdout]    0:     0x560b27fb83e1 - <<std[70759c8f55707aa4]::sys::backtrace::BacktraceLock>::print::DisplayBacktrace as core[df12db4294e9bfd3]::fmt::Display>::fmt
[INFO] [stdout]    1:     0x560b27fcddea - core[df12db4294e9bfd3]::fmt::write
[INFO] [stdout]    2:     0x560b27fbcd2c - <alloc[2182bb758b4b3781]::vec::Vec<u8> as core[df12db4294e9bfd3]::io::write::Write>::write_fmt
[INFO] [stdout]    3:     0x560b27f93816 - std[70759c8f55707aa4]::panicking::default_hook::{closure#0}
[INFO] [stdout]    4:     0x560b27fb0299 - std[70759c8f55707aa4]::panicking::default_hook
[INFO] [stdout]    5:     0x560b27ee7f80 - test[9d35eded1c95d3be]::test_main_inner::<test[9d35eded1c95d3be]::test_main_static::{closure#0}>::{closure#0}
[INFO] [stdout]    6:     0x560b27fb05c2 - std[70759c8f55707aa4]::panicking::panic_with_hook
[INFO] [stdout]    7:     0x560b27f938c2 - std[70759c8f55707aa4]::panicking::panic_handler::{closure#0}
[INFO] [stdout]    8:     0x560b27f8c329 - std[70759c8f55707aa4]::sys::backtrace::__rust_end_short_backtrace::<std[70759c8f55707aa4]::panicking::panic_handler::{closure#0}, !>
[INFO] [stdout]    9:     0x560b27f9474d - __rustc[8fa7c3cbc660c2b3]::rust_begin_unwind
[INFO] [stdout]   10:     0x560b27fce51c - core[df12db4294e9bfd3]::panicking::panic_fmt
[INFO] [stdout]   11:     0x560b27fce2f2 - core[df12db4294e9bfd3]::result::unwrap_failed
[INFO] [stdout]   12:     0x560b27eaa996 - async_redis_session[469844109022f4dd]::tests::test_store::{closure#0}
[INFO] [stdout]   13:     0x560b27e9f878 - <std[70759c8f55707aa4]::thread::local::LocalKey<core[df12db4294e9bfd3]::cell::Cell<*const async_std[3f4fd0dd06714dae]::task::task_locals_wrapper::TaskLocalsWrapper>>>::with::<<async_std[3f4fd0dd06714dae]::task::task_locals_wrapper::TaskLocalsWrapper>::set_current<<async_std[3f4fd0dd06714dae]::task::builder::SupportTaskLocals<async_redis_session[469844109022f4dd]::tests::updating_a_session_extending_expiry::{closure#0}> as core[df12db4294e9bfd3]::future::future::Future>::poll::{closure#0}, core[df12db4294e9bfd3]::task::poll::Poll<core[df12db4294e9bfd3]::result::Result<(), anyhow[b23f9cd54d762478]::Error>>>::{closure#0}, core[df12db4294e9bfd3]::task::poll::Poll<core[df12db4294e9bfd3]::result::Result<(), anyhow[b23f9cd54d762478]::Error>>>
[INFO] [stdout]   14:     0x560b27ec479e - <futures_lite[18f2b58b17a5cffa]::future::Or<async_std[3f4fd0dd06714dae]::task::builder::SupportTaskLocals<async_redis_session[469844109022f4dd]::tests::updating_a_session_extending_expiry::{closure#0}>, <async_executor[7d691b5168533d61]::Executor>::run<core[df12db4294e9bfd3]::result::Result<(), anyhow[b23f9cd54d762478]::Error>, async_std[3f4fd0dd06714dae]::task::builder::SupportTaskLocals<async_redis_session[469844109022f4dd]::tests::updating_a_session_extending_expiry::{closure#0}>>::{closure#0}::{closure#0}> as core[df12db4294e9bfd3]::future::future::Future>::poll
[INFO] [stdout]   15:     0x560b27eb14ae - async_io[df402d581cdd9456]::driver::block_on::<core[df12db4294e9bfd3]::result::Result<(), anyhow[b23f9cd54d762478]::Error>, <async_executor[7d691b5168533d61]::LocalExecutor>::run<core[df12db4294e9bfd3]::result::Result<(), anyhow[b23f9cd54d762478]::Error>, async_std[3f4fd0dd06714dae]::task::builder::SupportTaskLocals<async_redis_session[469844109022f4dd]::tests::updating_a_session_extending_expiry::{closure#0}>>::{closure#0}>
[INFO] [stdout]   16:     0x560b27ea379a - <std[70759c8f55707aa4]::thread::local::LocalKey<core[df12db4294e9bfd3]::cell::Cell<usize>>>::with::<<async_std[3f4fd0dd06714dae]::task::builder::Builder>::blocking<async_redis_session[469844109022f4dd]::tests::updating_a_session_extending_expiry::{closure#0}, core[df12db4294e9bfd3]::result::Result<(), anyhow[b23f9cd54d762478]::Error>>::{closure#0}, core[df12db4294e9bfd3]::result::Result<(), anyhow[b23f9cd54d762478]::Error>>
[INFO] [stdout]   17:     0x560b27ec57a8 - <async_std[3f4fd0dd06714dae]::task::builder::Builder>::blocking::<async_redis_session[469844109022f4dd]::tests::updating_a_session_extending_expiry::{closure#0}, core[df12db4294e9bfd3]::result::Result<(), anyhow[b23f9cd54d762478]::Error>>
[INFO] [stdout]   18:     0x560b27ebad10 - <async_redis_session[469844109022f4dd]::tests::updating_a_session_extending_expiry::{closure#0} as core[df12db4294e9bfd3]::ops::function::FnOnce<()>>::call_once
[INFO] [stdout]   19:     0x560b27edb26b - test[9d35eded1c95d3be]::__rust_begin_short_backtrace::<core[df12db4294e9bfd3]::result::Result<(), alloc[2182bb758b4b3781]::string::String>, fn() -> core[df12db4294e9bfd3]::result::Result<(), alloc[2182bb758b4b3781]::string::String>>
[INFO] [stdout]   20:     0x560b27ee88d5 - test[9d35eded1c95d3be]::run_test::{closure#0}
[INFO] [stdout]   21:     0x560b27ee2194 - std[70759c8f55707aa4]::sys::backtrace::__rust_begin_short_backtrace::<test[9d35eded1c95d3be]::run_test::{closure#1}, ()>
[INFO] [stdout]   22:     0x560b27eeba32 - <std[70759c8f55707aa4]::thread::lifecycle::spawn_unchecked<test[9d35eded1c95d3be]::run_test::{closure#1}, ()>::{closure#1} as core[df12db4294e9bfd3]::ops::function::FnOnce<()>>::call_once::{shim:vtable#0}
[INFO] [stdout]   23:     0x560b27fb7909 - <std[70759c8f55707aa4]::sys::thread::unix::Thread>::new::thread_start
[INFO] [stdout]   24:     0x70d3bc1e3dfa - <unknown>
[INFO] [stdout]   25:     0x70d3bc2773d4 - clone
[INFO] [stdout]   26:                0x0 - <unknown>
[INFO] [stdout] 
[INFO] [stdout] ---- tests::clearing_the_whole_store stdout ----
[INFO] [stdout] 
[INFO] [stdout] thread 'tests::clearing_the_whole_store' (5648) panicked at async-redis-session/src/lib.rs:182:35:
[INFO] [stdout] called `Result::unwrap()` on an `Err` value: Connection refused (os error 111)
[INFO] [stdout] stack backtrace:
[INFO] [stdout]    0:     0x560b27fb83e1 - <<std[70759c8f55707aa4]::sys::backtrace::BacktraceLock>::print::DisplayBacktrace as core[df12db4294e9bfd3]::fmt::Display>::fmt
[INFO] [stdout]    1:     0x560b27fcddea - core[df12db4294e9bfd3]::fmt::write
[INFO] [stdout]    2:     0x560b27fbcd2c - <alloc[2182bb758b4b3781]::vec::Vec<u8> as core[df12db4294e9bfd3]::io::write::Write>::write_fmt
[INFO] [stdout]    3:     0x560b27f93816 - std[70759c8f55707aa4]::panicking::default_hook::{closure#0}
[INFO] [stdout]    4:     0x560b27fb0299 - std[70759c8f55707aa4]::panicking::default_hook
[INFO] [stdout]    5:     0x560b27ee7f80 - test[9d35eded1c95d3be]::test_main_inner::<test[9d35eded1c95d3be]::test_main_static::{closure#0}>::{closure#0}
[INFO] [stdout]    6:     0x560b27fb05c2 - std[70759c8f55707aa4]::panicking::panic_with_hook
[INFO] [stdout]    7:     0x560b27f938c2 - std[70759c8f55707aa4]::panicking::panic_handler::{closure#0}
[INFO] [stdout]    8:     0x560b27f8c329 - std[70759c8f55707aa4]::sys::backtrace::__rust_end_short_backtrace::<std[70759c8f55707aa4]::panicking::panic_handler::{closure#0}, !>
[INFO] [stdout]    9:     0x560b27f9474d - __rustc[8fa7c3cbc660c2b3]::rust_begin_unwind
[INFO] [stdout]   10:     0x560b27fce51c - core[df12db4294e9bfd3]::panicking::panic_fmt
[INFO] [stdout]   11:     0x560b27fce2f2 - core[df12db4294e9bfd3]::result::unwrap_failed
[INFO] [stdout]   12:     0x560b27eaa996 - async_redis_session[469844109022f4dd]::tests::test_store::{closure#0}
[INFO] [stdout]   13:     0x560b27e9d2c9 - <std[70759c8f55707aa4]::thread::local::LocalKey<core[df12db4294e9bfd3]::cell::Cell<*const async_std[3f4fd0dd06714dae]::task::task_locals_wrapper::TaskLocalsWrapper>>>::with::<<async_std[3f4fd0dd06714dae]::task::task_locals_wrapper::TaskLocalsWrapper>::set_current<<async_std[3f4fd0dd06714dae]::task::builder::SupportTaskLocals<async_redis_session[469844109022f4dd]::tests::clearing_the_whole_store::{closure#0}> as core[df12db4294e9bfd3]::future::future::Future>::poll::{closure#0}, core[df12db4294e9bfd3]::task::poll::Poll<core[df12db4294e9bfd3]::result::Result<(), anyhow[b23f9cd54d762478]::Error>>>::{closure#0}, core[df12db4294e9bfd3]::task::poll::Poll<core[df12db4294e9bfd3]::result::Result<(), anyhow[b23f9cd54d762478]::Error>>>
[INFO] [stdout]   14:     0x560b27ec43c5 - <futures_lite[18f2b58b17a5cffa]::future::Or<async_std[3f4fd0dd06714dae]::task::builder::SupportTaskLocals<async_redis_session[469844109022f4dd]::tests::clearing_the_whole_store::{closure#0}>, <async_executor[7d691b5168533d61]::Executor>::run<core[df12db4294e9bfd3]::result::Result<(), anyhow[b23f9cd54d762478]::Error>, async_std[3f4fd0dd06714dae]::task::builder::SupportTaskLocals<async_redis_session[469844109022f4dd]::tests::clearing_the_whole_store::{closure#0}>>::{closure#0}::{closure#0}> as core[df12db4294e9bfd3]::future::future::Future>::poll
[INFO] [stdout]   15:     0x560b27eaed1f - async_io[df402d581cdd9456]::driver::block_on::<core[df12db4294e9bfd3]::result::Result<(), anyhow[b23f9cd54d762478]::Error>, <async_executor[7d691b5168533d61]::LocalExecutor>::run<core[df12db4294e9bfd3]::result::Result<(), anyhow[b23f9cd54d762478]::Error>, async_std[3f4fd0dd06714dae]::task::builder::SupportTaskLocals<async_redis_session[469844109022f4dd]::tests::clearing_the_whole_store::{closure#0}>>::{closure#0}>
[INFO] [stdout]   16:     0x560b27ea3121 - <std[70759c8f55707aa4]::thread::local::LocalKey<core[df12db4294e9bfd3]::cell::Cell<usize>>>::with::<<async_std[3f4fd0dd06714dae]::task::builder::Builder>::blocking<async_redis_session[469844109022f4dd]::tests::clearing_the_whole_store::{closure#0}, core[df12db4294e9bfd3]::result::Result<(), anyhow[b23f9cd54d762478]::Error>>::{closure#0}, core[df12db4294e9bfd3]::result::Result<(), anyhow[b23f9cd54d762478]::Error>>
[INFO] [stdout]   17:     0x560b27ec4ff8 - <async_std[3f4fd0dd06714dae]::task::builder::Builder>::blocking::<async_redis_session[469844109022f4dd]::tests::clearing_the_whole_store::{closure#0}, core[df12db4294e9bfd3]::result::Result<(), anyhow[b23f9cd54d762478]::Error>>
[INFO] [stdout]   18:     0x560b27ebaa9d - <async_redis_session[469844109022f4dd]::tests::clearing_the_whole_store::{closure#0} as core[df12db4294e9bfd3]::ops::function::FnOnce<()>>::call_once
[INFO] [stdout]   19:     0x560b27edb26b - test[9d35eded1c95d3be]::__rust_begin_short_backtrace::<core[df12db4294e9bfd3]::result::Result<(), alloc[2182bb758b4b3781]::string::String>, fn() -> core[df12db4294e9bfd3]::result::Result<(), alloc[2182bb758b4b3781]::string::String>>
[INFO] [stdout]   20:     0x560b27ee88d5 - test[9d35eded1c95d3be]::run_test::{closure#0}
[INFO] [stdout]   21:     0x560b27ee2194 - std[70759c8f55707aa4]::sys::backtrace::__rust_begin_short_backtrace::<test[9d35eded1c95d3be]::run_test::{closure#1}, ()>
[INFO] [stdout]   22:     0x560b27eeba32 - <std[70759c8f55707aa4]::thread::lifecycle::spawn_unchecked<test[9d35eded1c95d3be]::run_test::{closure#1}, ()>::{closure#1} as core[df12db4294e9bfd3]::ops::function::FnOnce<()>>::call_once::{shim:vtable#0}
[INFO] [stdout]   23:     0x560b27fb7909 - <std[70759c8f55707aa4]::sys::thread::unix::Thread>::new::thread_start
[INFO] [stdout]   24:     0x70d3bc1e3dfa - <unknown>
[INFO] [stdout]   25:     0x70d3bc2773d4 - clone
[INFO] [stdout]   26:                0x0 - <unknown>
[INFO] [stdout] 
[INFO] [stdout] ---- tests::destroying_a_single_session stdout ----
[INFO] [stdout] 
[INFO] [stdout] thread 'tests::destroying_a_single_session' (5651) panicked at async-redis-session/src/lib.rs:182:35:
[INFO] [stdout] called `Result::unwrap()` on an `Err` value: Connection refused (os error 111)
[INFO] [stdout] stack backtrace:
[INFO] [stdout]    0:     0x560b27fb83e1 - <<std[70759c8f55707aa4]::sys::backtrace::BacktraceLock>::print::DisplayBacktrace as core[df12db4294e9bfd3]::fmt::Display>::fmt
[INFO] [stdout]    1:     0x560b27fcddea - core[df12db4294e9bfd3]::fmt::write
[INFO] [stdout]    2:     0x560b27fbcd2c - <alloc[2182bb758b4b3781]::vec::Vec<u8> as core[df12db4294e9bfd3]::io::write::Write>::write_fmt
[INFO] [stdout]    3:     0x560b27f93816 - std[70759c8f55707aa4]::panicking::default_hook::{closure#0}
[INFO] [stdout]    4:     0x560b27fb0299 - std[70759c8f55707aa4]::panicking::default_hook
[INFO] [stdout]    5:     0x560b27ee7f80 - test[9d35eded1c95d3be]::test_main_inner::<test[9d35eded1c95d3be]::test_main_static::{closure#0}>::{closure#0}
[INFO] [stdout]    6:     0x560b27fb05c2 - std[70759c8f55707aa4]::panicking::panic_with_hook
[INFO] [stdout]    7:     0x560b27f938c2 - std[70759c8f55707aa4]::panicking::panic_handler::{closure#0}
[INFO] [stdout]    8:     0x560b27f8c329 - std[70759c8f55707aa4]::sys::backtrace::__rust_end_short_backtrace::<std[70759c8f55707aa4]::panicking::panic_handler::{closure#0}, !>
[INFO] [stdout]    9:     0x560b27f9474d - __rustc[8fa7c3cbc660c2b3]::rust_begin_unwind
[INFO] [stdout]   10:     0x560b27fce51c - core[df12db4294e9bfd3]::panicking::panic_fmt
[INFO] [stdout]   11:     0x560b27fce2f2 - core[df12db4294e9bfd3]::result::unwrap_failed
[INFO] [stdout]   12:     0x560b27eaa996 - async_redis_session[469844109022f4dd]::tests::test_store::{closure#0}
[INFO] [stdout]   13:     0x560b27e9d97b - <std[70759c8f55707aa4]::thread::local::LocalKey<core[df12db4294e9bfd3]::cell::Cell<*const async_std[3f4fd0dd06714dae]::task::task_locals_wrapper::TaskLocalsWrapper>>>::with::<<async_std[3f4fd0dd06714dae]::task::task_locals_wrapper::TaskLocalsWrapper>::set_current<<async_std[3f4fd0dd06714dae]::task::builder::SupportTaskLocals<async_redis_session[469844109022f4dd]::tests::destroying_a_single_session::{closure#0}> as core[df12db4294e9bfd3]::future::future::Future>::poll::{closure#0}, core[df12db4294e9bfd3]::task::poll::Poll<core[df12db4294e9bfd3]::result::Result<(), anyhow[b23f9cd54d762478]::Error>>>::{closure#0}, core[df12db4294e9bfd3]::task::poll::Poll<core[df12db4294e9bfd3]::result::Result<(), anyhow[b23f9cd54d762478]::Error>>>
[INFO] [stdout]   14:     0x560b27ec4515 - <futures_lite[18f2b58b17a5cffa]::future::Or<async_std[3f4fd0dd06714dae]::task::builder::SupportTaskLocals<async_redis_session[469844109022f4dd]::tests::destroying_a_single_session::{closure#0}>, <async_executor[7d691b5168533d61]::Executor>::run<core[df12db4294e9bfd3]::result::Result<(), anyhow[b23f9cd54d762478]::Error>, async_std[3f4fd0dd06714dae]::task::builder::SupportTaskLocals<async_redis_session[469844109022f4dd]::tests::destroying_a_single_session::{closure#0}>>::{closure#0}::{closure#0}> as core[df12db4294e9bfd3]::future::future::Future>::poll
[INFO] [stdout]   15:     0x560b27eafa3f - async_io[df402d581cdd9456]::driver::block_on::<core[df12db4294e9bfd3]::result::Result<(), anyhow[b23f9cd54d762478]::Error>, <async_executor[7d691b5168533d61]::LocalExecutor>::run<core[df12db4294e9bfd3]::result::Result<(), anyhow[b23f9cd54d762478]::Error>, async_std[3f4fd0dd06714dae]::task::builder::SupportTaskLocals<async_redis_session[469844109022f4dd]::tests::destroying_a_single_session::{closure#0}>>::{closure#0}>
[INFO] [stdout]   16:     0x560b27ea3351 - <std[70759c8f55707aa4]::thread::local::LocalKey<core[df12db4294e9bfd3]::cell::Cell<usize>>>::with::<<async_std[3f4fd0dd06714dae]::task::builder::Builder>::blocking<async_redis_session[469844109022f4dd]::tests::destroying_a_single_session::{closure#0}, core[df12db4294e9bfd3]::result::Result<(), anyhow[b23f9cd54d762478]::Error>>::{closure#0}, core[df12db4294e9bfd3]::result::Result<(), anyhow[b23f9cd54d762478]::Error>>
[INFO] [stdout]   17:     0x560b27ec5288 - <async_std[3f4fd0dd06714dae]::task::builder::Builder>::blocking::<async_redis_session[469844109022f4dd]::tests::destroying_a_single_session::{closure#0}, core[df12db4294e9bfd3]::result::Result<(), anyhow[b23f9cd54d762478]::Error>>
[INFO] [stdout]   18:     0x560b27ebab6d - <async_redis_session[469844109022f4dd]::tests::destroying_a_single_session::{closure#0} as core[df12db4294e9bfd3]::ops::function::FnOnce<()>>::call_once
[INFO] [stdout]   19:     0x560b27edb26b - test[9d35eded1c95d3be]::__rust_begin_short_backtrace::<core[df12db4294e9bfd3]::result::Result<(), alloc[2182bb758b4b3781]::string::String>, fn() -> core[df12db4294e9bfd3]::result::Result<(), alloc[2182bb758b4b3781]::string::String>>
[INFO] [stdout]   20:     0x560b27ee88d5 - test[9d35eded1c95d3be]::run_test::{closure#0}
[INFO] [stdout]   21:     0x560b27ee2194 - std[70759c8f55707aa4]::sys::backtrace::__rust_begin_short_backtrace::<test[9d35eded1c95d3be]::run_test::{closure#1}, ()>
[INFO] [stdout]   22:     0x560b27eeba32 - <std[70759c8f55707aa4]::thread::lifecycle::spawn_unchecked<test[9d35eded1c95d3be]::run_test::{closure#1}, ()>::{closure#1} as core[df12db4294e9bfd3]::ops::function::FnOnce<()>>::call_once::{shim:vtable#0}
[INFO] [stdout]   23:     0x560b27fb7909 - <std[70759c8f55707aa4]::sys::thread::unix::Thread>::new::thread_start
[INFO] [stdout]   24:     0x70d3bc1e3dfa - <unknown>
[INFO] [stdout]   25:     0x70d3bc2773d4 - clone
[INFO] [stdout]   26:                0x0 - <unknown>
[INFO] [stdout] 
[INFO] [stdout] ---- tests::creating_a_new_session_with_no_expiry stdout ----
[INFO] [stdout] 
[INFO] [stdout] thread 'tests::creating_a_new_session_with_no_expiry' (5650) panicked at async-redis-session/src/lib.rs:182:35:
[INFO] [stdout] called `Result::unwrap()` on an `Err` value: Connection refused (os error 111)
[INFO] [stdout] stack backtrace:
[INFO] [stdout]    0:     0x560b27fb83e1 - <<std[70759c8f55707aa4]::sys::backtrace::BacktraceLock>::print::DisplayBacktrace as core[df12db4294e9bfd3]::fmt::Display>::fmt
[INFO] [stdout]    1:     0x560b27fcddea - core[df12db4294e9bfd3]::fmt::write
[INFO] [stdout]    2:     0x560b27fbcd2c - <alloc[2182bb758b4b3781]::vec::Vec<u8> as core[df12db4294e9bfd3]::io::write::Write>::write_fmt
[INFO] [stdout]    3:     0x560b27f93816 - std[70759c8f55707aa4]::panicking::default_hook::{closure#0}
[INFO] [stdout]    4:     0x560b27fb0299 - std[70759c8f55707aa4]::panicking::default_hook
[INFO] [stdout]    5:     0x560b27ee7f80 - test[9d35eded1c95d3be]::test_main_inner::<test[9d35eded1c95d3be]::test_main_static::{closure#0}>::{closure#0}
[INFO] [stdout]    6:     0x560b27fb05c2 - std[70759c8f55707aa4]::panicking::panic_with_hook
[INFO] [stdout]    7:     0x560b27f938c2 - std[70759c8f55707aa4]::panicking::panic_handler::{closure#0}
[INFO] [stdout]    8:     0x560b27f8c329 - std[70759c8f55707aa4]::sys::backtrace::__rust_end_short_backtrace::<std[70759c8f55707aa4]::panicking::panic_handler::{closure#0}, !>
[INFO] [stdout]    9:     0x560b27f9474d - __rustc[8fa7c3cbc660c2b3]::rust_begin_unwind
[INFO] [stdout]   10:     0x560b27fce51c - core[df12db4294e9bfd3]::panicking::panic_fmt
[INFO] [stdout]   11:     0x560b27fce2f2 - core[df12db4294e9bfd3]::result::unwrap_failed
[INFO] [stdout]   12:     0x560b27eaa996 - async_redis_session[469844109022f4dd]::tests::test_store::{closure#0}
[INFO] [stdout]   13:     0x560b27ea0a32 - <std[70759c8f55707aa4]::thread::local::LocalKey<core[df12db4294e9bfd3]::cell::Cell<*const async_std[3f4fd0dd06714dae]::task::task_locals_wrapper::TaskLocalsWrapper>>>::with::<<async_std[3f4fd0dd06714dae]::task::task_locals_wrapper::TaskLocalsWrapper>::set_current<<async_std[3f4fd0dd06714dae]::task::builder::SupportTaskLocals<async_redis_session[469844109022f4dd]::tests::creating_a_new_session_with_no_expiry::{closure#0}> as core[df12db4294e9bfd3]::future::future::Future>::poll::{closure#0}, core[df12db4294e9bfd3]::task::poll::Poll<core[df12db4294e9bfd3]::result::Result<(), anyhow[b23f9cd54d762478]::Error>>>::{closure#0}, core[df12db4294e9bfd3]::task::poll::Poll<core[df12db4294e9bfd3]::result::Result<(), anyhow[b23f9cd54d762478]::Error>>>
[INFO] [stdout]   14:     0x560b27ec48e5 - <futures_lite[18f2b58b17a5cffa]::future::Or<async_std[3f4fd0dd06714dae]::task::builder::SupportTaskLocals<async_redis_session[469844109022f4dd]::tests::creating_a_new_session_with_no_expiry::{closure#0}>, <async_executor[7d691b5168533d61]::Executor>::run<core[df12db4294e9bfd3]::result::Result<(), anyhow[b23f9cd54d762478]::Error>, async_std[3f4fd0dd06714dae]::task::builder::SupportTaskLocals<async_redis_session[469844109022f4dd]::tests::creating_a_new_session_with_no_expiry::{closure#0}>>::{closure#0}::{closure#0}> as core[df12db4294e9bfd3]::future::future::Future>::poll
[INFO] [stdout]   15:     0x560b27eb2205 - async_io[df402d581cdd9456]::driver::block_on::<core[df12db4294e9bfd3]::result::Result<(), anyhow[b23f9cd54d762478]::Error>, <async_executor[7d691b5168533d61]::LocalExecutor>::run<core[df12db4294e9bfd3]::result::Result<(), anyhow[b23f9cd54d762478]::Error>, async_std[3f4fd0dd06714dae]::task::builder::SupportTaskLocals<async_redis_session[469844109022f4dd]::tests::creating_a_new_session_with_no_expiry::{closure#0}>>::{closure#0}>
[INFO] [stdout]   16:     0x560b27ea39b2 - <std[70759c8f55707aa4]::thread::local::LocalKey<core[df12db4294e9bfd3]::cell::Cell<usize>>>::with::<<async_std[3f4fd0dd06714dae]::task::builder::Builder>::blocking<async_redis_session[469844109022f4dd]::tests::creating_a_new_session_with_no_expiry::{closure#0}, core[df12db4294e9bfd3]::result::Result<(), anyhow[b23f9cd54d762478]::Error>>::{closure#0}, core[df12db4294e9bfd3]::result::Result<(), anyhow[b23f9cd54d762478]::Error>>
[INFO] [stdout]   17:     0x560b27ec5a38 - <async_std[3f4fd0dd06714dae]::task::builder::Builder>::blocking::<async_redis_session[469844109022f4dd]::tests::creating_a_new_session_with_no_expiry::{closure#0}, core[df12db4294e9bfd3]::result::Result<(), anyhow[b23f9cd54d762478]::Error>>
[INFO] [stdout]   18:     0x560b27ebaddd - <async_redis_session[469844109022f4dd]::tests::creating_a_new_session_with_no_expiry::{closure#0} as core[df12db4294e9bfd3]::ops::function::FnOnce<()>>::call_once
[INFO] [stdout]   19:     0x560b27edb26b - test[9d35eded1c95d3be]::__rust_begin_short_backtrace::<core[df12db4294e9bfd3]::result::Result<(), alloc[2182bb758b4b3781]::string::String>, fn() -> core[df12db4294e9bfd3]::result::Result<(), alloc[2182bb758b4b3781]::string::String>>
[INFO] [stdout]   20:     0x560b27ee88d5 - test[9d35eded1c95d3be]::run_test::{closure#0}
[INFO] [stdout]   21:     0x560b27ee2194 - std[70759c8f55707aa4]::sys::backtrace::__rust_begin_short_backtrace::<test[9d35eded1c95d3be]::run_test::{closure#1}, ()>
[INFO] [stdout]   22:     0x560b27eeba32 - <std[70759c8f55707aa4]::thread::lifecycle::spawn_unchecked<test[9d35eded1c95d3be]::run_test::{closure#1}, ()>::{closure#1} as core[df12db4294e9bfd3]::ops::function::FnOnce<()>>::call_once::{shim:vtable#0}
[INFO] [stdout]   23:     0x560b27fb7909 - <std[70759c8f55707aa4]::sys::thread::unix::Thread>::new::thread_start
[INFO] [stdout]   24:     0x70d3bc1e3dfa - <unknown>
[INFO] [stdout]   25:     0x70d3bc2773d4 - clone
[INFO] [stdout]   26:                0x0 - <unknown>
[INFO] [stdout] 
[INFO] [stdout] ---- tests::prefixes stdout ----
[INFO] [stdout] 
[INFO] [stdout] thread 'tests::prefixes' (5652) panicked at async-redis-session/src/lib.rs:182:35:
[INFO] [stdout] called `Result::unwrap()` on an `Err` value: Connection refused (os error 111)
[INFO] [stdout] stack backtrace:
[INFO] [stdout]    0:     0x560b27fb83e1 - <<std[70759c8f55707aa4]::sys::backtrace::BacktraceLock>::print::DisplayBacktrace as core[df12db4294e9bfd3]::fmt::Display>::fmt
[INFO] [stdout]    1:     0x560b27fcddea - core[df12db4294e9bfd3]::fmt::write
[INFO] [stdout]    2:     0x560b27fbcd2c - <alloc[2182bb758b4b3781]::vec::Vec<u8> as core[df12db4294e9bfd3]::io::write::Write>::write_fmt
[INFO] [stdout]    3:     0x560b27f93816 - std[70759c8f55707aa4]::panicking::default_hook::{closure#0}
[INFO] [stdout]    4:     0x560b27fb0299 - std[70759c8f55707aa4]::panicking::default_hook
[INFO] [stdout]    5:     0x560b27ee7f80 - test[9d35eded1c95d3be]::test_main_inner::<test[9d35eded1c95d3be]::test_main_static::{closure#0}>::{closure#0}
[INFO] [stdout]    6:     0x560b27fb05c2 - std[70759c8f55707aa4]::panicking::panic_with_hook
[INFO] [stdout]    7:     0x560b27f938c2 - std[70759c8f55707aa4]::panicking::panic_handler::{closure#0}
[INFO] [stdout]    8:     0x560b27f8c329 - std[70759c8f55707aa4]::sys::backtrace::__rust_end_short_backtrace::<std[70759c8f55707aa4]::panicking::panic_handler::{closure#0}, !>
[INFO] [stdout]    9:     0x560b27f9474d - __rustc[8fa7c3cbc660c2b3]::rust_begin_unwind
[INFO] [stdout]   10:     0x560b27fce51c - core[df12db4294e9bfd3]::panicking::panic_fmt
[INFO] [stdout]   11:     0x560b27fce2f2 - core[df12db4294e9bfd3]::result::unwrap_failed
[INFO] [stdout]   12:     0x560b27eaa996 - async_redis_session[469844109022f4dd]::tests::test_store::{closure#0}
[INFO] [stdout]   13:     0x560b27ea135c - <std[70759c8f55707aa4]::thread::local::LocalKey<core[df12db4294e9bfd3]::cell::Cell<*const async_std[3f4fd0dd06714dae]::task::task_locals_wrapper::TaskLocalsWrapper>>>::with::<<async_std[3f4fd0dd06714dae]::task::task_locals_wrapper::TaskLocalsWrapper>::set_current<<async_std[3f4fd0dd06714dae]::task::builder::SupportTaskLocals<async_redis_session[469844109022f4dd]::tests::prefixes::{closure#0}> as core[df12db4294e9bfd3]::future::future::Future>::poll::{closure#0}, core[df12db4294e9bfd3]::task::poll::Poll<core[df12db4294e9bfd3]::result::Result<(), anyhow[b23f9cd54d762478]::Error>>>::{closure#0}, core[df12db4294e9bfd3]::task::poll::Poll<core[df12db4294e9bfd3]::result::Result<(), anyhow[b23f9cd54d762478]::Error>>>
[INFO] [stdout]   14:     0x560b27ec4a35 - <futures_lite[18f2b58b17a5cffa]::future::Or<async_std[3f4fd0dd06714dae]::task::builder::SupportTaskLocals<async_redis_session[469844109022f4dd]::tests::prefixes::{closure#0}>, <async_executor[7d691b5168533d61]::Executor>::run<core[df12db4294e9bfd3]::result::Result<(), anyhow[b23f9cd54d762478]::Error>, async_std[3f4fd0dd06714dae]::task::builder::SupportTaskLocals<async_redis_session[469844109022f4dd]::tests::prefixes::{closure#0}>>::{closure#0}::{closure#0}> as core[df12db4294e9bfd3]::future::future::Future>::poll
[INFO] [stdout]   15:     0x560b27eb2f3f - async_io[df402d581cdd9456]::driver::block_on::<core[df12db4294e9bfd3]::result::Result<(), anyhow[b23f9cd54d762478]::Error>, <async_executor[7d691b5168533d61]::LocalExecutor>::run<core[df12db4294e9bfd3]::result::Result<(), anyhow[b23f9cd54d762478]::Error>, async_std[3f4fd0dd06714dae]::task::builder::SupportTaskLocals<async_redis_session[469844109022f4dd]::tests::prefixes::{closure#0}>>::{closure#0}>
[INFO] [stdout]   16:     0x560b27ea3be1 - <std[70759c8f55707aa4]::thread::local::LocalKey<core[df12db4294e9bfd3]::cell::Cell<usize>>>::with::<<async_std[3f4fd0dd06714dae]::task::builder::Builder>::blocking<async_redis_session[469844109022f4dd]::tests::prefixes::{closure#0}, core[df12db4294e9bfd3]::result::Result<(), anyhow[b23f9cd54d762478]::Error>>::{closure#0}, core[df12db4294e9bfd3]::result::Result<(), anyhow[b23f9cd54d762478]::Error>>
[INFO] [stdout]   17:     0x560b27ec5cc8 - <async_std[3f4fd0dd06714dae]::task::builder::Builder>::blocking::<async_redis_session[469844109022f4dd]::tests::prefixes::{closure#0}, core[df12db4294e9bfd3]::result::Result<(), anyhow[b23f9cd54d762478]::Error>>
[INFO] [stdout]   18:     0x560b27ebaead - <async_redis_session[469844109022f4dd]::tests::prefixes::{closure#0} as core[df12db4294e9bfd3]::ops::function::FnOnce<()>>::call_once
[INFO] [stdout]   19:     0x560b27edb26b - test[9d35eded1c95d3be]::__rust_begin_short_backtrace::<core[df12db4294e9bfd3]::result::Result<(), alloc[2182bb758b4b3781]::string::String>, fn() -> core[df12db4294e9bfd3]::result::Result<(), alloc[2182bb758b4b3781]::string::String>>
[INFO] [stdout]   20:     0x560b27ee88d5 - test[9d35eded1c95d3be]::run_test::{closure#0}
[INFO] [stdout]   21:     0x560b27ee2194 - std[70759c8f55707aa4]::sys::backtrace::__rust_begin_short_backtrace::<test[9d35eded1c95d3be]::run_test::{closure#1}, ()>
[INFO] [stdout]   22:     0x560b27eeba32 - <std[70759c8f55707aa4]::thread::lifecycle::spawn_unchecked<test[9d35eded1c95d3be]::run_test::{closure#1}, ()>::{closure#1} as core[df12db4294e9bfd3]::ops::function::FnOnce<()>>::call_once::{shim:vtable#0}
[INFO] [stdout]   23:     0x560b27fb7909 - <std[70759c8f55707aa4]::sys::thread::unix::Thread>::new::thread_start
[INFO] [stdout]   24:     0x70d3bc1e3dfa - <unknown>
[INFO] [stdout]   25:     0x70d3bc2773d4 - clone
[INFO] [stdout]   26:                0x0 - <unknown>
[INFO] [stdout] 
[INFO] [stdout] 
[INFO] [stdout] failures:
[INFO] [stdout]     tests::clearing_the_whole_store
[INFO] [stdout]     tests::creating_a_new_session_with_expiry
[INFO] [stdout]     tests::creating_a_new_session_with_no_expiry
[INFO] [stdout]     tests::destroying_a_single_session
[INFO] [stdout]     tests::prefixes
[INFO] [stdout]     tests::updating_a_session
[INFO] [stdout]     tests::updating_a_session_extending_expiry
[INFO] [stdout] 
[INFO] [stdout] test result: FAILED. 0 passed; 7 failed; 0 ignored; 0 measured; 0 filtered out; finished in 0.01s
[INFO] [stdout] 
[INFO] [stderr] error: test failed, to rerun pass `-p async-redis-session --lib`
[INFO] running `Command { std: "docker" "inspect" "394f3db7f5503076a78dca4c05d50b7a50122a4f7db1bb1b034b03bd55d12692", kill_on_drop: false }`
[INFO] running `Command { std: "docker" "rm" "-f" "394f3db7f5503076a78dca4c05d50b7a50122a4f7db1bb1b034b03bd55d12692", kill_on_drop: false }`
[INFO] [stdout] 394f3db7f5503076a78dca4c05d50b7a50122a4f7db1bb1b034b03bd55d12692
