[INFO] fetching crate katwalk 0.1.2...
[INFO] testing katwalk-0.1.2 against 1.100.0-beta.1+cargoflags=--release for beta-release-1.100-3
[INFO] extracting crate katwalk 0.1.2 into /workspace/builds/worker-7-tc2/source
[INFO] started tweaking crates.io crate katwalk 0.1.2
[INFO] removed 0 missing tests
[INFO] finished tweaking crates.io crate katwalk 0.1.2
[INFO] tweaked toml for crates.io crate katwalk 0.1.2 written to /workspace/builds/worker-7-tc2/source/Cargo.toml
[INFO] validating manifest of crates.io crate katwalk 0.1.2 on toolchain 1.100.0-beta.1
[INFO] running `Command { std: CARGO_HOME="/workspace/cargo-home" RUSTUP_HOME="/workspace/rustup-home" "/workspace/cargo-home/bin/cargo" "+1.100.0-beta.1" "metadata" "--manifest-path" "Cargo.toml" "--no-deps", kill_on_drop: false }`
[INFO] crate crates.io crate katwalk 0.1.2 already has a lockfile, it will not be regenerated
[INFO] running `Command { std: CARGO_HOME="/workspace/cargo-home" RUSTUP_HOME="/workspace/rustup-home" "/workspace/cargo-home/bin/cargo" "+1.100.0-beta.1" "fetch" "--manifest-path" "Cargo.toml", kill_on_drop: false }`
[INFO] [stderr] warning: `package.homepage` is redundant with `package.repository`
[INFO] [stderr]    --> Cargo.toml:113:12
[INFO] [stderr]     |
[INFO] [stderr] 113 | homepage = "https://github.com/kriskwiatkowski/katwalk"
[INFO] [stderr]     |            ^^^^^^^^^^^^^^^^^^^^^^^^^^^^^^^^^^^^^^^^^^^^
[INFO] [stderr] ...
[INFO] [stderr] 117 | repository = "https://github.com/kriskwiatkowski/katwalk"
[INFO] [stderr]     |              --------------------------------------------
[INFO] [stderr]     |
[INFO] [stderr]     = note: `cargo::redundant_homepage` is set to `warn` by default
[INFO] [stderr] help: consider removing `package.homepage`
[INFO] [stderr] warning: `katwalk` (manifest) generated 1 warning
[INFO] running `Command { std: "docker" "create" "-v" "/var/lib/crater-agent-workspace/builds/worker-7-tc2/source:/opt/rustwide/workdir:ro,Z" "-v" "/var/lib/crater-agent-workspace/builds/worker-7-tc2/target:/opt/rustwide/target:rw,Z" "-v" "/var/lib/crater-agent-workspace/cargo-home:/opt/rustwide/cargo-home:ro,Z" "-v" "/var/lib/crater-agent-workspace/rustup-home:/opt/rustwide/rustup-home:ro,Z" "-m" "1610612736" "--network" "none" "ghcr.io/rust-lang/crates-build-env/linux@sha256:77db811e55d90add9212f6832c23229e3de5f1c1f9905e8cb07319ea15df73ac" "sleep" "infinity", kill_on_drop: false }`
[INFO] [stdout] d3157e9f03962c7c3c124a1c4ee9635ff6f02f5bae2d1116d51322535508279a
[INFO] running `Command { std: "docker" "start" "d3157e9f03962c7c3c124a1c4ee9635ff6f02f5bae2d1116d51322535508279a", kill_on_drop: false }`
[INFO] running `Command { std: "docker" "inspect" "d3157e9f03962c7c3c124a1c4ee9635ff6f02f5bae2d1116d51322535508279a", kill_on_drop: false }`
[INFO] running `Command { std: "docker" "exec" "-e" "SOURCE_DIR=/opt/rustwide/workdir" "-e" "CARGO_HOME=/opt/rustwide/cargo-home" "-e" "RUSTUP_HOME=/opt/rustwide/rustup-home" "-e" "CARGO_TARGET_DIR=/opt/rustwide/target" "-w" "/opt/rustwide/workdir" "--user" "0:0" "d3157e9f03962c7c3c124a1c4ee9635ff6f02f5bae2d1116d51322535508279a" "/opt/rustwide/cargo-home/bin/cargo" "+1.100.0-beta.1" "metadata" "--no-deps" "--format-version=1", kill_on_drop: false }`
[INFO] running `Command { std: "docker" "inspect" "d3157e9f03962c7c3c124a1c4ee9635ff6f02f5bae2d1116d51322535508279a", kill_on_drop: false }`
[INFO] running `Command { std: "docker" "exec" "-e" "SOURCE_DIR=/opt/rustwide/workdir" "-e" "CARGO_HOME=/opt/rustwide/cargo-home" "-e" "RUSTUP_HOME=/opt/rustwide/rustup-home" "-e" "CARGO_TARGET_DIR=/opt/rustwide/target" "-e" "CARGO_INCREMENTAL=0" "-e" "RUST_BACKTRACE=full" "-e" "RUSTFLAGS=--cap-lints=warn" "-e" "RUSTDOCFLAGS=--cap-lints=warn" "-w" "/opt/rustwide/workdir" "--user" "0:0" "d3157e9f03962c7c3c124a1c4ee9635ff6f02f5bae2d1116d51322535508279a" "/opt/rustwide/cargo-home/bin/cargo" "+1.100.0-beta.1" "build" "--frozen" "--message-format=json" "--release", kill_on_drop: false }`
[INFO] [stderr] warning: `package.homepage` is redundant with `package.repository`
[INFO] [stderr]    --> Cargo.toml:113:12
[INFO] [stderr]     |
[INFO] [stderr] 113 | homepage = "https://github.com/kriskwiatkowski/katwalk"
[INFO] [stderr]     |            ^^^^^^^^^^^^^^^^^^^^^^^^^^^^^^^^^^^^^^^^^^^^
[INFO] [stderr] ...
[INFO] [stderr] 117 | repository = "https://github.com/kriskwiatkowski/katwalk"
[INFO] [stderr]     |              --------------------------------------------
[INFO] [stderr]     |
[INFO] [stderr]     = note: `cargo::redundant_homepage` is set to `warn` by default
[INFO] [stderr] help: consider removing `package.homepage`
[INFO] [stderr] warning: `katwalk` (manifest) generated 1 warning
[INFO] [stderr]    Compiling proc-macro2 v1.0.107
[INFO] [stderr]    Compiling unicode-ident v1.0.24
[INFO] [stderr]    Compiling quote v1.0.47
[INFO] [stderr]    Compiling libc v0.2.189
[INFO] [stderr]    Compiling cfg-if v1.0.4
[INFO] [stderr]    Compiling typenum v1.20.1
[INFO] [stderr]    Compiling shlex v2.0.1
[INFO] [stderr]    Compiling find-msvc-tools v0.1.11
[INFO] [stderr]    Compiling version_check v0.9.5
[INFO] [stderr]    Compiling subtle v2.6.1
[INFO] [stderr]    Compiling stable_deref_trait v1.2.1
[INFO] [stderr]    Compiling smallvec v1.16.0
[INFO] [stderr]    Compiling memchr v2.8.3
[INFO] [stderr]    Compiling pkg-config v0.3.34
[INFO] [stderr]    Compiling itoa v1.0.18
[INFO] [stderr]    Compiling parking_lot_core v0.9.12
[INFO] [stderr]    Compiling bytes v1.12.1
[INFO] [stderr]    Compiling autocfg v1.5.1
[INFO] [stderr]    Compiling pin-project-lite v0.2.17
[INFO] [stderr]    Compiling scopeguard v1.2.0
[INFO] [stderr]    Compiling futures-core v0.3.34
[INFO] [stderr]    Compiling lock_api v0.4.14
[INFO] [stderr]    Compiling litemap v0.8.3
[INFO] [stderr]    Compiling writeable v0.6.4
[INFO] [stderr]    Compiling cmov v0.5.4
[INFO] [stderr]    Compiling icu_properties_data v2.3.0
[INFO] [stderr]    Compiling icu_normalizer_data v2.3.0
[INFO] [stderr]    Compiling utf8_iter v1.0.4
[INFO] [stderr]    Compiling num-conv v0.2.2
[INFO] [stderr]    Compiling once_cell v1.21.4
[INFO] [stderr]    Compiling percent-encoding v2.3.2
[INFO] [stderr]    Compiling generic-array v0.14.7
[INFO] [stderr]    Compiling num-traits v0.2.19
[INFO] [stderr]    Compiling ctutils v0.4.2
[INFO] [stderr]    Compiling serde_core v1.0.229
[INFO] [stderr]    Compiling zeroize v1.9.0
[INFO] [stderr]    Compiling time-core v0.1.9
[INFO] [stderr]    Compiling thiserror v1.0.69
[INFO] [stderr]    Compiling minimal-lexical v0.2.1
[INFO] [stderr]    Compiling cpufeatures v0.2.17
[INFO] [stderr]    Compiling untrusted v0.9.0
[INFO] [stderr]    Compiling rustls-pki-types v1.15.1
[INFO] [stderr]    Compiling deranged v0.5.8
[INFO] [stderr]    Compiling time-macros v0.2.32
[INFO] [stderr]    Compiling httparse v1.10.1
[INFO] [stderr]    Compiling futures-task v0.3.34
[INFO] [stderr]    Compiling powerfmt v0.2.0
[INFO] [stderr]    Compiling slab v0.4.12
[INFO] [stderr]    Compiling futures-util v0.3.34
[INFO] [stderr]    Compiling http v1.5.0
[INFO] [stderr]    Compiling hybrid-array v0.4.15
[INFO] [stderr]    Compiling nom v7.1.3
[INFO] [stderr]    Compiling serde v1.0.229
[INFO] [stderr]    Compiling syn v3.0.4
[INFO] [stderr]    Compiling syn v2.0.119
[INFO] [stderr]    Compiling jobserver v0.1.35
[INFO] [stderr]    Compiling try-lock v0.2.5
[INFO] [stderr]    Compiling rand_core v0.10.1
[INFO] [stderr]    Compiling tower-service v0.3.3
[INFO] [stderr]    Compiling cc v1.4.4
[INFO] [stderr]    Compiling zmij v1.0.23
[INFO] [stderr]    Compiling utf8parse v0.2.2
[INFO] [stderr]    Compiling rustls v0.23.43
[INFO] [stderr]    Compiling anstyle-parse v1.0.0
[INFO] [stderr]    Compiling want v0.3.1
[INFO] [stderr]    Compiling errno v0.3.14
[INFO] [stderr]    Compiling socket2 v0.6.5
[INFO] [stderr]    Compiling mio v1.2.2
[INFO] [stderr]    Compiling signal-hook-registry v1.4.8
[INFO] [stderr]    Compiling parking_lot v0.12.5
[INFO] [stderr]    Compiling http-body v1.1.0
[INFO] [stderr]    Compiling getrandom v0.2.17
[INFO] [stderr]    Compiling time v0.3.55
[INFO] [stderr]    Compiling crypto-common v0.1.7
[INFO] [stderr]    Compiling block-buffer v0.10.4
[INFO] [stderr]    Compiling aho-corasick v1.1.5
[INFO] [stderr]    Compiling digest v0.10.7
[INFO] [stderr]    Compiling tracing-core v0.1.36
[INFO] [stderr]    Compiling form_urlencoded v1.2.2
[INFO] [stderr]    Compiling crypto-common v0.2.2
[INFO] [stderr]    Compiling futures-channel v0.3.34
[INFO] [stderr]    Compiling atomic-waker v1.1.2
[INFO] [stderr]    Compiling regex-syntax v0.8.11
[INFO] [stderr]    Compiling is_terminal_polyfill v1.70.2
[INFO] [stderr]    Compiling serde_json v1.0.151
[INFO] [stderr]    Compiling crc32fast v1.5.1
[INFO] [stderr]    Compiling anstyle v1.0.14
[INFO] [stderr]    Compiling anstyle-query v1.1.5
[INFO] [stderr]    Compiling zstd-safe v5.0.2+zstd.1.5.2
[INFO] [stderr]    Compiling colorchoice v1.0.5
[INFO] [stderr]    Compiling anstream v1.0.0
[INFO] [stderr]    Compiling tracing v0.1.44
[INFO] [stderr]    Compiling sha2 v0.10.9
[INFO] [stderr]    Compiling rusticata-macros v4.1.0
[INFO] [stderr]    Compiling hmac v0.12.1
[INFO] [stderr]    Compiling inout v0.1.4
[INFO] [stderr]    Compiling num-integer v0.1.47
[INFO] [stderr]    Compiling ring v0.17.14
[INFO] [stderr]    Compiling zstd-sys v2.0.16+zstd.1.5.7
[INFO] [stderr]    Compiling bzip2-sys v0.1.13+1.0.8
[INFO] [stderr]    Compiling sync_wrapper v1.0.2
[INFO] [stderr]    Compiling digest v0.11.3
[INFO] [stderr]    Compiling simd-adler32 v0.3.10
[INFO] [stderr]    Compiling base64 v0.22.1
[INFO] [stderr]    Compiling base64ct v1.8.3
[INFO] [stderr]    Compiling rand_core v0.6.4
[INFO] [stderr]    Compiling ipnet v2.12.1
[INFO] [stderr]    Compiling tower-layer v0.3.3
[INFO] [stderr]    Compiling adler2 v2.0.1
[INFO] [stderr]    Compiling keccak v0.1.6
[INFO] [stderr]    Compiling log v0.4.34
[INFO] [stderr]    Compiling oid-registry v0.7.1
[INFO] [stderr]    Compiling miniz_oxide v0.9.1
[INFO] [stderr]    Compiling password-hash v0.4.2
[INFO] [stderr]    Compiling regex-automata v0.4.18
[INFO] [stderr]    Compiling sha3 v0.10.9
[INFO] [stderr]    Compiling num-bigint v0.4.8
[INFO] [stderr]    Compiling cipher v0.4.4
[INFO] [stderr]    Compiling sha1 v0.10.7
[INFO] [stderr]    Compiling webpki-roots v1.0.9
[INFO] [stderr]    Compiling keccak v0.2.2
[INFO] [stderr]    Compiling clap_lex v1.1.0
[INFO] [stderr]    Compiling jiff-core v0.1.0
[INFO] [stderr]    Compiling sponge-cursor v0.1.0
[INFO] [stderr]    Compiling bitflags v2.13.1
[INFO] [stderr]    Compiling strsim v0.11.1
[INFO] [stderr]    Compiling heck v0.5.0
[INFO] [stderr]    Compiling ryu v1.0.23
[INFO] [stderr]    Compiling anyhow v1.0.104
[INFO] [stderr]    Compiling clap_builder v4.6.6
[INFO] [stderr]    Compiling synstructure v0.13.2
[INFO] [stderr]    Compiling shake v0.1.0
[INFO] [stderr]    Compiling aes v0.8.4
[INFO] [stderr]    Compiling flate2 v1.1.10
[INFO] [stderr]    Compiling bzip2 v0.4.4
[INFO] [stderr]    Compiling pbkdf2 v0.11.0
[INFO] [stderr]    Compiling jiff v0.2.35
[INFO] [stderr]    Compiling signature v3.0.0
[INFO] [stderr]    Compiling module-lattice v0.2.3
[INFO] [stderr]    Compiling http-body-util v0.1.5
[INFO] [stderr]    Compiling constant_time_eq v0.1.5
[INFO] [stderr]    Compiling lazy_static v1.5.0
[INFO] [stderr]    Compiling byteorder v1.5.0
[INFO] [stderr]    Compiling hex v0.4.3
[INFO] [stderr]    Compiling displaydoc v0.2.7
[INFO] [stderr]    Compiling zerovec-derive v0.11.6
[INFO] [stderr]    Compiling tokio-macros v2.7.2
[INFO] [stderr]    Compiling serde_derive v1.0.229
[INFO] [stderr]    Compiling tokio v1.53.1
[INFO] [stderr]    Compiling regex v1.13.1
[INFO] [stderr]    Compiling clap_derive v4.6.4
[INFO] [stderr]    Compiling zerofrom-derive v0.1.7
[INFO] [stderr]    Compiling yoke-derive v0.8.2
[INFO] [stderr]    Compiling thiserror-impl v1.0.69
[INFO] [stderr]    Compiling asn1-rs-impl v0.2.0
[INFO] [stderr]    Compiling asn1-rs-derive v0.5.1
[INFO] [stderr]    Compiling env_filter v2.0.0
[INFO] [stderr]    Compiling data-encoding v2.11.1
[INFO] [stderr]    Compiling ml-dsa v0.1.1
[INFO] [stderr]    Compiling asn1-rs v0.6.2
[INFO] [stderr]    Compiling zerofrom v0.1.8
[INFO] [stderr]    Compiling yoke v0.8.3
[INFO] [stderr]    Compiling clap v4.6.6
[INFO] [stderr]    Compiling zerovec v0.11.8
[INFO] [stderr]    Compiling zerotrie v0.2.5
[INFO] [stderr]    Compiling totp-lite v2.0.1
[INFO] [stderr]    Compiling env_logger v0.11.11
[INFO] [stderr]    Compiling hqckem-ref v0.0.2
[INFO] [stderr]    Compiling tinystr v0.8.4
[INFO] [stderr]    Compiling icu_locale_core v2.3.0
[INFO] [stderr]    Compiling potential_utf v0.1.6
[INFO] [stderr]    Compiling icu_collections v2.3.0
[INFO] [stderr]    Compiling der-parser v9.0.0
[INFO] [stderr]    Compiling x509-parser v0.16.0
[INFO] [stderr]    Compiling icu_provider v2.3.1
[INFO] [stderr]    Compiling serde_urlencoded v0.7.1
[INFO] [stderr]    Compiling icu_normalizer v2.3.0
[INFO] [stderr]    Compiling icu_properties v2.3.0
[INFO] [stderr]    Compiling mlkem-ref v0.0.1
[INFO] [stderr]    Compiling idna_adapter v1.2.2
[INFO] [stderr]    Compiling hyper v1.11.1
[INFO] [stderr]    Compiling idna v1.1.0
[INFO] [stderr]    Compiling tower v0.5.3
[INFO] [stderr]    Compiling url v2.5.8
[INFO] [stderr]    Compiling tower-http v0.6.11
[INFO] [stderr]    Compiling hyper-util v0.1.20
[INFO] [stderr]    Compiling rustls-webpki v0.103.15
[INFO] [stderr]    Compiling tokio-rustls v0.26.4
[INFO] [stderr]    Compiling hyper-rustls v0.27.9
[INFO] [stderr]    Compiling reqwest v0.12.28
[INFO] [stderr]    Compiling zstd v0.11.2+zstd.1.5.2
[INFO] [stderr]    Compiling zip v0.6.6
[INFO] [stderr]    Compiling katwalk v0.1.2 (/opt/rustwide/workdir)
[INFO] [stderr] warning: unused dependency `x509-parser`
[INFO] [stderr]   --> Cargo.toml:84:15
[INFO] [stderr]    |
[INFO] [stderr] 84 | [dependencies.x509-parser]
[INFO] [stderr]    |               ^^^^^^^^^^^^
[INFO] [stderr]    |
[INFO] [stderr]    = note: `cargo::unused_dependencies` is set to `warn` by default
[INFO] [stderr] help: consider removing the dependency on `x509-parser`
[INFO] [stderr] warning: `katwalk` (manifest) generated 1 warning
[INFO] [stderr]     Finished `release` profile [optimized] target(s) in 1m 17s
[INFO] running `Command { std: "docker" "inspect" "d3157e9f03962c7c3c124a1c4ee9635ff6f02f5bae2d1116d51322535508279a", kill_on_drop: false }`
[INFO] running `Command { std: "docker" "exec" "-e" "SOURCE_DIR=/opt/rustwide/workdir" "-e" "CARGO_HOME=/opt/rustwide/cargo-home" "-e" "RUSTUP_HOME=/opt/rustwide/rustup-home" "-e" "CARGO_TARGET_DIR=/opt/rustwide/target" "-e" "CARGO_INCREMENTAL=0" "-e" "RUST_BACKTRACE=full" "-e" "RUSTFLAGS=--cap-lints=warn" "-e" "RUSTDOCFLAGS=--cap-lints=warn" "-w" "/opt/rustwide/workdir" "--user" "0:0" "d3157e9f03962c7c3c124a1c4ee9635ff6f02f5bae2d1116d51322535508279a" "/opt/rustwide/cargo-home/bin/cargo" "+1.100.0-beta.1" "test" "--frozen" "--no-run" "--message-format=json" "--release", kill_on_drop: false }`
[INFO] [stderr] warning: `package.homepage` is redundant with `package.repository`
[INFO] [stderr]    --> Cargo.toml:113:12
[INFO] [stderr]     |
[INFO] [stderr] 113 | homepage = "https://github.com/kriskwiatkowski/katwalk"
[INFO] [stderr]     |            ^^^^^^^^^^^^^^^^^^^^^^^^^^^^^^^^^^^^^^^^^^^^
[INFO] [stderr] ...
[INFO] [stderr] 117 | repository = "https://github.com/kriskwiatkowski/katwalk"
[INFO] [stderr]     |              --------------------------------------------
[INFO] [stderr]     |
[INFO] [stderr]     = note: `cargo::redundant_homepage` is set to `warn` by default
[INFO] [stderr] help: consider removing `package.homepage`
[INFO] [stderr] warning: `katwalk` (manifest) generated 1 warning
[INFO] [stderr]    Compiling regex-syntax v0.8.11
[INFO] [stderr]    Compiling bitflags v2.13.1
[INFO] [stderr]    Compiling getrandom v0.4.3
[INFO] [stderr]    Compiling rustix v1.1.4
[INFO] [stderr]    Compiling predicates-core v1.0.10
[INFO] [stderr]    Compiling float-cmp v0.10.0
[INFO] [stderr]    Compiling assert_cmd v2.2.2
[INFO] [stderr]    Compiling termtree v0.5.1
[INFO] [stderr]    Compiling normalize-line-endings v0.3.0
[INFO] [stderr]    Compiling linux-raw-sys v0.12.1
[INFO] [stderr]    Compiling difflib v0.4.0
[INFO] [stderr]    Compiling wait-timeout v0.2.1
[INFO] [stderr]    Compiling fastrand v2.5.0
[INFO] [stderr]    Compiling predicates-tree v1.0.13
[INFO] [stderr]    Compiling tower-http v0.6.11
[INFO] [stderr]    Compiling reqwest v0.12.28
[INFO] [stderr]    Compiling regex-automata v0.4.18
[INFO] [stderr]    Compiling tempfile v3.27.0
[INFO] [stderr]    Compiling regex v1.13.1
[INFO] [stderr]    Compiling bstr v1.13.1
[INFO] [stderr]    Compiling env_filter v2.0.0
[INFO] [stderr]    Compiling predicates v3.1.4
[INFO] [stderr]    Compiling env_logger v0.11.11
[INFO] [stderr]    Compiling katwalk v0.1.2 (/opt/rustwide/workdir)
[INFO] [stderr]     Finished `release` profile [optimized] target(s) in 23.43s
[INFO] running `Command { std: "docker" "inspect" "d3157e9f03962c7c3c124a1c4ee9635ff6f02f5bae2d1116d51322535508279a", kill_on_drop: false }`
[INFO] running `Command { std: "docker" "exec" "-e" "SOURCE_DIR=/opt/rustwide/workdir" "-e" "CARGO_HOME=/opt/rustwide/cargo-home" "-e" "RUSTUP_HOME=/opt/rustwide/rustup-home" "-e" "CARGO_TARGET_DIR=/opt/rustwide/target" "-e" "CARGO_INCREMENTAL=0" "-e" "RUST_BACKTRACE=full" "-e" "RUSTFLAGS=--cap-lints=warn" "-e" "RUSTDOCFLAGS=--cap-lints=warn" "-w" "/opt/rustwide/workdir" "--user" "0:0" "d3157e9f03962c7c3c124a1c4ee9635ff6f02f5bae2d1116d51322535508279a" "/opt/rustwide/cargo-home/bin/cargo" "+1.100.0-beta.1" "test" "--frozen" "--release", kill_on_drop: false }`
[INFO] [stderr] warning: `package.homepage` is redundant with `package.repository`
[INFO] [stderr]    --> Cargo.toml:113:12
[INFO] [stderr]     |
[INFO] [stderr] 113 | homepage = "https://github.com/kriskwiatkowski/katwalk"
[INFO] [stderr]     |            ^^^^^^^^^^^^^^^^^^^^^^^^^^^^^^^^^^^^^^^^^^^^
[INFO] [stderr] ...
[INFO] [stderr] 117 | repository = "https://github.com/kriskwiatkowski/katwalk"
[INFO] [stderr]     |              --------------------------------------------
[INFO] [stderr]     |
[INFO] [stderr]     = note: `cargo::redundant_homepage` is set to `warn` by default
[INFO] [stderr] help: consider removing `package.homepage`
[INFO] [stderr] warning: `katwalk` (manifest) generated 1 warning
[INFO] [stderr]     Finished `release` profile [optimized] target(s) in 0.24s
[INFO] [stderr]      Running unittests src/lib.rs (/opt/rustwide/target/release/build/katwalk/0b0d0e4fd03131ef/out/katwalk-0b0d0e4fd03131ef)
[INFO] [stdout] 
[INFO] [stdout] running 0 tests
[INFO] [stdout] 
[INFO] [stdout] test result: ok. 0 passed; 0 failed; 0 ignored; 0 measured; 0 filtered out; finished in 0.00s
[INFO] [stdout] 
[INFO] [stderr]      Running unittests src/bin/fips202_wrapper.rs (/opt/rustwide/target/release/build/katwalk/df6f6d763fd829c1/out/fips202_wrapper-df6f6d763fd829c1)
[INFO] [stdout] 
[INFO] [stdout] running 4 tests
[INFO] [stdout] test tests::configuration_advertises_byte_oriented_interfaces ... ok
[INFO] [stdout] test tests::bit_oriented_requests_are_rejected ... ok
[INFO] [stderr]      Running unittests src/bin/hqckem_wrapper.rs (/opt/rustwide/target/release/build/katwalk/5038c65caff7a6c9/out/hqckem_wrapper-5038c65caff7a6c9)
[INFO] [stdout] test tests::fips202_sha3_and_shake_known_answers ... ok
[INFO] [stdout] test tests::sha3_ldt_repeating_input_matches_direct_hashing ... ok
[INFO] [stdout] 
[INFO] [stdout] test result: ok. 4 passed; 0 failed; 0 ignored; 0 measured; 0 filtered out; finished in 0.01s
[INFO] [stdout] 
[INFO] [stdout] 
[INFO] [stdout] running 0 tests
[INFO] [stdout] 
[INFO] [stdout] test result: ok. 0 passed; 0 failed; 0 ignored; 0 measured; 0 filtered out; finished in 0.00s
[INFO] [stdout] 
[INFO] [stderr]      Running unittests src/main.rs (/opt/rustwide/target/release/build/katwalk/0119d0989ff8b3b6/out/katwalk-0119d0989ff8b3b6)
[INFO] [stdout] 
[INFO] [stdout] running 68 tests
[INFO] [stdout] test config::tests::test_config_with_comments ... ok
[INFO] [stdout] test subprocess::hash::tests::capabilities_accept_boolean_and_string_boolean_values ... ok
[INFO] [stdout] test config::tests::test_config_optional_fields ... ok
[INFO] [stdout] test subprocess::hash::tests::models_deserialize_sha3_and_shake_aft_shapes ... ok
[INFO] [stdout] test config::tests::test_config_parsing ... ok
[INFO] [stdout] test config::tests::test_remove_comments ... ok
[INFO] [stdout] test subprocess::hqckem::tests::decapsulation_recovers_shared_secret_hqc_256 ... FAILED
[INFO] [stdout] test subprocess::hash::tests::capabilities_reject_invalid_boolean_values ... ok
[INFO] [stdout] test subprocess::hqckem::tests::missing_dk_field_returns_error ... FAILED
[INFO] [stdout] test subprocess::hash::tests::xof_output_length_is_expressed_in_bits ... ok
[INFO] [stdout] test subprocess::hqckem::tests::multiple_test_groups_processed_independently ... FAILED
[INFO] [stdout] test subprocess::hqckem::tests::decapsulation_recovers_shared_secret_hqc_128 ... FAILED
[INFO] [stdout] test subprocess::hqckem::tests::unknown_mode_returns_error ... FAILED
[INFO] [stdout] test subprocess::mldsa::tests::hash_ml_dsa_sha3_and_shake_variants_cover_all_parameter_sets ... FAILED
[INFO] [stdout] test subprocess::mldsa::tests::registration_for_mode_finds_matching_entry ... ok
[INFO] [stdout] test subprocess::mldsa::tests::registration_supports_group_checks_the_sigver_registration_for_sigver_groups ... ok
[INFO] [stdout] test subprocess::mldsa::tests::registration_supports_group_false_when_deterministic_not_advertised ... ok
[INFO] [stdout] test subprocess::mldsa::tests::registration_supports_group_false_when_external_mu_not_advertised ... ok
[INFO] [stdout] test subprocess::mldsa::tests::registration_supports_group_false_when_interface_not_advertised ... ok
[INFO] [stdout] test subprocess::mldsa::tests::acvp_randomness_is_used_for_non_deterministic_signing ... FAILED
[INFO] [stdout] test subprocess::mldsa::tests::keygen_produces_fips204_sized_expanded_keys ... FAILED
[INFO] [stdout] test subprocess::mldsa::tests::registration_supports_group_false_when_parameter_set_not_advertised ... ok
[INFO] [stdout] test subprocess::hqckem::tests::keygen_then_encaps_then_decaps_roundtrip_recovers_shared_secret ... FAILED
[INFO] [stdout] test subprocess::mldsa::tests::registration_supports_group_false_when_pre_hash_not_advertised ... ok
[INFO] [stdout] test subprocess::mldsa::tests::external_prehash_round_trip_uses_test_level_public_key ... FAILED
[INFO] [stdout] test subprocess::hqckem::tests::unknown_function_in_encapdecap_returns_error ... FAILED
[INFO] [stdout] test subprocess::hqckem::tests::missing_mode_field_returns_error ... FAILED
[INFO] [stdout] test subprocess::mldsa::tests::registration_supports_group_false_when_registration_missing_for_mode ... ok
[INFO] [stdout] test subprocess::hqckem::tests::decapsulation_response_contains_required_fields ... FAILED
[INFO] [stdout] test subprocess::hqckem::tests::invalid_hex_in_dk_returns_error ... FAILED
[INFO] [stdout] test subprocess::mldsa::tests::registration_supports_group_true_when_registration_advertises_interface_and_mu ... ok
[INFO] [stdout] test subprocess::mldsa::tests::malformed_randomness_mu_and_external_prehash_fail ... FAILED
[INFO] [stdout] test subprocess::mldsa::tests::supplied_mu_takes_precedence_for_external_interface ... FAILED
[INFO] [stdout] test subprocess::mlkem::tests::decapsulation_key_check_rejects_all_ff_bytes ... FAILED
[INFO] [stdout] test subprocess::hqckem::tests::unimplemented_parameter_set_is_reported_unsupported_not_fatal ... FAILED
[INFO] [stdout] test subprocess::mlkem::tests::decapsulation_key_check_accepts_valid_dk ... FAILED
[INFO] [stdout] test subprocess::mlkem::tests::encapsulation_key_check_rejects_wrong_length ... FAILED
[INFO] [stdout] test subprocess::mlkem::tests::keygen_produces_expected_keys ... FAILED
[INFO] [stdout] test subprocess::mlkem::tests::missing_mode_field_returns_error ... FAILED
[INFO] [stdout] test subprocess::mlkem::tests::multiple_test_groups_processed_independently ... FAILED
[INFO] [stdout] test subprocess::mlkem::tests::encapsulation_key_check_rejects_all_ff_bytes ... FAILED
[INFO] [stdout] test subprocess::primitives::tests::test_algorithm_name_parsing ... ok
[INFO] [stdout] test subprocess::primitives::tests::test_hmac_response_format ... ok
[INFO] [stdout] test subprocess::mlkem::tests::missing_function_field_in_encapdecap_returns_error ... FAILED
[INFO] [stdout] test subprocess::mlkem::tests::decapsulation_recovers_shared_secret ... FAILED
[INFO] [stdout] test subprocess::mlkem::tests::invalid_hex_in_seed_returns_error ... FAILED
[INFO] [stdout] test subprocess::mlkem::tests::keygen_response_contains_required_fields ... FAILED
[INFO] [stdout] test subprocess::mlkem::tests::unknown_mode_returns_error ... FAILED
[INFO] [stdout] test subprocess::primitives::tests::test_json_response_structure ... ok
[INFO] [stdout] test subprocess::primitives::tests::test_ml_dsa_test_types ... ok
[INFO] [stdout] test subprocess::tests::test_algorithm_matching ... ok
[INFO] [stdout] test subprocess::mlkem::tests::encapsulation_key_check_accepts_valid_ek ... FAILED
[INFO] [stdout] test subprocess::mlkem::tests::missing_seed_z_returns_error ... FAILED
[INFO] [stdout] test tests::field_mismatch_on_a_present_tcid_still_fails ... ok
[INFO] [stdout] test utils::tests::test_invalid_hex ... ok
[INFO] [stdout] test tests::missing_actual_tcid_is_treated_as_unsupported_not_a_failure ... ok
[INFO] [stdout] test subprocess::mlkem::tests::unknown_function_in_encapdecap_returns_error ... FAILED
[INFO] [stdout] test utils::tests::test_bytes_to_hex ... ok
[INFO] [stdout] test utils::tests::test_hex_to_bytes ... ok
[INFO] [stdout] test utils::tests::test_hex_round_trip ... ok
[INFO] [stdout] test utils::tests::test_read_vectors_from_zip ... ok
[INFO] [stdout] test subprocess::hash::tests::byte_only_capabilities_skip_partial_bit_cases ... ok
[INFO] [stdout] test subprocess::primitives::tests::test_hash_response_format ... ok
[INFO] [stdout] test subprocess::tests::test_protocol_encoding ... ok
[INFO] [stdout] test subprocess::hqckem::tests::decapsulation_recovers_shared_secret_hqc_192 ... FAILED
[INFO] [stdout] test subprocess::mlkem::tests::encapsulation_produces_expected_ct_and_shared_secret ... FAILED
[INFO] [stdout] test subprocess::mldsa::tests::deterministic_signing_and_verification_round_trip ... FAILED
[INFO] [stdout] test subprocess::hqckem::tests::missing_function_field_in_encapdecap_returns_error ... FAILED
[INFO] [stdout] 
[INFO] [stdout] failures:
[INFO] [stdout] 
[INFO] [stdout] ---- subprocess::hqckem::tests::decapsulation_recovers_shared_secret_hqc_256 stdout ----
[INFO] [stdout] 
[INFO] [stdout] thread 'subprocess::hqckem::tests::decapsulation_recovers_shared_secret_hqc_256' (4780) panicked at src/subprocess/hqckem.rs:293:33:
[INFO] [stdout] failed to start hqckem_wrapper at "/opt/rustwide/target/release/build/katwalk/0119d0989ff8b3b6/out/hqckem_wrapper": Failed to spawn subprocess: "/opt/rustwide/target/release/build/katwalk/0119d0989ff8b3b6/out/hqckem_wrapper"
[INFO] [stdout] stack backtrace:
[INFO] [stdout]    0:     0x58773e00aa61 - <unknown>
[INFO] [stdout]    1:     0x58773e02103a - <unknown>
[INFO] [stdout]    2:     0x58773e00f2fc - <unknown>
[INFO] [stdout]    3:     0x58773dfe5ff6 - <unknown>
[INFO] [stdout]    4:     0x58773e002f79 - <unknown>
[INFO] [stdout]    5:     0x58773df948e0 - <unknown>
[INFO] [stdout]    6:     0x58773e003132 - <unknown>
[INFO] [stdout]    7:     0x58773dfe60a2 - <unknown>
[INFO] [stdout]    8:     0x58773dfde779 - <unknown>
[INFO] [stdout]    9:     0x58773dfe6dbd - <unknown>
[INFO] [stdout]   10:     0x58773e02176c - <unknown>
[INFO] [stdout]   11:     0x58773de4bb1a - <unknown>
[INFO] [stdout]   12:     0x58773de4bc6f - <unknown>
[INFO] [stdout]   13:     0x58773de52429 - <unknown>
[INFO] [stdout]   14:     0x58773df87d2b - <unknown>
[INFO] [stdout]   15:     0x58773df94f05 - <unknown>
[INFO] [stdout]   16:     0x58773df8e7f4 - <unknown>
[INFO] [stdout]   17:     0x58773df97f92 - <unknown>
[INFO] [stdout]   18:     0x58773e00a2bf - <unknown>
[INFO] [stdout]   19:     0x7ca1b3f83dfa - <unknown>
[INFO] [stdout]   20:     0x7ca1b40173d4 - clone
[INFO] [stdout]   21:                0x0 - <unknown>
[INFO] [stdout] 
[INFO] [stdout] ---- subprocess::hqckem::tests::missing_dk_field_returns_error stdout ----
[INFO] [stdout] 
[INFO] [stdout] thread 'subprocess::hqckem::tests::missing_dk_field_returns_error' (4785) panicked at src/subprocess/hqckem.rs:293:33:
[INFO] [stdout] failed to start hqckem_wrapper at "/opt/rustwide/target/release/build/katwalk/0119d0989ff8b3b6/out/hqckem_wrapper": Failed to spawn subprocess: "/opt/rustwide/target/release/build/katwalk/0119d0989ff8b3b6/out/hqckem_wrapper"
[INFO] [stdout] stack backtrace:
[INFO] [stdout]    0:     0x58773e00aa61 - <unknown>
[INFO] [stdout]    1:     0x58773e02103a - <unknown>
[INFO] [stdout]    2:     0x58773e00f2fc - <unknown>
[INFO] [stdout]    3:     0x58773dfe5ff6 - <unknown>
[INFO] [stdout]    4:     0x58773e002f79 - <unknown>
[INFO] [stdout]    5:     0x58773df948e0 - <unknown>
[INFO] [stdout]    6:     0x58773e003132 - <unknown>
[INFO] [stdout]    7:     0x58773dfe60a2 - <unknown>
[INFO] [stdout]    8:     0x58773dfde779 - <unknown>
[INFO] [stdout]    9:     0x58773dfe6dbd - <unknown>
[INFO] [stdout]   10:     0x58773e02176c - <unknown>
[INFO] [stdout]   11:     0x58773de4bb1a - <unknown>
[INFO] [stdout]   12:     0x58773de4bc6f - <unknown>
[INFO] [stdout]   13:     0x58773de50921 - <unknown>
[INFO] [stdout]   14:     0x58773df87d2b - <unknown>
[INFO] [stdout]   15:     0x58773df94f05 - <unknown>
[INFO] [stdout]   16:     0x58773df8e7f4 - <unknown>
[INFO] [stdout]   17:     0x58773df97f92 - <unknown>
[INFO] [stdout]   18:     0x58773e00a2bf - <unknown>
[INFO] [stdout]   19:     0x7ca1b3f83dfa - <unknown>
[INFO] [stdout]   20:     0x7ca1b40173d4 - clone
[INFO] [stdout]   21:                0x0 - <unknown>
[INFO] [stdout] 
[INFO] [stdout] ---- subprocess::hqckem::tests::multiple_test_groups_processed_independently stdout ----
[INFO] [stdout] 
[INFO] [stdout] thread 'subprocess::hqckem::tests::multiple_test_groups_processed_independently' (4789) panicked at src/subprocess/hqckem.rs:293:33:
[INFO] [stdout] failed to start hqckem_wrapper at "/opt/rustwide/target/release/build/katwalk/0119d0989ff8b3b6/out/hqckem_wrapper": Failed to spawn subprocess: "/opt/rustwide/target/release/build/katwalk/0119d0989ff8b3b6/out/hqckem_wrapper"
[INFO] [stdout] stack backtrace:
[INFO] [stdout]    0:     0x58773e00aa61 - <unknown>
[INFO] [stdout]    1:     0x58773e02103a - <unknown>
[INFO] [stdout]    2:     0x58773e00f2fc - <unknown>
[INFO] [stdout]    3:     0x58773dfe5ff6 - <unknown>
[INFO] [stdout]    4:     0x58773e002f79 - <unknown>
[INFO] [stdout]    5:     0x58773df948e0 - <unknown>
[INFO] [stdout]    6:     0x58773e003132 - <unknown>
[INFO] [stdout]    7:     0x58773dfe60a2 - <unknown>
[INFO] [stdout]    8:     0x58773dfde779 - <unknown>
[INFO] [stdout]    9:     0x58773dfe6dbd - <unknown>
[INFO] [stdout]   10:     0x58773e02176c - <unknown>
[INFO] [stdout]   11:     0x58773de4bb1a - <unknown>
[INFO] [stdout]   12:     0x58773de4bc6f - <unknown>
[INFO] [stdout]   13:     0x58773de5354d - <unknown>
[INFO] [stdout]   14:     0x58773df87d2b - <unknown>
[INFO] [stdout]   15:     0x58773df94f05 - <unknown>
[INFO] [stdout]   16:     0x58773df8e7f4 - <unknown>
[INFO] [stdout]   17:     0x58773df97f92 - <unknown>
[INFO] [stdout]   18:     0x58773e00a2bf - <unknown>
[INFO] [stdout]   19:     0x7ca1b3f83dfa - <unknown>
[INFO] [stdout]   20:     0x7ca1b40173d4 - clone
[INFO] [stdout]   21:                0x0 - <unknown>
[INFO] [stdout] 
[INFO] [stdout] ---- subprocess::hqckem::tests::decapsulation_recovers_shared_secret_hqc_128 stdout ----
[INFO] [stdout] 
[INFO] [stdout] thread 'subprocess::hqckem::tests::decapsulation_recovers_shared_secret_hqc_128' (4778) panicked at src/subprocess/hqckem.rs:293:33:
[INFO] [stdout] failed to start hqckem_wrapper at "/opt/rustwide/target/release/build/katwalk/0119d0989ff8b3b6/out/hqckem_wrapper": Failed to spawn subprocess: "/opt/rustwide/target/release/build/katwalk/0119d0989ff8b3b6/out/hqckem_wrapper"
[INFO] [stdout] stack backtrace:
[INFO] [stdout]    0:     0x58773e00aa61 - <unknown>
[INFO] [stdout]    1:     0x58773e02103a - <unknown>
[INFO] [stdout]    2:     0x58773e00f2fc - <unknown>
[INFO] [stdout]    3:     0x58773dfe5ff6 - <unknown>
[INFO] [stdout]    4:     0x58773e002f79 - <unknown>
[INFO] [stdout]    5:     0x58773df948e0 - <unknown>
[INFO] [stdout]    6:     0x58773e003132 - <unknown>
[INFO] [stdout]    7:     0x58773dfe60a2 - <unknown>
[INFO] [stdout]    8:     0x58773dfde779 - <unknown>
[INFO] [stdout]    9:     0x58773dfe6dbd - <unknown>
[INFO] [stdout]   10:     0x58773e02176c - <unknown>
[INFO] [stdout]   11:     0x58773de4bb1a - <unknown>
[INFO] [stdout]   12:     0x58773de4bc6f - <unknown>
[INFO] [stdout]   13:     0x58773de51f29 - <unknown>
[INFO] [stdout]   14:     0x58773df87d2b - <unknown>
[INFO] [stdout]   15:     0x58773df94f05 - <unknown>
[INFO] [stdout]   16:     0x58773df8e7f4 - <unknown>
[INFO] [stdout]   17:     0x58773df97f92 - <unknown>
[INFO] [stdout]   18:     0x58773e00a2bf - <unknown>
[INFO] [stdout]   19:     0x7ca1b3f83dfa - <unknown>
[INFO] [stdout]   20:     0x7ca1b40173d4 - clone
[INFO] [stdout]   21:                0x0 - <unknown>
[INFO] [stdout] 
[INFO] [stdout] ---- subprocess::hqckem::tests::unknown_mode_returns_error stdout ----
[INFO] [stdout] 
[INFO] [stdout] thread 'subprocess::hqckem::tests::unknown_mode_returns_error' (4794) panicked at src/subprocess/hqckem.rs:293:33:
[INFO] [stdout] failed to start hqckem_wrapper at "/opt/rustwide/target/release/build/katwalk/0119d0989ff8b3b6/out/hqckem_wrapper": Failed to spawn subprocess: "/opt/rustwide/target/release/build/katwalk/0119d0989ff8b3b6/out/hqckem_wrapper"
[INFO] [stdout] stack backtrace:
[INFO] [stdout]    0:     0x58773e00aa61 - <unknown>
[INFO] [stdout]    1:     0x58773e02103a - <unknown>
[INFO] [stdout]    2:     0x58773e00f2fc - <unknown>
[INFO] [stdout]    3:     0x58773dfe5ff6 - <unknown>
[INFO] [stdout]    4:     0x58773e002f79 - <unknown>
[INFO] [stdout]    5:     0x58773df948e0 - <unknown>
[INFO] [stdout]    6:     0x58773e003132 - <unknown>
[INFO] [stdout]    7:     0x58773dfe60a2 - <unknown>
[INFO] [stdout]    8:     0x58773dfde779 - <unknown>
[INFO] [stdout]    9:     0x58773dfe6dbd - <unknown>
[INFO] [stdout]   10:     0x58773e02176c - <unknown>
[INFO] [stdout]   11:     0x58773de4bb1a - <unknown>
[INFO] [stdout]   12:     0x58773de4bc6f - <unknown>
[INFO] [stdout]   13:     0x58773de4fdee - <unknown>
[INFO] [stdout]   14:     0x58773df87d2b - <unknown>
[INFO] [stdout]   15:     0x58773df94f05 - <unknown>
[INFO] [stdout]   16:     0x58773df8e7f4 - <unknown>
[INFO] [stdout]   17:     0x58773df97f92 - <unknown>
[INFO] [stdout]   18:     0x58773e00a2bf - <unknown>
[INFO] [stdout]   19:     0x7ca1b3f83dfa - <unknown>
[INFO] [stdout]   20:     0x7ca1b40173d4 - clone
[INFO] [stdout]   21:                0x0 - <unknown>
[INFO] [stdout] 
[INFO] [stdout] ---- subprocess::mldsa::tests::hash_ml_dsa_sha3_and_shake_variants_cover_all_parameter_sets stdout ----
[INFO] [stdout] 
[INFO] [stdout] thread 'subprocess::mldsa::tests::hash_ml_dsa_sha3_and_shake_variants_cover_all_parameter_sets' (4804) panicked at src/subprocess/mldsa.rs:731:33:
[INFO] [stdout] failed to start mldsa_wrapper at "/opt/rustwide/target/release/build/katwalk/0119d0989ff8b3b6/out/mldsa_wrapper": Failed to spawn subprocess: "/opt/rustwide/target/release/build/katwalk/0119d0989ff8b3b6/out/mldsa_wrapper"
[INFO] [stdout] stack backtrace:
[INFO] [stdout]    0:     0x58773e00aa61 - <unknown>
[INFO] [stdout]    1:     0x58773e02103a - <unknown>
[INFO] [stdout]    2:     0x58773e00f2fc - <unknown>
[INFO] [stdout]    3:     0x58773dfe5ff6 - <unknown>
[INFO] [stdout]    4:     0x58773e002f79 - <unknown>
[INFO] [stdout]    5:     0x58773df948e0 - <unknown>
[INFO] [stdout]    6:     0x58773e003132 - <unknown>
[INFO] [stdout]    7:     0x58773dfe60a2 - <unknown>
[INFO] [stdout]    8:     0x58773dfde779 - <unknown>
[INFO] [stdout]    9:     0x58773dfe6dbd - <unknown>
[INFO] [stdout]   10:     0x58773e02176c - <unknown>
[INFO] [stdout]   11:     0x58773de2076a - <unknown>
[INFO] [stdout]   12:     0x58773de21e8f - <unknown>
[INFO] [stdout]   13:     0x58773de2a6b1 - <unknown>
[INFO] [stdout]   14:     0x58773de31c69 - <unknown>
[INFO] [stdout]   15:     0x58773df87d2b - <unknown>
[INFO] [stdout]   16:     0x58773df94f05 - <unknown>
[INFO] [stdout]   17:     0x58773df8e7f4 - <unknown>
[INFO] [stdout]   18:     0x58773df97f92 - <unknown>
[INFO] [stdout]   19:     0x58773e00a2bf - <unknown>
[INFO] [stdout]   20:     0x7ca1b3f83dfa - <unknown>
[INFO] [stdout]   21:     0x7ca1b40173d4 - clone
[INFO] [stdout]   22:                0x0 - <unknown>
[INFO] [stdout] 
[INFO] [stdout] ---- subprocess::mldsa::tests::acvp_randomness_is_used_for_non_deterministic_signing stdout ----
[INFO] [stdout] 
[INFO] [stdout] thread 'subprocess::mldsa::tests::acvp_randomness_is_used_for_non_deterministic_signing' (4795) panicked at src/subprocess/mldsa.rs:731:33:
[INFO] [stdout] failed to start mldsa_wrapper at "/opt/rustwide/target/release/build/katwalk/0119d0989ff8b3b6/out/mldsa_wrapper": Failed to spawn subprocess: "/opt/rustwide/target/release/build/katwalk/0119d0989ff8b3b6/out/mldsa_wrapper"
[INFO] [stdout] stack backtrace:
[INFO] [stdout]    0:     0x58773e00aa61 - <unknown>
[INFO] [stdout]    1:     0x58773e02103a - <unknown>
[INFO] [stdout]    2:     0x58773e00f2fc - <unknown>
[INFO] [stdout]    3:     0x58773dfe5ff6 - <unknown>
[INFO] [stdout]    4:     0x58773e002f79 - <unknown>
[INFO] [stdout]    5:     0x58773df948e0 - <unknown>
[INFO] [stdout]    6:     0x58773e003132 - <unknown>
[INFO] [stdout]    7:     0x58773dfe60a2 - <unknown>
[INFO] [stdout]    8:     0x58773dfde779 - <unknown>
[INFO] [stdout]    9:     0x58773dfe6dbd - <unknown>
[INFO] [stdout]   10:     0x58773e02176c - <unknown>
[INFO] [stdout]   11:     0x58773de2076a - <unknown>
[INFO] [stdout]   12:     0x58773de21e8f - <unknown>
[INFO] [stdout]   13:     0x58773de3085e - <unknown>
[INFO] [stdout]   14:     0x58773df87d2b - <unknown>
[INFO] [stdout]   15:     0x58773df94f05 - <unknown>
[INFO] [stdout]   16:     0x58773df8e7f4 - <unknown>
[INFO] [stdout]   17:     0x58773df97f92 - <unknown>
[INFO] [stdout]   18:     0x58773e00a2bf - <unknown>
[INFO] [stdout]   19:     0x7ca1b3f83dfa - <unknown>
[INFO] [stdout]   20:     0x7ca1b40173d4 - clone
[INFO] [stdout]   21:                0x0 - <unknown>
[INFO] [stdout] 
[INFO] [stdout] ---- subprocess::mldsa::tests::keygen_produces_fips204_sized_expanded_keys stdout ----
[INFO] [stdout] 
[INFO] [stdout] thread 'subprocess::mldsa::tests::keygen_produces_fips204_sized_expanded_keys' (4806) panicked at src/subprocess/mldsa.rs:731:33:
[INFO] [stdout] failed to start mldsa_wrapper at "/opt/rustwide/target/release/build/katwalk/0119d0989ff8b3b6/out/mldsa_wrapper": Failed to spawn subprocess: "/opt/rustwide/target/release/build/katwalk/0119d0989ff8b3b6/out/mldsa_wrapper"
[INFO] [stdout] stack backtrace:
[INFO] [stdout]    0:     0x58773e00aa61 - <unknown>
[INFO] [stdout]    1:     0x58773e02103a - <unknown>
[INFO] [stdout]    2:     0x58773e00f2fc - <unknown>
[INFO] [stdout]    3:     0x58773dfe5ff6 - <unknown>
[INFO] [stdout]    4:     0x58773e002f79 - <unknown>
[INFO] [stdout]    5:     0x58773df948e0 - <unknown>
[INFO] [stdout]    6:     0x58773e003132 - <unknown>
[INFO] [stdout]    7:     0x58773dfe60a2 - <unknown>
[INFO] [stdout]    8:     0x58773dfde779 - <unknown>
[INFO] [stdout]    9:     0x58773dfe6dbd - <unknown>
[INFO] [stdout]   10:     0x58773e02176c - <unknown>
[INFO] [stdout]   11:     0x58773de2076a - <unknown>
[INFO] [stdout]   12:     0x58773de21e8f - <unknown>
[INFO] [stdout]   13:     0x58773de2df0e - <unknown>
[INFO] [stdout]   14:     0x58773df87d2b - <unknown>
[INFO] [stdout]   15:     0x58773df94f05 - <unknown>
[INFO] [stdout]   16:     0x58773df8e7f4 - <unknown>
[INFO] [stdout]   17:     0x58773df97f92 - <unknown>
[INFO] [stdout]   18:     0x58773e00a2bf - <unknown>
[INFO] [stdout]   19:     0x7ca1b3f83dfa - <unknown>
[INFO] [stdout]   20:     0x7ca1b40173d4 - clone
[INFO] [stdout]   21:                0x0 - <unknown>
[INFO] [stdout] 
[INFO] [stdout] ---- subprocess::hqckem::tests::keygen_then_encaps_then_decaps_roundtrip_recovers_shared_secret stdout ----
[INFO] [stdout] 
[INFO] [stdout] thread 'subprocess::hqckem::tests::keygen_then_encaps_then_decaps_roundtrip_recovers_shared_secret' (4783) panicked at src/subprocess/hqckem.rs:293:33:
[INFO] [stdout] failed to start hqckem_wrapper at "/opt/rustwide/target/release/build/katwalk/0119d0989ff8b3b6/out/hqckem_wrapper": Failed to spawn subprocess: "/opt/rustwide/target/release/build/katwalk/0119d0989ff8b3b6/out/hqckem_wrapper"
[INFO] [stdout] stack backtrace:
[INFO] [stdout]    0:     0x58773e00aa61 - <unknown>
[INFO] [stdout]    1:     0x58773e02103a - <unknown>
[INFO] [stdout]    2:     0x58773e00f2fc - <unknown>
[INFO] [stdout]    3:     0x58773dfe5ff6 - <unknown>
[INFO] [stdout]    4:     0x58773e002f79 - <unknown>
[INFO] [stdout]    5:     0x58773df948e0 - <unknown>
[INFO] [stdout]    6:     0x58773e003132 - <unknown>
[INFO] [stdout]    7:     0x58773dfe60a2 - <unknown>
[INFO] [stdout]    8:     0x58773dfde779 - <unknown>
[INFO] [stdout]    9:     0x58773dfe6dbd - <unknown>
[INFO] [stdout]   10:     0x58773e02176c - <unknown>
[INFO] [stdout]   11:     0x58773de4bb1a - <unknown>
[INFO] [stdout]   12:     0x58773de4bc6f - <unknown>
[INFO] [stdout]   13:     0x58773de4c8de - <unknown>
[INFO] [stdout]   14:     0x58773de56359 - <unknown>
[INFO] [stdout]   15:     0x58773df87d2b - <unknown>
[INFO] [stdout]   16:     0x58773df94f05 - <unknown>
[INFO] [stdout]   17:     0x58773df8e7f4 - <unknown>
[INFO] [stdout]   18:     0x58773df97f92 - <unknown>
[INFO] [stdout]   19:     0x58773e00a2bf - <unknown>
[INFO] [stdout]   20:     0x7ca1b3f83dfa - <unknown>
[INFO] [stdout]   21:     0x7ca1b40173d4 - clone
[INFO] [stdout]   22:                0x0 - <unknown>
[INFO] [stdout] 
[INFO] [stdout] ---- subprocess::mldsa::tests::external_prehash_round_trip_uses_test_level_public_key stdout ----
[INFO] [stdout] 
[INFO] [stdout] thread 'subprocess::mldsa::tests::external_prehash_round_trip_uses_test_level_public_key' (4803) panicked at src/subprocess/mldsa.rs:731:33:
[INFO] [stdout] failed to start mldsa_wrapper at "/opt/rustwide/target/release/build/katwalk/0119d0989ff8b3b6/out/mldsa_wrapper": Failed to spawn subprocess: "/opt/rustwide/target/release/build/katwalk/0119d0989ff8b3b6/out/mldsa_wrapper"
[INFO] [stdout] stack backtrace:
[INFO] [stdout]    0:     0x58773e00aa61 - <unknown>
[INFO] [stdout]    1:     0x58773e02103a - <unknown>
[INFO] [stdout]    2:     0x58773e00f2fc - <unknown>
[INFO] [stdout]    3:     0x58773dfe5ff6 - <unknown>
[INFO] [stdout]    4:     0x58773e002f79 - <unknown>
[INFO] [stdout]    5:     0x58773df948e0 - <unknown>
[INFO] [stdout]    6:     0x58773e003132 - <unknown>
[INFO] [stdout]    7:     0x58773dfe60a2 - <unknown>
[INFO] [stdout]    8:     0x58773dfde779 - <unknown>
[INFO] [stdout]    9:     0x58773dfe6dbd - <unknown>
[INFO] [stdout]   10:     0x58773e02176c - <unknown>
[INFO] [stdout]   11:     0x58773de2076a - <unknown>
[INFO] [stdout]   12:     0x58773de21e8f - <unknown>
[INFO] [stdout]   13:     0x58773de27d8e - <unknown>
[INFO] [stdout]   14:     0x58773de31c49 - <unknown>
[INFO] [stdout]   15:     0x58773df87d2b - <unknown>
[INFO] [stdout]   16:     0x58773df94f05 - <unknown>
[INFO] [stdout]   17:     0x58773df8e7f4 - <unknown>
[INFO] [stdout]   18:     0x58773df97f92 - <unknown>
[INFO] [stdout]   19:     0x58773e00a2bf - <unknown>
[INFO] [stdout]   20:     0x7ca1b3f83dfa - <unknown>
[INFO] [stdout]   21:     0x7ca1b40173d4 - clone
[INFO] [stdout]   22:                0x0 - <unknown>
[INFO] [stdout] 
[INFO] [stdout] ---- subprocess::hqckem::tests::unknown_function_in_encapdecap_returns_error stdout ----
[INFO] [stdout] 
[INFO] [stdout] thread 'subprocess::hqckem::tests::unknown_function_in_encapdecap_returns_error' (4793) panicked at src/subprocess/hqckem.rs:293:33:
[INFO] [stdout] failed to start hqckem_wrapper at "/opt/rustwide/target/release/build/katwalk/0119d0989ff8b3b6/out/hqckem_wrapper": Failed to spawn subprocess: "/opt/rustwide/target/release/build/katwalk/0119d0989ff8b3b6/out/hqckem_wrapper"
[INFO] [stdout] stack backtrace:
[INFO] [stdout]    0:     0x58773e00aa61 - <unknown>
[INFO] [stdout]    1:     0x58773e02103a - <unknown>
[INFO] [stdout]    2:     0x58773e00f2fc - <unknown>
[INFO] [stdout]    3:     0x58773dfe5ff6 - <unknown>
[INFO] [stdout]    4:     0x58773e002f79 - <unknown>
[INFO] [stdout]    5:     0x58773df948e0 - <unknown>
[INFO] [stdout]    6:     0x58773e003132 - <unknown>
[INFO] [stdout]    7:     0x58773dfe60a2 - <unknown>
[INFO] [stdout]    8:     0x58773dfde779 - <unknown>
[INFO] [stdout]    9:     0x58773dfe6dbd - <unknown>
[INFO] [stdout]   10:     0x58773e02176c - <unknown>
[INFO] [stdout]   11:     0x58773de4bb1a - <unknown>
[INFO] [stdout]   12:     0x58773de4bc6f - <unknown>
[INFO] [stdout]   13:     0x58773de5469a - <unknown>
[INFO] [stdout]   14:     0x58773df87d2b - <unknown>
[INFO] [stdout]   15:     0x58773df94f05 - <unknown>
[INFO] [stdout]   16:     0x58773df8e7f4 - <unknown>
[INFO] [stdout]   17:     0x58773df97f92 - <unknown>
[INFO] [stdout]   18:     0x58773e00a2bf - <unknown>
[INFO] [stdout]   19:     0x7ca1b3f83dfa - <unknown>
[INFO] [stdout]   20:     0x7ca1b40173d4 - clone
[INFO] [stdout]   21:                0x0 - <unknown>
[INFO] [stdout] 
[INFO] [stdout] ---- subprocess::hqckem::tests::missing_mode_field_returns_error stdout ----
[INFO] [stdout] 
[INFO] [stdout] thread 'subprocess::hqckem::tests::missing_mode_field_returns_error' (4787) panicked at src/subprocess/hqckem.rs:293:33:
[INFO] [stdout] failed to start hqckem_wrapper at "/opt/rustwide/target/release/build/katwalk/0119d0989ff8b3b6/out/hqckem_wrapper": Failed to spawn subprocess: "/opt/rustwide/target/release/build/katwalk/0119d0989ff8b3b6/out/hqckem_wrapper"
[INFO] [stdout] stack backtrace:
[INFO] [stdout]    0:     0x58773e00aa61 - <unknown>
[INFO] [stdout]    1:     0x58773e02103a - <unknown>
[INFO] [stdout]    2:     0x58773e00f2fc - <unknown>
[INFO] [stdout]    3:     0x58773dfe5ff6 - <unknown>
[INFO] [stdout]    4:     0x58773e002f79 - <unknown>
[INFO] [stdout]    5:     0x58773df948e0 - <unknown>
[INFO] [stdout]    6:     0x58773e003132 - <unknown>
[INFO] [stdout]    7:     0x58773dfe60a2 - <unknown>
[INFO] [stdout]    8:     0x58773dfde779 - <unknown>
[INFO] [stdout]    9:     0x58773dfe6dbd - <unknown>
[INFO] [stdout]   10:     0x58773e02176c - <unknown>
[INFO] [stdout]   11:     0x58773de4bb1a - <unknown>
[INFO] [stdout]   12:     0x58773de4bc6f - <unknown>
[INFO] [stdout]   13:     0x58773de51d2d - <unknown>
[INFO] [stdout]   14:     0x58773df87d2b - <unknown>
[INFO] [stdout]   15:     0x58773df94f05 - <unknown>
[INFO] [stdout]   16:     0x58773df8e7f4 - <unknown>
[INFO] [stdout]   17:     0x58773df97f92 - <unknown>
[INFO] [stdout]   18:     0x58773e00a2bf - <unknown>
[INFO] [stdout]   19:     0x7ca1b3f83dfa - <unknown>
[INFO] [stdout]   20:     0x7ca1b40173d4 - clone
[INFO] [stdout]   21:                0x0 - <unknown>
[INFO] [stdout] 
[INFO] [stdout] ---- subprocess::hqckem::tests::decapsulation_response_contains_required_fields stdout ----
[INFO] [stdout] 
[INFO] [stdout] thread 'subprocess::hqckem::tests::decapsulation_response_contains_required_fields' (4781) panicked at src/subprocess/hqckem.rs:293:33:
[INFO] [stdout] failed to start hqckem_wrapper at "/opt/rustwide/target/release/build/katwalk/0119d0989ff8b3b6/out/hqckem_wrapper": Failed to spawn subprocess: "/opt/rustwide/target/release/build/katwalk/0119d0989ff8b3b6/out/hqckem_wrapper"
[INFO] [stdout] stack backtrace:
[INFO] [stdout]    0:     0x58773e00aa61 - <unknown>
[INFO] [stdout]    1:     0x58773e02103a - <unknown>
[INFO] [stdout]    2:     0x58773e00f2fc - <unknown>
[INFO] [stdout]    3:     0x58773dfe5ff6 - <unknown>
[INFO] [stdout]    4:     0x58773e002f79 - <unknown>
[INFO] [stdout]    5:     0x58773df948e0 - <unknown>
[INFO] [stdout]    6:     0x58773e003132 - <unknown>
[INFO] [stdout]    7:     0x58773dfe60a2 - <unknown>
[INFO] [stdout]    8:     0x58773dfde779 - <unknown>
[INFO] [stdout]    9:     0x58773dfe6dbd - <unknown>
[INFO] [stdout]   10:     0x58773e02176c - <unknown>
[INFO] [stdout]   11:     0x58773de4bb1a - <unknown>
[INFO] [stdout]   12:     0x58773de4bc6f - <unknown>
[INFO] [stdout]   13:     0x58773de54999 - <unknown>
[INFO] [stdout]   14:     0x58773df87d2b - <unknown>
[INFO] [stdout]   15:     0x58773df94f05 - <unknown>
[INFO] [stdout]   16:     0x58773df8e7f4 - <unknown>
[INFO] [stdout]   17:     0x58773df97f92 - <unknown>
[INFO] [stdout]   18:     0x58773e00a2bf - <unknown>
[INFO] [stdout]   19:     0x7ca1b3f83dfa - <unknown>
[INFO] [stdout]   20:     0x7ca1b40173d4 - clone
[INFO] [stdout]   21:                0x0 - <unknown>
[INFO] [stdout] 
[INFO] [stdout] ---- subprocess::hqckem::tests::invalid_hex_in_dk_returns_error stdout ----
[INFO] [stdout] 
[INFO] [stdout] thread 'subprocess::hqckem::tests::invalid_hex_in_dk_returns_error' (4782) panicked at src/subprocess/hqckem.rs:293:33:
[INFO] [stdout] failed to start hqckem_wrapper at "/opt/rustwide/target/release/build/katwalk/0119d0989ff8b3b6/out/hqckem_wrapper": Failed to spawn subprocess: "/opt/rustwide/target/release/build/katwalk/0119d0989ff8b3b6/out/hqckem_wrapper"
[INFO] [stdout] stack backtrace:
[INFO] [stdout]    0:     0x58773e00aa61 - <unknown>
[INFO] [stdout]    1:     0x58773e02103a - <unknown>
[INFO] [stdout]    2:     0x58773e00f2fc - <unknown>
[INFO] [stdout]    3:     0x58773dfe5ff6 - <unknown>
[INFO] [stdout]    4:     0x58773e002f79 - <unknown>
[INFO] [stdout]    5:     0x58773df948e0 - <unknown>
[INFO] [stdout]    6:     0x58773e003132 - <unknown>
[INFO] [stdout]    7:     0x58773dfe60a2 - <unknown>
[INFO] [stdout]    8:     0x58773dfde779 - <unknown>
[INFO] [stdout]    9:     0x58773dfe6dbd - <unknown>
[INFO] [stdout]   10:     0x58773e02176c - <unknown>
[INFO] [stdout]   11:     0x58773de4bb1a - <unknown>
[INFO] [stdout]   12:     0x58773de4bc6f - <unknown>
[INFO] [stdout]   13:     0x58773de5151d - <unknown>
[INFO] [stdout]   14:     0x58773df87d2b - <unknown>
[INFO] [stdout]   15:     0x58773df94f05 - <unknown>
[INFO] [stdout]   16:     0x58773df8e7f4 - <unknown>
[INFO] [stdout]   17:     0x58773df97f92 - <unknown>
[INFO] [stdout]   18:     0x58773e00a2bf - <unknown>
[INFO] [stdout]   19:     0x7ca1b3f83dfa - <unknown>
[INFO] [stdout]   20:     0x7ca1b40173d4 - clone
[INFO] [stdout]   21:                0x0 - <unknown>
[INFO] [stdout] 
[INFO] [stdout] ---- subprocess::mldsa::tests::malformed_randomness_mu_and_external_prehash_fail stdout ----
[INFO] [stdout] 
[INFO] [stdout] thread 'subprocess::mldsa::tests::malformed_randomness_mu_and_external_prehash_fail' (4809) panicked at src/subprocess/mldsa.rs:731:33:
[INFO] [stdout] failed to start mldsa_wrapper at "/opt/rustwide/target/release/build/katwalk/0119d0989ff8b3b6/out/mldsa_wrapper": Failed to spawn subprocess: "/opt/rustwide/target/release/build/katwalk/0119d0989ff8b3b6/out/mldsa_wrapper"
[INFO] [stdout] stack backtrace:
[INFO] [stdout]    0:     0x58773e00aa61 - <unknown>
[INFO] [stdout]    1:     0x58773e02103a - <unknown>
[INFO] [stdout]    2:     0x58773e00f2fc - <unknown>
[INFO] [stdout]    3:     0x58773dfe5ff6 - <unknown>
[INFO] [stdout]    4:     0x58773e002f79 - <unknown>
[INFO] [stdout]    5:     0x58773df948e0 - <unknown>
[INFO] [stdout]    6:     0x58773e003132 - <unknown>
[INFO] [stdout]    7:     0x58773dfe60a2 - <unknown>
[INFO] [stdout]    8:     0x58773dfde779 - <unknown>
[INFO] [stdout]    9:     0x58773dfe6dbd - <unknown>
[INFO] [stdout]   10:     0x58773e02176c - <unknown>
[INFO] [stdout]   11:     0x58773de2076a - <unknown>
[INFO] [stdout]   12:     0x58773de21e8f - <unknown>
[INFO] [stdout]   13:     0x58773de2505b - <unknown>
[INFO] [stdout]   14:     0x58773de2e4a9 - <unknown>
[INFO] [stdout]   15:     0x58773df87d2b - <unknown>
[INFO] [stdout]   16:     0x58773df94f05 - <unknown>
[INFO] [stdout]   17:     0x58773df8e7f4 - <unknown>
[INFO] [stdout]   18:     0x58773df97f92 - <unknown>
[INFO] [stdout]   19:     0x58773e00a2bf - <unknown>
[INFO] [stdout]   20:     0x7ca1b3f83dfa - <unknown>
[INFO] [stdout]   21:     0x7ca1b40173d4 - clone
[INFO] [stdout]   22:                0x0 - <unknown>
[INFO] [stdout] 
[INFO] [stdout] ---- subprocess::mldsa::tests::supplied_mu_takes_precedence_for_external_interface stdout ----
[INFO] [stdout] 
[INFO] [stdout] thread 'subprocess::mldsa::tests::supplied_mu_takes_precedence_for_external_interface' (4824) panicked at src/subprocess/mldsa.rs:731:33:
[INFO] [stdout] failed to start mldsa_wrapper at "/opt/rustwide/target/release/build/katwalk/0119d0989ff8b3b6/out/mldsa_wrapper": Failed to spawn subprocess: "/opt/rustwide/target/release/build/katwalk/0119d0989ff8b3b6/out/mldsa_wrapper"
[INFO] [stdout] stack backtrace:
[INFO] [stdout]    0:     0x58773e00aa61 - <unknown>
[INFO] [stdout]    1:     0x58773e02103a - <unknown>
[INFO] [stdout]    2:     0x58773e00f2fc - <unknown>
[INFO] [stdout]    3:     0x58773dfe5ff6 - <unknown>
[INFO] [stdout]    4:     0x58773e002f79 - <unknown>
[INFO] [stdout]    5:     0x58773df948e0 - <unknown>
[INFO] [stdout]    6:     0x58773e003132 - <unknown>
[INFO] [stdout]    7:     0x58773dfe60a2 - <unknown>
[INFO] [stdout]    8:     0x58773dfde779 - <unknown>
[INFO] [stdout]    9:     0x58773dfe6dbd - <unknown>
[INFO] [stdout]   10:     0x58773e02176c - <unknown>
[INFO] [stdout]   11:     0x58773de2076a - <unknown>
[INFO] [stdout]   12:     0x58773de21e8f - <unknown>
[INFO] [stdout]   13:     0x58773de2e4e1 - <unknown>
[INFO] [stdout]   14:     0x58773df87d2b - <unknown>
[INFO] [stdout]   15:     0x58773df94f05 - <unknown>
[INFO] [stdout]   16:     0x58773df8e7f4 - <unknown>
[INFO] [stdout]   17:     0x58773df97f92 - <unknown>
[INFO] [stdout]   18:     0x58773e00a2bf - <unknown>
[INFO] [stdout]   19:     0x7ca1b3f83dfa - <unknown>
[INFO] [stdout]   20:     0x7ca1b40173d4 - clone
[INFO] [stdout]   21:                0x0 - <unknown>
[INFO] [stdout] 
[INFO] [stdout] ---- subprocess::mlkem::tests::decapsulation_key_check_rejects_all_ff_bytes stdout ----
[INFO] [stdout] 
[INFO] [stdout] thread 'subprocess::mlkem::tests::decapsulation_key_check_rejects_all_ff_bytes' (4827) panicked at src/subprocess/mlkem.rs:307:33:
[INFO] [stdout] failed to start mlkem_wrapper at "/opt/rustwide/target/release/build/katwalk/0119d0989ff8b3b6/out/mlkem_wrapper": Failed to spawn subprocess: "/opt/rustwide/target/release/build/katwalk/0119d0989ff8b3b6/out/mlkem_wrapper"
[INFO] [stdout] stack backtrace:
[INFO] [stdout]    0:     0x58773e00aa61 - <unknown>
[INFO] [stdout]    1:     0x58773e02103a - <unknown>
[INFO] [stdout]    2:     0x58773e00f2fc - <unknown>
[INFO] [stdout]    3:     0x58773dfe5ff6 - <unknown>
[INFO] [stdout]    4:     0x58773e002f79 - <unknown>
[INFO] [stdout]    5:     0x58773df948e0 - <unknown>
[INFO] [stdout]    6:     0x58773e003132 - <unknown>
[INFO] [stdout]    7:     0x58773dfe60a2 - <unknown>
[INFO] [stdout]    8:     0x58773dfde779 - <unknown>
[INFO] [stdout]    9:     0x58773dfe6dbd - <unknown>
[INFO] [stdout]   10:     0x58773e02176c - <unknown>
[INFO] [stdout]   11:     0x58773de3640a - <unknown>
[INFO] [stdout]   12:     0x58773de3655f - <unknown>
[INFO] [stdout]   13:     0x58773de3d39a - <unknown>
[INFO] [stdout]   14:     0x58773df87d2b - <unknown>
[INFO] [stdout]   15:     0x58773df94f05 - <unknown>
[INFO] [stdout]   16:     0x58773df8e7f4 - <unknown>
[INFO] [stdout]   17:     0x58773df97f92 - <unknown>
[INFO] [stdout]   18:     0x58773e00a2bf - <unknown>
[INFO] [stdout]   19:     0x7ca1b3f83dfa - <unknown>
[INFO] [stdout]   20:     0x7ca1b40173d4 - clone
[INFO] [stdout]   21:                0x0 - <unknown>
[INFO] [stdout] 
[INFO] [stdout] ---- subprocess::hqckem::tests::unimplemented_parameter_set_is_reported_unsupported_not_fatal stdout ----
[INFO] [stdout] 
[INFO] [stdout] thread 'subprocess::hqckem::tests::unimplemented_parameter_set_is_reported_unsupported_not_fatal' (4792) panicked at src/subprocess/hqckem.rs:293:33:
[INFO] [stdout] failed to start hqckem_wrapper at "/opt/rustwide/target/release/build/katwalk/0119d0989ff8b3b6/out/hqckem_wrapper": Failed to spawn subprocess: "/opt/rustwide/target/release/build/katwalk/0119d0989ff8b3b6/out/hqckem_wrapper"
[INFO] [stdout] stack backtrace:
[INFO] [stdout]    0:     0x58773e00aa61 - <unknown>
[INFO] [stdout]    1:     0x58773e02103a - <unknown>
[INFO] [stdout]    2:     0x58773e00f2fc - <unknown>
[INFO] [stdout]    3:     0x58773dfe5ff6 - <unknown>
[INFO] [stdout]    4:     0x58773e002f79 - <unknown>
[INFO] [stdout]    5:     0x58773df948e0 - <unknown>
[INFO] [stdout]    6:     0x58773e003132 - <unknown>
[INFO] [stdout]    7:     0x58773dfe60a2 - <unknown>
[INFO] [stdout]    8:     0x58773dfde779 - <unknown>
[INFO] [stdout]    9:     0x58773dfe6dbd - <unknown>
[INFO] [stdout]   10:     0x58773e02176c - <unknown>
[INFO] [stdout]   11:     0x58773de4bb1a - <unknown>
[INFO] [stdout]   12:     0x58773de4bc6f - <unknown>
[INFO] [stdout]   13:     0x58773de55fd7 - <unknown>
[INFO] [stdout]   14:     0x58773df87d2b - <unknown>
[INFO] [stdout]   15:     0x58773df94f05 - <unknown>
[INFO] [stdout]   16:     0x58773df8e7f4 - <unknown>
[INFO] [stdout]   17:     0x58773df97f92 - <unknown>
[INFO] [stdout]   18:     0x58773e00a2bf - <unknown>
[INFO] [stdout]   19:     0x7ca1b3f83dfa - <unknown>
[INFO] [stdout]   20:     0x7ca1b40173d4 - clone
[INFO] [stdout]   21:                0x0 - <unknown>
[INFO] [stdout] 
[INFO] [stdout] ---- subprocess::mlkem::tests::decapsulation_key_check_accepts_valid_dk stdout ----
[INFO] [stdout] 
[INFO] [stdout] thread 'subprocess::mlkem::tests::decapsulation_key_check_accepts_valid_dk' (4826) panicked at src/subprocess/mlkem.rs:307:33:
[INFO] [stdout] failed to start mlkem_wrapper at "/opt/rustwide/target/release/build/katwalk/0119d0989ff8b3b6/out/mlkem_wrapper": Failed to spawn subprocess: "/opt/rustwide/target/release/build/katwalk/0119d0989ff8b3b6/out/mlkem_wrapper"
[INFO] [stdout] stack backtrace:
[INFO] [stdout]    0:     0x58773e00aa61 - <unknown>
[INFO] [stdout]    1:     0x58773e02103a - <unknown>
[INFO] [stdout]    2:     0x58773e00f2fc - <unknown>
[INFO] [stdout]    3:     0x58773dfe5ff6 - <unknown>
[INFO] [stdout]    4:     0x58773e002f79 - <unknown>
[INFO] [stdout]    5:     0x58773df948e0 - <unknown>
[INFO] [stdout]    6:     0x58773e003132 - <unknown>
[INFO] [stdout]    7:     0x58773dfe60a2 - <unknown>
[INFO] [stdout]    8:     0x58773dfde779 - <unknown>
[INFO] [stdout]    9:     0x58773dfe6dbd - <unknown>
[INFO] [stdout]   10:     0x58773e02176c - <unknown>
[INFO] [stdout]   11:     0x58773de3640a - <unknown>
[INFO] [stdout]   12:     0x58773de3655f - <unknown>
[INFO] [stdout]   13:     0x58773de3aaee - <unknown>
[INFO] [stdout]   14:     0x58773df87d2b - <unknown>
[INFO] [stdout]   15:     0x58773df94f05 - <unknown>
[INFO] [stdout]   16:     0x58773df8e7f4 - <unknown>
[INFO] [stdout]   17:     0x58773df97f92 - <unknown>
[INFO] [stdout]   18:     0x58773e00a2bf - <unknown>
[INFO] [stdout]   19:     0x7ca1b3f83dfa - <unknown>
[INFO] [stdout]   20:     0x7ca1b40173d4 - clone
[INFO] [stdout]   21:                0x0 - <unknown>
[INFO] [stdout] 
[INFO] [stdout] ---- subprocess::mlkem::tests::encapsulation_key_check_rejects_wrong_length stdout ----
[INFO] [stdout] 
[INFO] [stdout] thread 'subprocess::mlkem::tests::encapsulation_key_check_rejects_wrong_length' (4833) panicked at src/subprocess/mlkem.rs:307:33:
[INFO] [stdout] failed to start mlkem_wrapper at "/opt/rustwide/target/release/build/katwalk/0119d0989ff8b3b6/out/mlkem_wrapper": Failed to spawn subprocess: "/opt/rustwide/target/release/build/katwalk/0119d0989ff8b3b6/out/mlkem_wrapper"
[INFO] [stdout] stack backtrace:
[INFO] [stdout]    0:     0x58773e00aa61 - <unknown>
[INFO] [stdout]    1:     0x58773e02103a - <unknown>
[INFO] [stdout]    2:     0x58773e00f2fc - <unknown>
[INFO] [stdout]    3:     0x58773dfe5ff6 - <unknown>
[INFO] [stdout]    4:     0x58773e002f79 - <unknown>
[INFO] [stdout]    5:     0x58773df948e0 - <unknown>
[INFO] [stdout]    6:     0x58773e003132 - <unknown>
[INFO] [stdout]    7:     0x58773dfe60a2 - <unknown>
[INFO] [stdout]    8:     0x58773dfde779 - <unknown>
[INFO] [stdout]    9:     0x58773dfe6dbd - <unknown>
[INFO] [stdout]   10:     0x58773e02176c - <unknown>
[INFO] [stdout]   11:     0x58773de3640a - <unknown>
[INFO] [stdout]   12:     0x58773de3655f - <unknown>
[INFO] [stdout]   13:     0x58773de3ee38 - <unknown>
[INFO] [stdout]   14:     0x58773df87d2b - <unknown>
[INFO] [stdout]   15:     0x58773df94f05 - <unknown>
[INFO] [stdout]   16:     0x58773df8e7f4 - <unknown>
[INFO] [stdout]   17:     0x58773df97f92 - <unknown>
[INFO] [stdout]   18:     0x58773e00a2bf - <unknown>
[INFO] [stdout]   19:     0x7ca1b3f83dfa - <unknown>
[INFO] [stdout]   20:     0x7ca1b40173d4 - clone
[INFO] [stdout]   21:                0x0 - <unknown>
[INFO] [stdout] 
[INFO] [stdout] ---- subprocess::mlkem::tests::keygen_produces_expected_keys stdout ----
[INFO] [stdout] 
[INFO] [stdout] thread 'subprocess::mlkem::tests::keygen_produces_expected_keys' (4837) panicked at src/subprocess/mlkem.rs:307:33:
[INFO] [stdout] failed to start mlkem_wrapper at "/opt/rustwide/target/release/build/katwalk/0119d0989ff8b3b6/out/mlkem_wrapper": Failed to spawn subprocess: "/opt/rustwide/target/release/build/katwalk/0119d0989ff8b3b6/out/mlkem_wrapper"
[INFO] [stdout] stack backtrace:
[INFO] [stdout]    0:     0x58773e00aa61 - <unknown>
[INFO] [stdout]    1:     0x58773e02103a - <unknown>
[INFO] [stdout]    2:     0x58773e00f2fc - <unknown>
[INFO] [stdout]    3:     0x58773dfe5ff6 - <unknown>
[INFO] [stdout]    4:     0x58773e002f79 - <unknown>
[INFO] [stdout]    5:     0x58773df948e0 - <unknown>
[INFO] [stdout]    6:     0x58773e003132 - <unknown>
[INFO] [stdout]    7:     0x58773dfe60a2 - <unknown>
[INFO] [stdout]    8:     0x58773dfde779 - <unknown>
[INFO] [stdout]    9:     0x58773dfe6dbd - <unknown>
[INFO] [stdout]   10:     0x58773e02176c - <unknown>
[INFO] [stdout]   11:     0x58773de3640a - <unknown>
[INFO] [stdout]   12:     0x58773de3655f - <unknown>
[INFO] [stdout]   13:     0x58773de386a9 - <unknown>
[INFO] [stdout]   14:     0x58773df87d2b - <unknown>
[INFO] [stdout]   15:     0x58773df94f05 - <unknown>
[INFO] [stdout]   16:     0x58773df8e7f4 - <unknown>
[INFO] [stdout]   17:     0x58773df97f92 - <unknown>
[INFO] [stdout]   18:     0x58773e00a2bf - <unknown>
[INFO] [stdout]   19:     0x7ca1b3f83dfa - <unknown>
[INFO] [stdout]   20:     0x7ca1b40173d4 - clone
[INFO] [stdout]   21:                0x0 - <unknown>
[INFO] [stdout] 
[INFO] [stdout] ---- subprocess::mlkem::tests::missing_mode_field_returns_error stdout ----
[INFO] [stdout] 
[INFO] [stdout] thread 'subprocess::mlkem::tests::missing_mode_field_returns_error' (4842) panicked at src/subprocess/mlkem.rs:307:33:
[INFO] [stdout] failed to start mlkem_wrapper at "/opt/rustwide/target/release/build/katwalk/0119d0989ff8b3b6/out/mlkem_wrapper": Failed to spawn subprocess: "/opt/rustwide/target/release/build/katwalk/0119d0989ff8b3b6/out/mlkem_wrapper"
[INFO] [stdout] stack backtrace:
[INFO] [stdout]    0:     0x58773e00aa61 - <unknown>
[INFO] [stdout]    1:     0x58773e02103a - <unknown>
[INFO] [stdout]    2:     0x58773e00f2fc - <unknown>
[INFO] [stdout]    3:     0x58773dfe5ff6 - <unknown>
[INFO] [stdout]    4:     0x58773e002f79 - <unknown>
[INFO] [stdout]    5:     0x58773df948e0 - <unknown>
[INFO] [stdout]    6:     0x58773e003132 - <unknown>
[INFO] [stdout]    7:     0x58773dfe60a2 - <unknown>
[INFO] [stdout]    8:     0x58773dfde779 - <unknown>
[INFO] [stdout]    9:     0x58773dfe6dbd - <unknown>
[INFO] [stdout]   10:     0x58773e02176c - <unknown>
[INFO] [stdout]   11:     0x58773de3640a - <unknown>
[INFO] [stdout]   12:     0x58773de3655f - <unknown>
[INFO] [stdout]   13:     0x58773de38f86 - <unknown>
[INFO] [stdout]   14:     0x58773df87d2b - <unknown>
[INFO] [stdout]   15:     0x58773df94f05 - <unknown>
[INFO] [stdout]   16:     0x58773df8e7f4 - <unknown>
[INFO] [stdout]   17:     0x58773df97f92 - <unknown>
[INFO] [stdout]   18:     0x58773e00a2bf - <unknown>
[INFO] [stdout]   19:     0x7ca1b3f83dfa - <unknown>
[INFO] [stdout]   20:     0x7ca1b40173d4 - clone
[INFO] [stdout]   21:                0x0 - <unknown>
[INFO] [stdout] 
[INFO] [stdout] ---- subprocess::mlkem::tests::multiple_test_groups_processed_independently stdout ----
[INFO] [stdout] 
[INFO] [stdout] thread 'subprocess::mlkem::tests::multiple_test_groups_processed_independently' (4844) panicked at src/subprocess/mlkem.rs:307:33:
[INFO] [stdout] failed to start mlkem_wrapper at "/opt/rustwide/target/release/build/katwalk/0119d0989ff8b3b6/out/mlkem_wrapper": Failed to spawn subprocess: "/opt/rustwide/target/release/build/katwalk/0119d0989ff8b3b6/out/mlkem_wrapper"
[INFO] [stdout] stack backtrace:
[INFO] [stdout]    0:     0x58773e00aa61 - <unknown>
[INFO] [stdout]    1:     0x58773e02103a - <unknown>
[INFO] [stdout]    2:     0x58773e00f2fc - <unknown>
[INFO] [stdout]    3:     0x58773dfe5ff6 - <unknown>
[INFO] [stdout]    4:     0x58773e002f79 - <unknown>
[INFO] [stdout]    5:     0x58773df948e0 - <unknown>
[INFO] [stdout]    6:     0x58773e003132 - <unknown>
[INFO] [stdout]    7:     0x58773dfe60a2 - <unknown>
[INFO] [stdout]    8:     0x58773dfde779 - <unknown>
[INFO] [stdout]    9:     0x58773dfe6dbd - <unknown>
[INFO] [stdout]   10:     0x58773e02176c - <unknown>
[INFO] [stdout]   11:     0x58773de3640a - <unknown>
[INFO] [stdout]   12:     0x58773de3655f - <unknown>
[INFO] [stdout]   13:     0x58773de400df - <unknown>
[INFO] [stdout]   14:     0x58773df87d2b - <unknown>
[INFO] [stdout]   15:     0x58773df94f05 - <unknown>
[INFO] [stdout]   16:     0x58773df8e7f4 - <unknown>
[INFO] [stdout]   17:     0x58773df97f92 - <unknown>
[INFO] [stdout]   18:     0x58773e00a2bf - <unknown>
[INFO] [stdout]   19:     0x7ca1b3f83dfa - <unknown>
[INFO] [stdout]   20:     0x7ca1b40173d4 - clone
[INFO] [stdout]   21:                0x0 - <unknown>
[INFO] [stdout] 
[INFO] [stdout] ---- subprocess::mlkem::tests::encapsulation_key_check_rejects_all_ff_bytes stdout ----
[INFO] [stdout] 
[INFO] [stdout] thread 'subprocess::mlkem::tests::encapsulation_key_check_rejects_all_ff_bytes' (4832) panicked at src/subprocess/mlkem.rs:307:33:
[INFO] [stdout] failed to start mlkem_wrapper at "/opt/rustwide/target/release/build/katwalk/0119d0989ff8b3b6/out/mlkem_wrapper": Failed to spawn subprocess: "/opt/rustwide/target/release/build/katwalk/0119d0989ff8b3b6/out/mlkem_wrapper"
[INFO] [stdout] stack backtrace:
[INFO] [stdout]    0:     0x58773e00aa61 - <unknown>
[INFO] [stdout]    1:     0x58773e02103a - <unknown>
[INFO] [stdout]    2:     0x58773e00f2fc - <unknown>
[INFO] [stdout]    3:     0x58773dfe5ff6 - <unknown>
[INFO] [stdout]    4:     0x58773e002f79 - <unknown>
[INFO] [stdout]    5:     0x58773df948e0 - <unknown>
[INFO] [stdout]    6:     0x58773e003132 - <unknown>
[INFO] [stdout]    7:     0x58773dfe60a2 - <unknown>
[INFO] [stdout]    8:     0x58773dfde779 - <unknown>
[INFO] [stdout]    9:     0x58773dfe6dbd - <unknown>
[INFO] [stdout]   10:     0x58773e02176c - <unknown>
[INFO] [stdout]   11:     0x58773de3640a - <unknown>
[INFO] [stdout]   12:     0x58773de3655f - <unknown>
[INFO] [stdout]   13:     0x58773de3e0e8 - <unknown>
[INFO] [stdout]   14:     0x58773df87d2b - <unknown>
[INFO] [stdout]   15:     0x58773df94f05 - <unknown>
[INFO] [stdout]   16:     0x58773df8e7f4 - <unknown>
[INFO] [stdout]   17:     0x58773df97f92 - <unknown>
[INFO] [stdout]   18:     0x58773e00a2bf - <unknown>
[INFO] [stdout]   19:     0x7ca1b3f83dfa - <unknown>
[INFO] [stdout]   20:     0x7ca1b40173d4 - clone
[INFO] [stdout]   21:                0x0 - <unknown>
[INFO] [stdout] 
[INFO] [stdout] ---- subprocess::mlkem::tests::missing_function_field_in_encapdecap_returns_error stdout ----
[INFO] [stdout] 
[INFO] [stdout] thread 'subprocess::mlkem::tests::missing_function_field_in_encapdecap_returns_error' (4841) panicked at src/subprocess/mlkem.rs:307:33:
[INFO] [stdout] failed to start mlkem_wrapper at "/opt/rustwide/target/release/build/katwalk/0119d0989ff8b3b6/out/mlkem_wrapper": Failed to spawn subprocess: "/opt/rustwide/target/release/build/katwalk/0119d0989ff8b3b6/out/mlkem_wrapper"
[INFO] [stdout] stack backtrace:
[INFO] [stdout]    0:     0x58773e00aa61 - <unknown>
[INFO] [stdout]    1:     0x58773e02103a - <unknown>
[INFO] [stdout]    2:     0x58773e00f2fc - <unknown>
[INFO] [stdout]    3:     0x58773dfe5ff6 - <unknown>
[INFO] [stdout]    4:     0x58773e002f79 - <unknown>
[INFO] [stdout]    5:     0x58773df948e0 - <unknown>
[INFO] [stdout]    6:     0x58773e003132 - <unknown>
[INFO] [stdout]    7:     0x58773dfe60a2 - <unknown>
[INFO] [stdout]    8:     0x58773dfde779 - <unknown>
[INFO] [stdout]    9:     0x58773dfe6dbd - <unknown>
[INFO] [stdout]   10:     0x58773e02176c - <unknown>
[INFO] [stdout]   11:     0x58773de3640a - <unknown>
[INFO] [stdout]   12:     0x58773de3655f - <unknown>
[INFO] [stdout]   13:     0x58773de41afd - <unknown>
[INFO] [stdout]   14:     0x58773df87d2b - <unknown>
[INFO] [stdout]   15:     0x58773df94f05 - <unknown>
[INFO] [stdout]   16:     0x58773df8e7f4 - <unknown>
[INFO] [stdout]   17:     0x58773df97f92 - <unknown>
[INFO] [stdout]   18:     0x58773e00a2bf - <unknown>
[INFO] [stdout]   19:     0x7ca1b3f83dfa - <unknown>
[INFO] [stdout]   20:     0x7ca1b40173d4 - clone
[INFO] [stdout]   21:                0x0 - <unknown>
[INFO] [stdout] 
[INFO] [stdout] ---- subprocess::mlkem::tests::decapsulation_recovers_shared_secret stdout ----
[INFO] [stdout] 
[INFO] [stdout] thread 'subprocess::mlkem::tests::decapsulation_recovers_shared_secret' (4828) panicked at src/subprocess/mlkem.rs:307:33:
[INFO] [stdout] failed to start mlkem_wrapper at "/opt/rustwide/target/release/build/katwalk/0119d0989ff8b3b6/out/mlkem_wrapper": Failed to spawn subprocess: "/opt/rustwide/target/release/build/katwalk/0119d0989ff8b3b6/out/mlkem_wrapper"
[INFO] [stdout] stack backtrace:
[INFO] [stdout]    0:     0x58773e00aa61 - <unknown>
[INFO] [stdout]    1:     0x58773e02103a - <unknown>
[INFO] [stdout]    2:     0x58773e00f2fc - <unknown>
[INFO] [stdout]    3:     0x58773dfe5ff6 - <unknown>
[INFO] [stdout]    4:     0x58773e002f79 - <unknown>
[INFO] [stdout]    5:     0x58773df948e0 - <unknown>
[INFO] [stdout]    6:     0x58773e003132 - <unknown>
[INFO] [stdout]    7:     0x58773dfe60a2 - <unknown>
[INFO] [stdout]    8:     0x58773dfde779 - <unknown>
[INFO] [stdout]    9:     0x58773dfe6dbd - <unknown>
[INFO] [stdout]   10:     0x58773e02176c - <unknown>
[INFO] [stdout]   11:     0x58773de3640a - <unknown>
[INFO] [stdout]   12:     0x58773de3655f - <unknown>
[INFO] [stdout]   13:     0x58773de3a68b - <unknown>
[INFO] [stdout]   14:     0x58773df87d2b - <unknown>
[INFO] [stdout]   15:     0x58773df94f05 - <unknown>
[INFO] [stdout]   16:     0x58773df8e7f4 - <unknown>
[INFO] [stdout]   17:     0x58773df97f92 - <unknown>
[INFO] [stdout]   18:     0x58773e00a2bf - <unknown>
[INFO] [stdout]   19:     0x7ca1b3f83dfa - <unknown>
[INFO] [stdout]   20:     0x7ca1b40173d4 - clone
[INFO] [stdout]   21:                0x0 - <unknown>
[INFO] [stdout] 
[INFO] [stdout] ---- subprocess::mlkem::tests::invalid_hex_in_seed_returns_error stdout ----
[INFO] [stdout] 
[INFO] [stdout] thread 'subprocess::mlkem::tests::invalid_hex_in_seed_returns_error' (4836) panicked at src/subprocess/mlkem.rs:307:33:
[INFO] [stdout] failed to start mlkem_wrapper at "/opt/rustwide/target/release/build/katwalk/0119d0989ff8b3b6/out/mlkem_wrapper": Failed to spawn subprocess: "/opt/rustwide/target/release/build/katwalk/0119d0989ff8b3b6/out/mlkem_wrapper"
[INFO] [stdout] stack backtrace:
[INFO] [stdout]    0:     0x58773e00aa61 - <unknown>
[INFO] [stdout]    1:     0x58773e02103a - <unknown>
[INFO] [stdout]    2:     0x58773e00f2fc - <unknown>
[INFO] [stdout]    3:     0x58773dfe5ff6 - <unknown>
[INFO] [stdout]    4:     0x58773e002f79 - <unknown>
[INFO] [stdout]    5:     0x58773df948e0 - <unknown>
[INFO] [stdout]    6:     0x58773e003132 - <unknown>
[INFO] [stdout]    7:     0x58773dfe60a2 - <unknown>
[INFO] [stdout]    8:     0x58773dfde779 - <unknown>
[INFO] [stdout]    9:     0x58773dfe6dbd - <unknown>
[INFO] [stdout]   10:     0x58773e02176c - <unknown>
[INFO] [stdout]   11:     0x58773de3640a - <unknown>
[INFO] [stdout]   12:     0x58773de3655f - <unknown>
[INFO] [stdout]   13:     0x58773de399d1 - <unknown>
[INFO] [stdout]   14:     0x58773df87d2b - <unknown>
[INFO] [stdout]   15:     0x58773df94f05 - <unknown>
[INFO] [stdout]   16:     0x58773df8e7f4 - <unknown>
[INFO] [stdout]   17:     0x58773df97f92 - <unknown>
[INFO] [stdout]   18:     0x58773e00a2bf - <unknown>
[INFO] [stdout]   19:     0x7ca1b3f83dfa - <unknown>
[INFO] [stdout]   20:     0x7ca1b40173d4 - clone
[INFO] [stdout]   21:                0x0 - <unknown>
[INFO] [stdout] 
[INFO] [stdout] ---- subprocess::mlkem::tests::keygen_response_contains_required_fields stdout ----
[INFO] [stdout] 
[INFO] [stdout] thread 'subprocess::mlkem::tests::keygen_response_contains_required_fields' (4840) panicked at src/subprocess/mlkem.rs:307:33:
[INFO] [stdout] failed to start mlkem_wrapper at "/opt/rustwide/target/release/build/katwalk/0119d0989ff8b3b6/out/mlkem_wrapper": Failed to spawn subprocess: "/opt/rustwide/target/release/build/katwalk/0119d0989ff8b3b6/out/mlkem_wrapper"
[INFO] [stdout] stack backtrace:
[INFO] [stdout]    0:     0x58773e00aa61 - <unknown>
[INFO] [stdout]    1:     0x58773e02103a - <unknown>
[INFO] [stdout]    2:     0x58773e00f2fc - <unknown>
[INFO] [stdout]    3:     0x58773dfe5ff6 - <unknown>
[INFO] [stdout]    4:     0x58773e002f79 - <unknown>
[INFO] [stdout]    5:     0x58773df948e0 - <unknown>
[INFO] [stdout]    6:     0x58773e003132 - <unknown>
[INFO] [stdout]    7:     0x58773dfe60a2 - <unknown>
[INFO] [stdout]    8:     0x58773dfde779 - <unknown>
[INFO] [stdout]    9:     0x58773dfe6dbd - <unknown>
[INFO] [stdout]   10:     0x58773e02176c - <unknown>
[INFO] [stdout]   11:     0x58773de3640a - <unknown>
[INFO] [stdout]   12:     0x58773de3655f - <unknown>
[INFO] [stdout]   13:     0x58773de3c609 - <unknown>
[INFO] [stdout]   14:     0x58773df87d2b - <unknown>
[INFO] [stdout]   15:     0x58773df94f05 - <unknown>
[INFO] [stdout]   16:     0x58773df8e7f4 - <unknown>
[INFO] [stdout]   17:     0x58773df97f92 - <unknown>
[INFO] [stdout]   18:     0x58773e00a2bf - <unknown>
[INFO] [stdout]   19:     0x7ca1b3f83dfa - <unknown>
[INFO] [stdout]   20:     0x7ca1b40173d4 - clone
[INFO] [stdout]   21:                0x0 - <unknown>
[INFO] [stdout] 
[INFO] [stdout] ---- subprocess::mlkem::tests::unknown_mode_returns_error stdout ----
[INFO] [stdout] 
[INFO] [stdout] thread 'subprocess::mlkem::tests::unknown_mode_returns_error' (4847) panicked at src/subprocess/mlkem.rs:307:33:
[INFO] [stdout] failed to start mlkem_wrapper at "/opt/rustwide/target/release/build/katwalk/0119d0989ff8b3b6/out/mlkem_wrapper": Failed to spawn subprocess: "/opt/rustwide/target/release/build/katwalk/0119d0989ff8b3b6/out/mlkem_wrapper"
[INFO] [stdout] stack backtrace:
[INFO] [stdout]    0:     0x58773e00aa61 - <unknown>
[INFO] [stdout]    1:     0x58773e02103a - <unknown>
[INFO] [stdout]    2:     0x58773e00f2fc - <unknown>
[INFO] [stdout]    3:     0x58773dfe5ff6 - <unknown>
[INFO] [stdout]    4:     0x58773e002f79 - <unknown>
[INFO] [stdout]    5:     0x58773df948e0 - <unknown>
[INFO] [stdout]    6:     0x58773e003132 - <unknown>
[INFO] [stdout]    7:     0x58773dfe60a2 - <unknown>
[INFO] [stdout]    8:     0x58773dfde779 - <unknown>
[INFO] [stdout]    9:     0x58773dfe6dbd - <unknown>
[INFO] [stdout]   10:     0x58773e02176c - <unknown>
[INFO] [stdout]   11:     0x58773de3640a - <unknown>
[INFO] [stdout]   12:     0x58773de3655f - <unknown>
[INFO] [stdout]   13:     0x58773de379b9 - <unknown>
[INFO] [stdout]   14:     0x58773df87d2b - <unknown>
[INFO] [stdout]   15:     0x58773df94f05 - <unknown>
[INFO] [stdout]   16:     0x58773df8e7f4 - <unknown>
[INFO] [stdout]   17:     0x58773df97f92 - <unknown>
[INFO] [stdout]   18:     0x58773e00a2bf - <unknown>
[INFO] [stdout]   19:     0x7ca1b3f83dfa - <unknown>
[INFO] [stdout]   20:     0x7ca1b40173d4 - clone
[INFO] [stdout]   21:                0x0 - <unknown>
[INFO] [stdout] 
[INFO] [stdout] ---- subprocess::mlkem::tests::encapsulation_key_check_accepts_valid_ek stdout ----
[INFO] [stdout] 
[INFO] [stdout] thread 'subprocess::mlkem::tests::encapsulation_key_check_accepts_valid_ek' (4829) panicked at src/subprocess/mlkem.rs:307:33:
[INFO] [stdout] failed to start mlkem_wrapper at "/opt/rustwide/target/release/build/katwalk/0119d0989ff8b3b6/out/mlkem_wrapper": Failed to spawn subprocess: "/opt/rustwide/target/release/build/katwalk/0119d0989ff8b3b6/out/mlkem_wrapper"
[INFO] [stdout] stack backtrace:
[INFO] [stdout]    0:     0x58773e00aa61 - <unknown>
[INFO] [stdout]    1:     0x58773e02103a - <unknown>
[INFO] [stdout]    2:     0x58773e00f2fc - <unknown>
[INFO] [stdout]    3:     0x58773dfe5ff6 - <unknown>
[INFO] [stdout]    4:     0x58773e002f79 - <unknown>
[INFO] [stdout]    5:     0x58773df948e0 - <unknown>
[INFO] [stdout]    6:     0x58773e003132 - <unknown>
[INFO] [stdout]    7:     0x58773dfe60a2 - <unknown>
[INFO] [stdout]    8:     0x58773dfde779 - <unknown>
[INFO] [stdout]    9:     0x58773dfe6dbd - <unknown>
[INFO] [stdout]   10:     0x58773e02176c - <unknown>
[INFO] [stdout]   11:     0x58773de3640a - <unknown>
[INFO] [stdout]   12:     0x58773de3655f - <unknown>
[INFO] [stdout]   13:     0x58773de3c26f - <unknown>
[INFO] [stdout]   14:     0x58773df87d2b - <unknown>
[INFO] [stdout]   15:     0x58773df94f05 - <unknown>
[INFO] [stdout]   16:     0x58773df8e7f4 - <unknown>
[INFO] [stdout]   17:     0x58773df97f92 - <unknown>
[INFO] [stdout]   18:     0x58773e00a2bf - <unknown>
[INFO] [stdout]   19:     0x7ca1b3f83dfa - <unknown>
[INFO] [stdout]   20:     0x7ca1b40173d4 - clone
[INFO] [stdout]   21:                0x0 - <unknown>
[INFO] [stdout] 
[INFO] [stdout] ---- subprocess::mlkem::tests::missing_seed_z_returns_error stdout ----
[INFO] [stdout] 
[INFO] [stdout] thread 'subprocess::mlkem::tests::missing_seed_z_returns_error' (4843) panicked at src/subprocess/mlkem.rs:307:33:
[INFO] [stdout] failed to start mlkem_wrapper at "/opt/rustwide/target/release/build/katwalk/0119d0989ff8b3b6/out/mlkem_wrapper": Failed to spawn subprocess: "/opt/rustwide/target/release/build/katwalk/0119d0989ff8b3b6/out/mlkem_wrapper"
[INFO] [stdout] stack backtrace:
[INFO] [stdout]    0:     0x58773e00aa61 - <unknown>
[INFO] [stdout]    1:     0x58773e02103a - <unknown>
[INFO] [stdout]    2:     0x58773e00f2fc - <unknown>
[INFO] [stdout]    3:     0x58773dfe5ff6 - <unknown>
[INFO] [stdout]    4:     0x58773e002f79 - <unknown>
[INFO] [stdout]    5:     0x58773df948e0 - <unknown>
[INFO] [stdout]    6:     0x58773e003132 - <unknown>
[INFO] [stdout]    7:     0x58773dfe60a2 - <unknown>
[INFO] [stdout]    8:     0x58773dfde779 - <unknown>
[INFO] [stdout]    9:     0x58773dfe6dbd - <unknown>
[INFO] [stdout]   10:     0x58773e02176c - <unknown>
[INFO] [stdout]   11:     0x58773de3640a - <unknown>
[INFO] [stdout]   12:     0x58773de3655f - <unknown>
[INFO] [stdout]   13:     0x58773de38427 - <unknown>
[INFO] [stdout]   14:     0x58773df87d2b - <unknown>
[INFO] [stdout]   15:     0x58773df94f05 - <unknown>
[INFO] [stdout]   16:     0x58773df8e7f4 - <unknown>
[INFO] [stdout]   17:     0x58773df97f92 - <unknown>
[INFO] [stdout]   18:     0x58773e00a2bf - <unknown>
[INFO] [stdout]   19:     0x7ca1b3f83dfa - <unknown>
[INFO] [stdout]   20:     0x7ca1b40173d4 - clone
[INFO] [stdout]   21:                0x0 - <unknown>
[INFO] [stdout] 
[INFO] [stdout] ---- subprocess::mlkem::tests::unknown_function_in_encapdecap_returns_error stdout ----
[INFO] [stdout] 
[INFO] [stdout] thread 'subprocess::mlkem::tests::unknown_function_in_encapdecap_returns_error' (4845) panicked at src/subprocess/mlkem.rs:307:33:
[INFO] [stdout] failed to start mlkem_wrapper at "/opt/rustwide/target/release/build/katwalk/0119d0989ff8b3b6/out/mlkem_wrapper": Failed to spawn subprocess: "/opt/rustwide/target/release/build/katwalk/0119d0989ff8b3b6/out/mlkem_wrapper"
[INFO] [stdout] stack backtrace:
[INFO] [stdout]    0:     0x58773e00aa61 - <unknown>
[INFO] [stdout]    1:     0x58773e02103a - <unknown>
[INFO] [stdout]    2:     0x58773e00f2fc - <unknown>
[INFO] [stdout]    3:     0x58773dfe5ff6 - <unknown>
[INFO] [stdout]    4:     0x58773e002f79 - <unknown>
[INFO] [stdout]    5:     0x58773df948e0 - <unknown>
[INFO] [stdout]    6:     0x58773e003132 - <unknown>
[INFO] [stdout]    7:     0x58773dfe60a2 - <unknown>
[INFO] [stdout]    8:     0x58773dfde779 - <unknown>
[INFO] [stdout]    9:     0x58773dfe6dbd - <unknown>
[INFO] [stdout]   10:     0x58773e02176c - <unknown>
[INFO] [stdout]   11:     0x58773de3640a - <unknown>
[INFO] [stdout]   12:     0x58773de3655f - <unknown>
[INFO] [stdout]   13:     0x58773de41083 - <unknown>
[INFO] [stdout]   14:     0x58773df87d2b - <unknown>
[INFO] [stdout]   15:     0x58773df94f05 - <unknown>
[INFO] [stdout]   16:     0x58773df8e7f4 - <unknown>
[INFO] [stdout]   17:     0x58773df97f92 - <unknown>
[INFO] [stdout]   18:     0x58773e00a2bf - <unknown>
[INFO] [stdout]   19:     0x7ca1b3f83dfa - <unknown>
[INFO] [stdout]   20:     0x7ca1b40173d4 - clone
[INFO] [stdout]   21:                0x0 - <unknown>
[INFO] [stdout] 
[INFO] [stdout] ---- subprocess::hqckem::tests::decapsulation_recovers_shared_secret_hqc_192 stdout ----
[INFO] [stdout] 
[INFO] [stdout] thread 'subprocess::hqckem::tests::decapsulation_recovers_shared_secret_hqc_192' (4779) panicked at src/subprocess/hqckem.rs:293:33:
[INFO] [stdout] failed to start hqckem_wrapper at "/opt/rustwide/target/release/build/katwalk/0119d0989ff8b3b6/out/hqckem_wrapper": Failed to spawn subprocess: "/opt/rustwide/target/release/build/katwalk/0119d0989ff8b3b6/out/hqckem_wrapper"
[INFO] [stdout] stack backtrace:
[INFO] [stdout]    0:     0x58773e00aa61 - <unknown>
[INFO] [stdout]    1:     0x58773e02103a - <unknown>
[INFO] [stdout]    2:     0x58773e00f2fc - <unknown>
[INFO] [stdout]    3:     0x58773dfe5ff6 - <unknown>
[INFO] [stdout]    4:     0x58773e002f79 - <unknown>
[INFO] [stdout]    5:     0x58773df948e0 - <unknown>
[INFO] [stdout]    6:     0x58773e003132 - <unknown>
[INFO] [stdout]    7:     0x58773dfe60a2 - <unknown>
[INFO] [stdout]    8:     0x58773dfde779 - <unknown>
[INFO] [stdout]    9:     0x58773dfe6dbd - <unknown>
[INFO] [stdout]   10:     0x58773e02176c - <unknown>
[INFO] [stdout]   11:     0x58773de4bb1a - <unknown>
[INFO] [stdout]   12:     0x58773de4bc6f - <unknown>
[INFO] [stdout]   13:     0x58773de521a9 - <unknown>
[INFO] [stdout]   14:     0x58773df87d2b - <unknown>
[INFO] [stdout]   15:     0x58773df94f05 - <unknown>
[INFO] [stdout]   16:     0x58773df8e7f4 - <unknown>
[INFO] [stdout]   17:     0x58773df97f92 - <unknown>
[INFO] [stdout]   18:     0x58773e00a2bf - <unknown>
[INFO] [stdout]   19:     0x7ca1b3f83dfa - <unknown>
[INFO] [stdout]   20:     0x7ca1b40173d4 - clone
[INFO] [stdout]   21:                0x0 - <unknown>
[INFO] [stdout] 
[INFO] [stdout] ---- subprocess::mlkem::tests::encapsulation_produces_expected_ct_and_shared_secret stdout ----
[INFO] [stdout] 
[INFO] [stdout] thread 'subprocess::mlkem::tests::encapsulation_produces_expected_ct_and_shared_secret' (4834) panicked at src/subprocess/mlkem.rs:307:33:
[INFO] [stdout] failed to start mlkem_wrapper at "/opt/rustwide/target/release/build/katwalk/0119d0989ff8b3b6/out/mlkem_wrapper": Failed to spawn subprocess: "/opt/rustwide/target/release/build/katwalk/0119d0989ff8b3b6/out/mlkem_wrapper"
[INFO] [stdout] stack backtrace:
[INFO] [stdout]    0:     0x58773e00aa61 - <unknown>
[INFO] [stdout]    1:     0x58773e02103a - <unknown>
[INFO] [stdout]    2:     0x58773e00f2fc - <unknown>
[INFO] [stdout]    3:     0x58773dfe5ff6 - <unknown>
[INFO] [stdout]    4:     0x58773e002f79 - <unknown>
[INFO] [stdout]    5:     0x58773df948e0 - <unknown>
[INFO] [stdout]    6:     0x58773e003132 - <unknown>
[INFO] [stdout]    7:     0x58773dfe60a2 - <unknown>
[INFO] [stdout]    8:     0x58773dfde779 - <unknown>
[INFO] [stdout]    9:     0x58773dfe6dbd - <unknown>
[INFO] [stdout]   10:     0x58773e02176c - <unknown>
[INFO] [stdout]   11:     0x58773de3640a - <unknown>
[INFO] [stdout]   12:     0x58773de3655f - <unknown>
[INFO] [stdout]   13:     0x58773de427ae - <unknown>
[INFO] [stdout]   14:     0x58773df87d2b - <unknown>
[INFO] [stdout]   15:     0x58773df94f05 - <unknown>
[INFO] [stdout]   16:     0x58773df8e7f4 - <unknown>
[INFO] [stdout]   17:     0x58773df97f92 - <unknown>
[INFO] [stdout]   18:     0x58773e00a2bf - <unknown>
[INFO] [stdout]   19:     0x7ca1b3f83dfa - <unknown>
[INFO] [stdout]   20:     0x7ca1b40173d4 - clone
[INFO] [stdout]   21:                0x0 - <unknown>
[INFO] [stdout] 
[INFO] [stdout] ---- subprocess::mldsa::tests::deterministic_signing_and_verification_round_trip stdout ----
[INFO] [stdout] 
[INFO] [stdout] thread 'subprocess::mldsa::tests::deterministic_signing_and_verification_round_trip' (4801) panicked at src/subprocess/mldsa.rs:731:33:
[INFO] [stdout] failed to start mldsa_wrapper at "/opt/rustwide/target/release/build/katwalk/0119d0989ff8b3b6/out/mldsa_wrapper": Failed to spawn subprocess: "/opt/rustwide/target/release/build/katwalk/0119d0989ff8b3b6/out/mldsa_wrapper"
[INFO] [stdout] stack backtrace:
[INFO] [stdout]    0:     0x58773e00aa61 - <unknown>
[INFO] [stdout]    1:     0x58773e02103a - <unknown>
[INFO] [stdout]    2:     0x58773e00f2fc - <unknown>
[INFO] [stdout]    3:     0x58773dfe5ff6 - <unknown>
[INFO] [stdout]    4:     0x58773e002f79 - <unknown>
[INFO] [stdout]    5:     0x58773df948e0 - <unknown>
[INFO] [stdout]    6:     0x58773e003132 - <unknown>
[INFO] [stdout]    7:     0x58773dfe60a2 - <unknown>
[INFO] [stdout]    8:     0x58773dfde779 - <unknown>
[INFO] [stdout]    9:     0x58773dfe6dbd - <unknown>
[INFO] [stdout]   10:     0x58773e02176c - <unknown>
[INFO] [stdout]   11:     0x58773de2076a - <unknown>
[INFO] [stdout]   12:     0x58773de21e8f - <unknown>
[INFO] [stdout]   13:     0x58773de21eee - <unknown>
[INFO] [stdout]   14:     0x58773de2e489 - <unknown>
[INFO] [stdout]   15:     0x58773df87d2b - <unknown>
[INFO] [stdout]   16:     0x58773df94f05 - <unknown>
[INFO] [stdout]   17:     0x58773df8e7f4 - <unknown>
[INFO] [stdout]   18:     0x58773df97f92 - <unknown>
[INFO] [stdout]   19:     0x58773e00a2bf - <unknown>
[INFO] [stdout]   20:     0x7ca1b3f83dfa - <unknown>
[INFO] [stdout]   21:     0x7ca1b40173d4 - clone
[INFO] [stdout]   22:                0x0 - <unknown>
[INFO] [stdout] 
[INFO] [stdout] ---- subprocess::hqckem::tests::missing_function_field_in_encapdecap_returns_error stdout ----
[INFO] [stdout] 
[INFO] [stdout] thread 'subprocess::hqckem::tests::missing_function_field_in_encapdecap_returns_error' (4786) panicked at src/subprocess/hqckem.rs:293:33:
[INFO] [stdout] failed to start hqckem_wrapper at "/opt/rustwide/target/release/build/katwalk/0119d0989ff8b3b6/out/hqckem_wrapper": Failed to spawn subprocess: "/opt/rustwide/target/release/build/katwalk/0119d0989ff8b3b6/out/hqckem_wrapper"
[INFO] [stdout] stack backtrace:
[INFO] [stdout]    0:     0x58773e00aa61 - <unknown>
[INFO] [stdout]    1:     0x58773e02103a - <unknown>
[INFO] [stdout]    2:     0x58773e00f2fc - <unknown>
[INFO] [stdout]    3:     0x58773dfe5ff6 - <unknown>
[INFO] [stdout]    4:     0x58773e002f79 - <unknown>
[INFO] [stdout]    5:     0x58773df948e0 - <unknown>
[INFO] [stdout]    6:     0x58773e003132 - <unknown>
[INFO] [stdout]    7:     0x58773dfe60a2 - <unknown>
[INFO] [stdout]    8:     0x58773dfde779 - <unknown>
[INFO] [stdout]    9:     0x58773dfe6dbd - <unknown>
[INFO] [stdout]   10:     0x58773e02176c - <unknown>
[INFO] [stdout]   11:     0x58773de4bb1a - <unknown>
[INFO] [stdout]   12:     0x58773de4bc6f - <unknown>
[INFO] [stdout]   13:     0x58773de55594 - <unknown>
[INFO] [stdout]   14:     0x58773df87d2b - <unknown>
[INFO] [stdout]   15:     0x58773df94f05 - <unknown>
[INFO] [stdout]   16:     0x58773df8e7f4 - <unknown>
[INFO] [stdout]   17:     0x58773df97f92 - <unknown>
[INFO] [stdout]   18:     0x58773e00a2bf - <unknown>
[INFO] [stdout]   19:     0x7ca1b3f83dfa - <unknown>
[INFO] [stdout]   20:     0x7ca1b40173d4 - clone
[INFO] [stdout]   21:                0x0 - <unknown>
[INFO] [stdout] 
[INFO] [stdout] 
[INFO] [stdout] failures:
[INFO] [stdout]     subprocess::hqckem::tests::decapsulation_recovers_shared_secret_hqc_128
[INFO] [stdout]     subprocess::hqckem::tests::decapsulation_recovers_shared_secret_hqc_192
[INFO] [stdout]     subprocess::hqckem::tests::decapsulation_recovers_shared_secret_hqc_256
[INFO] [stdout]     subprocess::hqckem::tests::decapsulation_response_contains_required_fields
[INFO] [stdout]     subprocess::hqckem::tests::invalid_hex_in_dk_returns_error
[INFO] [stdout]     subprocess::hqckem::tests::keygen_then_encaps_then_decaps_roundtrip_recovers_shared_secret
[INFO] [stdout]     subprocess::hqckem::tests::missing_dk_field_returns_error
[INFO] [stdout]     subprocess::hqckem::tests::missing_function_field_in_encapdecap_returns_error
[INFO] [stdout]     subprocess::hqckem::tests::missing_mode_field_returns_error
[INFO] [stdout]     subprocess::hqckem::tests::multiple_test_groups_processed_independently
[INFO] [stdout]     subprocess::hqckem::tests::unimplemented_parameter_set_is_reported_unsupported_not_fatal
[INFO] [stdout]     subprocess::hqckem::tests::unknown_function_in_encapdecap_returns_error
[INFO] [stdout]     subprocess::hqckem::tests::unknown_mode_returns_error
[INFO] [stdout]     subprocess::mldsa::tests::acvp_randomness_is_used_for_non_deterministic_signing
[INFO] [stdout]     subprocess::mldsa::tests::deterministic_signing_and_verification_round_trip
[INFO] [stdout]     subprocess::mldsa::tests::external_prehash_round_trip_uses_test_level_public_key
[INFO] [stdout]     subprocess::mldsa::tests::hash_ml_dsa_sha3_and_shake_variants_cover_all_parameter_sets
[INFO] [stdout]     subprocess::mldsa::tests::keygen_produces_fips204_sized_expanded_keys
[INFO] [stdout]     subprocess::mldsa::tests::malformed_randomness_mu_and_external_prehash_fail
[INFO] [stdout]     subprocess::mldsa::tests::supplied_mu_takes_precedence_for_external_interface
[INFO] [stdout]     subprocess::mlkem::tests::decapsulation_key_check_accepts_valid_dk
[INFO] [stdout]     subprocess::mlkem::tests::decapsulation_key_check_rejects_all_ff_bytes
[INFO] [stdout]     subprocess::mlkem::tests::decapsulation_recovers_shared_secret
[INFO] [stdout]     subprocess::mlkem::tests::encapsulation_key_check_accepts_valid_ek
[INFO] [stdout]     subprocess::mlkem::tests::encapsulation_key_check_rejects_all_ff_bytes
[INFO] [stdout]     subprocess::mlkem::tests::encapsulation_key_check_rejects_wrong_length
[INFO] [stdout]     subprocess::mlkem::tests::encapsulation_produces_expected_ct_and_shared_secret
[INFO] [stdout]     subprocess::mlkem::tests::invalid_hex_in_seed_returns_error
[INFO] [stdout]     subprocess::mlkem::tests::keygen_produces_expected_keys
[INFO] [stdout]     subprocess::mlkem::tests::keygen_response_contains_required_fields
[INFO] [stdout]     subprocess::mlkem::tests::missing_function_field_in_encapdecap_returns_error
[INFO] [stdout]     subprocess::mlkem::tests::missing_mode_field_returns_error
[INFO] [stdout]     subprocess::mlkem::tests::missing_seed_z_returns_error
[INFO] [stdout]     subprocess::mlkem::tests::multiple_test_groups_processed_independently
[INFO] [stdout]     subprocess::mlkem::tests::unknown_function_in_encapdecap_returns_error
[INFO] [stdout]     subprocess::mlkem::tests::unknown_mode_returns_error
[INFO] [stdout] 
[INFO] [stdout] test result: FAILED. 32 passed; 36 failed; 0 ignored; 0 measured; 0 filtered out; finished in 0.10s
[INFO] [stdout] 
[INFO] [stderr] error: test failed, to rerun pass `--bin katwalk`
[INFO] running `Command { std: "docker" "inspect" "d3157e9f03962c7c3c124a1c4ee9635ff6f02f5bae2d1116d51322535508279a", kill_on_drop: false }`
[INFO] running `Command { std: "docker" "rm" "-f" "d3157e9f03962c7c3c124a1c4ee9635ff6f02f5bae2d1116d51322535508279a", kill_on_drop: false }`
[INFO] [stdout] d3157e9f03962c7c3c124a1c4ee9635ff6f02f5bae2d1116d51322535508279a
