[INFO] fetching crate enwiro-garnish-just 0.1.21...
[INFO] testing enwiro-garnish-just-0.1.21 against 1.100.0-beta.1+cargoflags=--release for beta-release-1.100-3
[INFO] extracting crate enwiro-garnish-just 0.1.21 into /workspace/builds/worker-7-tc2/source
[INFO] started tweaking crates.io crate enwiro-garnish-just 0.1.21
[INFO] finished tweaking crates.io crate enwiro-garnish-just 0.1.21
[INFO] tweaked toml for crates.io crate enwiro-garnish-just 0.1.21 written to /workspace/builds/worker-7-tc2/source/Cargo.toml
[INFO] validating manifest of crates.io crate enwiro-garnish-just 0.1.21 on toolchain 1.100.0-beta.1
[INFO] running `Command { std: CARGO_HOME="/workspace/cargo-home" RUSTUP_HOME="/workspace/rustup-home" "/workspace/cargo-home/bin/cargo" "+1.100.0-beta.1" "metadata" "--manifest-path" "Cargo.toml" "--no-deps", kill_on_drop: false }`
[INFO] crate crates.io crate enwiro-garnish-just 0.1.21 already has a lockfile, it will not be regenerated
[INFO] running `Command { std: CARGO_HOME="/workspace/cargo-home" RUSTUP_HOME="/workspace/rustup-home" "/workspace/cargo-home/bin/cargo" "+1.100.0-beta.1" "fetch" "--manifest-path" "Cargo.toml", kill_on_drop: false }`
[INFO] running `Command { std: "docker" "create" "-v" "/var/lib/crater-agent-workspace/builds/worker-7-tc2/source:/opt/rustwide/workdir:ro,Z" "-v" "/var/lib/crater-agent-workspace/builds/worker-7-tc2/target:/opt/rustwide/target:rw,Z" "-v" "/var/lib/crater-agent-workspace/cargo-home:/opt/rustwide/cargo-home:ro,Z" "-v" "/var/lib/crater-agent-workspace/rustup-home:/opt/rustwide/rustup-home:ro,Z" "-m" "1610612736" "--network" "none" "ghcr.io/rust-lang/crates-build-env/linux@sha256:77db811e55d90add9212f6832c23229e3de5f1c1f9905e8cb07319ea15df73ac" "sleep" "infinity", kill_on_drop: false }`
[INFO] [stdout] 11fccf60f2d1885e52aed6b9c265118e6e39cc2e242826b195af771eedb6802a
[INFO] running `Command { std: "docker" "start" "11fccf60f2d1885e52aed6b9c265118e6e39cc2e242826b195af771eedb6802a", kill_on_drop: false }`
[INFO] running `Command { std: "docker" "inspect" "11fccf60f2d1885e52aed6b9c265118e6e39cc2e242826b195af771eedb6802a", kill_on_drop: false }`
[INFO] running `Command { std: "docker" "exec" "-e" "SOURCE_DIR=/opt/rustwide/workdir" "-e" "CARGO_HOME=/opt/rustwide/cargo-home" "-e" "RUSTUP_HOME=/opt/rustwide/rustup-home" "-e" "CARGO_TARGET_DIR=/opt/rustwide/target" "-w" "/opt/rustwide/workdir" "--user" "0:0" "11fccf60f2d1885e52aed6b9c265118e6e39cc2e242826b195af771eedb6802a" "/opt/rustwide/cargo-home/bin/cargo" "+1.100.0-beta.1" "metadata" "--no-deps" "--format-version=1", kill_on_drop: false }`
[INFO] running `Command { std: "docker" "inspect" "11fccf60f2d1885e52aed6b9c265118e6e39cc2e242826b195af771eedb6802a", kill_on_drop: false }`
[INFO] running `Command { std: "docker" "exec" "-e" "SOURCE_DIR=/opt/rustwide/workdir" "-e" "CARGO_HOME=/opt/rustwide/cargo-home" "-e" "RUSTUP_HOME=/opt/rustwide/rustup-home" "-e" "CARGO_TARGET_DIR=/opt/rustwide/target" "-e" "CARGO_INCREMENTAL=0" "-e" "RUST_BACKTRACE=full" "-e" "RUSTFLAGS=--cap-lints=warn" "-e" "RUSTDOCFLAGS=--cap-lints=warn" "-w" "/opt/rustwide/workdir" "--user" "0:0" "11fccf60f2d1885e52aed6b9c265118e6e39cc2e242826b195af771eedb6802a" "/opt/rustwide/cargo-home/bin/cargo" "+1.100.0-beta.1" "build" "--frozen" "--message-format=json" "--release", kill_on_drop: false }`
[INFO] [stderr]    Compiling unicode-ident v1.0.26
[INFO] [stderr]    Compiling cfg-if v1.0.5
[INFO] [stderr]    Compiling smallvec v1.16.2
[INFO] [stderr]    Compiling find-msvc-tools v0.1.14
[INFO] [stderr]    Compiling litemap v0.8.3
[INFO] [stderr]    Compiling writeable v0.6.4
[INFO] [stderr]    Compiling object v0.39.1
[INFO] [stderr]    Compiling icu_normalizer_data v2.3.0
[INFO] [stderr]    Compiling thiserror v2.0.21
[INFO] [stderr]    Compiling zerocopy v0.8.59
[INFO] [stderr]    Compiling icu_properties_data v2.3.0
[INFO] [stderr]    Compiling aho-corasick v1.1.5
[INFO] [stderr]    Compiling serde v1.0.229
[INFO] [stderr]    Compiling mio v1.2.3
[INFO] [stderr]    Compiling serde_json v1.0.151
[INFO] [stderr]    Compiling hashbrown v0.17.1
[INFO] [stderr]    Compiling getrandom v0.3.4
[INFO] [stderr]    Compiling proc-macro2 v1.0.107
[INFO] [stderr]    Compiling cc v1.5.1
[INFO] [stderr]    Compiling equivalent v1.0.2
[INFO] [stderr]    Compiling winnow v1.0.4
[INFO] [stderr]    Compiling rand_core v0.9.5
[INFO] [stderr]    Compiling toml_datetime v1.1.1+spec-1.1.0
[INFO] [stderr]    Compiling crossbeam-utils v0.8.23
[INFO] [stderr]    Compiling percent-encoding v2.3.2
[INFO] [stderr]    Compiling parking_lot_core v0.9.12
[INFO] [stderr]    Compiling log v0.4.34
[INFO] [stderr]    Compiling anstyle-parse v1.0.0
[INFO] [stderr]    Compiling tracing-log v0.2.0
[INFO] [stderr]    Compiling futures-util v0.3.34
[INFO] [stderr]    Compiling quote v1.0.47
[INFO] [stderr]    Compiling parking_lot v0.12.5
[INFO] [stderr]    Compiling form_urlencoded v1.2.2
[INFO] [stderr]    Compiling tower v0.5.3
[INFO] [stderr]    Compiling thread_local v1.1.10
[INFO] [stderr]    Compiling syn v3.0.6
[INFO] [stderr]    Compiling syn v2.0.119
[INFO] [stderr]    Compiling indexmap v2.14.2
[INFO] [stderr]    Compiling serde_spanned v1.1.1
[INFO] [stderr]    Compiling futures-timer v3.0.4
[INFO] [stderr]    Compiling unicode-width v0.1.14
[INFO] [stderr]    Compiling anstyle v1.0.14
[INFO] [stderr]    Compiling toml_writer v1.1.2+spec-1.1.0
[INFO] [stderr]    Compiling allocator-api2 v0.2.21
[INFO] [stderr]    Compiling colorchoice v1.0.5
[INFO] [stderr]    Compiling nu-ansi-term v0.50.3
[INFO] [stderr]    Compiling anstyle-query v1.1.5
[INFO] [stderr]    Compiling cpufeatures v0.3.1
[INFO] [stderr]    Compiling foldhash v0.1.5
[INFO] [stderr]    Compiling option-ext v0.2.0
[INFO] [stderr]    Compiling stacker v0.1.25
[INFO] [stderr]    Compiling anstream v1.0.0
[INFO] [stderr]    Compiling dirs-sys v0.5.0
[INFO] [stderr]    Compiling toml_parser v1.1.3+spec-1.1.0
[INFO] [stderr]    Compiling regex-automata v0.4.18
[INFO] [stderr]    Compiling hashbrown v0.15.5
[INFO] [stderr]    Compiling time v0.3.55
[INFO] [stderr]    Compiling chacha20 v0.10.2
[INFO] [stderr]    Compiling crossbeam-channel v0.5.17
[INFO] [stderr]    Compiling getrandom v0.4.3
[INFO] [stderr]    Compiling unicode-width v0.2.2
[INFO] [stderr]    Compiling toml_edit v0.25.15+spec-1.1.0
[INFO] [stderr]    Compiling symlink v0.1.0
[INFO] [stderr]    Compiling yansi v1.0.1
[INFO] [stderr]    Compiling clap_lex v1.1.1
[INFO] [stderr]    Compiling unicode-segmentation v1.13.3
[INFO] [stderr]    Compiling toml v1.1.6+spec-1.1.0
[INFO] [stderr]    Compiling proc-macro-crate v3.5.0
[INFO] [stderr]    Compiling pathdiff v0.2.3
[INFO] [stderr]    Compiling ariadne v0.6.0
[INFO] [stderr]    Compiling clap_builder v4.6.7
[INFO] [stderr]    Compiling rand v0.10.3
[INFO] [stderr]    Compiling dirs v7.0.0
[INFO] [stderr]    Compiling config v0.15.27
[INFO] [stderr]    Compiling ar_archive_writer v0.5.3
[INFO] [stderr]    Compiling psm v0.1.32
[INFO] [stderr]    Compiling synstructure v0.14.0
[INFO] [stderr]    Compiling chumsky v0.13.0
[INFO] [stderr]    Compiling zerofrom-derive v0.1.8
[INFO] [stderr]    Compiling yoke-derive v0.8.3
[INFO] [stderr]    Compiling zerovec-derive v0.11.6
[INFO] [stderr]    Compiling displaydoc v0.2.7
[INFO] [stderr]    Compiling thiserror-impl v2.0.21
[INFO] [stderr]    Compiling serde_derive v1.0.229
[INFO] [stderr]    Compiling tokio-macros v2.7.2
[INFO] [stderr]    Compiling ppv-lite86 v0.2.21
[INFO] [stderr]    Compiling async-trait v0.1.92
[INFO] [stderr]    Compiling matchers v0.2.0
[INFO] [stderr]    Compiling tracing-attributes v0.1.31
[INFO] [stderr]    Compiling pin-project-internal v1.1.13
[INFO] [stderr]    Compiling miette-derive v7.6.0
[INFO] [stderr]    Compiling jsonrpsee-proc-macros v0.26.1
[INFO] [stderr]    Compiling regex v1.13.1
[INFO] [stderr]    Compiling tokio v1.53.1
[INFO] [stderr]    Compiling rand_chacha v0.9.0
[INFO] [stderr]    Compiling zerofrom v0.1.8
[INFO] [stderr]    Compiling rand v0.9.5
[INFO] [stderr]    Compiling yoke v0.8.3
[INFO] [stderr]    Compiling strum_macros v0.28.0
[INFO] [stderr]    Compiling clap_derive v4.6.7
[INFO] [stderr]    Compiling zerovec v0.11.8
[INFO] [stderr]    Compiling zerotrie v0.2.5
[INFO] [stderr]    Compiling pin-project v1.1.13
[INFO] [stderr]    Compiling tracing v0.1.44
[INFO] [stderr]    Compiling miette v7.6.0
[INFO] [stderr]    Compiling tracing-subscriber v0.3.23
[INFO] [stderr]    Compiling leon v3.0.3
[INFO] [stderr]    Compiling tinystr v0.8.4
[INFO] [stderr]    Compiling potential_utf v0.1.6
[INFO] [stderr]    Compiling icu_collections v2.3.0
[INFO] [stderr]    Compiling icu_locale_core v2.3.0
[INFO] [stderr]    Compiling clap v4.6.7
[INFO] [stderr]    Compiling tracing-appender v0.2.5
[INFO] [stderr]    Compiling icu_provider v2.3.1
[INFO] [stderr]    Compiling icu_normalizer v2.3.0
[INFO] [stderr]    Compiling icu_properties v2.3.0
[INFO] [stderr]    Compiling jsonrpsee-types v0.26.1
[INFO] [stderr]    Compiling tokio-stream v0.1.19
[INFO] [stderr]    Compiling tokio-util v0.7.19
[INFO] [stderr]    Compiling idna_adapter v1.2.2
[INFO] [stderr]    Compiling idna v1.1.0
[INFO] [stderr]    Compiling url v2.5.8
[INFO] [stderr]    Compiling jsonrpsee-core v0.26.1
[INFO] [stderr]    Compiling urlpattern v0.6.0
[INFO] [stderr]    Compiling jsonrpsee v0.26.1
[INFO] [stderr]    Compiling enwiro-sdk v0.13.0
[INFO] [stderr]    Compiling enwiro-garnish-just v0.1.21 (/opt/rustwide/workdir)
[INFO] [stderr]     Finished `release` profile [optimized] target(s) in 1m 40s
[INFO] running `Command { std: "docker" "inspect" "11fccf60f2d1885e52aed6b9c265118e6e39cc2e242826b195af771eedb6802a", kill_on_drop: false }`
[INFO] running `Command { std: "docker" "exec" "-e" "SOURCE_DIR=/opt/rustwide/workdir" "-e" "CARGO_HOME=/opt/rustwide/cargo-home" "-e" "RUSTUP_HOME=/opt/rustwide/rustup-home" "-e" "CARGO_TARGET_DIR=/opt/rustwide/target" "-e" "CARGO_INCREMENTAL=0" "-e" "RUST_BACKTRACE=full" "-e" "RUSTFLAGS=--cap-lints=warn" "-e" "RUSTDOCFLAGS=--cap-lints=warn" "-w" "/opt/rustwide/workdir" "--user" "0:0" "11fccf60f2d1885e52aed6b9c265118e6e39cc2e242826b195af771eedb6802a" "/opt/rustwide/cargo-home/bin/cargo" "+1.100.0-beta.1" "test" "--frozen" "--no-run" "--message-format=json" "--release", kill_on_drop: false }`
[INFO] [stderr]    Compiling rustix v1.1.5
[INFO] [stderr]    Compiling bitflags v2.13.2
[INFO] [stderr]    Compiling tempfile v3.27.0
[INFO] [stderr]    Compiling enwiro-garnish-just v0.1.21 (/opt/rustwide/workdir)
[INFO] [stderr]     Finished `release` profile [optimized] target(s) in 5.79s
[INFO] running `Command { std: "docker" "inspect" "11fccf60f2d1885e52aed6b9c265118e6e39cc2e242826b195af771eedb6802a", kill_on_drop: false }`
[INFO] running `Command { std: "docker" "exec" "-e" "SOURCE_DIR=/opt/rustwide/workdir" "-e" "CARGO_HOME=/opt/rustwide/cargo-home" "-e" "RUSTUP_HOME=/opt/rustwide/rustup-home" "-e" "CARGO_TARGET_DIR=/opt/rustwide/target" "-e" "CARGO_INCREMENTAL=0" "-e" "RUST_BACKTRACE=full" "-e" "RUSTFLAGS=--cap-lints=warn" "-e" "RUSTDOCFLAGS=--cap-lints=warn" "-w" "/opt/rustwide/workdir" "--user" "0:0" "11fccf60f2d1885e52aed6b9c265118e6e39cc2e242826b195af771eedb6802a" "/opt/rustwide/cargo-home/bin/cargo" "+1.100.0-beta.1" "test" "--frozen" "--release", kill_on_drop: false }`
[INFO] [stderr]     Finished `release` profile [optimized] target(s) in 0.19s
[INFO] [stderr]      Running unittests src/main.rs (/opt/rustwide/target/release/build/enwiro-garnish-just/da177029e1347f6e/out/enwiro_garnish_just-da177029e1347f6e)
[INFO] [stdout] 
[INFO] [stdout] running 13 tests
[INFO] [stdout] test tests::gear::skips_attribute_private_recipes ... FAILED
[INFO] [stdout] test tests::applies::false_when_no_justfile ... ok
[INFO] [stdout] test tests::gear::handles_multiple_recipes ... FAILED
[INFO] [stdout] test tests::applies::true_for_capitalized_justfile ... FAILED
[INFO] [stdout] test tests::gear::surfaces_doc_comment_as_description ... FAILED
[INFO] [stdout] test tests::gear::emits_one_gear_named_just_with_canonical_description ... FAILED
[INFO] [stdout] test tests::gear::marks_confirm_recipes_as_requiring_confirmation ... FAILED
[INFO] [stdout] test tests::gear::marks_confirm_with_message_as_requiring_confirmation ... FAILED
[INFO] [stdout] test tests::gear::command_does_not_inline_recipe_parameters ... FAILED
[INFO] [stdout] test tests::applies::true_when_lowercase_justfile_exists ... FAILED
[INFO] [stdout] test tests::gear::skips_underscore_prefixed_recipes ... FAILED
[INFO] [stdout] test tests::gear::plain_recipes_do_not_require_confirmation ... FAILED
[INFO] [stdout] test tests::gear::omits_description_when_no_doc_comment ... FAILED
[INFO] [stdout] 
[INFO] [stdout] failures:
[INFO] [stdout] 
[INFO] [stdout] ---- tests::gear::skips_attribute_private_recipes stdout ----
[INFO] [stdout] 
[INFO] [stdout] thread 'tests::gear::skips_attribute_private_recipes' (2538) panicked at src/main.rs:168:32:
[INFO] [stdout] called `Result::unwrap()` on an `Err` value: spawn `just --dump --dump-format json`
[INFO] [stdout] 
[INFO] [stdout] Caused by:
[INFO] [stdout]     No such file or directory (os error 2)
[INFO] [stdout] 
[INFO] [stdout] Stack backtrace:
[INFO] [stdout]    0: <core::io::error::Error as anyhow::context::ext::StdError>::ext_context::<&str>
[INFO] [stdout]    1: enwiro_garnish_just::build_gear
[INFO] [stdout]    2: enwiro_garnish_just::tests::gear_for
[INFO] [stdout]    3: <enwiro_garnish_just::tests::gear::skips_attribute_private_recipes::{closure#0} as core::ops::function::FnOnce<()>>::call_once
[INFO] [stdout]    4: test::__rust_begin_short_backtrace::<core::result::Result<(), alloc::string::String>, fn() -> core::result::Result<(), alloc::string::String>>
[INFO] [stdout]    5: test::run_test::{closure#0}
[INFO] [stdout]    6: std::sys::backtrace::__rust_begin_short_backtrace::<test::run_test::{closure#1}, ()>
[INFO] [stdout]    7: <std::thread::lifecycle::spawn_unchecked<test::run_test::{closure#1}, ()>::{closure#1} as core::ops::function::FnOnce<()>>::call_once::{shim:vtable#0}
[INFO] [stdout]    8: <std::sys::thread::unix::Thread>::new::thread_start
[INFO] [stdout]    9: <unknown>
[INFO] [stdout]   10: clone
[INFO] [stdout] stack backtrace:
[INFO] [stdout]    0:     0x64e423678161 - <<std[617be2ca0a6fd877]::sys::backtrace::BacktraceLock>::print::DisplayBacktrace as core[a373ad73a504971]::fmt::Display>::fmt
[INFO] [stdout]    1:     0x64e42368d1aa - core[a373ad73a504971]::fmt::write
[INFO] [stdout]    2:     0x64e42367cccc - <alloc[2e1b2a31b91974c5]::vec::Vec<u8> as core[a373ad73a504971]::io::write::Write>::write_fmt
[INFO] [stdout]    3:     0x64e4236529d6 - std[617be2ca0a6fd877]::panicking::default_hook::{closure#0}
[INFO] [stdout]    4:     0x64e42366fed9 - std[617be2ca0a6fd877]::panicking::default_hook
[INFO] [stdout]    5:     0x64e423601710 - test[aada8e7e76ba119b]::test_main_inner::{closure#0}
[INFO] [stdout]    6:     0x64e423670092 - std[617be2ca0a6fd877]::panicking::panic_with_hook
[INFO] [stdout]    7:     0x64e423652a82 - std[617be2ca0a6fd877]::panicking::panic_handler::{closure#0}
[INFO] [stdout]    8:     0x64e42364b0e9 - std[617be2ca0a6fd877]::sys::backtrace::__rust_end_short_backtrace::<std[617be2ca0a6fd877]::panicking::panic_handler::{closure#0}, !>
[INFO] [stdout]    9:     0x64e42365379d - __rustc[ea4f61d10b84890b]::rust_begin_unwind
[INFO] [stdout]   10:     0x64e42368d8dc - core[a373ad73a504971]::panicking::panic_fmt
[INFO] [stdout]   11:     0x64e42368d6b2 - core[a373ad73a504971]::result::unwrap_failed
[INFO] [stdout]   12:     0x64e4235f289b - enwiro_garnish_just[80d12d1bcfcc7e13]::tests::gear_for
[INFO] [stdout]   13:     0x64e4235ec097 - <enwiro_garnish_just[80d12d1bcfcc7e13]::tests::gear::skips_attribute_private_recipes::{closure#0} as core[a373ad73a504971]::ops::function::FnOnce<()>>::call_once
[INFO] [stdout]   14:     0x64e4235f4b5b - test[aada8e7e76ba119b]::__rust_begin_short_backtrace::<core[a373ad73a504971]::result::Result<(), alloc[2e1b2a31b91974c5]::string::String>, fn() -> core[a373ad73a504971]::result::Result<(), alloc[2e1b2a31b91974c5]::string::String>>
[INFO] [stdout]   15:     0x64e423601d35 - test[aada8e7e76ba119b]::run_test::{closure#0}
[INFO] [stdout]   16:     0x64e4235fb624 - std[617be2ca0a6fd877]::sys::backtrace::__rust_begin_short_backtrace::<test[aada8e7e76ba119b]::run_test::{closure#1}, ()>
[INFO] [stdout]   17:     0x64e423604dc2 - <std[617be2ca0a6fd877]::thread::lifecycle::spawn_unchecked<test[aada8e7e76ba119b]::run_test::{closure#1}, ()>::{closure#1} as core[a373ad73a504971]::ops::function::FnOnce<()>>::call_once::{shim:vtable#0}
[INFO] [stdout]   18:     0x64e4236777df - <std[617be2ca0a6fd877]::sys::thread::unix::Thread>::new::thread_start
[INFO] [stdout]   19:     0x7849d6adddfa - <unknown>
[INFO] [stdout]   20:     0x7849d6b713d4 - clone
[INFO] [stdout]   21:                0x0 - <unknown>
[INFO] [stdout] 
[INFO] [stdout] ---- tests::gear::handles_multiple_recipes stdout ----
[INFO] [stdout] 
[INFO] [stdout] thread 'tests::gear::handles_multiple_recipes' (2533) panicked at src/main.rs:168:32:
[INFO] [stdout] called `Result::unwrap()` on an `Err` value: spawn `just --dump --dump-format json`
[INFO] [stdout] 
[INFO] [stdout] Caused by:
[INFO] [stdout]     No such file or directory (os error 2)
[INFO] [stdout] 
[INFO] [stdout] Stack backtrace:
[INFO] [stdout]    0: <core::io::error::Error as anyhow::context::ext::StdError>::ext_context::<&str>
[INFO] [stdout]    1: enwiro_garnish_just::build_gear
[INFO] [stdout]    2: enwiro_garnish_just::tests::gear_for
[INFO] [stdout]    3: <enwiro_garnish_just::tests::gear::handles_multiple_recipes::{closure#0} as core::ops::function::FnOnce<()>>::call_once
[INFO] [stdout]    4: test::__rust_begin_short_backtrace::<core::result::Result<(), alloc::string::String>, fn() -> core::result::Result<(), alloc::string::String>>
[INFO] [stdout]    5: test::run_test::{closure#0}
[INFO] [stdout]    6: std::sys::backtrace::__rust_begin_short_backtrace::<test::run_test::{closure#1}, ()>
[INFO] [stdout]    7: <std::thread::lifecycle::spawn_unchecked<test::run_test::{closure#1}, ()>::{closure#1} as core::ops::function::FnOnce<()>>::call_once::{shim:vtable#0}
[INFO] [stdout]    8: <std::sys::thread::unix::Thread>::new::thread_start
[INFO] [stdout]    9: <unknown>
[INFO] [stdout]   10: clone
[INFO] [stdout] stack backtrace:
[INFO] [stdout]    0:     0x64e423678161 - <<std[617be2ca0a6fd877]::sys::backtrace::BacktraceLock>::print::DisplayBacktrace as core[a373ad73a504971]::fmt::Display>::fmt
[INFO] [stdout]    1:     0x64e42368d1aa - core[a373ad73a504971]::fmt::write
[INFO] [stdout]    2:     0x64e42367cccc - <alloc[2e1b2a31b91974c5]::vec::Vec<u8> as core[a373ad73a504971]::io::write::Write>::write_fmt
[INFO] [stdout]    3:     0x64e4236529d6 - std[617be2ca0a6fd877]::panicking::default_hook::{closure#0}
[INFO] [stdout]    4:     0x64e42366fed9 - std[617be2ca0a6fd877]::panicking::default_hook
[INFO] [stdout]    5:     0x64e423601710 - test[aada8e7e76ba119b]::test_main_inner::{closure#0}
[INFO] [stdout]    6:     0x64e423670092 - std[617be2ca0a6fd877]::panicking::panic_with_hook
[INFO] [stdout]    7:     0x64e423652a82 - std[617be2ca0a6fd877]::panicking::panic_handler::{closure#0}
[INFO] [stdout]    8:     0x64e42364b0e9 - std[617be2ca0a6fd877]::sys::backtrace::__rust_end_short_backtrace::<std[617be2ca0a6fd877]::panicking::panic_handler::{closure#0}, !>
[INFO] [stdout]    9:     0x64e42365379d - __rustc[ea4f61d10b84890b]::rust_begin_unwind
[INFO] [stdout]   10:     0x64e42368d8dc - core[a373ad73a504971]::panicking::panic_fmt
[INFO] [stdout]   11:     0x64e42368d6b2 - core[a373ad73a504971]::result::unwrap_failed
[INFO] [stdout]   12:     0x64e4235f289b - enwiro_garnish_just[80d12d1bcfcc7e13]::tests::gear_for
[INFO] [stdout]   13:     0x64e4235ebcf4 - <enwiro_garnish_just[80d12d1bcfcc7e13]::tests::gear::handles_multiple_recipes::{closure#0} as core[a373ad73a504971]::ops::function::FnOnce<()>>::call_once
[INFO] [stdout]   14:     0x64e4235f4b5b - test[aada8e7e76ba119b]::__rust_begin_short_backtrace::<core[a373ad73a504971]::result::Result<(), alloc[2e1b2a31b91974c5]::string::String>, fn() -> core[a373ad73a504971]::result::Result<(), alloc[2e1b2a31b91974c5]::string::String>>
[INFO] [stdout]   15:     0x64e423601d35 - test[aada8e7e76ba119b]::run_test::{closure#0}
[INFO] [stdout]   16:     0x64e4235fb624 - std[617be2ca0a6fd877]::sys::backtrace::__rust_begin_short_backtrace::<test[aada8e7e76ba119b]::run_test::{closure#1}, ()>
[INFO] [stdout]   17:     0x64e423604dc2 - <std[617be2ca0a6fd877]::thread::lifecycle::spawn_unchecked<test[aada8e7e76ba119b]::run_test::{closure#1}, ()>::{closure#1} as core[a373ad73a504971]::ops::function::FnOnce<()>>::call_once::{shim:vtable#0}
[INFO] [stdout]   18:     0x64e4236777df - <std[617be2ca0a6fd877]::sys::thread::unix::Thread>::new::thread_start
[INFO] [stdout]   19:     0x7849d6adddfa - <unknown>
[INFO] [stdout]   20:     0x7849d6b713d4 - clone
[INFO] [stdout]   21:                0x0 - <unknown>
[INFO] [stdout] 
[INFO] [stdout] ---- tests::applies::true_for_capitalized_justfile stdout ----
[INFO] [stdout] 
[INFO] [stdout] thread 'tests::applies::true_for_capitalized_justfile' (2529) panicked at src/main.rs:183:13:
[INFO] [stdout] assertion failed: applies_to(dir.path())
[INFO] [stdout] stack backtrace:
[INFO] [stdout]    0:     0x64e423678161 - <<std[617be2ca0a6fd877]::sys::backtrace::BacktraceLock>::print::DisplayBacktrace as core[a373ad73a504971]::fmt::Display>::fmt
[INFO] [stdout]    1:     0x64e42368d1aa - core[a373ad73a504971]::fmt::write
[INFO] [stdout]    2:     0x64e42367cccc - <alloc[2e1b2a31b91974c5]::vec::Vec<u8> as core[a373ad73a504971]::io::write::Write>::write_fmt
[INFO] [stdout]    3:     0x64e4236529d6 - std[617be2ca0a6fd877]::panicking::default_hook::{closure#0}
[INFO] [stdout]    4:     0x64e42366fed9 - std[617be2ca0a6fd877]::panicking::default_hook
[INFO] [stdout]    5:     0x64e423601710 - test[aada8e7e76ba119b]::test_main_inner::{closure#0}
[INFO] [stdout]    6:     0x64e423670092 - std[617be2ca0a6fd877]::panicking::panic_with_hook
[INFO] [stdout]    7:     0x64e423652ab4 - std[617be2ca0a6fd877]::panicking::panic_handler::{closure#0}
[INFO] [stdout]    8:     0x64e42364b0e9 - std[617be2ca0a6fd877]::sys::backtrace::__rust_end_short_backtrace::<std[617be2ca0a6fd877]::panicking::panic_handler::{closure#0}, !>
[INFO] [stdout]    9:     0x64e42365379d - __rustc[ea4f61d10b84890b]::rust_begin_unwind
[INFO] [stdout]   10:     0x64e42368d8dc - core[a373ad73a504971]::panicking::panic_fmt
[INFO] [stdout]   11:     0x64e42368d8a2 - core[a373ad73a504971]::panicking::panic
[INFO] [stdout]   12:     0x64e4235f2fd6 - <enwiro_garnish_just[80d12d1bcfcc7e13]::tests::applies::true_for_capitalized_justfile::{closure#0} as core[a373ad73a504971]::ops::function::FnOnce<()>>::call_once
[INFO] [stdout]   13:     0x64e4235f4b5b - test[aada8e7e76ba119b]::__rust_begin_short_backtrace::<core[a373ad73a504971]::result::Result<(), alloc[2e1b2a31b91974c5]::string::String>, fn() -> core[a373ad73a504971]::result::Result<(), alloc[2e1b2a31b91974c5]::string::String>>
[INFO] [stdout]   14:     0x64e423601d35 - test[aada8e7e76ba119b]::run_test::{closure#0}
[INFO] [stdout]   15:     0x64e4235fb624 - std[617be2ca0a6fd877]::sys::backtrace::__rust_begin_short_backtrace::<test[aada8e7e76ba119b]::run_test::{closure#1}, ()>
[INFO] [stdout]   16:     0x64e423604dc2 - <std[617be2ca0a6fd877]::thread::lifecycle::spawn_unchecked<test[aada8e7e76ba119b]::run_test::{closure#1}, ()>::{closure#1} as core[a373ad73a504971]::ops::function::FnOnce<()>>::call_once::{shim:vtable#0}
[INFO] [stdout]   17:     0x64e4236777df - <std[617be2ca0a6fd877]::sys::thread::unix::Thread>::new::thread_start
[INFO] [stdout]   18:     0x7849d6adddfa - <unknown>
[INFO] [stdout]   19:     0x7849d6b713d4 - clone
[INFO] [stdout]   20:                0x0 - <unknown>
[INFO] [stdout] 
[INFO] [stdout] ---- tests::gear::surfaces_doc_comment_as_description stdout ----
[INFO] [stdout] 
[INFO] [stdout] thread 'tests::gear::surfaces_doc_comment_as_description' (2540) panicked at src/main.rs:168:32:
[INFO] [stdout] called `Result::unwrap()` on an `Err` value: spawn `just --dump --dump-format json`
[INFO] [stdout] 
[INFO] [stdout] Caused by:
[INFO] [stdout]     No such file or directory (os error 2)
[INFO] [stdout] 
[INFO] [stdout] Stack backtrace:
[INFO] [stdout]    0: <core::io::error::Error as anyhow::context::ext::StdError>::ext_context::<&str>
[INFO] [stdout]    1: enwiro_garnish_just::build_gear
[INFO] [stdout]    2: enwiro_garnish_just::tests::gear_for
[INFO] [stdout]    3: <enwiro_garnish_just::tests::gear::surfaces_doc_comment_as_description::{closure#0} as core::ops::function::FnOnce<()>>::call_once
[INFO] [stdout]    4: test::__rust_begin_short_backtrace::<core::result::Result<(), alloc::string::String>, fn() -> core::result::Result<(), alloc::string::String>>
[INFO] [stdout]    5: test::run_test::{closure#0}
[INFO] [stdout]    6: std::sys::backtrace::__rust_begin_short_backtrace::<test::run_test::{closure#1}, ()>
[INFO] [stdout]    7: <std::thread::lifecycle::spawn_unchecked<test::run_test::{closure#1}, ()>::{closure#1} as core::ops::function::FnOnce<()>>::call_once::{shim:vtable#0}
[INFO] [stdout]    8: <std::sys::thread::unix::Thread>::new::thread_start
[INFO] [stdout]    9: <unknown>
[INFO] [stdout]   10: clone
[INFO] [stdout] stack backtrace:
[INFO] [stdout]    0:     0x64e423678161 - <<std[617be2ca0a6fd877]::sys::backtrace::BacktraceLock>::print::DisplayBacktrace as core[a373ad73a504971]::fmt::Display>::fmt
[INFO] [stdout]    1:     0x64e42368d1aa - core[a373ad73a504971]::fmt::write
[INFO] [stdout]    2:     0x64e42367cccc - <alloc[2e1b2a31b91974c5]::vec::Vec<u8> as core[a373ad73a504971]::io::write::Write>::write_fmt
[INFO] [stdout]    3:     0x64e4236529d6 - std[617be2ca0a6fd877]::panicking::default_hook::{closure#0}
[INFO] [stdout]    4:     0x64e42366fed9 - std[617be2ca0a6fd877]::panicking::default_hook
[INFO] [stdout]    5:     0x64e423601710 - test[aada8e7e76ba119b]::test_main_inner::{closure#0}
[INFO] [stdout]    6:     0x64e423670092 - std[617be2ca0a6fd877]::panicking::panic_with_hook
[INFO] [stderr] error: test failed, to rerun pass `--bin enwiro-garnish-just`
[INFO] [stdout]    7:     0x64e423652a82 - std[617be2ca0a6fd877]::panicking::panic_handler::{closure#0}
[INFO] [stdout]    8:     0x64e42364b0e9 - std[617be2ca0a6fd877]::sys::backtrace::__rust_end_short_backtrace::<std[617be2ca0a6fd877]::panicking::panic_handler::{closure#0}, !>
[INFO] [stdout]    9:     0x64e42365379d - __rustc[ea4f61d10b84890b]::rust_begin_unwind
[INFO] [stdout]   10:     0x64e42368d8dc - core[a373ad73a504971]::panicking::panic_fmt
[INFO] [stdout]   11:     0x64e42368d6b2 - core[a373ad73a504971]::result::unwrap_failed
[INFO] [stdout]   12:     0x64e4235f289b - enwiro_garnish_just[80d12d1bcfcc7e13]::tests::gear_for
[INFO] [stdout]   13:     0x64e4235ec5a6 - <enwiro_garnish_just[80d12d1bcfcc7e13]::tests::gear::surfaces_doc_comment_as_description::{closure#0} as core[a373ad73a504971]::ops::function::FnOnce<()>>::call_once
[INFO] [stdout]   14:     0x64e4235f4b5b - test[aada8e7e76ba119b]::__rust_begin_short_backtrace::<core[a373ad73a504971]::result::Result<(), alloc[2e1b2a31b91974c5]::string::String>, fn() -> core[a373ad73a504971]::result::Result<(), alloc[2e1b2a31b91974c5]::string::String>>
[INFO] [stdout]   15:     0x64e423601d35 - test[aada8e7e76ba119b]::run_test::{closure#0}
[INFO] [stdout]   16:     0x64e4235fb624 - std[617be2ca0a6fd877]::sys::backtrace::__rust_begin_short_backtrace::<test[aada8e7e76ba119b]::run_test::{closure#1}, ()>
[INFO] [stdout]   17:     0x64e423604dc2 - <std[617be2ca0a6fd877]::thread::lifecycle::spawn_unchecked<test[aada8e7e76ba119b]::run_test::{closure#1}, ()>::{closure#1} as core[a373ad73a504971]::ops::function::FnOnce<()>>::call_once::{shim:vtable#0}
[INFO] [stdout]   18:     0x64e4236777df - <std[617be2ca0a6fd877]::sys::thread::unix::Thread>::new::thread_start
[INFO] [stdout]   19:     0x7849d6adddfa - <unknown>
[INFO] [stdout]   20:     0x7849d6b713d4 - clone
[INFO] [stdout]   21:                0x0 - <unknown>
[INFO] [stdout] 
[INFO] [stdout] ---- tests::gear::emits_one_gear_named_just_with_canonical_description stdout ----
[INFO] [stdout] 
[INFO] [stdout] thread 'tests::gear::emits_one_gear_named_just_with_canonical_description' (2532) panicked at src/main.rs:168:32:
[INFO] [stdout] called `Result::unwrap()` on an `Err` value: spawn `just --dump --dump-format json`
[INFO] [stdout] 
[INFO] [stdout] Caused by:
[INFO] [stdout]     No such file or directory (os error 2)
[INFO] [stdout] 
[INFO] [stdout] Stack backtrace:
[INFO] [stdout]    0: <core::io::error::Error as anyhow::context::ext::StdError>::ext_context::<&str>
[INFO] [stdout]    1: enwiro_garnish_just::build_gear
[INFO] [stdout]    2: enwiro_garnish_just::tests::gear_for
[INFO] [stdout]    3: <enwiro_garnish_just::tests::gear::emits_one_gear_named_just_with_canonical_description::{closure#0} as core::ops::function::FnOnce<()>>::call_once
[INFO] [stdout]    4: test::__rust_begin_short_backtrace::<core::result::Result<(), alloc::string::String>, fn() -> core::result::Result<(), alloc::string::String>>
[INFO] [stdout]    5: test::run_test::{closure#0}
[INFO] [stdout]    6: std::sys::backtrace::__rust_begin_short_backtrace::<test::run_test::{closure#1}, ()>
[INFO] [stdout]    7: <std::thread::lifecycle::spawn_unchecked<test::run_test::{closure#1}, ()>::{closure#1} as core::ops::function::FnOnce<()>>::call_once::{shim:vtable#0}
[INFO] [stdout]    8: <std::sys::thread::unix::Thread>::new::thread_start
[INFO] [stdout]    9: <unknown>
[INFO] [stdout]   10: clone
[INFO] [stdout] stack backtrace:
[INFO] [stdout]    0:     0x64e423678161 - <<std[617be2ca0a6fd877]::sys::backtrace::BacktraceLock>::print::DisplayBacktrace as core[a373ad73a504971]::fmt::Display>::fmt
[INFO] [stdout]    1:     0x64e42368d1aa - core[a373ad73a504971]::fmt::write
[INFO] [stdout]    2:     0x64e42367cccc - <alloc[2e1b2a31b91974c5]::vec::Vec<u8> as core[a373ad73a504971]::io::write::Write>::write_fmt
[INFO] [stdout]    3:     0x64e4236529d6 - std[617be2ca0a6fd877]::panicking::default_hook::{closure#0}
[INFO] [stdout]    4:     0x64e42366fed9 - std[617be2ca0a6fd877]::panicking::default_hook
[INFO] [stdout]    5:     0x64e423601710 - test[aada8e7e76ba119b]::test_main_inner::{closure#0}
[INFO] [stdout]    6:     0x64e423670092 - std[617be2ca0a6fd877]::panicking::panic_with_hook
[INFO] [stdout]    7:     0x64e423652a82 - std[617be2ca0a6fd877]::panicking::panic_handler::{closure#0}
[INFO] [stdout]    8:     0x64e42364b0e9 - std[617be2ca0a6fd877]::sys::backtrace::__rust_end_short_backtrace::<std[617be2ca0a6fd877]::panicking::panic_handler::{closure#0}, !>
[INFO] [stdout]    9:     0x64e42365379d - __rustc[ea4f61d10b84890b]::rust_begin_unwind
[INFO] [stdout]   10:     0x64e42368d8dc - core[a373ad73a504971]::panicking::panic_fmt
[INFO] [stdout]   11:     0x64e42368d6b2 - core[a373ad73a504971]::result::unwrap_failed
[INFO] [stdout]   12:     0x64e4235f289b - enwiro_garnish_just[80d12d1bcfcc7e13]::tests::gear_for
[INFO] [stdout]   13:     0x64e4235ed2f0 - <enwiro_garnish_just[80d12d1bcfcc7e13]::tests::gear::emits_one_gear_named_just_with_canonical_description::{closure#0} as core[a373ad73a504971]::ops::function::FnOnce<()>>::call_once
[INFO] [stdout]   14:     0x64e4235f4b5b - test[aada8e7e76ba119b]::__rust_begin_short_backtrace::<core[a373ad73a504971]::result::Result<(), alloc[2e1b2a31b91974c5]::string::String>, fn() -> core[a373ad73a504971]::result::Result<(), alloc[2e1b2a31b91974c5]::string::String>>
[INFO] [stdout]   15:     0x64e423601d35 - test[aada8e7e76ba119b]::run_test::{closure#0}
[INFO] [stdout]   16:     0x64e4235fb624 - std[617be2ca0a6fd877]::sys::backtrace::__rust_begin_short_backtrace::<test[aada8e7e76ba119b]::run_test::{closure#1}, ()>
[INFO] [stdout]   17:     0x64e423604dc2 - <std[617be2ca0a6fd877]::thread::lifecycle::spawn_unchecked<test[aada8e7e76ba119b]::run_test::{closure#1}, ()>::{closure#1} as core[a373ad73a504971]::ops::function::FnOnce<()>>::call_once::{shim:vtable#0}
[INFO] [stdout]   18:     0x64e4236777df - <std[617be2ca0a6fd877]::sys::thread::unix::Thread>::new::thread_start
[INFO] [stdout]   19:     0x7849d6adddfa - <unknown>
[INFO] [stdout]   20:     0x7849d6b713d4 - clone
[INFO] [stdout]   21:                0x0 - <unknown>
[INFO] [stdout] 
[INFO] [stdout] ---- tests::gear::marks_confirm_recipes_as_requiring_confirmation stdout ----
[INFO] [stdout] 
[INFO] [stdout] thread 'tests::gear::marks_confirm_recipes_as_requiring_confirmation' (2534) panicked at src/main.rs:168:32:
[INFO] [stdout] called `Result::unwrap()` on an `Err` value: spawn `just --dump --dump-format json`
[INFO] [stdout] 
[INFO] [stdout] Caused by:
[INFO] [stdout]     No such file or directory (os error 2)
[INFO] [stdout] 
[INFO] [stdout] Stack backtrace:
[INFO] [stdout]    0: <core::io::error::Error as anyhow::context::ext::StdError>::ext_context::<&str>
[INFO] [stdout]    1: enwiro_garnish_just::build_gear
[INFO] [stdout]    2: enwiro_garnish_just::tests::gear_for
[INFO] [stdout]    3: <enwiro_garnish_just::tests::gear::marks_confirm_recipes_as_requiring_confirmation::{closure#0} as core::ops::function::FnOnce<()>>::call_once
[INFO] [stdout]    4: test::__rust_begin_short_backtrace::<core::result::Result<(), alloc::string::String>, fn() -> core::result::Result<(), alloc::string::String>>
[INFO] [stdout]    5: test::run_test::{closure#0}
[INFO] [stdout]    6: std::sys::backtrace::__rust_begin_short_backtrace::<test::run_test::{closure#1}, ()>
[INFO] [stdout]    7: <std::thread::lifecycle::spawn_unchecked<test::run_test::{closure#1}, ()>::{closure#1} as core::ops::function::FnOnce<()>>::call_once::{shim:vtable#0}
[INFO] [stdout]    8: <std::sys::thread::unix::Thread>::new::thread_start
[INFO] [stdout]    9: <unknown>
[INFO] [stdout]   10: clone
[INFO] [stdout] stack backtrace:
[INFO] [stdout]    0:     0x64e423678161 - <<std[617be2ca0a6fd877]::sys::backtrace::BacktraceLock>::print::DisplayBacktrace as core[a373ad73a504971]::fmt::Display>::fmt
[INFO] [stdout]    1:     0x64e42368d1aa - core[a373ad73a504971]::fmt::write
[INFO] [stdout]    2:     0x64e42367cccc - <alloc[2e1b2a31b91974c5]::vec::Vec<u8> as core[a373ad73a504971]::io::write::Write>::write_fmt
[INFO] [stdout]    3:     0x64e4236529d6 - std[617be2ca0a6fd877]::panicking::default_hook::{closure#0}
[INFO] [stdout]    4:     0x64e42366fed9 - std[617be2ca0a6fd877]::panicking::default_hook
[INFO] [stdout]    5:     0x64e423601710 - test[aada8e7e76ba119b]::test_main_inner::{closure#0}
[INFO] [stdout]    6:     0x64e423670092 - std[617be2ca0a6fd877]::panicking::panic_with_hook
[INFO] [stdout]    7:     0x64e423652a82 - std[617be2ca0a6fd877]::panicking::panic_handler::{closure#0}
[INFO] [stdout]    8:     0x64e42364b0e9 - std[617be2ca0a6fd877]::sys::backtrace::__rust_end_short_backtrace::<std[617be2ca0a6fd877]::panicking::panic_handler::{closure#0}, !>
[INFO] [stdout]    9:     0x64e42365379d - __rustc[ea4f61d10b84890b]::rust_begin_unwind
[INFO] [stdout]   10:     0x64e42368d8dc - core[a373ad73a504971]::panicking::panic_fmt
[INFO] [stdout]   11:     0x64e42368d6b2 - core[a373ad73a504971]::result::unwrap_failed
[INFO] [stdout]   12:     0x64e4235f289b - enwiro_garnish_just[80d12d1bcfcc7e13]::tests::gear_for
[INFO] [stdout]   13:     0x64e4235ed0c2 - <enwiro_garnish_just[80d12d1bcfcc7e13]::tests::gear::marks_confirm_recipes_as_requiring_confirmation::{closure#0} as core[a373ad73a504971]::ops::function::FnOnce<()>>::call_once
[INFO] [stdout]   14:     0x64e4235f4b5b - test[aada8e7e76ba119b]::__rust_begin_short_backtrace::<core[a373ad73a504971]::result::Result<(), alloc[2e1b2a31b91974c5]::string::String>, fn() -> core[a373ad73a504971]::result::Result<(), alloc[2e1b2a31b91974c5]::string::String>>
[INFO] [stdout]   15:     0x64e423601d35 - test[aada8e7e76ba119b]::run_test::{closure#0}
[INFO] [stdout]   16:     0x64e4235fb624 - std[617be2ca0a6fd877]::sys::backtrace::__rust_begin_short_backtrace::<test[aada8e7e76ba119b]::run_test::{closure#1}, ()>
[INFO] [stdout]   17:     0x64e423604dc2 - <std[617be2ca0a6fd877]::thread::lifecycle::spawn_unchecked<test[aada8e7e76ba119b]::run_test::{closure#1}, ()>::{closure#1} as core[a373ad73a504971]::ops::function::FnOnce<()>>::call_once::{shim:vtable#0}
[INFO] [stdout]   18:     0x64e4236777df - <std[617be2ca0a6fd877]::sys::thread::unix::Thread>::new::thread_start
[INFO] [stdout]   19:     0x7849d6adddfa - <unknown>
[INFO] [stdout]   20:     0x7849d6b713d4 - clone
[INFO] [stdout]   21:                0x0 - <unknown>
[INFO] [stdout] 
[INFO] [stdout] ---- tests::gear::marks_confirm_with_message_as_requiring_confirmation stdout ----
[INFO] [stdout] 
[INFO] [stdout] thread 'tests::gear::marks_confirm_with_message_as_requiring_confirmation' (2535) panicked at src/main.rs:168:32:
[INFO] [stdout] called `Result::unwrap()` on an `Err` value: spawn `just --dump --dump-format json`
[INFO] [stdout] 
[INFO] [stdout] Caused by:
[INFO] [stdout]     No such file or directory (os error 2)
[INFO] [stdout] 
[INFO] [stdout] Stack backtrace:
[INFO] [stdout]    0: <core::io::error::Error as anyhow::context::ext::StdError>::ext_context::<&str>
[INFO] [stdout]    1: enwiro_garnish_just::build_gear
[INFO] [stdout]    2: enwiro_garnish_just::tests::gear_for
[INFO] [stdout]    3: <enwiro_garnish_just::tests::gear::marks_confirm_with_message_as_requiring_confirmation::{closure#0} as core::ops::function::FnOnce<()>>::call_once
[INFO] [stdout]    4: test::__rust_begin_short_backtrace::<core::result::Result<(), alloc::string::String>, fn() -> core::result::Result<(), alloc::string::String>>
[INFO] [stdout]    5: test::run_test::{closure#0}
[INFO] [stdout]    6: std::sys::backtrace::__rust_begin_short_backtrace::<test::run_test::{closure#1}, ()>
[INFO] [stdout]    7: <std::thread::lifecycle::spawn_unchecked<test::run_test::{closure#1}, ()>::{closure#1} as core::ops::function::FnOnce<()>>::call_once::{shim:vtable#0}
[INFO] [stdout]    8: <std::sys::thread::unix::Thread>::new::thread_start
[INFO] [stdout]    9: <unknown>
[INFO] [stdout]   10: clone
[INFO] [stdout] stack backtrace:
[INFO] [stdout]    0:     0x64e423678161 - <<std[617be2ca0a6fd877]::sys::backtrace::BacktraceLock>::print::DisplayBacktrace as core[a373ad73a504971]::fmt::Display>::fmt
[INFO] [stdout]    1:     0x64e42368d1aa - core[a373ad73a504971]::fmt::write
[INFO] [stdout]    2:     0x64e42367cccc - <alloc[2e1b2a31b91974c5]::vec::Vec<u8> as core[a373ad73a504971]::io::write::Write>::write_fmt
[INFO] [stdout]    3:     0x64e4236529d6 - std[617be2ca0a6fd877]::panicking::default_hook::{closure#0}
[INFO] [stdout]    4:     0x64e42366fed9 - std[617be2ca0a6fd877]::panicking::default_hook
[INFO] [stdout]    5:     0x64e423601710 - test[aada8e7e76ba119b]::test_main_inner::{closure#0}
[INFO] [stdout]    6:     0x64e423670092 - std[617be2ca0a6fd877]::panicking::panic_with_hook
[INFO] [stdout]    7:     0x64e423652a82 - std[617be2ca0a6fd877]::panicking::panic_handler::{closure#0}
[INFO] [stdout]    8:     0x64e42364b0e9 - std[617be2ca0a6fd877]::sys::backtrace::__rust_end_short_backtrace::<std[617be2ca0a6fd877]::panicking::panic_handler::{closure#0}, !>
[INFO] [stdout]    9:     0x64e42365379d - __rustc[ea4f61d10b84890b]::rust_begin_unwind
[INFO] [stdout]   10:     0x64e42368d8dc - core[a373ad73a504971]::panicking::panic_fmt
[INFO] [stdout]   11:     0x64e42368d6b2 - core[a373ad73a504971]::result::unwrap_failed
[INFO] [stdout]   12:     0x64e4235f289b - enwiro_garnish_just[80d12d1bcfcc7e13]::tests::gear_for
[INFO] [stdout]   13:     0x64e4235ed4d2 - <enwiro_garnish_just[80d12d1bcfcc7e13]::tests::gear::marks_confirm_with_message_as_requiring_confirmation::{closure#0} as core[a373ad73a504971]::ops::function::FnOnce<()>>::call_once
[INFO] [stdout]   14:     0x64e4235f4b5b - test[aada8e7e76ba119b]::__rust_begin_short_backtrace::<core[a373ad73a504971]::result::Result<(), alloc[2e1b2a31b91974c5]::string::String>, fn() -> core[a373ad73a504971]::result::Result<(), alloc[2e1b2a31b91974c5]::string::String>>
[INFO] [stdout]   15:     0x64e423601d35 - test[aada8e7e76ba119b]::run_test::{closure#0}
[INFO] [stdout]   16:     0x64e4235fb624 - std[617be2ca0a6fd877]::sys::backtrace::__rust_begin_short_backtrace::<test[aada8e7e76ba119b]::run_test::{closure#1}, ()>
[INFO] [stdout]   17:     0x64e423604dc2 - <std[617be2ca0a6fd877]::thread::lifecycle::spawn_unchecked<test[aada8e7e76ba119b]::run_test::{closure#1}, ()>::{closure#1} as core[a373ad73a504971]::ops::function::FnOnce<()>>::call_once::{shim:vtable#0}
[INFO] [stdout]   18:     0x64e4236777df - <std[617be2ca0a6fd877]::sys::thread::unix::Thread>::new::thread_start
[INFO] [stdout]   19:     0x7849d6adddfa - <unknown>
[INFO] [stdout]   20:     0x7849d6b713d4 - clone
[INFO] [stdout]   21:                0x0 - <unknown>
[INFO] [stdout] 
[INFO] [stdout] ---- tests::gear::command_does_not_inline_recipe_parameters stdout ----
[INFO] [stdout] 
[INFO] [stdout] thread 'tests::gear::command_does_not_inline_recipe_parameters' (2531) panicked at src/main.rs:168:32:
[INFO] [stdout] called `Result::unwrap()` on an `Err` value: spawn `just --dump --dump-format json`
[INFO] [stdout] 
[INFO] [stdout] Caused by:
[INFO] [stdout]     No such file or directory (os error 2)
[INFO] [stdout] 
[INFO] [stdout] Stack backtrace:
[INFO] [stdout]    0: <core::io::error::Error as anyhow::context::ext::StdError>::ext_context::<&str>
[INFO] [stdout]    1: enwiro_garnish_just::build_gear
[INFO] [stdout]    2: enwiro_garnish_just::tests::gear_for
[INFO] [stdout]    3: <enwiro_garnish_just::tests::gear::command_does_not_inline_recipe_parameters::{closure#0} as core::ops::function::FnOnce<()>>::call_once
[INFO] [stdout]    4: test::__rust_begin_short_backtrace::<core::result::Result<(), alloc::string::String>, fn() -> core::result::Result<(), alloc::string::String>>
[INFO] [stdout]    5: test::run_test::{closure#0}
[INFO] [stdout]    6: std::sys::backtrace::__rust_begin_short_backtrace::<test::run_test::{closure#1}, ()>
[INFO] [stdout]    7: <std::thread::lifecycle::spawn_unchecked<test::run_test::{closure#1}, ()>::{closure#1} as core::ops::function::FnOnce<()>>::call_once::{shim:vtable#0}
[INFO] [stdout]    8: <std::sys::thread::unix::Thread>::new::thread_start
[INFO] [stdout]    9: <unknown>
[INFO] [stdout]   10: clone
[INFO] [stdout] stack backtrace:
[INFO] [stdout]    0:     0x64e423678161 - <<std[617be2ca0a6fd877]::sys::backtrace::BacktraceLock>::print::DisplayBacktrace as core[a373ad73a504971]::fmt::Display>::fmt
[INFO] [stdout]    1:     0x64e42368d1aa - core[a373ad73a504971]::fmt::write
[INFO] [stdout]    2:     0x64e42367cccc - <alloc[2e1b2a31b91974c5]::vec::Vec<u8> as core[a373ad73a504971]::io::write::Write>::write_fmt
[INFO] [stdout]    3:     0x64e4236529d6 - std[617be2ca0a6fd877]::panicking::default_hook::{closure#0}
[INFO] [stdout]    4:     0x64e42366fed9 - std[617be2ca0a6fd877]::panicking::default_hook
[INFO] [stdout]    5:     0x64e423601710 - test[aada8e7e76ba119b]::test_main_inner::{closure#0}
[INFO] [stdout]    6:     0x64e423670092 - std[617be2ca0a6fd877]::panicking::panic_with_hook
[INFO] [stdout]    7:     0x64e423652a82 - std[617be2ca0a6fd877]::panicking::panic_handler::{closure#0}
[INFO] [stdout]    8:     0x64e42364b0e9 - std[617be2ca0a6fd877]::sys::backtrace::__rust_end_short_backtrace::<std[617be2ca0a6fd877]::panicking::panic_handler::{closure#0}, !>
[INFO] [stdout]    9:     0x64e42365379d - __rustc[ea4f61d10b84890b]::rust_begin_unwind
[INFO] [stdout]   10:     0x64e42368d8dc - core[a373ad73a504971]::panicking::panic_fmt
[INFO] [stdout]   11:     0x64e42368d6b2 - core[a373ad73a504971]::result::unwrap_failed
[INFO] [stdout]   12:     0x64e4235f289b - enwiro_garnish_just[80d12d1bcfcc7e13]::tests::gear_for
[INFO] [stdout]   13:     0x64e4235ecb76 - <enwiro_garnish_just[80d12d1bcfcc7e13]::tests::gear::command_does_not_inline_recipe_parameters::{closure#0} as core[a373ad73a504971]::ops::function::FnOnce<()>>::call_once
[INFO] [stdout]   14:     0x64e4235f4b5b - test[aada8e7e76ba119b]::__rust_begin_short_backtrace::<core[a373ad73a504971]::result::Result<(), alloc[2e1b2a31b91974c5]::string::String>, fn() -> core[a373ad73a504971]::result::Result<(), alloc[2e1b2a31b91974c5]::string::String>>
[INFO] [stdout]   15:     0x64e423601d35 - test[aada8e7e76ba119b]::run_test::{closure#0}
[INFO] [stdout]   16:     0x64e4235fb624 - std[617be2ca0a6fd877]::sys::backtrace::__rust_begin_short_backtrace::<test[aada8e7e76ba119b]::run_test::{closure#1}, ()>
[INFO] [stdout]   17:     0x64e423604dc2 - <std[617be2ca0a6fd877]::thread::lifecycle::spawn_unchecked<test[aada8e7e76ba119b]::run_test::{closure#1}, ()>::{closure#1} as core[a373ad73a504971]::ops::function::FnOnce<()>>::call_once::{shim:vtable#0}
[INFO] [stdout]   18:     0x64e4236777df - <std[617be2ca0a6fd877]::sys::thread::unix::Thread>::new::thread_start
[INFO] [stdout]   19:     0x7849d6adddfa - <unknown>
[INFO] [stdout]   20:     0x7849d6b713d4 - clone
[INFO] [stdout]   21:                0x0 - <unknown>
[INFO] [stdout] 
[INFO] [stdout] ---- tests::applies::true_when_lowercase_justfile_exists stdout ----
[INFO] [stdout] 
[INFO] [stdout] thread 'tests::applies::true_when_lowercase_justfile_exists' (2530) panicked at src/main.rs:177:13:
[INFO] [stdout] assertion failed: applies_to(dir.path())
[INFO] [stdout] stack backtrace:
[INFO] [stdout]    0:     0x64e423678161 - <<std[617be2ca0a6fd877]::sys::backtrace::BacktraceLock>::print::DisplayBacktrace as core[a373ad73a504971]::fmt::Display>::fmt
[INFO] [stdout]    1:     0x64e42368d1aa - core[a373ad73a504971]::fmt::write
[INFO] [stdout]    2:     0x64e42367cccc - <alloc[2e1b2a31b91974c5]::vec::Vec<u8> as core[a373ad73a504971]::io::write::Write>::write_fmt
[INFO] [stdout]    3:     0x64e4236529d6 - std[617be2ca0a6fd877]::panicking::default_hook::{closure#0}
[INFO] [stdout]    4:     0x64e42366fed9 - std[617be2ca0a6fd877]::panicking::default_hook
[INFO] [stdout]    5:     0x64e423601710 - test[aada8e7e76ba119b]::test_main_inner::{closure#0}
[INFO] [stdout]    6:     0x64e423670092 - std[617be2ca0a6fd877]::panicking::panic_with_hook
[INFO] [stdout]    7:     0x64e423652ab4 - std[617be2ca0a6fd877]::panicking::panic_handler::{closure#0}
[INFO] [stdout]    8:     0x64e42364b0e9 - std[617be2ca0a6fd877]::sys::backtrace::__rust_end_short_backtrace::<std[617be2ca0a6fd877]::panicking::panic_handler::{closure#0}, !>
[INFO] [stdout]    9:     0x64e42365379d - __rustc[ea4f61d10b84890b]::rust_begin_unwind
[INFO] [stdout]   10:     0x64e42368d8dc - core[a373ad73a504971]::panicking::panic_fmt
[INFO] [stdout]   11:     0x64e42368d8a2 - core[a373ad73a504971]::panicking::panic
[INFO] [stdout]   12:     0x64e4235f30a6 - <enwiro_garnish_just[80d12d1bcfcc7e13]::tests::applies::true_when_lowercase_justfile_exists::{closure#0} as core[a373ad73a504971]::ops::function::FnOnce<()>>::call_once
[INFO] [stdout]   13:     0x64e4235f4b5b - test[aada8e7e76ba119b]::__rust_begin_short_backtrace::<core[a373ad73a504971]::result::Result<(), alloc[2e1b2a31b91974c5]::string::String>, fn() -> core[a373ad73a504971]::result::Result<(), alloc[2e1b2a31b91974c5]::string::String>>
[INFO] [stdout]   14:     0x64e423601d35 - test[aada8e7e76ba119b]::run_test::{closure#0}
[INFO] [stdout]   15:     0x64e4235fb624 - std[617be2ca0a6fd877]::sys::backtrace::__rust_begin_short_backtrace::<test[aada8e7e76ba119b]::run_test::{closure#1}, ()>
[INFO] [stdout]   16:     0x64e423604dc2 - <std[617be2ca0a6fd877]::thread::lifecycle::spawn_unchecked<test[aada8e7e76ba119b]::run_test::{closure#1}, ()>::{closure#1} as core[a373ad73a504971]::ops::function::FnOnce<()>>::call_once::{shim:vtable#0}
[INFO] [stdout]   17:     0x64e4236777df - <std[617be2ca0a6fd877]::sys::thread::unix::Thread>::new::thread_start
[INFO] [stdout]   18:     0x7849d6adddfa - <unknown>
[INFO] [stdout]   19:     0x7849d6b713d4 - clone
[INFO] [stdout]   20:                0x0 - <unknown>
[INFO] [stdout] 
[INFO] [stdout] ---- tests::gear::skips_underscore_prefixed_recipes stdout ----
[INFO] [stdout] 
[INFO] [stdout] thread 'tests::gear::skips_underscore_prefixed_recipes' (2539) panicked at src/main.rs:168:32:
[INFO] [stdout] called `Result::unwrap()` on an `Err` value: spawn `just --dump --dump-format json`
[INFO] [stdout] 
[INFO] [stdout] Caused by:
[INFO] [stdout]     No such file or directory (os error 2)
[INFO] [stdout] 
[INFO] [stdout] Stack backtrace:
[INFO] [stdout]    0: <core::io::error::Error as anyhow::context::ext::StdError>::ext_context::<&str>
[INFO] [stdout]    1: enwiro_garnish_just::build_gear
[INFO] [stdout]    2: enwiro_garnish_just::tests::gear_for
[INFO] [stdout]    3: <enwiro_garnish_just::tests::gear::skips_underscore_prefixed_recipes::{closure#0} as core::ops::function::FnOnce<()>>::call_once
[INFO] [stdout]    4: test::__rust_begin_short_backtrace::<core::result::Result<(), alloc::string::String>, fn() -> core::result::Result<(), alloc::string::String>>
[INFO] [stdout]    5: test::run_test::{closure#0}
[INFO] [stdout]    6: std::sys::backtrace::__rust_begin_short_backtrace::<test::run_test::{closure#1}, ()>
[INFO] [stdout]    7: <std::thread::lifecycle::spawn_unchecked<test::run_test::{closure#1}, ()>::{closure#1} as core::ops::function::FnOnce<()>>::call_once::{shim:vtable#0}
[INFO] [stdout]    8: <std::sys::thread::unix::Thread>::new::thread_start
[INFO] [stdout]    9: <unknown>
[INFO] [stdout]   10: clone
[INFO] [stdout] stack backtrace:
[INFO] [stdout]    0:     0x64e423678161 - <<std[617be2ca0a6fd877]::sys::backtrace::BacktraceLock>::print::DisplayBacktrace as core[a373ad73a504971]::fmt::Display>::fmt
[INFO] [stdout]    1:     0x64e42368d1aa - core[a373ad73a504971]::fmt::write
[INFO] [stdout]    2:     0x64e42367cccc - <alloc[2e1b2a31b91974c5]::vec::Vec<u8> as core[a373ad73a504971]::io::write::Write>::write_fmt
[INFO] [stdout]    3:     0x64e4236529d6 - std[617be2ca0a6fd877]::panicking::default_hook::{closure#0}
[INFO] [stdout]    4:     0x64e42366fed9 - std[617be2ca0a6fd877]::panicking::default_hook
[INFO] [stdout]    5:     0x64e423601710 - test[aada8e7e76ba119b]::test_main_inner::{closure#0}
[INFO] [stdout]    6:     0x64e423670092 - std[617be2ca0a6fd877]::panicking::panic_with_hook
[INFO] [stdout]    7:     0x64e423652a82 - std[617be2ca0a6fd877]::panicking::panic_handler::{closure#0}
[INFO] [stdout]    8:     0x64e42364b0e9 - std[617be2ca0a6fd877]::sys::backtrace::__rust_end_short_backtrace::<std[617be2ca0a6fd877]::panicking::panic_handler::{closure#0}, !>
[INFO] [stdout]    9:     0x64e42365379d - __rustc[ea4f61d10b84890b]::rust_begin_unwind
[INFO] [stdout]   10:     0x64e42368d8dc - core[a373ad73a504971]::panicking::panic_fmt
[INFO] [stdout]   11:     0x64e42368d6b2 - core[a373ad73a504971]::result::unwrap_failed
[INFO] [stdout]   12:     0x64e4235f289b - enwiro_garnish_just[80d12d1bcfcc7e13]::tests::gear_for
[INFO] [stdout]   13:     0x64e4235ec37e - <enwiro_garnish_just[80d12d1bcfcc7e13]::tests::gear::skips_underscore_prefixed_recipes::{closure#0} as core[a373ad73a504971]::ops::function::FnOnce<()>>::call_once
[INFO] [stdout]   14:     0x64e4235f4b5b - test[aada8e7e76ba119b]::__rust_begin_short_backtrace::<core[a373ad73a504971]::result::Result<(), alloc[2e1b2a31b91974c5]::string::String>, fn() -> core[a373ad73a504971]::result::Result<(), alloc[2e1b2a31b91974c5]::string::String>>
[INFO] [stdout]   15:     0x64e423601d35 - test[aada8e7e76ba119b]::run_test::{closure#0}
[INFO] [stdout]   16:     0x64e4235fb624 - std[617be2ca0a6fd877]::sys::backtrace::__rust_begin_short_backtrace::<test[aada8e7e76ba119b]::run_test::{closure#1}, ()>
[INFO] [stdout]   17:     0x64e423604dc2 - <std[617be2ca0a6fd877]::thread::lifecycle::spawn_unchecked<test[aada8e7e76ba119b]::run_test::{closure#1}, ()>::{closure#1} as core[a373ad73a504971]::ops::function::FnOnce<()>>::call_once::{shim:vtable#0}
[INFO] [stdout]   18:     0x64e4236777df - <std[617be2ca0a6fd877]::sys::thread::unix::Thread>::new::thread_start
[INFO] [stdout]   19:     0x7849d6adddfa - <unknown>
[INFO] [stdout]   20:     0x7849d6b713d4 - clone
[INFO] [stdout]   21:                0x0 - <unknown>
[INFO] [stdout] 
[INFO] [stdout] ---- tests::gear::plain_recipes_do_not_require_confirmation stdout ----
[INFO] [stdout] 
[INFO] [stdout] thread 'tests::gear::plain_recipes_do_not_require_confirmation' (2537) panicked at src/main.rs:168:32:
[INFO] [stdout] called `Result::unwrap()` on an `Err` value: spawn `just --dump --dump-format json`
[INFO] [stdout] 
[INFO] [stdout] Caused by:
[INFO] [stdout]     No such file or directory (os error 2)
[INFO] [stdout] 
[INFO] [stdout] Stack backtrace:
[INFO] [stdout]    0: <core::io::error::Error as anyhow::context::ext::StdError>::ext_context::<&str>
[INFO] [stdout]    1: enwiro_garnish_just::build_gear
[INFO] [stdout]    2: enwiro_garnish_just::tests::gear_for
[INFO] [stdout]    3: <enwiro_garnish_just::tests::gear::plain_recipes_do_not_require_confirmation::{closure#0} as core::ops::function::FnOnce<()>>::call_once
[INFO] [stdout]    4: test::__rust_begin_short_backtrace::<core::result::Result<(), alloc::string::String>, fn() -> core::result::Result<(), alloc::string::String>>
[INFO] [stdout]    5: test::run_test::{closure#0}
[INFO] [stdout]    6: std::sys::backtrace::__rust_begin_short_backtrace::<test::run_test::{closure#1}, ()>
[INFO] [stdout]    7: <std::thread::lifecycle::spawn_unchecked<test::run_test::{closure#1}, ()>::{closure#1} as core::ops::function::FnOnce<()>>::call_once::{shim:vtable#0}
[INFO] [stdout]    8: <std::sys::thread::unix::Thread>::new::thread_start
[INFO] [stdout]    9: <unknown>
[INFO] [stdout]   10: clone
[INFO] [stdout] stack backtrace:
[INFO] [stdout]    0:     0x64e423678161 - <<std[617be2ca0a6fd877]::sys::backtrace::BacktraceLock>::print::DisplayBacktrace as core[a373ad73a504971]::fmt::Display>::fmt
[INFO] [stdout]    1:     0x64e42368d1aa - core[a373ad73a504971]::fmt::write
[INFO] [stdout]    2:     0x64e42367cccc - <alloc[2e1b2a31b91974c5]::vec::Vec<u8> as core[a373ad73a504971]::io::write::Write>::write_fmt
[INFO] [stdout]    3:     0x64e4236529d6 - std[617be2ca0a6fd877]::panicking::default_hook::{closure#0}
[INFO] [stdout]    4:     0x64e42366fed9 - std[617be2ca0a6fd877]::panicking::default_hook
[INFO] [stdout]    5:     0x64e423601710 - test[aada8e7e76ba119b]::test_main_inner::{closure#0}
[INFO] [stdout]    6:     0x64e423670092 - std[617be2ca0a6fd877]::panicking::panic_with_hook
[INFO] [stdout]    7:     0x64e423652a82 - std[617be2ca0a6fd877]::panicking::panic_handler::{closure#0}
[INFO] [stdout]    8:     0x64e42364b0e9 - std[617be2ca0a6fd877]::sys::backtrace::__rust_end_short_backtrace::<std[617be2ca0a6fd877]::panicking::panic_handler::{closure#0}, !>
[INFO] [stdout]    9:     0x64e42365379d - __rustc[ea4f61d10b84890b]::rust_begin_unwind
[INFO] [stdout]   10:     0x64e42368d8dc - core[a373ad73a504971]::panicking::panic_fmt
[INFO] [stdout]   11:     0x64e42368d6b2 - core[a373ad73a504971]::result::unwrap_failed
[INFO] [stdout]   12:     0x64e4235f289b - enwiro_garnish_just[80d12d1bcfcc7e13]::tests::gear_for
[INFO] [stdout]   13:     0x64e4235ece92 - <enwiro_garnish_just[80d12d1bcfcc7e13]::tests::gear::plain_recipes_do_not_require_confirmation::{closure#0} as core[a373ad73a504971]::ops::function::FnOnce<()>>::call_once
[INFO] [stdout]   14:     0x64e4235f4b5b - test[aada8e7e76ba119b]::__rust_begin_short_backtrace::<core[a373ad73a504971]::result::Result<(), alloc[2e1b2a31b91974c5]::string::String>, fn() -> core[a373ad73a504971]::result::Result<(), alloc[2e1b2a31b91974c5]::string::String>>
[INFO] [stdout]   15:     0x64e423601d35 - test[aada8e7e76ba119b]::run_test::{closure#0}
[INFO] [stdout]   16:     0x64e4235fb624 - std[617be2ca0a6fd877]::sys::backtrace::__rust_begin_short_backtrace::<test[aada8e7e76ba119b]::run_test::{closure#1}, ()>
[INFO] [stdout]   17:     0x64e423604dc2 - <std[617be2ca0a6fd877]::thread::lifecycle::spawn_unchecked<test[aada8e7e76ba119b]::run_test::{closure#1}, ()>::{closure#1} as core[a373ad73a504971]::ops::function::FnOnce<()>>::call_once::{shim:vtable#0}
[INFO] [stdout]   18:     0x64e4236777df - <std[617be2ca0a6fd877]::sys::thread::unix::Thread>::new::thread_start
[INFO] [stdout]   19:     0x7849d6adddfa - <unknown>
[INFO] [stdout]   20:     0x7849d6b713d4 - clone
[INFO] [stdout]   21:                0x0 - <unknown>
[INFO] [stdout] 
[INFO] [stdout] ---- tests::gear::omits_description_when_no_doc_comment stdout ----
[INFO] [stdout] 
[INFO] [stdout] thread 'tests::gear::omits_description_when_no_doc_comment' (2536) panicked at src/main.rs:168:32:
[INFO] [stdout] called `Result::unwrap()` on an `Err` value: spawn `just --dump --dump-format json`
[INFO] [stdout] 
[INFO] [stdout] Caused by:
[INFO] [stdout]     No such file or directory (os error 2)
[INFO] [stdout] 
[INFO] [stdout] Stack backtrace:
[INFO] [stdout]    0: <core::io::error::Error as anyhow::context::ext::StdError>::ext_context::<&str>
[INFO] [stdout]    1: enwiro_garnish_just::build_gear
[INFO] [stdout]    2: enwiro_garnish_just::tests::gear_for
[INFO] [stdout]    3: <enwiro_garnish_just::tests::gear::omits_description_when_no_doc_comment::{closure#0} as core::ops::function::FnOnce<()>>::call_once
[INFO] [stdout]    4: test::__rust_begin_short_backtrace::<core::result::Result<(), alloc::string::String>, fn() -> core::result::Result<(), alloc::string::String>>
[INFO] [stdout]    5: test::run_test::{closure#0}
[INFO] [stdout]    6: std::sys::backtrace::__rust_begin_short_backtrace::<test::run_test::{closure#1}, ()>
[INFO] [stdout]    7: <std::thread::lifecycle::spawn_unchecked<test::run_test::{closure#1}, ()>::{closure#1} as core::ops::function::FnOnce<()>>::call_once::{shim:vtable#0}
[INFO] [stdout]    8: <std::sys::thread::unix::Thread>::new::thread_start
[INFO] [stdout]    9: <unknown>
[INFO] [stdout]   10: clone
[INFO] [stdout] stack backtrace:
[INFO] [stdout]    0:     0x64e423678161 - <<std[617be2ca0a6fd877]::sys::backtrace::BacktraceLock>::print::DisplayBacktrace as core[a373ad73a504971]::fmt::Display>::fmt
[INFO] [stdout]    1:     0x64e42368d1aa - core[a373ad73a504971]::fmt::write
[INFO] [stdout]    2:     0x64e42367cccc - <alloc[2e1b2a31b91974c5]::vec::Vec<u8> as core[a373ad73a504971]::io::write::Write>::write_fmt
[INFO] [stdout]    3:     0x64e4236529d6 - std[617be2ca0a6fd877]::panicking::default_hook::{closure#0}
[INFO] [stdout]    4:     0x64e42366fed9 - std[617be2ca0a6fd877]::panicking::default_hook
[INFO] [stdout]    5:     0x64e423601710 - test[aada8e7e76ba119b]::test_main_inner::{closure#0}
[INFO] [stdout]    6:     0x64e423670092 - std[617be2ca0a6fd877]::panicking::panic_with_hook
[INFO] [stdout]    7:     0x64e423652a82 - std[617be2ca0a6fd877]::panicking::panic_handler::{closure#0}
[INFO] [stdout]    8:     0x64e42364b0e9 - std[617be2ca0a6fd877]::sys::backtrace::__rust_end_short_backtrace::<std[617be2ca0a6fd877]::panicking::panic_handler::{closure#0}, !>
[INFO] [stdout]    9:     0x64e42365379d - __rustc[ea4f61d10b84890b]::rust_begin_unwind
[INFO] [stdout]   10:     0x64e42368d8dc - core[a373ad73a504971]::panicking::panic_fmt
[INFO] [stdout]   11:     0x64e42368d6b2 - core[a373ad73a504971]::result::unwrap_failed
[INFO] [stdout]   12:     0x64e4235f289b - enwiro_garnish_just[80d12d1bcfcc7e13]::tests::gear_for
[INFO] [stdout]   13:     0x64e4235ec942 - <enwiro_garnish_just[80d12d1bcfcc7e13]::tests::gear::omits_description_when_no_doc_comment::{closure#0} as core[a373ad73a504971]::ops::function::FnOnce<()>>::call_once
[INFO] [stdout]   14:     0x64e4235f4b5b - test[aada8e7e76ba119b]::__rust_begin_short_backtrace::<core[a373ad73a504971]::result::Result<(), alloc[2e1b2a31b91974c5]::string::String>, fn() -> core[a373ad73a504971]::result::Result<(), alloc[2e1b2a31b91974c5]::string::String>>
[INFO] [stdout]   15:     0x64e423601d35 - test[aada8e7e76ba119b]::run_test::{closure#0}
[INFO] [stdout]   16:     0x64e4235fb624 - std[617be2ca0a6fd877]::sys::backtrace::__rust_begin_short_backtrace::<test[aada8e7e76ba119b]::run_test::{closure#1}, ()>
[INFO] [stdout]   17:     0x64e423604dc2 - <std[617be2ca0a6fd877]::thread::lifecycle::spawn_unchecked<test[aada8e7e76ba119b]::run_test::{closure#1}, ()>::{closure#1} as core[a373ad73a504971]::ops::function::FnOnce<()>>::call_once::{shim:vtable#0}
[INFO] [stdout]   18:     0x64e4236777df - <std[617be2ca0a6fd877]::sys::thread::unix::Thread>::new::thread_start
[INFO] [stdout]   19:     0x7849d6adddfa - <unknown>
[INFO] [stdout]   20:     0x7849d6b713d4 - clone
[INFO] [stdout]   21:                0x0 - <unknown>
[INFO] [stdout] 
[INFO] [stdout] 
[INFO] [stdout] failures:
[INFO] [stdout]     tests::applies::true_for_capitalized_justfile
[INFO] [stdout]     tests::applies::true_when_lowercase_justfile_exists
[INFO] [stdout]     tests::gear::command_does_not_inline_recipe_parameters
[INFO] [stdout]     tests::gear::emits_one_gear_named_just_with_canonical_description
[INFO] [stdout]     tests::gear::handles_multiple_recipes
[INFO] [stdout]     tests::gear::marks_confirm_recipes_as_requiring_confirmation
[INFO] [stdout]     tests::gear::marks_confirm_with_message_as_requiring_confirmation
[INFO] [stdout]     tests::gear::omits_description_when_no_doc_comment
[INFO] [stdout]     tests::gear::plain_recipes_do_not_require_confirmation
[INFO] [stdout]     tests::gear::skips_attribute_private_recipes
[INFO] [stdout]     tests::gear::skips_underscore_prefixed_recipes
[INFO] [stdout]     tests::gear::surfaces_doc_comment_as_description
[INFO] [stdout] 
[INFO] [stdout] test result: FAILED. 1 passed; 12 failed; 0 ignored; 0 measured; 0 filtered out; finished in 0.01s
[INFO] [stdout] 
[INFO] running `Command { std: "docker" "inspect" "11fccf60f2d1885e52aed6b9c265118e6e39cc2e242826b195af771eedb6802a", kill_on_drop: false }`
[INFO] running `Command { std: "docker" "rm" "-f" "11fccf60f2d1885e52aed6b9c265118e6e39cc2e242826b195af771eedb6802a", kill_on_drop: false }`
[INFO] [stdout] 11fccf60f2d1885e52aed6b9c265118e6e39cc2e242826b195af771eedb6802a
