[INFO] fetching crate zixcel-mcp-gateway 0.1.1...
[INFO] testing zixcel-mcp-gateway-0.1.1 against 1.100.0-beta.1+cargoflags=--release for beta-release-1.100-3
[INFO] extracting crate zixcel-mcp-gateway 0.1.1 into /workspace/builds/worker-1-tc2/source
[INFO] started tweaking crates.io crate zixcel-mcp-gateway 0.1.1
[INFO] removed 0 missing tests
[INFO] finished tweaking crates.io crate zixcel-mcp-gateway 0.1.1
[INFO] tweaked toml for crates.io crate zixcel-mcp-gateway 0.1.1 written to /workspace/builds/worker-1-tc2/source/Cargo.toml
[INFO] validating manifest of crates.io crate zixcel-mcp-gateway 0.1.1 on toolchain 1.100.0-beta.1
[INFO] running `Command { std: CARGO_HOME="/workspace/cargo-home" RUSTUP_HOME="/workspace/rustup-home" "/workspace/cargo-home/bin/cargo" "+1.100.0-beta.1" "metadata" "--manifest-path" "Cargo.toml" "--no-deps", kill_on_drop: false }`
[INFO] crate crates.io crate zixcel-mcp-gateway 0.1.1 already has a lockfile, it will not be regenerated
[INFO] running `Command { std: CARGO_HOME="/workspace/cargo-home" RUSTUP_HOME="/workspace/rustup-home" "/workspace/cargo-home/bin/cargo" "+1.100.0-beta.1" "fetch" "--manifest-path" "Cargo.toml", kill_on_drop: false }`
[INFO] running `Command { std: "docker" "create" "-v" "/var/lib/crater-agent-workspace/builds/worker-1-tc2/source:/opt/rustwide/workdir:ro,Z" "-v" "/var/lib/crater-agent-workspace/builds/worker-1-tc2/target:/opt/rustwide/target:rw,Z" "-v" "/var/lib/crater-agent-workspace/cargo-home:/opt/rustwide/cargo-home:ro,Z" "-v" "/var/lib/crater-agent-workspace/rustup-home:/opt/rustwide/rustup-home:ro,Z" "-m" "1610612736" "--network" "none" "ghcr.io/rust-lang/crates-build-env/linux@sha256:77db811e55d90add9212f6832c23229e3de5f1c1f9905e8cb07319ea15df73ac" "sleep" "infinity", kill_on_drop: false }`
[INFO] [stdout] 5031325f21ec57dd2c6bb4f9247080263e439bf1525e640797ba8ba0972ba98b
[INFO] running `Command { std: "docker" "start" "5031325f21ec57dd2c6bb4f9247080263e439bf1525e640797ba8ba0972ba98b", kill_on_drop: false }`
[INFO] running `Command { std: "docker" "inspect" "5031325f21ec57dd2c6bb4f9247080263e439bf1525e640797ba8ba0972ba98b", kill_on_drop: false }`
[INFO] running `Command { std: "docker" "exec" "-e" "SOURCE_DIR=/opt/rustwide/workdir" "-e" "CARGO_HOME=/opt/rustwide/cargo-home" "-e" "RUSTUP_HOME=/opt/rustwide/rustup-home" "-e" "CARGO_TARGET_DIR=/opt/rustwide/target" "-w" "/opt/rustwide/workdir" "--user" "0:0" "5031325f21ec57dd2c6bb4f9247080263e439bf1525e640797ba8ba0972ba98b" "/opt/rustwide/cargo-home/bin/cargo" "+1.100.0-beta.1" "metadata" "--no-deps" "--format-version=1", kill_on_drop: false }`
[INFO] running `Command { std: "docker" "inspect" "5031325f21ec57dd2c6bb4f9247080263e439bf1525e640797ba8ba0972ba98b", kill_on_drop: false }`
[INFO] running `Command { std: "docker" "exec" "-e" "SOURCE_DIR=/opt/rustwide/workdir" "-e" "CARGO_HOME=/opt/rustwide/cargo-home" "-e" "RUSTUP_HOME=/opt/rustwide/rustup-home" "-e" "CARGO_TARGET_DIR=/opt/rustwide/target" "-e" "CARGO_INCREMENTAL=0" "-e" "RUST_BACKTRACE=full" "-e" "RUSTFLAGS=--cap-lints=warn" "-e" "RUSTDOCFLAGS=--cap-lints=warn" "-w" "/opt/rustwide/workdir" "--user" "0:0" "5031325f21ec57dd2c6bb4f9247080263e439bf1525e640797ba8ba0972ba98b" "/opt/rustwide/cargo-home/bin/cargo" "+1.100.0-beta.1" "build" "--frozen" "--message-format=json" "--release", kill_on_drop: false }`
[INFO] [stderr]    Compiling proc-macro2 v1.0.107
[INFO] [stderr]    Compiling quote v1.0.47
[INFO] [stderr]    Compiling serde_core v1.0.229
[INFO] [stderr]    Compiling serde v1.0.229
[INFO] [stderr]    Compiling equivalent v1.0.2
[INFO] [stderr]    Compiling zmij v1.0.23
[INFO] [stderr]    Compiling hashbrown v0.17.1
[INFO] [stderr]    Compiling serde_json v1.0.151
[INFO] [stderr]    Compiling libc v0.2.187
[INFO] [stderr]    Compiling winnow v0.7.15
[INFO] [stderr]    Compiling toml_write v0.1.2
[INFO] [stderr]    Compiling memchr v2.8.3
[INFO] [stderr]    Compiling num-traits v0.2.19
[INFO] [stderr]    Compiling bigdecimal v0.4.11
[INFO] [stderr]    Compiling syn v3.0.2
[INFO] [stderr]    Compiling indexmap v2.14.0
[INFO] [stderr]    Compiling num-integer v0.1.47
[INFO] [stderr]    Compiling num-bigint v0.4.8
[INFO] [stderr]    Compiling serde_derive v1.0.229
[INFO] [stderr]    Compiling serde_spanned v0.6.9
[INFO] [stderr]    Compiling toml_datetime v0.6.11
[INFO] [stderr]    Compiling toml_edit v0.22.27
[INFO] [stderr]    Compiling toml v0.8.23
[INFO] [stderr]    Compiling zixcel-mcp-gateway v0.1.1 (/opt/rustwide/workdir)
[INFO] [stderr]     Finished `release` profile [optimized] target(s) in 14.01s
[INFO] running `Command { std: "docker" "inspect" "5031325f21ec57dd2c6bb4f9247080263e439bf1525e640797ba8ba0972ba98b", kill_on_drop: false }`
[INFO] running `Command { std: "docker" "exec" "-e" "SOURCE_DIR=/opt/rustwide/workdir" "-e" "CARGO_HOME=/opt/rustwide/cargo-home" "-e" "RUSTUP_HOME=/opt/rustwide/rustup-home" "-e" "CARGO_TARGET_DIR=/opt/rustwide/target" "-e" "CARGO_INCREMENTAL=0" "-e" "RUST_BACKTRACE=full" "-e" "RUSTFLAGS=--cap-lints=warn" "-e" "RUSTDOCFLAGS=--cap-lints=warn" "-w" "/opt/rustwide/workdir" "--user" "0:0" "5031325f21ec57dd2c6bb4f9247080263e439bf1525e640797ba8ba0972ba98b" "/opt/rustwide/cargo-home/bin/cargo" "+1.100.0-beta.1" "test" "--frozen" "--no-run" "--message-format=json" "--release", kill_on_drop: false }`
[INFO] [stderr]    Compiling zixcel-mcp-gateway v0.1.1 (/opt/rustwide/workdir)
[INFO] [stderr]     Finished `release` profile [optimized] target(s) in 3.63s
[INFO] running `Command { std: "docker" "inspect" "5031325f21ec57dd2c6bb4f9247080263e439bf1525e640797ba8ba0972ba98b", kill_on_drop: false }`
[INFO] running `Command { std: "docker" "exec" "-e" "SOURCE_DIR=/opt/rustwide/workdir" "-e" "CARGO_HOME=/opt/rustwide/cargo-home" "-e" "RUSTUP_HOME=/opt/rustwide/rustup-home" "-e" "CARGO_TARGET_DIR=/opt/rustwide/target" "-e" "CARGO_INCREMENTAL=0" "-e" "RUST_BACKTRACE=full" "-e" "RUSTFLAGS=--cap-lints=warn" "-e" "RUSTDOCFLAGS=--cap-lints=warn" "-w" "/opt/rustwide/workdir" "--user" "0:0" "5031325f21ec57dd2c6bb4f9247080263e439bf1525e640797ba8ba0972ba98b" "/opt/rustwide/cargo-home/bin/cargo" "+1.100.0-beta.1" "test" "--frozen" "--release", kill_on_drop: false }`
[INFO] [stderr]     Finished `release` profile [optimized] target(s) in 0.02s
[INFO] [stderr]      Running unittests src/lib.rs (/opt/rustwide/target/release/build/zixcel-mcp-gateway/3374a6e98130546b/out/zixcel_mcp_gateway-3374a6e98130546b)
[INFO] [stdout] 
[INFO] [stdout] running 14 tests
[INFO] [stdout] test protocol::metadata_contract_tests::reserved_request_token_does_not_restrict_notification_metadata ... ok
[INFO] [stdout] test file_input::tests::directory_is_not_an_admitted_handle ... ok
[INFO] [stdout] test file_input::tests::exact_limit_is_allowed_and_limit_plus_one_is_rejected ... ok
[INFO] [stdout] test file_input::tests::same_size_symlink_swap_does_not_replace_the_open_handle ... ok
[INFO] [stdout] test unit_tests::closed_config_accepts_generic_public_resources ... ok
[INFO] [stdout] test unit_tests::closed_config_rejects_duplicate_and_invalid_ids ... ok
[INFO] [stdout] test unit_tests::closed_config_rejects_unknown_fields_and_secret_markers ... ok
[INFO] [stdout] test unit_tests::catalog_tool_returns_only_configured_resources ... ok
[INFO] [stdout] test file_input::tests::initial_symbolic_link_is_not_followed ... ok
[INFO] [stdout] test unit_tests::notifications_do_not_produce_protocol_output ... ok
[INFO] [stdout] test unit_tests::file_resource_and_extra_tool_arguments_are_rejected ... ok
[INFO] [stdout] test unit_tests::published_schema_is_valid_json ... ok
[INFO] [stdout] test protocol::raw_parameter_tests::nesting_budget_matches_ordinary_serde_json ... ok
[INFO] [stdout] test file_input::tests::fifo_and_device_are_rejected_without_blocking ... ok
[INFO] [stdout] 
[INFO] [stdout] test result: ok. 14 passed; 0 failed; 0 ignored; 0 measured; 0 filtered out; finished in 0.00s
[INFO] [stdout] 
[INFO] [stderr]      Running unittests src/main.rs (/opt/rustwide/target/release/build/zixcel-mcp-gateway/fff37299a6543f8b/out/zixcel_mcp_gateway-fff37299a6543f8b)
[INFO] [stdout] 
[INFO] [stdout] running 0 tests
[INFO] [stdout] 
[INFO] [stdout] test result: ok. 0 passed; 0 failed; 0 ignored; 0 measured; 0 filtered out; finished in 0.00s
[INFO] [stdout] 
[INFO] [stderr]      Running tests/declared_method_contract.rs (/opt/rustwide/target/release/build/zixcel-mcp-gateway/9880a1c23411d4b8/out/declared_method_contract-9880a1c23411d4b8)
[INFO] [stdout] 
[INFO] [stdout] running 8 tests
[INFO] [stdout] test notifications_keep_progress_token_values_opaque_without_progress_feature ... ok
[INFO] [stdout] test legal_metadata_is_opaque_on_every_implemented_method ... ok
[INFO] [stdout] test nested_arguments_keep_omission_separate_from_null_and_strict_schema ... ok
[INFO] [stdout] test notifications_never_dispatch_or_reply_for_metadata_or_bad_init ... ok
[INFO] [stdout] test metadata_must_be_an_object_without_reinterpreting_internal_tags ... ok
[INFO] [stdout] test progress_tokens_reject_null_containers_booleans_and_private_tag_objects ... ok
[INFO] [stdout] test initialize_requires_declared_fields_and_object_client_contracts ... ok
[INFO] [stdout] test progress_tokens_accept_strings_and_all_json_numbers_not_only_integer_ids ... ok
[INFO] [stdout] 
[INFO] [stdout] test result: ok. 8 passed; 0 failed; 0 ignored; 0 measured; 0 filtered out; finished in 0.00s
[INFO] [stdout] 
[INFO] [stderr]      Running tests/duplicate_depth.rs (/opt/rustwide/target/release/build/zixcel-mcp-gateway/338873dda3aa2c7c/out/duplicate_depth-338873dda3aa2c7c)
[INFO] [stdout] 
[INFO] [stdout] running 3 tests
[INFO] [stdout] test closed_models_still_reject_unknown_fields_with_duplicate_depth_values ... ok
[INFO] [stdout] test arrays_and_unknown_nested_objects_check_every_occurrence ... ok
[INFO] [stdout] test every_duplicate_occurrence_counts_at_127_128_129_container_boundaries ... ok
[INFO] [stdout] 
[INFO] [stdout] test result: ok. 3 passed; 0 failed; 0 ignored; 0 measured; 0 filtered out; finished in 0.00s
[INFO] [stdout] 
[INFO] [stderr]      Running tests/jsonrpc_types.rs (/opt/rustwide/target/release/build/zixcel-mcp-gateway/a17c67875f9abc7f/out/jsonrpc_types-a17c67875f9abc7f)
[INFO] [stdout] 
[INFO] [stdout] running 11 tests
[INFO] [stdout] test internal_number_tag_objects_remain_objects ... ok
[INFO] [stdout] test malformed_json_is_a_parse_error ... ok
[INFO] [stdout] test mcp_rejects_explicit_null_id ... ok
[INFO] [stdout] test exact_fractional_ids_are_rejected_without_float_rounding ... ok
[INFO] [stdout] test mcp_rejects_fractional_id ... ok
[INFO] [stdout] test exact_integral_ids_preserve_decimal_exponent_and_large_values ... ok
[INFO] [stdout] test mcp_string_and_integer_ids_are_echoed ... ok
[INFO] [stdout] test parameter_objects_are_not_reinterpreted_as_numbers ... ok
[INFO] [stdout] test structured_and_boolean_ids_are_invalid ... ok
[INFO] [stdout] test valid_notifications_produce_no_response ... ok
[INFO] [stdout] test valid_json_invalid_requests_are_not_parse_errors ... ok
[INFO] [stdout] 
[INFO] [stdout] test result: ok. 11 passed; 0 failed; 0 ignored; 0 measured; 0 filtered out; finished in 0.00s
[INFO] [stdout] 
[INFO] [stderr]      Running tests/params_contract.rs (/opt/rustwide/target/release/build/zixcel-mcp-gateway/74f36ab5f05ce2df/out/params_contract-74f36ab5f05ce2df)
[INFO] [stdout] 
[INFO] [stdout] running 4 tests
[INFO] [stdout] test common_guard_preserves_nested_json_and_duplicate_rejection ... ok
[INFO] [stdout] test omitted_and_legal_objects_keep_method_contracts ... ok
[INFO] [stdout] test notifications_never_reply_for_any_params_shape_or_method ... ok
[INFO] [stdout] test all_methods_reject_nonobject_params_in_common_boundary ... ok
[INFO] [stdout] 
[INFO] [stdout] test result: ok. 4 passed; 0 failed; 0 ignored; 0 measured; 0 filtered out; finished in 0.00s
[INFO] [stdout] 
[INFO] [stderr]      Running tests/protocol.rs (/opt/rustwide/target/release/build/zixcel-mcp-gateway/c7d9570ad092e5af/out/protocol-c7d9570ad092e5af)
[INFO] [stdout] 
[INFO] [stdout] running 1 test
[INFO] [stdout] test stdio_supports_the_minimal_mcp_surface ... FAILED
[INFO] [stdout] 
[INFO] [stdout] failures:
[INFO] [stdout] 
[INFO] [stdout] ---- stdio_supports_the_minimal_mcp_surface stdout ----
[INFO] [stdout] 
[INFO] [stdout] thread 'stdio_supports_the_minimal_mcp_surface' (1225) panicked at tests/support/mod.rs:30:5:
[INFO] [stdout] missing Cargo binary: /opt/rustwide/target/release/build/zixcel-mcp-gateway/c7d9570ad092e5af/out/zixcel-mcp-gateway
[INFO] [stdout] stack backtrace:
[INFO] [stdout]    0:     0x5a41464138b1 - <<std[617be2ca0a6fd877]::sys::backtrace::BacktraceLock>::print::DisplayBacktrace as core[a373ad73a504971]::fmt::Display>::fmt
[INFO] [stdout]    1:     0x5a41464286ca - core[a373ad73a504971]::fmt::write
[INFO] [stdout]    2:     0x5a4146417d9c - <alloc[2e1b2a31b91974c5]::vec::Vec<u8> as core[a373ad73a504971]::io::write::Write>::write_fmt
[INFO] [stdout]    3:     0x5a41463ef476 - std[617be2ca0a6fd877]::panicking::default_hook::{closure#0}
[INFO] [stdout]    4:     0x5a414640bf49 - std[617be2ca0a6fd877]::panicking::default_hook
[INFO] [stdout]    5:     0x5a41463a2040 - test[aada8e7e76ba119b]::test_main_inner::{closure#0}
[INFO] [stdout]    6:     0x5a414640c102 - std[617be2ca0a6fd877]::panicking::panic_with_hook
[INFO] [stdout]    7:     0x5a41463ef522 - std[617be2ca0a6fd877]::panicking::panic_handler::{closure#0}
[INFO] [stdout]    8:     0x5a41463e8239 - std[617be2ca0a6fd877]::sys::backtrace::__rust_end_short_backtrace::<std[617be2ca0a6fd877]::panicking::panic_handler::{closure#0}, !>
[INFO] [stdout]    9:     0x5a41463f012d - __rustc[ea4f61d10b84890b]::rust_begin_unwind
[INFO] [stdout]   10:     0x5a4146428dfc - core[a373ad73a504971]::panicking::panic_fmt
[INFO] [stdout]   11:     0x5a4146391693 - protocol[1c5414bc9ef19b89]::support::gateway_command
[INFO] [stdout]   12:     0x5a4146392b67 - <protocol[1c5414bc9ef19b89]::stdio_supports_the_minimal_mcp_surface::{closure#0} as core[a373ad73a504971]::ops::function::FnOnce<()>>::call_once
[INFO] [stdout]   13:     0x5a414639548b - test[aada8e7e76ba119b]::__rust_begin_short_backtrace::<core[a373ad73a504971]::result::Result<(), alloc[2e1b2a31b91974c5]::string::String>, fn() -> core[a373ad73a504971]::result::Result<(), alloc[2e1b2a31b91974c5]::string::String>>
[INFO] [stdout]   14:     0x5a41463a2665 - test[aada8e7e76ba119b]::run_test::{closure#0}
[INFO] [stdout]   15:     0x5a414639bf54 - std[617be2ca0a6fd877]::sys::backtrace::__rust_begin_short_backtrace::<test[aada8e7e76ba119b]::run_test::{closure#1}, ()>
[INFO] [stdout]   16:     0x5a41463a56f2 - <std[617be2ca0a6fd877]::thread::lifecycle::spawn_unchecked<test[aada8e7e76ba119b]::run_test::{closure#1}, ()>::{closure#1} as core[a373ad73a504971]::ops::function::FnOnce<()>>::call_once::{shim:vtable#0}
[INFO] [stdout]   17:     0x5a414641310f - <std[617be2ca0a6fd877]::sys::thread::unix::Thread>::new::thread_start
[INFO] [stdout]   18:     0x7ca6ac5e3dfa - <unknown>
[INFO] [stdout]   19:     0x7ca6ac6773d4 - clone
[INFO] [stdout]   20:                0x0 - <unknown>
[INFO] [stdout] 
[INFO] [stdout] 
[INFO] [stdout] failures:
[INFO] [stdout]     stdio_supports_the_minimal_mcp_surface
[INFO] [stdout] 
[INFO] [stdout] test result: FAILED. 0 passed; 1 failed; 0 ignored; 0 measured; 0 filtered out; finished in 0.00s
[INFO] [stdout] 
[INFO] [stderr] error: test failed, to rerun pass `--test protocol`
[INFO] running `Command { std: "docker" "inspect" "5031325f21ec57dd2c6bb4f9247080263e439bf1525e640797ba8ba0972ba98b", kill_on_drop: false }`
[INFO] running `Command { std: "docker" "rm" "-f" "5031325f21ec57dd2c6bb4f9247080263e439bf1525e640797ba8ba0972ba98b", kill_on_drop: false }`
[INFO] [stdout] 5031325f21ec57dd2c6bb4f9247080263e439bf1525e640797ba8ba0972ba98b
