[INFO] fetching crate yurl 0.14.6...
[INFO] testing yurl-0.14.6 against 1.100.0-beta.1+cargoflags=--release for beta-release-1.100-3
[INFO] extracting crate yurl 0.14.6 into /workspace/builds/worker-4-tc2/source
[INFO] started tweaking crates.io crate yurl 0.14.6
[INFO] removed 0 missing examples
[INFO] removed 0 missing tests
[INFO] finished tweaking crates.io crate yurl 0.14.6
[INFO] tweaked toml for crates.io crate yurl 0.14.6 written to /workspace/builds/worker-4-tc2/source/Cargo.toml
[INFO] validating manifest of crates.io crate yurl 0.14.6 on toolchain 1.100.0-beta.1
[INFO] running `Command { std: CARGO_HOME="/workspace/cargo-home" RUSTUP_HOME="/workspace/rustup-home" "/workspace/cargo-home/bin/cargo" "+1.100.0-beta.1" "metadata" "--manifest-path" "Cargo.toml" "--no-deps", kill_on_drop: false }`
[INFO] crate crates.io crate yurl 0.14.6 already has a lockfile, it will not be regenerated
[INFO] running `Command { std: CARGO_HOME="/workspace/cargo-home" RUSTUP_HOME="/workspace/rustup-home" "/workspace/cargo-home/bin/cargo" "+1.100.0-beta.1" "fetch" "--manifest-path" "Cargo.toml", kill_on_drop: false }`
[INFO] [stderr] warning: Cargo.toml: file `/workspace/builds/worker-4-tc2/source/src/main.rs` found to be present in multiple build targets:
[INFO] [stderr]   * `bin` target `jurl`
[INFO] [stderr]   * `bin` target `yurl`
[INFO] [stderr] warning: `yurl` (manifest) generated 1 warning
[INFO] running `Command { std: "docker" "create" "-v" "/var/lib/crater-agent-workspace/builds/worker-4-tc2/source:/opt/rustwide/workdir:ro,Z" "-v" "/var/lib/crater-agent-workspace/builds/worker-4-tc2/target:/opt/rustwide/target:rw,Z" "-v" "/var/lib/crater-agent-workspace/cargo-home:/opt/rustwide/cargo-home:ro,Z" "-v" "/var/lib/crater-agent-workspace/rustup-home:/opt/rustwide/rustup-home:ro,Z" "-m" "1610612736" "--network" "none" "ghcr.io/rust-lang/crates-build-env/linux@sha256:77db811e55d90add9212f6832c23229e3de5f1c1f9905e8cb07319ea15df73ac" "sleep" "infinity", kill_on_drop: false }`
[INFO] [stdout] 5f995df915223bc3a32d7daf7ec32cd3ae9216e6fc494f7fa533c41396ef8fb4
[INFO] running `Command { std: "docker" "start" "5f995df915223bc3a32d7daf7ec32cd3ae9216e6fc494f7fa533c41396ef8fb4", kill_on_drop: false }`
[INFO] running `Command { std: "docker" "inspect" "5f995df915223bc3a32d7daf7ec32cd3ae9216e6fc494f7fa533c41396ef8fb4", kill_on_drop: false }`
[INFO] running `Command { std: "docker" "exec" "-e" "SOURCE_DIR=/opt/rustwide/workdir" "-e" "CARGO_HOME=/opt/rustwide/cargo-home" "-e" "RUSTUP_HOME=/opt/rustwide/rustup-home" "-e" "CARGO_TARGET_DIR=/opt/rustwide/target" "-w" "/opt/rustwide/workdir" "--user" "0:0" "5f995df915223bc3a32d7daf7ec32cd3ae9216e6fc494f7fa533c41396ef8fb4" "/opt/rustwide/cargo-home/bin/cargo" "+1.100.0-beta.1" "metadata" "--no-deps" "--format-version=1", kill_on_drop: false }`
[INFO] running `Command { std: "docker" "inspect" "5f995df915223bc3a32d7daf7ec32cd3ae9216e6fc494f7fa533c41396ef8fb4", kill_on_drop: false }`
[INFO] running `Command { std: "docker" "exec" "-e" "SOURCE_DIR=/opt/rustwide/workdir" "-e" "CARGO_HOME=/opt/rustwide/cargo-home" "-e" "RUSTUP_HOME=/opt/rustwide/rustup-home" "-e" "CARGO_TARGET_DIR=/opt/rustwide/target" "-e" "CARGO_INCREMENTAL=0" "-e" "RUST_BACKTRACE=full" "-e" "RUSTFLAGS=--cap-lints=warn" "-e" "RUSTDOCFLAGS=--cap-lints=warn" "-w" "/opt/rustwide/workdir" "--user" "0:0" "5f995df915223bc3a32d7daf7ec32cd3ae9216e6fc494f7fa533c41396ef8fb4" "/opt/rustwide/cargo-home/bin/cargo" "+1.100.0-beta.1" "build" "--frozen" "--message-format=json" "--release", kill_on_drop: false }`
[INFO] [stderr] warning: Cargo.toml: file `/opt/rustwide/workdir/src/main.rs` found to be present in multiple build targets:
[INFO] [stderr]   * `bin` target `jurl`
[INFO] [stderr]   * `bin` target `yurl`
[INFO] [stderr] warning: `yurl` (manifest) generated 1 warning
[INFO] [stderr]    Compiling libc v0.2.183
[INFO] [stderr]    Compiling stable_deref_trait v1.2.1
[INFO] [stderr]    Compiling vcpkg v0.2.15
[INFO] [stderr]    Compiling smallvec v1.15.1
[INFO] [stderr]    Compiling once_cell v1.21.4
[INFO] [stderr]    Compiling futures-core v0.3.32
[INFO] [stderr]    Compiling bitflags v2.11.0
[INFO] [stderr]    Compiling cc v1.2.57
[INFO] [stderr]    Compiling version_check v0.9.5
[INFO] [stderr]    Compiling equivalent v1.0.2
[INFO] [stderr]    Compiling hashbrown v0.16.1
[INFO] [stderr]    Compiling litemap v0.8.1
[INFO] [stderr]    Compiling writeable v0.6.2
[INFO] [stderr]    Compiling http v1.4.0
[INFO] [stderr]    Compiling icu_normalizer_data v2.1.1
[INFO] [stderr]    Compiling syn v2.0.117
[INFO] [stderr]    Compiling icu_properties_data v2.1.2
[INFO] [stderr]    Compiling slab v0.4.12
[INFO] [stderr]    Compiling percent-encoding v2.3.2
[INFO] [stderr]    Compiling typenum v1.19.0
[INFO] [stderr]    Compiling tracing-core v0.1.36
[INFO] [stderr]    Compiling futures-task v0.3.32
[INFO] [stderr]    Compiling httparse v1.10.1
[INFO] [stderr]    Compiling openssl v0.10.76
[INFO] [stderr]    Compiling futures-sink v0.3.32
[INFO] [stderr]    Compiling generic-array v0.14.7
[INFO] [stderr]    Compiling foreign-types-shared v0.1.1
[INFO] [stderr]    Compiling atomic-waker v1.1.2
[INFO] [stderr]    Compiling try-lock v0.2.5
[INFO] [stderr]    Compiling native-tls v0.2.18
[INFO] [stderr]    Compiling foreign-types v0.3.2
[INFO] [stderr]    Compiling tower-service v0.3.3
[INFO] [stderr]    Compiling memchr v2.8.0
[INFO] [stderr]    Compiling log v0.4.29
[INFO] [stderr]    Compiling fnv v1.0.7
[INFO] [stderr]    Compiling want v0.3.1
[INFO] [stderr]    Compiling anyhow v1.0.102
[INFO] [stderr]    Compiling form_urlencoded v1.2.2
[INFO] [stderr]    Compiling futures-channel v0.3.32
[INFO] [stderr]    Compiling base64 v0.22.1
[INFO] [stderr]    Compiling pin-utils v0.1.0
[INFO] [stderr]    Compiling ryu v1.0.23
[INFO] [stderr]    Compiling utf8_iter v1.0.4
[INFO] [stderr]    Compiling unicase v2.9.0
[INFO] [stderr]    Compiling tracing v0.1.44
[INFO] [stderr]    Compiling cfg_aliases v0.2.1
[INFO] [stderr]    Compiling serde_json v1.0.149
[INFO] [stderr]    Compiling openssl-probe v0.2.1
[INFO] [stderr]    Compiling rustix v1.1.4
[INFO] [stderr]    Compiling mime_guess v2.0.5
[INFO] [stderr]    Compiling nix v0.29.0
[INFO] [stderr]    Compiling indexmap v2.13.0
[INFO] [stderr]    Compiling serde_yml v0.0.12
[INFO] [stderr]    Compiling sync_wrapper v1.0.2
[INFO] [stderr]    Compiling portable-atomic v1.13.1
[INFO] [stderr]    Compiling rustversion v1.0.22
[INFO] [stderr]    Compiling linux-raw-sys v0.12.1
[INFO] [stderr]    Compiling unicode-width v0.2.2
[INFO] [stderr]    Compiling ipnet v2.12.0
[INFO] [stderr]    Compiling tower-layer v0.3.3
[INFO] [stderr]    Compiling http-body v1.0.1
[INFO] [stderr]    Compiling foldhash v0.1.5
[INFO] [stderr]    Compiling http-body-util v0.1.3
[INFO] [stderr]    Compiling libyml v0.0.5
[INFO] [stderr]    Compiling nibble_vec v0.1.0
[INFO] [stderr]    Compiling mime v0.3.17
[INFO] [stderr]    Compiling hashbrown v0.15.5
[INFO] [stderr]    Compiling iri-string v0.7.11
[INFO] [stderr]    Compiling endian-type v0.1.2
[INFO] [stderr]    Compiling argh_shared v0.1.19
[INFO] [stderr]    Compiling openssl-sys v0.9.112
[INFO] [stderr]    Compiling libsqlite3-sys v0.32.0
[INFO] [stderr]    Compiling zeroize v1.8.2
[INFO] [stderr]    Compiling rustls-pki-types v1.14.0
[INFO] [stderr]    Compiling radix_trie v0.2.1
[INFO] [stderr]    Compiling block-buffer v0.10.4
[INFO] [stderr]    Compiling crypto-common v0.1.7
[INFO] [stderr]    Compiling digest v0.10.7
[INFO] [stderr]    Compiling mio v1.1.1
[INFO] [stderr]    Compiling socket2 v0.6.3
[INFO] [stderr]    Compiling console v0.15.11
[INFO] [stderr]    Compiling hashlink v0.10.0
[INFO] [stderr]    Compiling encoding_rs v0.8.35
[INFO] [stderr]    Compiling number_prefix v0.4.0
[INFO] [stderr]    Compiling cpufeatures v0.2.17
[INFO] [stderr]    Compiling fallible-iterator v0.3.0
[INFO] [stderr]    Compiling utf8parse v0.2.2
[INFO] [stderr]    Compiling fallible-streaming-iterator v0.1.9
[INFO] [stderr]    Compiling home v0.5.12
[INFO] [stderr]    Compiling unicode-segmentation v1.12.0
[INFO] [stderr]    Compiling indicatif v0.17.11
[INFO] [stderr]    Compiling sha2 v0.10.9
[INFO] [stderr]    Compiling arc-swap v1.9.0
[INFO] [stderr]    Compiling fd-lock v4.0.4
[INFO] [stderr]    Compiling synstructure v0.13.2
[INFO] [stderr]    Compiling rustyline v15.0.0
[INFO] [stderr]    Compiling zerofrom-derive v0.1.6
[INFO] [stderr]    Compiling yoke-derive v0.8.1
[INFO] [stderr]    Compiling zerovec-derive v0.11.2
[INFO] [stderr]    Compiling displaydoc v0.2.5
[INFO] [stderr]    Compiling tokio-macros v2.6.1
[INFO] [stderr]    Compiling serde_derive v1.0.228
[INFO] [stderr]    Compiling futures-macro v0.3.32
[INFO] [stderr]    Compiling openssl-macros v0.1.1
[INFO] [stderr]    Compiling argh_derive v0.1.19
[INFO] [stderr]    Compiling tokio v1.50.0
[INFO] [stderr]    Compiling zerofrom v0.1.6
[INFO] [stderr]    Compiling futures-util v0.3.32
[INFO] [stderr]    Compiling yoke v0.8.1
[INFO] [stderr]    Compiling zerotrie v0.2.3
[INFO] [stderr]    Compiling zerovec v0.11.5
[INFO] [stderr]    Compiling tinystr v0.8.2
[INFO] [stderr]    Compiling potential_utf v0.1.4
[INFO] [stderr]    Compiling icu_collections v2.1.1
[INFO] [stderr]    Compiling icu_locale_core v2.1.1
[INFO] [stderr]    Compiling icu_provider v2.1.1
[INFO] [stderr]    Compiling serde v1.0.228
[INFO] [stderr]    Compiling icu_properties v2.1.2
[INFO] [stderr]    Compiling icu_normalizer v2.1.1
[INFO] [stderr]    Compiling serde_urlencoded v0.7.1
[INFO] [stderr]    Compiling argh v0.1.19
[INFO] [stderr]    Compiling idna_adapter v1.2.1
[INFO] [stderr]    Compiling idna v1.1.0
[INFO] [stderr]    Compiling url v2.5.8
[INFO] [stderr]    Compiling yttp v0.0.8
[INFO] [stderr]    Compiling tokio-util v0.7.18
[INFO] [stderr]    Compiling tokio-native-tls v0.3.1
[INFO] [stderr]    Compiling tower v0.5.3
[INFO] [stderr]    Compiling h2 v0.4.13
[INFO] [stderr]    Compiling tower-http v0.6.8
[INFO] [stderr]    Compiling hyper v1.8.1
[INFO] [stderr]    Compiling hyper-util v0.1.20
[INFO] [stderr]    Compiling hyper-tls v0.6.0
[INFO] [stderr]    Compiling reqwest v0.12.28
[INFO] [stderr]    Compiling rusqlite v0.34.0
[INFO] [stderr]    Compiling yurl v0.14.6 (/opt/rustwide/workdir)
[INFO] [stderr]     Finished `release` profile [optimized] target(s) in 1m 01s
[INFO] [stderr] warning: the following packages contain code that will be rejected by a future version of Rust: nix v0.29.0
[INFO] [stderr] note: to see what the problems were, use the option `--future-incompat-report`, or run `cargo report future-incompatibilities --id 1`
[INFO] running `Command { std: "docker" "inspect" "5f995df915223bc3a32d7daf7ec32cd3ae9216e6fc494f7fa533c41396ef8fb4", kill_on_drop: false }`
[INFO] running `Command { std: "docker" "exec" "-e" "SOURCE_DIR=/opt/rustwide/workdir" "-e" "CARGO_HOME=/opt/rustwide/cargo-home" "-e" "RUSTUP_HOME=/opt/rustwide/rustup-home" "-e" "CARGO_TARGET_DIR=/opt/rustwide/target" "-e" "CARGO_INCREMENTAL=0" "-e" "RUST_BACKTRACE=full" "-e" "RUSTFLAGS=--cap-lints=warn" "-e" "RUSTDOCFLAGS=--cap-lints=warn" "-w" "/opt/rustwide/workdir" "--user" "0:0" "5f995df915223bc3a32d7daf7ec32cd3ae9216e6fc494f7fa533c41396ef8fb4" "/opt/rustwide/cargo-home/bin/cargo" "+1.100.0-beta.1" "test" "--frozen" "--no-run" "--message-format=json" "--release", kill_on_drop: false }`
[INFO] [stderr] warning: Cargo.toml: file `/opt/rustwide/workdir/src/main.rs` found to be present in multiple build targets:
[INFO] [stderr]   * `bin` target `jurl`
[INFO] [stderr]   * `bin` target `yurl`
[INFO] [stderr] warning: `yurl` (manifest) generated 1 warning
[INFO] [stderr]    Compiling serde_core v1.0.228
[INFO] [stderr]    Compiling futures-io v0.3.32
[INFO] [stderr]    Compiling parking_lot_core v0.9.12
[INFO] [stderr]    Compiling errno v0.3.14
[INFO] [stderr]    Compiling tracing v0.1.44
[INFO] [stderr]    Compiling serde_json v1.0.149
[INFO] [stderr]    Compiling futures-channel v0.3.32
[INFO] [stderr]    Compiling httpdate v1.0.3
[INFO] [stderr]    Compiling zerocopy v0.8.47
[INFO] [stderr]    Compiling getrandom v0.4.2
[INFO] [stderr]    Compiling anstyle-parse v1.0.0
[INFO] [stderr]    Compiling getrandom v0.2.17
[INFO] [stderr]    Compiling is_terminal_polyfill v1.70.2
[INFO] [stderr]    Compiling anstyle v1.0.14
[INFO] [stderr]    Compiling signal-hook-registry v1.4.8
[INFO] [stderr]    Compiling anstyle-query v1.1.5
[INFO] [stderr]    Compiling colorchoice v1.0.5
[INFO] [stderr]    Compiling futures-util v0.3.32
[INFO] [stderr]    Compiling clap_lex v1.1.0
[INFO] [stderr]    Compiling strsim v0.11.1
[INFO] [stderr]    Compiling clap_derive v4.6.0
[INFO] [stderr]    Compiling multer v3.1.0
[INFO] [stderr]    Compiling parking_lot v0.12.5
[INFO] [stderr]    Compiling anstream v1.0.0
[INFO] [stderr]    Compiling rand_core v0.6.4
[INFO] [stderr]    Compiling axum-core v0.5.6
[INFO] [stderr]    Compiling matchit v0.8.4
[INFO] [stderr]    Compiling uuid v1.22.0
[INFO] [stderr]    Compiling spin v0.9.8
[INFO] [stderr]    Compiling fastrand v2.3.0
[INFO] [stderr]    Compiling tokio v1.50.0
[INFO] [stderr]    Compiling clap_builder v4.6.0
[INFO] [stderr]    Compiling tempfile v3.27.0
[INFO] [stderr]    Compiling indexmap v2.13.0
[INFO] [stderr]    Compiling serde v1.0.228
[INFO] [stderr]    Compiling serde_path_to_error v0.1.20
[INFO] [stderr]    Compiling clap v4.6.0
[INFO] [stderr]    Compiling serde_urlencoded v0.7.1
[INFO] [stderr]    Compiling argh_shared v0.1.19
[INFO] [stderr]    Compiling argh v0.1.19
[INFO] [stderr]    Compiling serde_yml v0.0.12
[INFO] [stderr]    Compiling ppv-lite86 v0.2.21
[INFO] [stderr]    Compiling rand_chacha v0.3.1
[INFO] [stderr]    Compiling yttp v0.0.8
[INFO] [stderr]    Compiling yttp v0.0.7
[INFO] [stderr]    Compiling rand v0.8.5
[INFO] [stderr]    Compiling tokio-util v0.7.18
[INFO] [stderr]    Compiling tower v0.5.3
[INFO] [stderr]    Compiling tokio-native-tls v0.3.1
[INFO] [stderr]    Compiling tokio-stream v0.1.18
[INFO] [stderr]    Compiling tower-http v0.6.8
[INFO] [stderr]    Compiling h2 v0.4.13
[INFO] [stderr]    Compiling hyper v1.8.1
[INFO] [stderr]    Compiling hyper-util v0.1.20
[INFO] [stderr]    Compiling hyper-tls v0.6.0
[INFO] [stderr]    Compiling axum v0.8.8
[INFO] [stderr]    Compiling reqwest v0.12.28
[INFO] [stderr]    Compiling mockinx v0.2.1
[INFO] [stderr]    Compiling yurl v0.14.6 (/opt/rustwide/workdir)
[INFO] [stdout] warning: unused imports: `delete`, `post`, and `put`
[INFO] [stdout]   --> docs/server.rs:11:15
[INFO] [stdout]    |
[INFO] [stdout] 11 |     routing::{delete, get, post, put},
[INFO] [stdout]    |               ^^^^^^       ^^^^  ^^^
[INFO] [stdout]    |
[INFO] [stdout]    = note: `#[warn(unused_imports)]` (part of `#[warn(unused)]`) on by default
[INFO] [stdout] 
[INFO] [stdout] 
[INFO] [stdout] warning: struct `StripDateLayer` is never constructed
[INFO] [stdout]    --> docs/server.rs:149:8
[INFO] [stdout]     |
[INFO] [stdout] 149 | struct StripDateLayer;
[INFO] [stdout]     |        ^^^^^^^^^^^^^^
[INFO] [stdout]     |
[INFO] [stdout]     = note: `#[warn(dead_code)]` (part of `#[warn(unused)]`) on by default
[INFO] [stdout] 
[INFO] [stdout] 
[INFO] [stdout] warning: function `expand_default` is never used
[INFO] [stdout]     --> src/main.rs:1504:8
[INFO] [stdout]      |
[INFO] [stdout] 1504 |     fn expand_default(line: &str, config: &Config) -> Result<String, RequestError> {
[INFO] [stdout]      |        ^^^^^^^^^^^^^^
[INFO] [stdout]      |
[INFO] [stdout]      = note: `#[warn(dead_code)]` (part of `#[warn(unused)]`) on by default
[INFO] [stdout] 
[INFO] [stdout] 
[INFO] [stdout] warning: function `expand_default` is never used
[INFO] [stdout]     --> src/main.rs:1504:8
[INFO] [stdout]      |
[INFO] [stdout] 1504 |     fn expand_default(line: &str, config: &Config) -> Result<String, RequestError> {
[INFO] [stdout]      |        ^^^^^^^^^^^^^^
[INFO] [stdout]      |
[INFO] [stdout]      = note: `#[warn(dead_code)]` (part of `#[warn(unused)]`) on by default
[INFO] [stdout] 
[INFO] [stdout] 
[INFO] [stderr]     Finished `release` profile [optimized] target(s) in 23.63s
[INFO] [stderr] warning: the following packages contain code that will be rejected by a future version of Rust: nix v0.29.0
[INFO] [stderr] note: to see what the problems were, use the option `--future-incompat-report`, or run `cargo report future-incompatibilities --id 1`
[INFO] running `Command { std: "docker" "inspect" "5f995df915223bc3a32d7daf7ec32cd3ae9216e6fc494f7fa533c41396ef8fb4", kill_on_drop: false }`
[INFO] running `Command { std: "docker" "exec" "-e" "SOURCE_DIR=/opt/rustwide/workdir" "-e" "CARGO_HOME=/opt/rustwide/cargo-home" "-e" "RUSTUP_HOME=/opt/rustwide/rustup-home" "-e" "CARGO_TARGET_DIR=/opt/rustwide/target" "-e" "CARGO_INCREMENTAL=0" "-e" "RUST_BACKTRACE=full" "-e" "RUSTFLAGS=--cap-lints=warn" "-e" "RUSTDOCFLAGS=--cap-lints=warn" "-w" "/opt/rustwide/workdir" "--user" "0:0" "5f995df915223bc3a32d7daf7ec32cd3ae9216e6fc494f7fa533c41396ef8fb4" "/opt/rustwide/cargo-home/bin/cargo" "+1.100.0-beta.1" "test" "--frozen" "--release", kill_on_drop: false }`
[INFO] [stderr] warning: Cargo.toml: file `/opt/rustwide/workdir/src/main.rs` found to be present in multiple build targets:
[INFO] [stderr]   * `bin` target `jurl`
[INFO] [stderr]   * `bin` target `yurl`
[INFO] [stderr] warning: `yurl` (manifest) generated 1 warning
[INFO] [stderr] warning: unused imports: `delete`, `post`, and `put`
[INFO] [stderr]   --> docs/server.rs:11:15
[INFO] [stderr]    |
[INFO] [stderr] 11 |     routing::{delete, get, post, put},
[INFO] [stderr]    |               ^^^^^^       ^^^^  ^^^
[INFO] [stderr]    |
[INFO] [stderr]    = note: `#[warn(unused_imports)]` (part of `#[warn(unused)]`) on by default
[INFO] [stderr] 
[INFO] [stderr] warning: struct `StripDateLayer` is never constructed
[INFO] [stderr]    --> docs/server.rs:149:8
[INFO] [stderr]     |
[INFO] [stderr] 149 | struct StripDateLayer;
[INFO] [stderr]     |        ^^^^^^^^^^^^^^
[INFO] [stderr]     |
[INFO] [stderr]     = note: `#[warn(dead_code)]` (part of `#[warn(unused)]`) on by default
[INFO] [stderr] 
[INFO] [stderr] warning: function `expand_default` is never used
[INFO] [stderr]     --> src/main.rs:1504:8
[INFO] [stderr]      |
[INFO] [stderr] 1504 |     fn expand_default(line: &str, config: &Config) -> Result<String, RequestError> {
[INFO] [stderr]      |        ^^^^^^^^^^^^^^
[INFO] [stderr]      |
[INFO] [stderr]      = note: `#[warn(dead_code)]` (part of `#[warn(unused)]`) on by default
[INFO] [stderr] 
[INFO] [stderr] warning: `yurl` (example "demo-server") generated 2 warnings (run `cargo fix --example "demo-server" -p yurl` to apply 1 suggestion)
[INFO] [stderr] warning: `yurl` (bin "yurl" test) generated 1 warning
[INFO] [stderr] warning: `yurl` (bin "jurl" test) generated 1 warning (1 duplicate)
[INFO] [stderr]     Finished `release` profile [optimized] target(s) in 0.29s
[INFO] [stderr] warning: the following packages contain code that will be rejected by a future version of Rust: nix v0.29.0
[INFO] [stderr] note: to see what the problems were, use the option `--future-incompat-report`, or run `cargo report future-incompatibilities --id 1`
[INFO] [stderr]      Running unittests src/main.rs (/opt/rustwide/target/release/build/yurl/45fb0183b53d4d85/out/jurl-45fb0183b53d4d85)
[INFO] [stdout] 
[INFO] [stdout] running 63 tests
[INFO] [stdout] test cache::tests::compute_key_differs_by_body ... ok
[INFO] [stdout] test cache::tests::compute_key_deterministic ... ok
[INFO] [stdout] test cache::tests::parse_cache_object_full ... ok
[INFO] [stdout] test cache::tests::parse_cache_object_partial ... ok
[INFO] [stdout] test cache::tests::parse_cache_false ... ok
[INFO] [stdout] test error::tests::from_parse_extracts_position ... ok
[INFO] [stdout] test cache::tests::parse_cache_true ... ok
[INFO] [stdout] test error::tests::network_error_display ... ok
[INFO] [stdout] test error::tests::parse_error_colored_has_caret ... ok
[INFO] [stdout] test error::tests::parse_error_display_plain ... ok
[INFO] [stdout] test error::tests::parse_error_no_column_fallback ... ok
[INFO] [stdout] test error::tests::structure_error_display ... ok
[INFO] [stdout] test error::tests::url_error_display ... ok
[INFO] [stdout] test tests::classify_arg_empty_or_whitespace_returns_none ... ok
[INFO] [stdout] test tests::arcswap_config_replacement ... ok
[INFO] [stdout] test tests::classify_arg_parseable_with_method_key_is_request ... ok
[INFO] [stdout] test tests::config_summary_empty ... ok
[INFO] [stdout] test tests::classify_arg_multiline_uses_first_nonblank_line ... ok
[INFO] [stdout] test tests::classify_arg_parseable_without_method_key_is_config ... ok
[INFO] [stdout] test tests::config_summary_with_fields ... ok
[INFO] [stdout] test tests::expand_base_vs_merged ... ok
[INFO] [stdout] test tests::expand_curl_horizontal ... ok
[INFO] [stdout] test tests::expand_horizontal_yaml_single_line ... ok
[INFO] [stdout] test tests::expand_json_horizontal ... ok
[INFO] [stdout] test tests::expand_json_vertical ... ok
[INFO] [stdout] test tests::expand_request_numeric_key_unquoted ... ok
[INFO] [stdout] test tests::expand_request_parse_error ... ok
[INFO] [stdout] test tests::expand_curl_vertical ... ok
[INFO] [stdout] test tests::expand_request_api_alias_and_headers ... ok
[INFO] [stdout] test tests::expand_request_query_params ... ok
[INFO] [stdout] test tests::expand_request_no_method_ok ... ok
[INFO] [stdout] test tests::expand_short_headers ... ok
[INFO] [stdout] test tests::expand_vertical_yaml_multiline ... ok
[INFO] [stdout] test tests::expand_short_ignored_with_curl ... ok
[INFO] [stdout] test tests::flags_mutually_exclusive ... ok
[INFO] [stdout] test tests::flags_editable ... ok
[INFO] [stdout] test tests::expand_request_rule_headers ... ok
[INFO] [stdout] test tests::flags_parse_invalid ... ok
[INFO] [stdout] test tests::flags_parse_order_independent ... ok
[INFO] [stdout] test tests::hint_flow_quoting_fires_on_flow_with_nested_template ... ok
[INFO] [stdout] test tests::expand_request_yaml_flow_format ... ok
[INFO] [stdout] test tests::to_yaml_flow_quoting ... ok
[INFO] [stdout] test tests::flags_parse_valid ... ok
[INFO] [stdout] test tests::to_yaml_flow_round_trip ... ok
[INFO] [stdout] test tests::yaml_flow_key_unquoted_numbers ... ok
[INFO] [stdout] test yaml_util::tests::flow_scalar_flow_indicators ... ok
[INFO] [stdout] test tests::expand_request_url_not_string_error ... ok
[INFO] [stdout] test yaml_util::tests::flow_scalar_newlines_escaped ... ok
[INFO] [stdout] test yaml_util::tests::flow_scalar_numbers ... ok
[INFO] [stdout] test yaml_util::tests::flow_scalar_plain ... ok
[INFO] [stdout] test tests::hint_flow_quoting_skips_block_style ... ok
[INFO] [stdout] test yaml_util::tests::flow_scalar_reserved_words ... ok
[INFO] [stdout] test tests::expand_request_preserves_body_and_outputs ... ok
[INFO] [stdout] test yaml_util::tests::quoting_colon_space ... ok
[INFO] [stdout] test tests::hint_flow_quoting_skips_flow_without_template ... ok
[INFO] [stdout] test yaml_util::tests::block_scalar_quoting ... ok
[INFO] [stdout] test yaml_util::tests::flow_scalar_empty ... ok
[INFO] [stdout] test yaml_util::tests::quoting_leading_special ... ok
[INFO] [stdout] test cache::tests::cache_stores_reuses_instance ... ok
[INFO] [stdout] test cache::tests::cache_store_miss ... ok
[INFO] [stdout] test interactive::driver::tests::interactive_specs ... FAILED
[INFO] [stdout] test cache::tests::cache_store_expired ... ok
[INFO] [stdout] test cache::tests::cache_store_put_get ... ok
[INFO] [stdout] 
[INFO] [stdout] failures:
[INFO] [stdout] 
[INFO] [stdout] ---- interactive::driver::tests::interactive_specs stdout ----
[INFO] [stdout] 
[INFO] [stdout] thread 'interactive::driver::tests::interactive_specs' (4035) panicked at src/interactive/driver.rs:589:14:
[INFO] [stdout] failed to run jurl: Os { code: 2, kind: NotFound, message: "No such file or directory" }
[INFO] [stdout] stack backtrace:
[INFO] [stdout]    0:     0x6365a0075fa1 - <<std[617be2ca0a6fd877]::sys::backtrace::BacktraceLock>::print::DisplayBacktrace as core[a373ad73a504971]::fmt::Display>::fmt
[INFO] [stdout]    1:     0x6365a008f0aa - core[a373ad73a504971]::fmt::write
[INFO] [stdout]    2:     0x6365a007afdc - <alloc[2e1b2a31b91974c5]::vec::Vec<u8> as core[a373ad73a504971]::io::write::Write>::write_fmt
[INFO] [stdout]    3:     0x6365a004efa6 - std[617be2ca0a6fd877]::panicking::default_hook::{closure#0}
[INFO] [stdout]    4:     0x6365a006cda9 - std[617be2ca0a6fd877]::panicking::default_hook
[INFO] [stdout]    5:     0x63659fcb14d0 - test[aada8e7e76ba119b]::test_main_inner::{closure#0}
[INFO] [stdout]    6:     0x6365a006d0d2 - std[617be2ca0a6fd877]::panicking::panic_with_hook
[INFO] [stdout]    7:     0x6365a004f052 - std[617be2ca0a6fd877]::panicking::panic_handler::{closure#0}
[INFO] [stdout]    8:     0x6365a00479d9 - std[617be2ca0a6fd877]::sys::backtrace::__rust_end_short_backtrace::<std[617be2ca0a6fd877]::panicking::panic_handler::{closure#0}, !>
[INFO] [stdout]    9:     0x6365a004fe4d - __rustc[ea4f61d10b84890b]::rust_begin_unwind
[INFO] [stdout]   10:     0x6365a008f80c - core[a373ad73a504971]::panicking::panic_fmt
[INFO] [stdout]   11:     0x6365a008f5e2 - core[a373ad73a504971]::result::unwrap_failed
[INFO] [stdout]   12:     0x63659fba739d - <jurl[7e702c0bdb5b847b]::interactive::driver::tests::interactive_specs::{closure#0} as core[a373ad73a504971]::ops::function::FnOnce<()>>::call_once
[INFO] [stdout]   13:     0x63659fca491b - test[aada8e7e76ba119b]::__rust_begin_short_backtrace::<core[a373ad73a504971]::result::Result<(), alloc[2e1b2a31b91974c5]::string::String>, fn() -> core[a373ad73a504971]::result::Result<(), alloc[2e1b2a31b91974c5]::string::String>>
[INFO] [stdout]   14:     0x63659fcb1af5 - test[aada8e7e76ba119b]::run_test::{closure#0}
[INFO] [stdout]   15:     0x63659fcab3e4 - std[617be2ca0a6fd877]::sys::backtrace::__rust_begin_short_backtrace::<test[aada8e7e76ba119b]::run_test::{closure#1}, ()>
[INFO] [stdout]   16:     0x63659fcb4b82 - <std[617be2ca0a6fd877]::thread::lifecycle::spawn_unchecked<test[aada8e7e76ba119b]::run_test::{closure#1}, ()>::{closure#1} as core[a373ad73a504971]::ops::function::FnOnce<()>>::call_once::{shim:vtable#0}
[INFO] [stdout]   17:     0x6365a0074cef - <std[617be2ca0a6fd877]::sys::thread::unix::Thread>::new::thread_start
[INFO] [stdout]   18:     0x7ec5ae9e4dfa - <unknown>
[INFO] [stdout]   19:     0x7ec5aea783d4 - clone
[INFO] [stdout]   20:                0x0 - <unknown>
[INFO] [stdout] 
[INFO] [stdout] 
[INFO] [stdout] failures:
[INFO] [stdout]     interactive::driver::tests::interactive_specs
[INFO] [stdout] 
[INFO] [stdout] test result: FAILED. 62 passed; 1 failed; 0 ignored; 0 measured; 0 filtered out; finished in 0.03s
[INFO] [stdout] 
[INFO] [stderr] error: test failed, to rerun pass `--bin jurl`
[INFO] running `Command { std: "docker" "inspect" "5f995df915223bc3a32d7daf7ec32cd3ae9216e6fc494f7fa533c41396ef8fb4", kill_on_drop: false }`
[INFO] running `Command { std: "docker" "rm" "-f" "5f995df915223bc3a32d7daf7ec32cd3ae9216e6fc494f7fa533c41396ef8fb4", kill_on_drop: false }`
[INFO] [stdout] 5f995df915223bc3a32d7daf7ec32cd3ae9216e6fc494f7fa533c41396ef8fb4
