[INFO] fetching crate wasmer-bus-fuse 1.1.0...
[INFO] testing wasmer-bus-fuse-1.1.0 against 1.100.0-beta.1+cargoflags=--release for beta-release-1.100-3
[INFO] extracting crate wasmer-bus-fuse 1.1.0 into /workspace/builds/worker-3-tc2/source
[INFO] started tweaking crates.io crate wasmer-bus-fuse 1.1.0
[INFO] finished tweaking crates.io crate wasmer-bus-fuse 1.1.0
[INFO] tweaked toml for crates.io crate wasmer-bus-fuse 1.1.0 written to /workspace/builds/worker-3-tc2/source/Cargo.toml
[INFO] validating manifest of crates.io crate wasmer-bus-fuse 1.1.0 on toolchain 1.100.0-beta.1
[INFO] running `Command { std: CARGO_HOME="/workspace/cargo-home" RUSTUP_HOME="/workspace/rustup-home" "/workspace/cargo-home/bin/cargo" "+1.100.0-beta.1" "metadata" "--manifest-path" "Cargo.toml" "--no-deps", kill_on_drop: false }`
[INFO] crate crates.io crate wasmer-bus-fuse 1.1.0 already has a lockfile, it will not be regenerated
[INFO] running `Command { std: CARGO_HOME="/workspace/cargo-home" RUSTUP_HOME="/workspace/rustup-home" "/workspace/cargo-home/bin/cargo" "+1.100.0-beta.1" "fetch" "--manifest-path" "Cargo.toml", kill_on_drop: false }`
[INFO] [stderr] warning: Cargo.toml: `default_features` is deprecated in favor of `default-features` and will not work in the 2024 edition
[INFO] [stderr] (in the `tokio` dependency)
[INFO] [stderr] warning: Cargo.toml: `default_features` is deprecated in favor of `default-features` and will not work in the 2024 edition
[INFO] [stderr] (in the `wasmer-bus` dependency)
[INFO] [stderr] warning: `wasmer-bus-fuse` (manifest) generated 2 warnings
[INFO] running `Command { std: "docker" "create" "-v" "/var/lib/crater-agent-workspace/builds/worker-3-tc2/source:/opt/rustwide/workdir:ro,Z" "-v" "/var/lib/crater-agent-workspace/builds/worker-3-tc2/target:/opt/rustwide/target:rw,Z" "-v" "/var/lib/crater-agent-workspace/cargo-home:/opt/rustwide/cargo-home:ro,Z" "-v" "/var/lib/crater-agent-workspace/rustup-home:/opt/rustwide/rustup-home:ro,Z" "-m" "1610612736" "--network" "none" "ghcr.io/rust-lang/crates-build-env/linux@sha256:77db811e55d90add9212f6832c23229e3de5f1c1f9905e8cb07319ea15df73ac" "sleep" "infinity", kill_on_drop: false }`
[INFO] [stdout] dcfa029bf77aa2662d549cebb35670c1affecdea6d456e8b176c58ad71a2f340
[INFO] running `Command { std: "docker" "start" "dcfa029bf77aa2662d549cebb35670c1affecdea6d456e8b176c58ad71a2f340", kill_on_drop: false }`
[INFO] running `Command { std: "docker" "inspect" "dcfa029bf77aa2662d549cebb35670c1affecdea6d456e8b176c58ad71a2f340", kill_on_drop: false }`
[INFO] running `Command { std: "docker" "exec" "-e" "SOURCE_DIR=/opt/rustwide/workdir" "-e" "CARGO_HOME=/opt/rustwide/cargo-home" "-e" "RUSTUP_HOME=/opt/rustwide/rustup-home" "-e" "CARGO_TARGET_DIR=/opt/rustwide/target" "-w" "/opt/rustwide/workdir" "--user" "0:0" "dcfa029bf77aa2662d549cebb35670c1affecdea6d456e8b176c58ad71a2f340" "/opt/rustwide/cargo-home/bin/cargo" "+1.100.0-beta.1" "metadata" "--no-deps" "--format-version=1", kill_on_drop: false }`
[INFO] running `Command { std: "docker" "inspect" "dcfa029bf77aa2662d549cebb35670c1affecdea6d456e8b176c58ad71a2f340", kill_on_drop: false }`
[INFO] running `Command { std: "docker" "exec" "-e" "SOURCE_DIR=/opt/rustwide/workdir" "-e" "CARGO_HOME=/opt/rustwide/cargo-home" "-e" "RUSTUP_HOME=/opt/rustwide/rustup-home" "-e" "CARGO_TARGET_DIR=/opt/rustwide/target" "-e" "CARGO_INCREMENTAL=0" "-e" "RUST_BACKTRACE=full" "-e" "RUSTFLAGS=--cap-lints=warn" "-e" "RUSTDOCFLAGS=--cap-lints=warn" "-w" "/opt/rustwide/workdir" "--user" "0:0" "dcfa029bf77aa2662d549cebb35670c1affecdea6d456e8b176c58ad71a2f340" "/opt/rustwide/cargo-home/bin/cargo" "+1.100.0-beta.1" "build" "--frozen" "--message-format=json" "--release", kill_on_drop: false }`
[INFO] [stderr] warning: Cargo.toml: `default_features` is deprecated in favor of `default-features` and will not work in the 2024 edition
[INFO] [stderr] (in the `tokio` dependency)
[INFO] [stderr] warning: Cargo.toml: `default_features` is deprecated in favor of `default-features` and will not work in the 2024 edition
[INFO] [stderr] (in the `wasmer-bus` dependency)
[INFO] [stderr] warning: `wasmer-bus-fuse` (manifest) generated 2 warnings
[INFO] [stderr]    Compiling proc-macro2 v1.0.43
[INFO] [stderr]    Compiling quote v1.0.21
[INFO] [stderr]    Compiling unicode-ident v1.0.3
[INFO] [stderr]    Compiling syn v1.0.99
[INFO] [stderr]    Compiling serde_derive v1.0.142
[INFO] [stderr]    Compiling serde v1.0.142
[INFO] [stderr]    Compiling log v0.4.17
[INFO] [stderr]    Compiling once_cell v1.13.0
[INFO] [stderr]    Compiling paste v1.0.8
[INFO] [stderr]    Compiling typenum v1.15.0
[INFO] [stderr]    Compiling serde_json v1.0.83
[INFO] [stderr]    Compiling ryu v1.0.11
[INFO] [stderr]    Compiling cfg-if v1.0.0
[INFO] [stderr]    Compiling num-traits v0.2.15
[INFO] [stderr]    Compiling indexmap v1.9.1
[INFO] [stderr]    Compiling generic-array v0.14.6
[INFO] [stderr]    Compiling hashbrown v0.12.3
[INFO] [stderr]    Compiling linked-hash-map v0.5.6
[INFO] [stderr]    Compiling byteorder v1.4.3
[INFO] [stderr]    Compiling itoa v1.0.3
[INFO] [stderr]    Compiling tokio v1.20.1
[INFO] [stderr]    Compiling pin-project-lite v0.2.9
[INFO] [stderr]    Compiling xml-rs v0.8.4
[INFO] [stderr]    Compiling async-trait v0.1.57
[INFO] [stderr]    Compiling yaml-rust v0.4.5
[INFO] [stderr]    Compiling cpufeatures v0.2.2
[INFO] [stderr]    Compiling convert_case v0.5.0
[INFO] [stderr]    Compiling wasix v0.11.36
[INFO] [stderr]    Compiling base64 v0.13.0
[INFO] [stderr]    Compiling cooked-waker v5.0.0
[INFO] [stderr]    Compiling tracing-core v0.1.29
[INFO] [stderr]    Compiling rmp v0.8.11
[INFO] [stderr]    Compiling crypto-common v0.1.6
[INFO] [stderr]    Compiling block-buffer v0.10.2
[INFO] [stderr]    Compiling digest v0.10.3
[INFO] [stderr]    Compiling sha2 v0.10.2
[INFO] [stderr]    Compiling thiserror-impl v1.0.32
[INFO] [stderr]    Compiling tracing-attributes v0.1.22
[INFO] [stderr]    Compiling tokio-macros v1.8.0
[INFO] [stderr]    Compiling derivative v2.2.0
[INFO] [stderr]    Compiling thiserror v1.0.32
[INFO] [stderr]    Compiling tracing v0.1.36
[INFO] [stderr]    Compiling rmp-serde v0.15.5
[INFO] [stderr]    Compiling bincode v1.3.3
[INFO] [stderr]    Compiling serde-xml-rs v0.5.1
[INFO] [stderr]    Compiling serde_yaml v0.8.26
[INFO] [stderr]    Compiling toml v0.5.9
[INFO] [stderr]    Compiling proc-macro-crate v1.2.0
[INFO] [stderr]    Compiling num_enum_derive v0.5.7
[INFO] [stderr]    Compiling num_enum v0.5.7
[INFO] [stderr]    Compiling wasmer-bus-types v1.1.0
[INFO] [stderr]    Compiling wasmer-bus-macros v1.1.0
[INFO] [stderr]    Compiling wasmer-bus v1.1.0
[INFO] [stderr]    Compiling wasmer-bus-fuse v1.1.0 (/opt/rustwide/workdir)
[INFO] [stdout] error[E0277]: the trait bound `!: DeserializeOwned` is not satisfied
[INFO] [stdout]    --> src/api/mod.rs:368:26
[INFO] [stdout]     |
[INFO] [stdout] 368 |             task.join()?.wait()?;
[INFO] [stdout]     |                          ^^^^ the trait `for<'de> api::_::_serde::Deserialize<'de>` is not implemented for `!`
[INFO] [stdout]     |
[INFO] [stdout]     = help: the following other types implement trait `api::_::_serde::Deserialize<'de>`:
[INFO] [stdout]               &'a Path
[INFO] [stdout]               &'a [u8]
[INFO] [stdout]               &'a str
[INFO] [stdout]               ()
[INFO] [stdout]               (T0, T1)
[INFO] [stdout]               (T0, T1, T2)
[INFO] [stdout]               (T0, T1, T2, T3)
[INFO] [stdout]               (T0, T1, T2, T3, T4)
[INFO] [stdout]             and 185 others
[INFO] [stdout]     = note: this error might have been caused by changes to Rust's type-inference algorithm (see issue #148922 <https://github.com/rust-lang/rust/issues/148922> for more information)
[INFO] [stdout]     = help: you might have intended to use the type `()` here instead
[INFO] [stdout]     = note: required for `!` to implement `DeserializeOwned`
[INFO] [stdout] note: required by a bound in `CallJoin::<T>::wait`
[INFO] [stdout]    --> /opt/rustwide/cargo-home/registry/src/index.crates.io-1949cf8c6b5b557f/wasmer-bus-1.1.0/src/abi/call.rs:372:8
[INFO] [stdout]     |
[INFO] [stdout] 370 | impl<T> CallJoin<T>
[INFO] [stdout] 371 | where
[INFO] [stdout] 372 |     T: de::DeserializeOwned,
[INFO] [stdout]     |        ^^^^^^^^^^^^^^^^^^^^ required by this bound in `CallJoin::<T>::wait`
[INFO] [stdout] ...
[INFO] [stdout] 385 |     pub fn wait(self) -> Result<T, BusError> {
[INFO] [stdout]     = note: the full name for the type has been written to '/opt/rustwide/target/release/build/wasmer-bus-fuse/e2be0e28ec599ab5/out/wasmer_bus_fuse-e2be0e28ec599ab5.long-type-14574010807287567272.txt'
[INFO] [stdout]     = note: consider using `--verbose` to print the full type name to the console
[INFO] [stdout] 
[INFO] [stdout] 
[INFO] [stdout] error[E0277]: the trait bound `for<'de> !: api::_::_serde::Deserialize<'de>` is not satisfied
[INFO] [stdout]    --> src/api/mod.rs:368:13
[INFO] [stdout]     |
[INFO] [stdout] 368 |             task.join()?.wait()?;
[INFO] [stdout]     |             ^^^^^^^^^^^ the trait `for<'de> api::_::_serde::Deserialize<'de>` is not implemented for `!`
[INFO] [stdout]     |
[INFO] [stdout]     = help: the following other types implement trait `api::_::_serde::Deserialize<'de>`:
[INFO] [stdout]               &'a Path
[INFO] [stdout]               &'a [u8]
[INFO] [stdout]               &'a str
[INFO] [stdout]               ()
[INFO] [stdout]               (T0, T1)
[INFO] [stdout]               (T0, T1, T2)
[INFO] [stdout]               (T0, T1, T2, T3)
[INFO] [stdout]               (T0, T1, T2, T3, T4)
[INFO] [stdout]             and 185 others
[INFO] [stdout]     = note: this error might have been caused by changes to Rust's type-inference algorithm (see issue #148922 <https://github.com/rust-lang/rust/issues/148922> for more information)
[INFO] [stdout]     = help: you might have intended to use the type `()` here instead
[INFO] [stdout]     = note: required for `!` to implement `DeserializeOwned`
[INFO] [stdout] note: required by a bound in `CallJoin`
[INFO] [stdout]    --> /opt/rustwide/cargo-home/registry/src/index.crates.io-1949cf8c6b5b557f/wasmer-bus-1.1.0/src/abi/call.rs:363:8
[INFO] [stdout]     |
[INFO] [stdout] 361 | pub struct CallJoin<T>
[INFO] [stdout] 362 | where
[INFO] [stdout] 363 |     T: de::DeserializeOwned,
[INFO] [stdout]     |        ^^^^^^^^^^^^^^^^^^^^ required by this bound in `CallJoin`
[INFO] [stdout]     = note: the full name for the type has been written to '/opt/rustwide/target/release/build/wasmer-bus-fuse/e2be0e28ec599ab5/out/wasmer_bus_fuse-e2be0e28ec599ab5.long-type-14574010807287567272.txt'
[INFO] [stdout]     = note: consider using `--verbose` to print the full type name to the console
[INFO] [stdout] 
[INFO] [stdout] 
[INFO] [stdout] error[E0277]: the trait bound `!: DeserializeOwned` is not satisfied
[INFO] [stdout]    --> src/api/mod.rs:368:18
[INFO] [stdout]     |
[INFO] [stdout] 368 |             task.join()?.wait()?;
[INFO] [stdout]     |                  ^^^^ the trait `for<'de> api::_::_serde::Deserialize<'de>` is not implemented for `!`
[INFO] [stdout]     |
[INFO] [stdout]     = help: the following other types implement trait `api::_::_serde::Deserialize<'de>`:
[INFO] [stdout]               &'a Path
[INFO] [stdout]               &'a [u8]
[INFO] [stdout]               &'a str
[INFO] [stdout]               ()
[INFO] [stdout]               (T0, T1)
[INFO] [stdout]               (T0, T1, T2)
[INFO] [stdout]               (T0, T1, T2, T3)
[INFO] [stdout]               (T0, T1, T2, T3, T4)
[INFO] [stdout]             and 185 others
[INFO] [stdout]     = note: this error might have been caused by changes to Rust's type-inference algorithm (see issue #148922 <https://github.com/rust-lang/rust/issues/148922> for more information)
[INFO] [stdout]     = help: you might have intended to use the type `()` here instead
[INFO] [stdout]     = note: required for `!` to implement `DeserializeOwned`
[INFO] [stdout] note: required by a bound in `Call::join`
[INFO] [stdout]    --> /opt/rustwide/cargo-home/registry/src/index.crates.io-1949cf8c6b5b557f/wasmer-bus-1.1.0/src/abi/call.rs:345:12
[INFO] [stdout]     |
[INFO] [stdout] 316 | impl Call {
[INFO] [stdout] ...
[INFO] [stdout] 343 |     pub fn join<T>(self) -> Result<CallJoin<T>, BusError>
[INFO] [stdout] 344 |     where
[INFO] [stdout] 345 |         T: de::DeserializeOwned,
[INFO] [stdout]     |            ^^^^^^^^^^^^^^^^^^^^ required by this bound in `Call::join`
[INFO] [stdout]     = note: the full name for the type has been written to '/opt/rustwide/target/release/build/wasmer-bus-fuse/e2be0e28ec599ab5/out/wasmer_bus_fuse-e2be0e28ec599ab5.long-type-14574010807287567272.txt'
[INFO] [stdout]     = note: consider using `--verbose` to print the full type name to the console
[INFO] [stdout] 
[INFO] [stdout] 
[INFO] [stdout] error[E0277]: the trait bound `!: DeserializeOwned` is not satisfied
[INFO] [stdout]     --> src/api/mod.rs:1099:26
[INFO] [stdout]      |
[INFO] [stdout] 1099 |             task.join()?.wait()?;
[INFO] [stdout]      |                          ^^^^ the trait `for<'de> api::_::_serde::Deserialize<'de>` is not implemented for `!`
[INFO] [stdout]      |
[INFO] [stdout]      = help: the following other types implement trait `api::_::_serde::Deserialize<'de>`:
[INFO] [stdout]                &'a Path
[INFO] [stdout]                &'a [u8]
[INFO] [stdout]                &'a str
[INFO] [stdout]                ()
[INFO] [stdout]                (T0, T1)
[INFO] [stdout]                (T0, T1, T2)
[INFO] [stdout]                (T0, T1, T2, T3)
[INFO] [stdout]                (T0, T1, T2, T3, T4)
[INFO] [stdout]              and 185 others
[INFO] [stdout]      = note: this error might have been caused by changes to Rust's type-inference algorithm (see issue #148922 <https://github.com/rust-lang/rust/issues/148922> for more information)
[INFO] [stdout]      = help: you might have intended to use the type `()` here instead
[INFO] [stdout]      = note: required for `!` to implement `DeserializeOwned`
[INFO] [stdout] note: required by a bound in `CallJoin::<T>::wait`
[INFO] [stdout]     --> /opt/rustwide/cargo-home/registry/src/index.crates.io-1949cf8c6b5b557f/wasmer-bus-1.1.0/src/abi/call.rs:372:8
[INFO] [stdout]      |
[INFO] [stdout]  370 | impl<T> CallJoin<T>
[INFO] [stdout]  371 | where
[INFO] [stdout]  372 |     T: de::DeserializeOwned,
[INFO] [stdout]      |        ^^^^^^^^^^^^^^^^^^^^ required by this bound in `CallJoin::<T>::wait`
[INFO] [stdout] ...
[INFO] [stdout]  385 |     pub fn wait(self) -> Result<T, BusError> {
[INFO] [stdout]      = note: the full name for the type has been written to '/opt/rustwide/target/release/build/wasmer-bus-fuse/e2be0e28ec599ab5/out/wasmer_bus_fuse-e2be0e28ec599ab5.long-type-14574010807287567272.txt'
[INFO] [stdout]      = note: consider using `--verbose` to print the full type name to the console
[INFO] [stdout] 
[INFO] [stdout] 
[INFO] [stdout] error[E0277]: the trait bound `for<'de> !: api::_::_serde::Deserialize<'de>` is not satisfied
[INFO] [stdout]     --> src/api/mod.rs:1099:13
[INFO] [stdout]      |
[INFO] [stdout] 1099 |             task.join()?.wait()?;
[INFO] [stdout]      |             ^^^^^^^^^^^ the trait `for<'de> api::_::_serde::Deserialize<'de>` is not implemented for `!`
[INFO] [stdout]      |
[INFO] [stdout]      = help: the following other types implement trait `api::_::_serde::Deserialize<'de>`:
[INFO] [stdout]                &'a Path
[INFO] [stdout]                &'a [u8]
[INFO] [stdout]                &'a str
[INFO] [stdout]                ()
[INFO] [stdout]                (T0, T1)
[INFO] [stdout]                (T0, T1, T2)
[INFO] [stdout]                (T0, T1, T2, T3)
[INFO] [stdout]                (T0, T1, T2, T3, T4)
[INFO] [stdout]              and 185 others
[INFO] [stdout]      = note: this error might have been caused by changes to Rust's type-inference algorithm (see issue #148922 <https://github.com/rust-lang/rust/issues/148922> for more information)
[INFO] [stdout]      = help: you might have intended to use the type `()` here instead
[INFO] [stdout]      = note: required for `!` to implement `DeserializeOwned`
[INFO] [stdout] note: required by a bound in `CallJoin`
[INFO] [stdout]     --> /opt/rustwide/cargo-home/registry/src/index.crates.io-1949cf8c6b5b557f/wasmer-bus-1.1.0/src/abi/call.rs:363:8
[INFO] [stdout]      |
[INFO] [stdout]  361 | pub struct CallJoin<T>
[INFO] [stdout]  362 | where
[INFO] [stdout]  363 |     T: de::DeserializeOwned,
[INFO] [stdout]      |        ^^^^^^^^^^^^^^^^^^^^ required by this bound in `CallJoin`
[INFO] [stdout]      = note: the full name for the type has been written to '/opt/rustwide/target/release/build/wasmer-bus-fuse/e2be0e28ec599ab5/out/wasmer_bus_fuse-e2be0e28ec599ab5.long-type-14574010807287567272.txt'
[INFO] [stdout]      = note: consider using `--verbose` to print the full type name to the console
[INFO] [stdout] 
[INFO] [stdout] 
[INFO] [stdout] error[E0277]: the trait bound `!: DeserializeOwned` is not satisfied
[INFO] [stdout]     --> src/api/mod.rs:1099:18
[INFO] [stdout]      |
[INFO] [stdout] 1099 |             task.join()?.wait()?;
[INFO] [stdout]      |                  ^^^^ the trait `for<'de> api::_::_serde::Deserialize<'de>` is not implemented for `!`
[INFO] [stdout]      |
[INFO] [stdout]      = help: the following other types implement trait `api::_::_serde::Deserialize<'de>`:
[INFO] [stdout]                &'a Path
[INFO] [stdout]                &'a [u8]
[INFO] [stdout]                &'a str
[INFO] [stdout]                ()
[INFO] [stdout]                (T0, T1)
[INFO] [stdout]                (T0, T1, T2)
[INFO] [stdout]                (T0, T1, T2, T3)
[INFO] [stdout]                (T0, T1, T2, T3, T4)
[INFO] [stdout]              and 185 others
[INFO] [stdout]      = note: this error might have been caused by changes to Rust's type-inference algorithm (see issue #148922 <https://github.com/rust-lang/rust/issues/148922> for more information)
[INFO] [stdout]      = help: you might have intended to use the type `()` here instead
[INFO] [stdout]      = note: required for `!` to implement `DeserializeOwned`
[INFO] [stdout] note: required by a bound in `Call::join`
[INFO] [stdout]     --> /opt/rustwide/cargo-home/registry/src/index.crates.io-1949cf8c6b5b557f/wasmer-bus-1.1.0/src/abi/call.rs:345:12
[INFO] [stdout]      |
[INFO] [stdout]  316 | impl Call {
[INFO] [stdout] ...
[INFO] [stdout]  343 |     pub fn join<T>(self) -> Result<CallJoin<T>, BusError>
[INFO] [stdout]  344 |     where
[INFO] [stdout]  345 |         T: de::DeserializeOwned,
[INFO] [stdout]      |            ^^^^^^^^^^^^^^^^^^^^ required by this bound in `Call::join`
[INFO] [stdout]      = note: the full name for the type has been written to '/opt/rustwide/target/release/build/wasmer-bus-fuse/e2be0e28ec599ab5/out/wasmer_bus_fuse-e2be0e28ec599ab5.long-type-14574010807287567272.txt'
[INFO] [stdout]      = note: consider using `--verbose` to print the full type name to the console
[INFO] [stdout] 
[INFO] [stdout] 
[INFO] [stdout] error[E0277]: the trait bound `!: DeserializeOwned` is not satisfied
[INFO] [stdout]     --> src/api/mod.rs:1706:26
[INFO] [stdout]      |
[INFO] [stdout] 1706 |             task.join()?.wait()?;
[INFO] [stdout]      |                          ^^^^ the trait `for<'de> api::_::_serde::Deserialize<'de>` is not implemented for `!`
[INFO] [stdout]      |
[INFO] [stdout]      = help: the following other types implement trait `api::_::_serde::Deserialize<'de>`:
[INFO] [stdout]                &'a Path
[INFO] [stdout]                &'a [u8]
[INFO] [stdout]                &'a str
[INFO] [stdout]                ()
[INFO] [stdout]                (T0, T1)
[INFO] [stdout]                (T0, T1, T2)
[INFO] [stdout]                (T0, T1, T2, T3)
[INFO] [stdout]                (T0, T1, T2, T3, T4)
[INFO] [stdout]              and 185 others
[INFO] [stdout]      = note: this error might have been caused by changes to Rust's type-inference algorithm (see issue #148922 <https://github.com/rust-lang/rust/issues/148922> for more information)
[INFO] [stdout]      = help: you might have intended to use the type `()` here instead
[INFO] [stdout]      = note: required for `!` to implement `DeserializeOwned`
[INFO] [stdout] note: required by a bound in `CallJoin::<T>::wait`
[INFO] [stdout]     --> /opt/rustwide/cargo-home/registry/src/index.crates.io-1949cf8c6b5b557f/wasmer-bus-1.1.0/src/abi/call.rs:372:8
[INFO] [stdout]      |
[INFO] [stdout]  370 | impl<T> CallJoin<T>
[INFO] [stdout]  371 | where
[INFO] [stdout]  372 |     T: de::DeserializeOwned,
[INFO] [stdout]      |        ^^^^^^^^^^^^^^^^^^^^ required by this bound in `CallJoin::<T>::wait`
[INFO] [stdout] ...
[INFO] [stdout]  385 |     pub fn wait(self) -> Result<T, BusError> {
[INFO] [stdout]      = note: the full name for the type has been written to '/opt/rustwide/target/release/build/wasmer-bus-fuse/e2be0e28ec599ab5/out/wasmer_bus_fuse-e2be0e28ec599ab5.long-type-14574010807287567272.txt'
[INFO] [stdout]      = note: consider using `--verbose` to print the full type name to the console
[INFO] [stdout] 
[INFO] [stdout] 
[INFO] [stdout] error[E0277]: the trait bound `for<'de> !: api::_::_serde::Deserialize<'de>` is not satisfied
[INFO] [stdout]     --> src/api/mod.rs:1706:13
[INFO] [stdout]      |
[INFO] [stdout] 1706 |             task.join()?.wait()?;
[INFO] [stdout]      |             ^^^^^^^^^^^ the trait `for<'de> api::_::_serde::Deserialize<'de>` is not implemented for `!`
[INFO] [stdout]      |
[INFO] [stdout]      = help: the following other types implement trait `api::_::_serde::Deserialize<'de>`:
[INFO] [stdout]                &'a Path
[INFO] [stdout]                &'a [u8]
[INFO] [stdout]                &'a str
[INFO] [stdout]                ()
[INFO] [stdout]                (T0, T1)
[INFO] [stdout]                (T0, T1, T2)
[INFO] [stdout]                (T0, T1, T2, T3)
[INFO] [stdout]                (T0, T1, T2, T3, T4)
[INFO] [stdout]              and 185 others
[INFO] [stdout]      = note: this error might have been caused by changes to Rust's type-inference algorithm (see issue #148922 <https://github.com/rust-lang/rust/issues/148922> for more information)
[INFO] [stdout]      = help: you might have intended to use the type `()` here instead
[INFO] [stdout]      = note: required for `!` to implement `DeserializeOwned`
[INFO] [stdout] note: required by a bound in `CallJoin`
[INFO] [stdout]     --> /opt/rustwide/cargo-home/registry/src/index.crates.io-1949cf8c6b5b557f/wasmer-bus-1.1.0/src/abi/call.rs:363:8
[INFO] [stdout]      |
[INFO] [stdout]  361 | pub struct CallJoin<T>
[INFO] [stdout]  362 | where
[INFO] [stdout]  363 |     T: de::DeserializeOwned,
[INFO] [stdout]      |        ^^^^^^^^^^^^^^^^^^^^ required by this bound in `CallJoin`
[INFO] [stdout]      = note: the full name for the type has been written to '/opt/rustwide/target/release/build/wasmer-bus-fuse/e2be0e28ec599ab5/out/wasmer_bus_fuse-e2be0e28ec599ab5.long-type-14574010807287567272.txt'
[INFO] [stdout]      = note: consider using `--verbose` to print the full type name to the console
[INFO] [stdout] 
[INFO] [stdout] 
[INFO] [stdout] error[E0277]: the trait bound `!: DeserializeOwned` is not satisfied
[INFO] [stdout]     --> src/api/mod.rs:1706:18
[INFO] [stdout]      |
[INFO] [stdout] 1706 |             task.join()?.wait()?;
[INFO] [stdout]      |                  ^^^^ the trait `for<'de> api::_::_serde::Deserialize<'de>` is not implemented for `!`
[INFO] [stdout]      |
[INFO] [stdout]      = help: the following other types implement trait `api::_::_serde::Deserialize<'de>`:
[INFO] [stdout]                &'a Path
[INFO] [stdout]                &'a [u8]
[INFO] [stdout]                &'a str
[INFO] [stdout]                ()
[INFO] [stdout]                (T0, T1)
[INFO] [stdout]                (T0, T1, T2)
[INFO] [stdout]                (T0, T1, T2, T3)
[INFO] [stdout]                (T0, T1, T2, T3, T4)
[INFO] [stdout]              and 185 others
[INFO] [stdout]      = note: this error might have been caused by changes to Rust's type-inference algorithm (see issue #148922 <https://github.com/rust-lang/rust/issues/148922> for more information)
[INFO] [stdout]      = help: you might have intended to use the type `()` here instead
[INFO] [stdout]      = note: required for `!` to implement `DeserializeOwned`
[INFO] [stdout] note: required by a bound in `Call::join`
[INFO] [stdout]     --> /opt/rustwide/cargo-home/registry/src/index.crates.io-1949cf8c6b5b557f/wasmer-bus-1.1.0/src/abi/call.rs:345:12
[INFO] [stdout]      |
[INFO] [stdout]  316 | impl Call {
[INFO] [stdout] ...
[INFO] [stdout]  343 |     pub fn join<T>(self) -> Result<CallJoin<T>, BusError>
[INFO] [stdout]  344 |     where
[INFO] [stdout]  345 |         T: de::DeserializeOwned,
[INFO] [stdout]      |            ^^^^^^^^^^^^^^^^^^^^ required by this bound in `Call::join`
[INFO] [stdout]      = note: the full name for the type has been written to '/opt/rustwide/target/release/build/wasmer-bus-fuse/e2be0e28ec599ab5/out/wasmer_bus_fuse-e2be0e28ec599ab5.long-type-14574010807287567272.txt'
[INFO] [stdout]      = note: consider using `--verbose` to print the full type name to the console
[INFO] [stdout] 
[INFO] [stdout] 
[INFO] [stdout] error[E0277]: the trait bound `!: DeserializeOwned` is not satisfied
[INFO] [stdout]     --> src/api/mod.rs:2151:26
[INFO] [stdout]      |
[INFO] [stdout] 2151 |             task.join()?.wait()?;
[INFO] [stdout]      |                          ^^^^ the trait `for<'de> api::_::_serde::Deserialize<'de>` is not implemented for `!`
[INFO] [stdout]      |
[INFO] [stdout]      = help: the following other types implement trait `api::_::_serde::Deserialize<'de>`:
[INFO] [stdout]                &'a Path
[INFO] [stdout]                &'a [u8]
[INFO] [stdout]                &'a str
[INFO] [stdout]                ()
[INFO] [stdout]                (T0, T1)
[INFO] [stdout]                (T0, T1, T2)
[INFO] [stdout]                (T0, T1, T2, T3)
[INFO] [stdout]                (T0, T1, T2, T3, T4)
[INFO] [stdout]              and 185 others
[INFO] [stdout]      = note: this error might have been caused by changes to Rust's type-inference algorithm (see issue #148922 <https://github.com/rust-lang/rust/issues/148922> for more information)
[INFO] [stdout]      = help: you might have intended to use the type `()` here instead
[INFO] [stdout]      = note: required for `!` to implement `DeserializeOwned`
[INFO] [stdout] note: required by a bound in `CallJoin::<T>::wait`
[INFO] [stdout]     --> /opt/rustwide/cargo-home/registry/src/index.crates.io-1949cf8c6b5b557f/wasmer-bus-1.1.0/src/abi/call.rs:372:8
[INFO] [stdout]      |
[INFO] [stdout]  370 | impl<T> CallJoin<T>
[INFO] [stdout]  371 | where
[INFO] [stdout]  372 |     T: de::DeserializeOwned,
[INFO] [stdout]      |        ^^^^^^^^^^^^^^^^^^^^ required by this bound in `CallJoin::<T>::wait`
[INFO] [stdout] ...
[INFO] [stdout]  385 |     pub fn wait(self) -> Result<T, BusError> {
[INFO] [stdout]      = note: the full name for the type has been written to '/opt/rustwide/target/release/build/wasmer-bus-fuse/e2be0e28ec599ab5/out/wasmer_bus_fuse-e2be0e28ec599ab5.long-type-14574010807287567272.txt'
[INFO] [stdout]      = note: consider using `--verbose` to print the full type name to the console
[INFO] [stdout] 
[INFO] [stdout] 
[INFO] [stdout] error[E0277]: the trait bound `for<'de> !: api::_::_serde::Deserialize<'de>` is not satisfied
[INFO] [stdout]     --> src/api/mod.rs:2151:13
[INFO] [stdout]      |
[INFO] [stdout] 2151 |             task.join()?.wait()?;
[INFO] [stdout]      |             ^^^^^^^^^^^ the trait `for<'de> api::_::_serde::Deserialize<'de>` is not implemented for `!`
[INFO] [stdout]      |
[INFO] [stdout]      = help: the following other types implement trait `api::_::_serde::Deserialize<'de>`:
[INFO] [stdout]                &'a Path
[INFO] [stdout]                &'a [u8]
[INFO] [stdout]                &'a str
[INFO] [stdout]                ()
[INFO] [stdout]                (T0, T1)
[INFO] [stdout]                (T0, T1, T2)
[INFO] [stdout]                (T0, T1, T2, T3)
[INFO] [stdout]                (T0, T1, T2, T3, T4)
[INFO] [stdout]              and 185 others
[INFO] [stdout]      = note: this error might have been caused by changes to Rust's type-inference algorithm (see issue #148922 <https://github.com/rust-lang/rust/issues/148922> for more information)
[INFO] [stdout]      = help: you might have intended to use the type `()` here instead
[INFO] [stdout]      = note: required for `!` to implement `DeserializeOwned`
[INFO] [stdout] note: required by a bound in `CallJoin`
[INFO] [stdout]     --> /opt/rustwide/cargo-home/registry/src/index.crates.io-1949cf8c6b5b557f/wasmer-bus-1.1.0/src/abi/call.rs:363:8
[INFO] [stdout]      |
[INFO] [stdout]  361 | pub struct CallJoin<T>
[INFO] [stdout]  362 | where
[INFO] [stdout]  363 |     T: de::DeserializeOwned,
[INFO] [stdout]      |        ^^^^^^^^^^^^^^^^^^^^ required by this bound in `CallJoin`
[INFO] [stdout]      = note: the full name for the type has been written to '/opt/rustwide/target/release/build/wasmer-bus-fuse/e2be0e28ec599ab5/out/wasmer_bus_fuse-e2be0e28ec599ab5.long-type-14574010807287567272.txt'
[INFO] [stdout]      = note: consider using `--verbose` to print the full type name to the console
[INFO] [stdout] 
[INFO] [stdout] 
[INFO] [stdout] error[E0277]: the trait bound `!: DeserializeOwned` is not satisfied
[INFO] [stdout]     --> src/api/mod.rs:2151:18
[INFO] [stdout]      |
[INFO] [stdout] 2151 |             task.join()?.wait()?;
[INFO] [stdout]      |                  ^^^^ the trait `for<'de> api::_::_serde::Deserialize<'de>` is not implemented for `!`
[INFO] [stdout]      |
[INFO] [stdout]      = help: the following other types implement trait `api::_::_serde::Deserialize<'de>`:
[INFO] [stdout]                &'a Path
[INFO] [stdout]                &'a [u8]
[INFO] [stdout]                &'a str
[INFO] [stdout]                ()
[INFO] [stdout]                (T0, T1)
[INFO] [stdout]                (T0, T1, T2)
[INFO] [stdout]                (T0, T1, T2, T3)
[INFO] [stdout]                (T0, T1, T2, T3, T4)
[INFO] [stdout]              and 185 others
[INFO] [stdout]      = note: this error might have been caused by changes to Rust's type-inference algorithm (see issue #148922 <https://github.com/rust-lang/rust/issues/148922> for more information)
[INFO] [stdout]      = help: you might have intended to use the type `()` here instead
[INFO] [stdout]      = note: required for `!` to implement `DeserializeOwned`
[INFO] [stdout] note: required by a bound in `Call::join`
[INFO] [stdout]     --> /opt/rustwide/cargo-home/registry/src/index.crates.io-1949cf8c6b5b557f/wasmer-bus-1.1.0/src/abi/call.rs:345:12
[INFO] [stdout]      |
[INFO] [stdout]  316 | impl Call {
[INFO] [stdout] ...
[INFO] [stdout]  343 |     pub fn join<T>(self) -> Result<CallJoin<T>, BusError>
[INFO] [stdout]  344 |     where
[INFO] [stdout]  345 |         T: de::DeserializeOwned,
[INFO] [stdout]      |            ^^^^^^^^^^^^^^^^^^^^ required by this bound in `Call::join`
[INFO] [stdout]      = note: the full name for the type has been written to '/opt/rustwide/target/release/build/wasmer-bus-fuse/e2be0e28ec599ab5/out/wasmer_bus_fuse-e2be0e28ec599ab5.long-type-14574010807287567272.txt'
[INFO] [stdout]      = note: consider using `--verbose` to print the full type name to the console
[INFO] [stdout] 
[INFO] [stdout] 
[INFO] [stdout] For more information about this error, try `rustc --explain E0277`.
[INFO] [stdout] 
[INFO] [stderr] error: could not compile `wasmer-bus-fuse` (lib) due to 12 previous errors
[INFO] running `Command { std: "docker" "inspect" "dcfa029bf77aa2662d549cebb35670c1affecdea6d456e8b176c58ad71a2f340", kill_on_drop: false }`
[INFO] running `Command { std: "docker" "rm" "-f" "dcfa029bf77aa2662d549cebb35670c1affecdea6d456e8b176c58ad71a2f340", kill_on_drop: false }`
[INFO] [stdout] dcfa029bf77aa2662d549cebb35670c1affecdea6d456e8b176c58ad71a2f340
