[INFO] fetching crate volcengine-rust-sdk-auth 0.1.1...
[INFO] testing volcengine-rust-sdk-auth-0.1.1 against 1.100.0-beta.1+cargoflags=--release for beta-release-1.100-3
[INFO] extracting crate volcengine-rust-sdk-auth 0.1.1 into /workspace/builds/worker-3-tc2/source
[INFO] started tweaking crates.io crate volcengine-rust-sdk-auth 0.1.1
[INFO] removed 0 missing examples
[INFO] finished tweaking crates.io crate volcengine-rust-sdk-auth 0.1.1
[INFO] tweaked toml for crates.io crate volcengine-rust-sdk-auth 0.1.1 written to /workspace/builds/worker-3-tc2/source/Cargo.toml
[INFO] validating manifest of crates.io crate volcengine-rust-sdk-auth 0.1.1 on toolchain 1.100.0-beta.1
[INFO] running `Command { std: CARGO_HOME="/workspace/cargo-home" RUSTUP_HOME="/workspace/rustup-home" "/workspace/cargo-home/bin/cargo" "+1.100.0-beta.1" "metadata" "--manifest-path" "Cargo.toml" "--no-deps", kill_on_drop: false }`
[INFO] crate crates.io crate volcengine-rust-sdk-auth 0.1.1 already has a lockfile, it will not be regenerated
[INFO] running `Command { std: CARGO_HOME="/workspace/cargo-home" RUSTUP_HOME="/workspace/rustup-home" "/workspace/cargo-home/bin/cargo" "+1.100.0-beta.1" "fetch" "--manifest-path" "Cargo.toml", kill_on_drop: false }`
[INFO] running `Command { std: "docker" "create" "-v" "/var/lib/crater-agent-workspace/builds/worker-3-tc2/source:/opt/rustwide/workdir:ro,Z" "-v" "/var/lib/crater-agent-workspace/builds/worker-3-tc2/target:/opt/rustwide/target:rw,Z" "-v" "/var/lib/crater-agent-workspace/cargo-home:/opt/rustwide/cargo-home:ro,Z" "-v" "/var/lib/crater-agent-workspace/rustup-home:/opt/rustwide/rustup-home:ro,Z" "-m" "1610612736" "--network" "none" "ghcr.io/rust-lang/crates-build-env/linux@sha256:77db811e55d90add9212f6832c23229e3de5f1c1f9905e8cb07319ea15df73ac" "sleep" "infinity", kill_on_drop: false }`
[INFO] [stdout] 4124e4d17388c07ce48884842eafe7079af14ef40b06a3572564c1d8aba926d7
[INFO] running `Command { std: "docker" "start" "4124e4d17388c07ce48884842eafe7079af14ef40b06a3572564c1d8aba926d7", kill_on_drop: false }`
[INFO] running `Command { std: "docker" "inspect" "4124e4d17388c07ce48884842eafe7079af14ef40b06a3572564c1d8aba926d7", kill_on_drop: false }`
[INFO] running `Command { std: "docker" "exec" "-e" "SOURCE_DIR=/opt/rustwide/workdir" "-e" "CARGO_HOME=/opt/rustwide/cargo-home" "-e" "RUSTUP_HOME=/opt/rustwide/rustup-home" "-e" "CARGO_TARGET_DIR=/opt/rustwide/target" "-w" "/opt/rustwide/workdir" "--user" "0:0" "4124e4d17388c07ce48884842eafe7079af14ef40b06a3572564c1d8aba926d7" "/opt/rustwide/cargo-home/bin/cargo" "+1.100.0-beta.1" "metadata" "--no-deps" "--format-version=1", kill_on_drop: false }`
[INFO] running `Command { std: "docker" "inspect" "4124e4d17388c07ce48884842eafe7079af14ef40b06a3572564c1d8aba926d7", kill_on_drop: false }`
[INFO] running `Command { std: "docker" "exec" "-e" "SOURCE_DIR=/opt/rustwide/workdir" "-e" "CARGO_HOME=/opt/rustwide/cargo-home" "-e" "RUSTUP_HOME=/opt/rustwide/rustup-home" "-e" "CARGO_TARGET_DIR=/opt/rustwide/target" "-e" "CARGO_INCREMENTAL=0" "-e" "RUST_BACKTRACE=full" "-e" "RUSTFLAGS=--cap-lints=warn" "-e" "RUSTDOCFLAGS=--cap-lints=warn" "-w" "/opt/rustwide/workdir" "--user" "0:0" "4124e4d17388c07ce48884842eafe7079af14ef40b06a3572564c1d8aba926d7" "/opt/rustwide/cargo-home/bin/cargo" "+1.100.0-beta.1" "build" "--frozen" "--message-format=json" "--release", kill_on_drop: false }`
[INFO] [stderr]    Compiling libc v0.2.188
[INFO] [stderr]    Compiling smallvec v1.15.2
[INFO] [stderr]    Compiling futures-sink v0.3.33
[INFO] [stderr]    Compiling cc v1.3.0
[INFO] [stderr]    Compiling futures-io v0.3.33
[INFO] [stderr]    Compiling syn v2.0.119
[INFO] [stderr]    Compiling rustls-pki-types v1.15.0
[INFO] [stderr]    Compiling syn v3.0.2
[INFO] [stderr]    Compiling generic-array v0.14.7
[INFO] [stderr]    Compiling tracing v0.1.44
[INFO] [stderr]    Compiling num-traits v0.2.19
[INFO] [stderr]    Compiling serde_json v1.0.151
[INFO] [stderr]    Compiling ppv-lite86 v0.2.21
[INFO] [stderr]    Compiling cpufeatures v0.2.17
[INFO] [stderr]    Compiling bitflags v2.13.1
[INFO] [stderr]    Compiling iana-time-zone v0.1.65
[INFO] [stderr]    Compiling futures-channel v0.3.33
[INFO] [stderr]    Compiling hex v0.4.3
[INFO] [stderr]    Compiling futures-util v0.3.33
[INFO] [stderr]    Compiling webpki-roots v1.0.9
[INFO] [stderr]    Compiling block-buffer v0.10.4
[INFO] [stderr]    Compiling crypto-common v0.1.7
[INFO] [stderr]    Compiling digest v0.10.7
[INFO] [stderr]    Compiling sha1 v0.10.7
[INFO] [stderr]    Compiling sha2 v0.10.9
[INFO] [stderr]    Compiling hmac v0.12.1
[INFO] [stderr]    Compiling ring v0.17.14
[INFO] [stderr]    Compiling chrono v0.4.45
[INFO] [stderr]    Compiling mio v1.2.2
[INFO] [stderr]    Compiling socket2 v0.6.5
[INFO] [stderr]    Compiling getrandom v0.2.17
[INFO] [stderr]    Compiling getrandom v0.3.4
[INFO] [stderr]    Compiling getrandom v0.4.3
[INFO] [stderr]    Compiling dirs-sys v0.5.0
[INFO] [stderr]    Compiling rand_core v0.9.5
[INFO] [stderr]    Compiling uuid v1.24.0
[INFO] [stderr]    Compiling rand_chacha v0.9.0
[INFO] [stderr]    Compiling dirs v6.0.0
[INFO] [stderr]    Compiling tokio v1.53.1
[INFO] [stderr]    Compiling serde_derive v1.0.229
[INFO] [stderr]    Compiling thiserror-impl v2.0.19
[INFO] [stderr]    Compiling rand v0.9.5
[INFO] [stderr]    Compiling synstructure v0.13.2
[INFO] [stderr]    Compiling zerovec-derive v0.11.3
[INFO] [stderr]    Compiling displaydoc v0.2.6
[INFO] [stderr]    Compiling zerofrom-derive v0.1.7
[INFO] [stderr]    Compiling yoke-derive v0.8.2
[INFO] [stderr]    Compiling zerofrom v0.1.8
[INFO] [stderr]    Compiling yoke v0.8.3
[INFO] [stderr]    Compiling thiserror v2.0.19
[INFO] [stderr]    Compiling zerovec v0.11.6
[INFO] [stderr]    Compiling zerotrie v0.2.4
[INFO] [stderr]    Compiling tinystr v0.8.3
[INFO] [stderr]    Compiling potential_utf v0.1.5
[INFO] [stderr]    Compiling icu_collections v2.2.0
[INFO] [stderr]    Compiling icu_locale_core v2.2.0
[INFO] [stderr]    Compiling serde v1.0.229
[INFO] [stderr]    Compiling serde_urlencoded v0.7.1
[INFO] [stderr]    Compiling icu_provider v2.2.0
[INFO] [stderr]    Compiling icu_normalizer v2.2.0
[INFO] [stderr]    Compiling icu_properties v2.2.0
[INFO] [stderr]    Compiling hyper v1.11.0
[INFO] [stderr]    Compiling tower v0.5.3
[INFO] [stderr]    Compiling idna_adapter v1.2.2
[INFO] [stderr]    Compiling idna v1.1.0
[INFO] [stderr]    Compiling url v2.5.8
[INFO] [stderr]    Compiling hyper-util v0.1.20
[INFO] [stderr]    Compiling tower-http v0.6.11
[INFO] [stderr]    Compiling rustls v0.23.42
[INFO] [stderr]    Compiling rustls-webpki v0.103.13
[INFO] [stderr]    Compiling tokio-rustls v0.26.4
[INFO] [stderr]    Compiling hyper-rustls v0.27.9
[INFO] [stderr]    Compiling reqwest v0.12.28
[INFO] [stderr]    Compiling volcengine-rust-sdk-auth v0.1.1 (/opt/rustwide/workdir)
[INFO] [stderr]     Finished `release` profile [optimized] target(s) in 1m 06s
[INFO] running `Command { std: "docker" "inspect" "4124e4d17388c07ce48884842eafe7079af14ef40b06a3572564c1d8aba926d7", kill_on_drop: false }`
[INFO] running `Command { std: "docker" "exec" "-e" "SOURCE_DIR=/opt/rustwide/workdir" "-e" "CARGO_HOME=/opt/rustwide/cargo-home" "-e" "RUSTUP_HOME=/opt/rustwide/rustup-home" "-e" "CARGO_TARGET_DIR=/opt/rustwide/target" "-e" "CARGO_INCREMENTAL=0" "-e" "RUST_BACKTRACE=full" "-e" "RUSTFLAGS=--cap-lints=warn" "-e" "RUSTDOCFLAGS=--cap-lints=warn" "-w" "/opt/rustwide/workdir" "--user" "0:0" "4124e4d17388c07ce48884842eafe7079af14ef40b06a3572564c1d8aba926d7" "/opt/rustwide/cargo-home/bin/cargo" "+1.100.0-beta.1" "test" "--frozen" "--no-run" "--message-format=json" "--release", kill_on_drop: false }`
[INFO] [stderr]    Compiling bitflags v2.13.1
[INFO] [stderr]    Compiling rustix v1.1.4
[INFO] [stderr]    Compiling tower-http v0.6.11
[INFO] [stderr]    Compiling reqwest v0.12.28
[INFO] [stderr]    Compiling volcengine-rust-sdk-auth v0.1.1 (/opt/rustwide/workdir)
[INFO] [stderr]    Compiling tempfile v3.27.0
[INFO] [stdout] warning: unused import: `Engine`
[INFO] [stdout]     --> src/lib.rs:2619:18
[INFO] [stdout]      |
[INFO] [stdout] 2619 |     use base64::{Engine as _, engine::general_purpose::URL_SAFE_NO_PAD};
[INFO] [stdout]      |                  ^^^^^^
[INFO] [stdout]      |
[INFO] [stdout]      = note: `#[warn(unused_imports)]` (part of `#[warn(unused)]`) on by default
[INFO] [stdout] 
[INFO] [stdout] 
[INFO] [stderr]     Finished `release` profile [optimized] target(s) in 18.75s
[INFO] running `Command { std: "docker" "inspect" "4124e4d17388c07ce48884842eafe7079af14ef40b06a3572564c1d8aba926d7", kill_on_drop: false }`
[INFO] running `Command { std: "docker" "exec" "-e" "SOURCE_DIR=/opt/rustwide/workdir" "-e" "CARGO_HOME=/opt/rustwide/cargo-home" "-e" "RUSTUP_HOME=/opt/rustwide/rustup-home" "-e" "CARGO_TARGET_DIR=/opt/rustwide/target" "-e" "CARGO_INCREMENTAL=0" "-e" "RUST_BACKTRACE=full" "-e" "RUSTFLAGS=--cap-lints=warn" "-e" "RUSTDOCFLAGS=--cap-lints=warn" "-w" "/opt/rustwide/workdir" "--user" "0:0" "4124e4d17388c07ce48884842eafe7079af14ef40b06a3572564c1d8aba926d7" "/opt/rustwide/cargo-home/bin/cargo" "+1.100.0-beta.1" "test" "--frozen" "--release", kill_on_drop: false }`
[INFO] [stderr] warning: unused import: `Engine`
[INFO] [stderr]     --> src/lib.rs:2619:18
[INFO] [stderr]      |
[INFO] [stderr] 2619 |     use base64::{Engine as _, engine::general_purpose::URL_SAFE_NO_PAD};
[INFO] [stderr]      |                  ^^^^^^
[INFO] [stderr]      |
[INFO] [stderr]      = note: `#[warn(unused_imports)]` (part of `#[warn(unused)]`) on by default
[INFO] [stderr] 
[INFO] [stderr] warning: `volcengine-rust-sdk-auth` (lib test) generated 1 warning
[INFO] [stderr]     Finished `release` profile [optimized] target(s) in 0.16s
[INFO] [stderr]      Running unittests src/lib.rs (/opt/rustwide/target/release/build/volcengine-rust-sdk-auth/2d6055ba82130e53/out/volcengine_rust_sdk_auth-2d6055ba82130e53)
[INFO] [stdout] 
[INFO] [stdout] running 19 tests
[INFO] [stdout] test tests::sso_cache_name_matches_go_json_and_sha1_convention ... ok
[INFO] [stdout] test tests::iam_role_and_legacy_mode_names_share_the_same_profile_mode ... ok
[INFO] [stdout] test tests::access_key_mode_uses_explicit_profile_and_redacts_debug_output ... ok
[INFO] [stdout] test tests::profile_environment_priority_matches_go_provider ... ok
[INFO] [stdout] test tests::sts_signature_matches_python_sdk_signer_v4 ... ok
[INFO] [stdout] test tests::extracts_expired_time_from_protobuf_session_token ... ok
[INFO] [stdout] test tests::cli_config_preserves_configured_sso_sessions ... ok
[INFO] [stdout] test tests::cli_config_normalizes_empty_sso_session_representations ... ok
[INFO] [stdout] test tests::iam_role_mode_signs_assume_role_request ... ok
[INFO] [stdout] test tests::rejects_unsupported_profile_mode ... ok
[INFO] [stdout] test tests::unix_timestamps_support_seconds_milliseconds_microseconds_and_nanoseconds ... ok
[INFO] [stdout] test tests::sso_mode_refreshes_access_token_and_exchanges_it_for_sts ... ok
[INFO] [stdout] test tests::ecs_role_mode_uses_imdsv2_token_then_fetches_credentials ... ok
[INFO] [stdout] test tests::access_key_mode_accepts_null_sso_sessions_from_cli_config ... FAILED
[INFO] [stdout] test tests::cached_sso_sts_avoids_network_until_expiry_window ... FAILED
[INFO] [stdout] test tests::oidc_mode_reads_token_file_and_calls_unsigned_sts_endpoint ... FAILED
[INFO] [stdout] test tests::console_login_mode_refreshes_rt_into_sts_without_writing_cache ... ok
[INFO] [stdout] test tests::console_login_honors_custom_cache_directory_and_string_access_token ... ok
[INFO] [stdout] test tests::console_login_invalid_grant_is_not_retried_and_requires_new_login ... ok
[INFO] [stdout] 
[INFO] [stdout] failures:
[INFO] [stdout] 
[INFO] [stdout] ---- tests::access_key_mode_accepts_null_sso_sessions_from_cli_config stdout ----
[INFO] [stdout] 
[INFO] [stdout] thread 'tests::access_key_mode_accepts_null_sso_sessions_from_cli_config' (1717) panicked at src/lib.rs:2676:72:
[INFO] [stdout] called `Result::unwrap()` on an `Err` value: CredentialError { code: "CliConfigProfileNotFound", message: "cli config file /tmp/.tmp2lvayV/config.json did not contain profile volcengine", source: None }
[INFO] [stdout] stack backtrace:
[INFO] [stdout]    0:     0x571861596231 - <<std[617be2ca0a6fd877]::sys::backtrace::BacktraceLock>::print::DisplayBacktrace as core[a373ad73a504971]::fmt::Display>::fmt
[INFO] [stdout]    1:     0x5718615aca8a - core[a373ad73a504971]::fmt::write
[INFO] [stdout]    2:     0x57186159b06c - <alloc[2e1b2a31b91974c5]::vec::Vec<u8> as core[a373ad73a504971]::io::write::Write>::write_fmt
[INFO] [stdout]    3:     0x57186156ec36 - std[617be2ca0a6fd877]::panicking::default_hook::{closure#0}
[INFO] [stdout]    4:     0x57186158cbd9 - std[617be2ca0a6fd877]::panicking::default_hook
[INFO] [stdout]    5:     0x571861335160 - test[aada8e7e76ba119b]::test_main_inner::{closure#0}
[INFO] [stdout]    6:     0x57186158cf02 - std[617be2ca0a6fd877]::panicking::panic_with_hook
[INFO] [stdout]    7:     0x57186156ece2 - std[617be2ca0a6fd877]::panicking::panic_handler::{closure#0}
[INFO] [stdout]    8:     0x5718615674d9 - std[617be2ca0a6fd877]::sys::backtrace::__rust_end_short_backtrace::<std[617be2ca0a6fd877]::panicking::panic_handler::{closure#0}, !>
[INFO] [stdout]    9:     0x57186156fcfd - __rustc[ea4f61d10b84890b]::rust_begin_unwind
[INFO] [stdout]   10:     0x5718615ad1ec - core[a373ad73a504971]::panicking::panic_fmt
[INFO] [stdout]   11:     0x5718615acfc2 - core[a373ad73a504971]::result::unwrap_failed
[INFO] [stdout]   12:     0x5718612fb129 - <volcengine_rust_sdk_auth[1919d28d92ab163c]::tests::access_key_mode_accepts_null_sso_sessions_from_cli_config::{closure#0} as core[a373ad73a504971]::ops::function::FnOnce<()>>::call_once
[INFO] [stdout]   13:     0x5718613285ab - test[aada8e7e76ba119b]::__rust_begin_short_backtrace::<core[a373ad73a504971]::result::Result<(), alloc[2e1b2a31b91974c5]::string::String>, fn() -> core[a373ad73a504971]::result::Result<(), alloc[2e1b2a31b91974c5]::string::String>>
[INFO] [stdout]   14:     0x571861335785 - test[aada8e7e76ba119b]::run_test::{closure#0}
[INFO] [stdout]   15:     0x57186132f074 - std[617be2ca0a6fd877]::sys::backtrace::__rust_begin_short_backtrace::<test[aada8e7e76ba119b]::run_test::{closure#1}, ()>
[INFO] [stdout]   16:     0x571861338812 - <std[617be2ca0a6fd877]::thread::lifecycle::spawn_unchecked<test[aada8e7e76ba119b]::run_test::{closure#1}, ()>::{closure#1} as core[a373ad73a504971]::ops::function::FnOnce<()>>::call_once::{shim:vtable#0}
[INFO] [stdout]   17:     0x571861594c3f - <std[617be2ca0a6fd877]::sys::thread::unix::Thread>::new::thread_start
[INFO] [stdout]   18:     0x706403b5adfa - <unknown>
[INFO] [stdout]   19:     0x706403bee3d4 - clone
[INFO] [stdout]   20:                0x0 - <unknown>
[INFO] [stdout] 
[INFO] [stdout] ---- tests::cached_sso_sts_avoids_network_until_expiry_window stdout ----
[INFO] [stdout] 
[INFO] [stdout] thread 'tests::cached_sso_sts_avoids_network_until_expiry_window' (1719) panicked at src/lib.rs:3166:72:
[INFO] [stdout] called `Result::unwrap()` on an `Err` value: CredentialError { code: "CliConfigProfileNotFound", message: "cli config file /tmp/.tmpJmtK3t/config.json did not contain profile volcengine", source: None }
[INFO] [stdout] stack backtrace:
[INFO] [stdout]    0:     0x571861596231 - <<std[617be2ca0a6fd877]::sys::backtrace::BacktraceLock>::print::DisplayBacktrace as core[a373ad73a504971]::fmt::Display>::fmt
[INFO] [stdout]    1:     0x5718615aca8a - core[a373ad73a504971]::fmt::write
[INFO] [stdout]    2:     0x57186159b06c - <alloc[2e1b2a31b91974c5]::vec::Vec<u8> as core[a373ad73a504971]::io::write::Write>::write_fmt
[INFO] [stdout]    3:     0x57186156ec36 - std[617be2ca0a6fd877]::panicking::default_hook::{closure#0}
[INFO] [stdout]    4:     0x57186158cbd9 - std[617be2ca0a6fd877]::panicking::default_hook
[INFO] [stdout]    5:     0x571861335160 - test[aada8e7e76ba119b]::test_main_inner::{closure#0}
[INFO] [stdout]    6:     0x57186158cf02 - std[617be2ca0a6fd877]::panicking::panic_with_hook
[INFO] [stdout]    7:     0x57186156ece2 - std[617be2ca0a6fd877]::panicking::panic_handler::{closure#0}
[INFO] [stdout]    8:     0x5718615674d9 - std[617be2ca0a6fd877]::sys::backtrace::__rust_end_short_backtrace::<std[617be2ca0a6fd877]::panicking::panic_handler::{closure#0}, !>
[INFO] [stdout]    9:     0x57186156fcfd - __rustc[ea4f61d10b84890b]::rust_begin_unwind
[INFO] [stdout]   10:     0x5718615ad1ec - core[a373ad73a504971]::panicking::panic_fmt
[INFO] [stdout]   11:     0x5718615acfc2 - core[a373ad73a504971]::result::unwrap_failed
[INFO] [stdout]   12:     0x5718612f8634 - <volcengine_rust_sdk_auth[1919d28d92ab163c]::tests::cached_sso_sts_avoids_network_until_expiry_window::{closure#0} as core[a373ad73a504971]::ops::function::FnOnce<()>>::call_once
[INFO] [stdout]   13:     0x5718613285ab - test[aada8e7e76ba119b]::__rust_begin_short_backtrace::<core[a373ad73a504971]::result::Result<(), alloc[2e1b2a31b91974c5]::string::String>, fn() -> core[a373ad73a504971]::result::Result<(), alloc[2e1b2a31b91974c5]::string::String>>
[INFO] [stdout]   14:     0x571861335785 - test[aada8e7e76ba119b]::run_test::{closure#0}
[INFO] [stdout]   15:     0x57186132f074 - std[617be2ca0a6fd877]::sys::backtrace::__rust_begin_short_backtrace::<test[aada8e7e76ba119b]::run_test::{closure#1}, ()>
[INFO] [stdout]   16:     0x571861338812 - <std[617be2ca0a6fd877]::thread::lifecycle::spawn_unchecked<test[aada8e7e76ba119b]::run_test::{closure#1}, ()>::{closure#1} as core[a373ad73a504971]::ops::function::FnOnce<()>>::call_once::{shim:vtable#0}
[INFO] [stdout]   17:     0x571861594c3f - <std[617be2ca0a6fd877]::sys::thread::unix::Thread>::new::thread_start
[INFO] [stdout]   18:     0x706403b5adfa - <unknown>
[INFO] [stdout]   19:     0x706403bee3d4 - clone
[INFO] [stdout]   20:                0x0 - <unknown>
[INFO] [stdout] 
[INFO] [stdout] ---- tests::oidc_mode_reads_token_file_and_calls_unsigned_sts_endpoint stdout ----
[INFO] [stdout] 
[INFO] [stdout] thread 'tests::oidc_mode_reads_token_file_and_calls_unsigned_sts_endpoint' (1729) panicked at src/lib.rs:3100:39:
[INFO] [stdout] called `Result::unwrap()` on an `Err` value: CredentialError { code: "CliConfigProfileNotFound", message: "cli config file /tmp/.tmp7aULdC/config.json did not contain profile volcengine", source: None }
[INFO] [stdout] stack backtrace:
[INFO] [stdout]    0:     0x571861596231 - <<std[617be2ca0a6fd877]::sys::backtrace::BacktraceLock>::print::DisplayBacktrace as core[a373ad73a504971]::fmt::Display>::fmt
[INFO] [stdout]    1:     0x5718615aca8a - core[a373ad73a504971]::fmt::write
[INFO] [stdout]    2:     0x57186159b06c - <alloc[2e1b2a31b91974c5]::vec::Vec<u8> as core[a373ad73a504971]::io::write::Write>::write_fmt
[INFO] [stdout]    3:     0x57186156ec36 - std[617be2ca0a6fd877]::panicking::default_hook::{closure#0}
[INFO] [stdout]    4:     0x57186158cbd9 - std[617be2ca0a6fd877]::panicking::default_hook
[INFO] [stdout]    5:     0x571861335160 - test[aada8e7e76ba119b]::test_main_inner::{closure#0}
[INFO] [stdout]    6:     0x57186158cf02 - std[617be2ca0a6fd877]::panicking::panic_with_hook
[INFO] [stdout]    7:     0x57186156ece2 - std[617be2ca0a6fd877]::panicking::panic_handler::{closure#0}
[INFO] [stdout]    8:     0x5718615674d9 - std[617be2ca0a6fd877]::sys::backtrace::__rust_end_short_backtrace::<std[617be2ca0a6fd877]::panicking::panic_handler::{closure#0}, !>
[INFO] [stdout]    9:     0x57186156fcfd - __rustc[ea4f61d10b84890b]::rust_begin_unwind
[INFO] [stdout]   10:     0x5718615ad1ec - core[a373ad73a504971]::panicking::panic_fmt
[INFO] [stdout]   11:     0x5718615acfc2 - core[a373ad73a504971]::result::unwrap_failed
[INFO] [stdout]   12:     0x5718612fc052 - <volcengine_rust_sdk_auth[1919d28d92ab163c]::tests::oidc_mode_reads_token_file_and_calls_unsigned_sts_endpoint::{closure#0} as core[a373ad73a504971]::ops::function::FnOnce<()>>::call_once
[INFO] [stdout]   13:     0x5718613285ab - test[aada8e7e76ba119b]::__rust_begin_short_backtrace::<core[a373ad73a504971]::result::Result<(), alloc[2e1b2a31b91974c5]::string::String>, fn() -> core[a373ad73a504971]::result::Result<(), alloc[2e1b2a31b91974c5]::string::String>>
[INFO] [stdout]   14:     0x571861335785 - test[aada8e7e76ba119b]::run_test::{closure#0}
[INFO] [stdout]   15:     0x57186132f074 - std[617be2ca0a6fd877]::sys::backtrace::__rust_begin_short_backtrace::<test[aada8e7e76ba119b]::run_test::{closure#1}, ()>
[INFO] [stdout]   16:     0x571861338812 - <std[617be2ca0a6fd877]::thread::lifecycle::spawn_unchecked<test[aada8e7e76ba119b]::run_test::{closure#1}, ()>::{closure#1} as core[a373ad73a504971]::ops::function::FnOnce<()>>::call_once::{shim:vtable#0}
[INFO] [stdout]   17:     0x571861594c3f - <std[617be2ca0a6fd877]::sys::thread::unix::Thread>::new::thread_start
[INFO] [stdout]   18:     0x706403b5adfa - <unknown>
[INFO] [stdout]   19:     0x706403bee3d4 - clone
[INFO] [stdout]   20:                0x0 - <unknown>
[INFO] [stdout] 
[INFO] [stdout] 
[INFO] [stdout] failures:
[INFO] [stdout]     tests::access_key_mode_accepts_null_sso_sessions_from_cli_config
[INFO] [stdout]     tests::cached_sso_sts_avoids_network_until_expiry_window
[INFO] [stdout]     tests::oidc_mode_reads_token_file_and_calls_unsigned_sts_endpoint
[INFO] [stdout] 
[INFO] [stdout] test result: FAILED. 16 passed; 3 failed; 0 ignored; 0 measured; 0 filtered out; finished in 0.02s
[INFO] [stdout] 
[INFO] [stderr] error: test failed, to rerun pass `--lib`
[INFO] running `Command { std: "docker" "inspect" "4124e4d17388c07ce48884842eafe7079af14ef40b06a3572564c1d8aba926d7", kill_on_drop: false }`
[INFO] running `Command { std: "docker" "rm" "-f" "4124e4d17388c07ce48884842eafe7079af14ef40b06a3572564c1d8aba926d7", kill_on_drop: false }`
[INFO] [stdout] 4124e4d17388c07ce48884842eafe7079af14ef40b06a3572564c1d8aba926d7
