[INFO] fetching crate tzt 0.3.1...
[INFO] testing tzt-0.3.1 against 1.100.0-beta.1+cargoflags=--release for beta-release-1.100-3
[INFO] extracting crate tzt 0.3.1 into /workspace/builds/worker-1-tc2/source
[INFO] started tweaking crates.io crate tzt 0.3.1
[INFO] finished tweaking crates.io crate tzt 0.3.1
[INFO] tweaked toml for crates.io crate tzt 0.3.1 written to /workspace/builds/worker-1-tc2/source/Cargo.toml
[INFO] validating manifest of crates.io crate tzt 0.3.1 on toolchain 1.100.0-beta.1
[INFO] running `Command { std: CARGO_HOME="/workspace/cargo-home" RUSTUP_HOME="/workspace/rustup-home" "/workspace/cargo-home/bin/cargo" "+1.100.0-beta.1" "metadata" "--manifest-path" "Cargo.toml" "--no-deps", kill_on_drop: false }`
[INFO] crate crates.io crate tzt 0.3.1 already has a lockfile, it will not be regenerated
[INFO] running `Command { std: CARGO_HOME="/workspace/cargo-home" RUSTUP_HOME="/workspace/rustup-home" "/workspace/cargo-home/bin/cargo" "+1.100.0-beta.1" "fetch" "--manifest-path" "Cargo.toml", kill_on_drop: false }`
[INFO] [stderr] warning: `package.homepage` is redundant with `package.repository`
[INFO] [stderr]   --> Cargo.toml:36:12
[INFO] [stderr]    |
[INFO] [stderr] 36 | homepage = "https://github.com/shunsock/timezone_translator"
[INFO] [stderr]    |            ^^^^^^^^^^^^^^^^^^^^^^^^^^^^^^^^^^^^^^^^^^^^^^^^^
[INFO] [stderr] ...
[INFO] [stderr] 41 | repository = "https://github.com/shunsock/timezone_translator"
[INFO] [stderr]    |              -------------------------------------------------
[INFO] [stderr]    |
[INFO] [stderr]    = note: `cargo::redundant_homepage` is set to `warn` by default
[INFO] [stderr] help: consider removing `package.homepage`
[INFO] [stderr] warning: `tzt` (manifest) generated 1 warning
[INFO] running `Command { std: "docker" "create" "-v" "/var/lib/crater-agent-workspace/builds/worker-1-tc2/source:/opt/rustwide/workdir:ro,Z" "-v" "/var/lib/crater-agent-workspace/builds/worker-1-tc2/target:/opt/rustwide/target:rw,Z" "-v" "/var/lib/crater-agent-workspace/cargo-home:/opt/rustwide/cargo-home:ro,Z" "-v" "/var/lib/crater-agent-workspace/rustup-home:/opt/rustwide/rustup-home:ro,Z" "-m" "1610612736" "--network" "none" "ghcr.io/rust-lang/crates-build-env/linux@sha256:77db811e55d90add9212f6832c23229e3de5f1c1f9905e8cb07319ea15df73ac" "sleep" "infinity", kill_on_drop: false }`
[INFO] [stdout] 075e86a2a066e4095f7985e2f604a617131635f5f938d532e8d25affed32982a
[INFO] running `Command { std: "docker" "start" "075e86a2a066e4095f7985e2f604a617131635f5f938d532e8d25affed32982a", kill_on_drop: false }`
[INFO] running `Command { std: "docker" "inspect" "075e86a2a066e4095f7985e2f604a617131635f5f938d532e8d25affed32982a", kill_on_drop: false }`
[INFO] running `Command { std: "docker" "exec" "-e" "SOURCE_DIR=/opt/rustwide/workdir" "-e" "CARGO_HOME=/opt/rustwide/cargo-home" "-e" "RUSTUP_HOME=/opt/rustwide/rustup-home" "-e" "CARGO_TARGET_DIR=/opt/rustwide/target" "-w" "/opt/rustwide/workdir" "--user" "0:0" "075e86a2a066e4095f7985e2f604a617131635f5f938d532e8d25affed32982a" "/opt/rustwide/cargo-home/bin/cargo" "+1.100.0-beta.1" "metadata" "--no-deps" "--format-version=1", kill_on_drop: false }`
[INFO] running `Command { std: "docker" "inspect" "075e86a2a066e4095f7985e2f604a617131635f5f938d532e8d25affed32982a", kill_on_drop: false }`
[INFO] running `Command { std: "docker" "exec" "-e" "SOURCE_DIR=/opt/rustwide/workdir" "-e" "CARGO_HOME=/opt/rustwide/cargo-home" "-e" "RUSTUP_HOME=/opt/rustwide/rustup-home" "-e" "CARGO_TARGET_DIR=/opt/rustwide/target" "-e" "CARGO_INCREMENTAL=0" "-e" "RUST_BACKTRACE=full" "-e" "RUSTFLAGS=--cap-lints=warn" "-e" "RUSTDOCFLAGS=--cap-lints=warn" "-w" "/opt/rustwide/workdir" "--user" "0:0" "075e86a2a066e4095f7985e2f604a617131635f5f938d532e8d25affed32982a" "/opt/rustwide/cargo-home/bin/cargo" "+1.100.0-beta.1" "build" "--frozen" "--message-format=json" "--release", kill_on_drop: false }`
[INFO] [stderr] warning: `package.homepage` is redundant with `package.repository`
[INFO] [stderr]   --> Cargo.toml:36:12
[INFO] [stderr]    |
[INFO] [stderr] 36 | homepage = "https://github.com/shunsock/timezone_translator"
[INFO] [stderr]    |            ^^^^^^^^^^^^^^^^^^^^^^^^^^^^^^^^^^^^^^^^^^^^^^^^^
[INFO] [stderr] ...
[INFO] [stderr] 41 | repository = "https://github.com/shunsock/timezone_translator"
[INFO] [stderr]    |              -------------------------------------------------
[INFO] [stderr]    |
[INFO] [stderr]    = note: `cargo::redundant_homepage` is set to `warn` by default
[INFO] [stderr] help: consider removing `package.homepage`
[INFO] [stderr] warning: `tzt` (manifest) generated 1 warning
[INFO] [stderr]    Compiling autocfg v1.3.0
[INFO] [stderr]    Compiling rand_core v0.6.4
[INFO] [stderr]    Compiling siphasher v0.3.11
[INFO] [stderr]    Compiling regex-syntax v0.8.4
[INFO] [stderr]    Compiling memchr v2.7.2
[INFO] [stderr]    Compiling proc-macro2 v1.0.85
[INFO] [stderr]    Compiling anstyle v1.0.8
[INFO] [stderr]    Compiling rand v0.8.5
[INFO] [stderr]    Compiling phf_shared v0.11.2
[INFO] [stderr]    Compiling num-traits v0.2.19
[INFO] [stderr]    Compiling utf8parse v0.2.2
[INFO] [stderr]    Compiling libc v0.2.155
[INFO] [stderr]    Compiling anstyle-parse v0.2.4
[INFO] [stderr]    Compiling predicates-core v1.0.8
[INFO] [stderr]    Compiling doc-comment v0.3.3
[INFO] [stderr]    Compiling aho-corasick v1.1.3
[INFO] [stderr]    Compiling colorchoice v1.0.1
[INFO] [stderr]    Compiling phf_generator v0.11.2
[INFO] [stderr]    Compiling phf_codegen v0.11.2
[INFO] [stderr]    Compiling quote v1.0.36
[INFO] [stderr]    Compiling is_terminal_polyfill v1.70.0
[INFO] [stderr]    Compiling anstyle-query v1.1.0
[INFO] [stderr]    Compiling syn v2.0.66
[INFO] [stderr]    Compiling anstream v0.6.14
[INFO] [stderr]    Compiling float-cmp v0.9.0
[INFO] [stderr]    Compiling iana-time-zone v0.1.60
[INFO] [stderr]    Compiling clap_lex v0.7.1
[INFO] [stderr]    Compiling regex-automata v0.4.7
[INFO] [stderr]    Compiling thiserror v1.0.64
[INFO] [stderr]    Compiling difflib v0.4.0
[INFO] [stderr]    Compiling normalize-line-endings v0.3.0
[INFO] [stderr]    Compiling termtree v0.4.1
[INFO] [stderr]    Compiling assert_cmd v2.0.16
[INFO] [stderr]    Compiling strsim v0.11.1
[INFO] [stderr]    Compiling predicates-tree v1.0.11
[INFO] [stderr]    Compiling clap_builder v4.5.18
[INFO] [stderr]    Compiling wait-timeout v0.2.0
[INFO] [stderr]    Compiling chrono v0.4.38
[INFO] [stderr]    Compiling regex v1.10.6
[INFO] [stderr]    Compiling parse-zoneinfo v0.3.1
[INFO] [stderr]    Compiling thiserror-impl v1.0.64
[INFO] [stderr]    Compiling chrono-tz-build v0.4.0
[INFO] [stderr]    Compiling phf v0.11.2
[INFO] [stderr]    Compiling chrono-tz v0.10.0
[INFO] [stderr]    Compiling clap v4.5.18
[INFO] [stderr]    Compiling bstr v1.10.0
[INFO] [stderr]    Compiling predicates v3.1.2
[INFO] [stderr]    Compiling tzt v0.3.1 (/opt/rustwide/workdir)
[INFO] [stderr] warning: unused dependency `assert_cmd`
[INFO] [stderr]  --> Cargo.toml:5:15
[INFO] [stderr]   |
[INFO] [stderr] 5 | [dependencies.assert_cmd]
[INFO] [stderr]   |               ^^^^^^^^^^^
[INFO] [stderr]   |
[INFO] [stderr]   = note: `cargo::unused_dependencies` is set to `warn` by default
[INFO] [stderr] help: consider removing the dependency on `assert_cmd`
[INFO] [stderr] warning: `tzt` (manifest) generated 1 warning
[INFO] [stderr]     Finished `release` profile [optimized] target(s) in 56.25s
[INFO] running `Command { std: "docker" "inspect" "075e86a2a066e4095f7985e2f604a617131635f5f938d532e8d25affed32982a", kill_on_drop: false }`
[INFO] running `Command { std: "docker" "exec" "-e" "SOURCE_DIR=/opt/rustwide/workdir" "-e" "CARGO_HOME=/opt/rustwide/cargo-home" "-e" "RUSTUP_HOME=/opt/rustwide/rustup-home" "-e" "CARGO_TARGET_DIR=/opt/rustwide/target" "-e" "CARGO_INCREMENTAL=0" "-e" "RUST_BACKTRACE=full" "-e" "RUSTFLAGS=--cap-lints=warn" "-e" "RUSTDOCFLAGS=--cap-lints=warn" "-w" "/opt/rustwide/workdir" "--user" "0:0" "075e86a2a066e4095f7985e2f604a617131635f5f938d532e8d25affed32982a" "/opt/rustwide/cargo-home/bin/cargo" "+1.100.0-beta.1" "test" "--frozen" "--no-run" "--message-format=json" "--release", kill_on_drop: false }`
[INFO] [stderr] warning: `package.homepage` is redundant with `package.repository`
[INFO] [stderr]   --> Cargo.toml:36:12
[INFO] [stderr]    |
[INFO] [stderr] 36 | homepage = "https://github.com/shunsock/timezone_translator"
[INFO] [stderr]    |            ^^^^^^^^^^^^^^^^^^^^^^^^^^^^^^^^^^^^^^^^^^^^^^^^^
[INFO] [stderr] ...
[INFO] [stderr] 41 | repository = "https://github.com/shunsock/timezone_translator"
[INFO] [stderr]    |              -------------------------------------------------
[INFO] [stderr]    |
[INFO] [stderr]    = note: `cargo::redundant_homepage` is set to `warn` by default
[INFO] [stderr] help: consider removing `package.homepage`
[INFO] [stderr] warning: `tzt` (manifest) generated 1 warning
[INFO] [stderr]    Compiling tzt v0.3.1 (/opt/rustwide/workdir)
[INFO] [stderr]     Finished `release` profile [optimized] target(s) in 1.30s
[INFO] running `Command { std: "docker" "inspect" "075e86a2a066e4095f7985e2f604a617131635f5f938d532e8d25affed32982a", kill_on_drop: false }`
[INFO] running `Command { std: "docker" "exec" "-e" "SOURCE_DIR=/opt/rustwide/workdir" "-e" "CARGO_HOME=/opt/rustwide/cargo-home" "-e" "RUSTUP_HOME=/opt/rustwide/rustup-home" "-e" "CARGO_TARGET_DIR=/opt/rustwide/target" "-e" "CARGO_INCREMENTAL=0" "-e" "RUST_BACKTRACE=full" "-e" "RUSTFLAGS=--cap-lints=warn" "-e" "RUSTDOCFLAGS=--cap-lints=warn" "-w" "/opt/rustwide/workdir" "--user" "0:0" "075e86a2a066e4095f7985e2f604a617131635f5f938d532e8d25affed32982a" "/opt/rustwide/cargo-home/bin/cargo" "+1.100.0-beta.1" "test" "--frozen" "--release", kill_on_drop: false }`
[INFO] [stderr] warning: `package.homepage` is redundant with `package.repository`
[INFO] [stderr]   --> Cargo.toml:36:12
[INFO] [stderr]    |
[INFO] [stderr] 36 | homepage = "https://github.com/shunsock/timezone_translator"
[INFO] [stderr]    |            ^^^^^^^^^^^^^^^^^^^^^^^^^^^^^^^^^^^^^^^^^^^^^^^^^
[INFO] [stderr] ...
[INFO] [stderr] 41 | repository = "https://github.com/shunsock/timezone_translator"
[INFO] [stderr]    |              -------------------------------------------------
[INFO] [stderr]    |
[INFO] [stderr]    = note: `cargo::redundant_homepage` is set to `warn` by default
[INFO] [stderr] help: consider removing `package.homepage`
[INFO] [stderr] warning: `tzt` (manifest) generated 1 warning
[INFO] [stderr]     Finished `release` profile [optimized] target(s) in 0.06s
[INFO] [stderr]      Running unittests src/main.rs (/opt/rustwide/target/release/build/tzt/aa963e17ea6b907a/out/tzt-aa963e17ea6b907a)
[INFO] [stdout] 
[INFO] [stdout] running 42 tests
[INFO] [stdout] test infrastructure::current_local_timezone_provider::local_timezone_string_provider::tests::test_check_output_match_timezone ... ok
[INFO] [stdout] test infrastructure::current_local_timezone_provider::get_system_timezone_from_env_var_tz::tests::test_get_env_var_tz ... ok
[INFO] [stdout] test tests::fails_nonexistent_time_due_to_dst ... FAILED
[INFO] [stdout] test tests::converts_time_with_no_timezone ... FAILED
[INFO] [stdout] test translator::tests::test_convert ... ok
[INFO] [stdout] test tests::handles_ambiguous_time_with_earliest_strategy ... FAILED
[INFO] [stdout] test tests::handles_ambiguous_time_with_latest_strategy ... FAILED
[INFO] [stdout] test tests::fails_with_invalid_from_timezone ... FAILED
[INFO] [stdout] test translator::tests::test_latest_ambiguous_time_strategy ... ok
[INFO] [stdout] test translator::tests::test_new ... ok
[INFO] [stdout] test tests::fails_with_invalid_to_timezone ... FAILED
[INFO] [stdout] test validator::ambiguous_time_strategy_validator::tests::test_invalid_ambiguous_time_strategy ... ok
[INFO] [stdout] test tests::converts_time_from_utc_to_tokyo ... FAILED
[INFO] [stdout] test validator::ambiguous_time_strategy_validator::tests::test_validate_string_for_ambiguous_time_strategy ... ok
[INFO] [stdout] test translator::tests::test_earliest_ambiguous_time_strategy ... ok
[INFO] [stdout] test tests::converts_time_from_new_york_to_utc ... FAILED
[INFO] [stdout] test tests::handles_iso_8601_format ... FAILED
[INFO] [stdout] test translator::tests::test_output_timestamp_does_not_exist ... ok
[INFO] [stdout] test validator::command_options_validator::tests::test_validate_command_options_invalid_time ... ok
[INFO] [stdout] test validator::command_options_validator::tests::test_validate_command_options_valid ... ok
[INFO] [stdout] test validator::command_options_validator::tests::test_validate_command_options_invalid_from_timezone ... ok
[INFO] [stdout] test validator::command_options_validator::tests::test_validate_command_options_invalid_to_timezone ... ok
[INFO] [stdout] test validator::regex_matcher::ymd_hms_matcher::tests::test_ymd_hms_matcher_partial_string ... ok
[INFO] [stdout] test validator::native_datetime_validator::tests::test_accept_ymd_with_hyphen ... ok
[INFO] [stdout] test validator::native_datetime_validator::tests::test_accept_ym_with_hyphen_hms ... ok
[INFO] [stdout] test validator::regex_matcher::ymd_hms_matcher::tests::test_ymd_hms_matcher_valid ... ok
[INFO] [stdout] test validator::native_datetime_validator::tests::test_accept_iso_format ... ok
[INFO] [stdout] test validator::regex_matcher::ymd_matcher::tests::test_ymd_matcher_valid ... ok
[INFO] [stdout] test validator::regex_matcher::ymd_hms_matcher::tests::test_ymd_hms_matcher_empty_string ... ok
[INFO] [stdout] test validator::regex_matcher::ymd_t_hms_matcher::tests::test_ymd_t_hms_matcher_empty_string ... ok
[INFO] [stdout] test validator::regex_matcher::ymd_hms_matcher::tests::test_ymd_hms_matcher_invalid_format ... ok
[INFO] [stdout] test validator::regex_matcher::ymd_matcher::tests::test_ymd_matcher_empty_string ... ok
[INFO] [stdout] test validator::regex_matcher::ymd_matcher::tests::test_ymd_matcher_invalid_format ... ok
[INFO] [stdout] test validator::regex_matcher::ymd_matcher::tests::test_ymd_matcher_partial_string ... ok
[INFO] [stdout] test validator::regex_matcher::ymd_t_hms_matcher::tests::test_ymd_t_hms_matcher_invalid_format ... ok
[INFO] [stdout] test validator::native_datetime_validator::tests::test_validate_string_for_native_datetime_empty_string ... ok
[INFO] [stdout] test validator::timezone_validator::tests::test_validate_string_for_timezone_partial_string ... ok
[INFO] [stdout] test validator::timezone_validator::tests::test_validate_string_for_timezone_valid ... ok
[INFO] [stdout] test validator::regex_matcher::ymd_t_hms_matcher::tests::test_ymd_t_hms_matcher_partial_string ... ok
[INFO] [stdout] test validator::regex_matcher::ymd_t_hms_matcher::tests::test_ymd_t_hms_matcher_valid ... ok
[INFO] [stdout] test validator::timezone_validator::tests::test_validate_string_for_timezone_empty_string ... ok
[INFO] [stdout] test validator::timezone_validator::tests::test_validate_string_for_timezone_invalid ... ok
[INFO] [stdout] 
[INFO] [stdout] failures:
[INFO] [stdout] 
[INFO] [stdout] ---- tests::fails_nonexistent_time_due_to_dst stdout ----
[INFO] [stdout] 
[INFO] [stdout] thread 'tests::fails_nonexistent_time_due_to_dst' (1071) panicked at src/main.rs:213:49:
[INFO] [stdout] called `Result::unwrap()` on an `Err` value: CargoError { cause: Some(NotFoundError { path: "/opt/rustwide/target/release/build/tzt/aa963e17ea6b907a/out/tzt" }) }
[INFO] [stdout] stack backtrace:
[INFO] [stdout]    0:     0x5f7e9938e7b1 - <<std[617be2ca0a6fd877]::sys::backtrace::BacktraceLock>::print::DisplayBacktrace as core[a373ad73a504971]::fmt::Display>::fmt
[INFO] [stdout]    1:     0x5f7e993a682a - core[a373ad73a504971]::fmt::write
[INFO] [stdout]    2:     0x5f7e993949dc - <alloc[2e1b2a31b91974c5]::vec::Vec<u8> as core[a373ad73a504971]::io::write::Write>::write_fmt
[INFO] [stdout]    3:     0x5f7e99369c16 - std[617be2ca0a6fd877]::panicking::default_hook::{closure#0}
[INFO] [stdout]    4:     0x5f7e99386b09 - std[617be2ca0a6fd877]::panicking::default_hook
[INFO] [stdout]    5:     0x5f7e991f5200 - test[aada8e7e76ba119b]::test_main_inner::{closure#0}
[INFO] [stdout]    6:     0x5f7e99386cc2 - std[617be2ca0a6fd877]::panicking::panic_with_hook
[INFO] [stdout]    7:     0x5f7e99369cc2 - std[617be2ca0a6fd877]::panicking::panic_handler::{closure#0}
[INFO] [stdout]    8:     0x5f7e99362799 - std[617be2ca0a6fd877]::sys::backtrace::__rust_end_short_backtrace::<std[617be2ca0a6fd877]::panicking::panic_handler::{closure#0}, !>
[INFO] [stdout]    9:     0x5f7e9936aaed - __rustc[ea4f61d10b84890b]::rust_begin_unwind
[INFO] [stdout]   10:     0x5f7e993a700c - core[a373ad73a504971]::panicking::panic_fmt
[INFO] [stdout]   11:     0x5f7e993a6de2 - core[a373ad73a504971]::result::unwrap_failed
[INFO] [stdout]   12:     0x5f7e991e7803 - <tzt[afb3f3ecaef5fe8b]::tests::fails_nonexistent_time_due_to_dst::{closure#0} as core[a373ad73a504971]::ops::function::FnOnce<()>>::call_once
[INFO] [stdout]   13:     0x5f7e991e864b - test[aada8e7e76ba119b]::__rust_begin_short_backtrace::<core[a373ad73a504971]::result::Result<(), alloc[2e1b2a31b91974c5]::string::String>, fn() -> core[a373ad73a504971]::result::Result<(), alloc[2e1b2a31b91974c5]::string::String>>
[INFO] [stdout]   14:     0x5f7e991f5825 - test[aada8e7e76ba119b]::run_test::{closure#0}
[INFO] [stdout]   15:     0x5f7e991ef114 - std[617be2ca0a6fd877]::sys::backtrace::__rust_begin_short_backtrace::<test[aada8e7e76ba119b]::run_test::{closure#1}, ()>
[INFO] [stdout]   16:     0x5f7e991f88b2 - <std[617be2ca0a6fd877]::thread::lifecycle::spawn_unchecked<test[aada8e7e76ba119b]::run_test::{closure#1}, ()>::{closure#1} as core[a373ad73a504971]::ops::function::FnOnce<()>>::call_once::{shim:vtable#0}
[INFO] [stdout]   17:     0x5f7e9938df8f - <std[617be2ca0a6fd877]::sys::thread::unix::Thread>::new::thread_start
[INFO] [stdout]   18:     0x7ff726eeddfa - <unknown>
[INFO] [stdout]   19:     0x7ff726f813d4 - clone
[INFO] [stdout]   20:                0x0 - <unknown>
[INFO] [stdout] 
[INFO] [stdout] ---- tests::converts_time_with_no_timezone stdout ----
[INFO] [stdout] 
[INFO] [stdout] thread 'tests::converts_time_with_no_timezone' (1070) panicked at src/main.rs:73:49:
[INFO] [stdout] called `Result::unwrap()` on an `Err` value: CargoError { cause: Some(NotFoundError { path: "/opt/rustwide/target/release/build/tzt/aa963e17ea6b907a/out/tzt" }) }
[INFO] [stdout] stack backtrace:
[INFO] [stdout]    0:     0x5f7e9938e7b1 - <<std[617be2ca0a6fd877]::sys::backtrace::BacktraceLock>::print::DisplayBacktrace as core[a373ad73a504971]::fmt::Display>::fmt
[INFO] [stdout]    1:     0x5f7e993a682a - core[a373ad73a504971]::fmt::write
[INFO] [stdout]    2:     0x5f7e993949dc - <alloc[2e1b2a31b91974c5]::vec::Vec<u8> as core[a373ad73a504971]::io::write::Write>::write_fmt
[INFO] [stdout]    3:     0x5f7e99369c16 - std[617be2ca0a6fd877]::panicking::default_hook::{closure#0}
[INFO] [stdout]    4:     0x5f7e99386b09 - std[617be2ca0a6fd877]::panicking::default_hook
[INFO] [stdout]    5:     0x5f7e991f5200 - test[aada8e7e76ba119b]::test_main_inner::{closure#0}
[INFO] [stderr] error: test failed, to rerun pass `--bin tzt`
[INFO] [stdout]    6:     0x5f7e99386cc2 - std[617be2ca0a6fd877]::panicking::panic_with_hook
[INFO] [stdout]    7:     0x5f7e99369cc2 - std[617be2ca0a6fd877]::panicking::panic_handler::{closure#0}
[INFO] [stdout]    8:     0x5f7e99362799 - std[617be2ca0a6fd877]::sys::backtrace::__rust_end_short_backtrace::<std[617be2ca0a6fd877]::panicking::panic_handler::{closure#0}, !>
[INFO] [stdout]    9:     0x5f7e9936aaed - __rustc[ea4f61d10b84890b]::rust_begin_unwind
[INFO] [stdout]   10:     0x5f7e993a700c - core[a373ad73a504971]::panicking::panic_fmt
[INFO] [stdout]   11:     0x5f7e993a6de2 - core[a373ad73a504971]::result::unwrap_failed
[INFO] [stdout]   12:     0x5f7e991e692e - <tzt[afb3f3ecaef5fe8b]::tests::converts_time_with_no_timezone::{closure#0} as core[a373ad73a504971]::ops::function::FnOnce<()>>::call_once
[INFO] [stdout]   13:     0x5f7e991e864b - test[aada8e7e76ba119b]::__rust_begin_short_backtrace::<core[a373ad73a504971]::result::Result<(), alloc[2e1b2a31b91974c5]::string::String>, fn() -> core[a373ad73a504971]::result::Result<(), alloc[2e1b2a31b91974c5]::string::String>>
[INFO] [stdout]   14:     0x5f7e991f5825 - test[aada8e7e76ba119b]::run_test::{closure#0}
[INFO] [stdout]   15:     0x5f7e991ef114 - std[617be2ca0a6fd877]::sys::backtrace::__rust_begin_short_backtrace::<test[aada8e7e76ba119b]::run_test::{closure#1}, ()>
[INFO] [stdout]   16:     0x5f7e991f88b2 - <std[617be2ca0a6fd877]::thread::lifecycle::spawn_unchecked<test[aada8e7e76ba119b]::run_test::{closure#1}, ()>::{closure#1} as core[a373ad73a504971]::ops::function::FnOnce<()>>::call_once::{shim:vtable#0}
[INFO] [stdout]   17:     0x5f7e9938df8f - <std[617be2ca0a6fd877]::sys::thread::unix::Thread>::new::thread_start
[INFO] [stdout]   18:     0x7ff726eeddfa - <unknown>
[INFO] [stdout]   19:     0x7ff726f813d4 - clone
[INFO] [stdout]   20:                0x0 - <unknown>
[INFO] [stdout] 
[INFO] [stdout] ---- tests::handles_ambiguous_time_with_earliest_strategy stdout ----
[INFO] [stdout] 
[INFO] [stdout] thread 'tests::handles_ambiguous_time_with_earliest_strategy' (1074) panicked at src/main.rs:133:49:
[INFO] [stdout] called `Result::unwrap()` on an `Err` value: CargoError { cause: Some(NotFoundError { path: "/opt/rustwide/target/release/build/tzt/aa963e17ea6b907a/out/tzt" }) }
[INFO] [stdout] stack backtrace:
[INFO] [stdout]    0:     0x5f7e9938e7b1 - <<std[617be2ca0a6fd877]::sys::backtrace::BacktraceLock>::print::DisplayBacktrace as core[a373ad73a504971]::fmt::Display>::fmt
[INFO] [stdout]    1:     0x5f7e993a682a - core[a373ad73a504971]::fmt::write
[INFO] [stdout]    2:     0x5f7e993949dc - <alloc[2e1b2a31b91974c5]::vec::Vec<u8> as core[a373ad73a504971]::io::write::Write>::write_fmt
[INFO] [stdout]    3:     0x5f7e99369c16 - std[617be2ca0a6fd877]::panicking::default_hook::{closure#0}
[INFO] [stdout]    4:     0x5f7e99386b09 - std[617be2ca0a6fd877]::panicking::default_hook
[INFO] [stdout]    5:     0x5f7e991f5200 - test[aada8e7e76ba119b]::test_main_inner::{closure#0}
[INFO] [stdout]    6:     0x5f7e99386cc2 - std[617be2ca0a6fd877]::panicking::panic_with_hook
[INFO] [stdout]    7:     0x5f7e99369cc2 - std[617be2ca0a6fd877]::panicking::panic_handler::{closure#0}
[INFO] [stdout]    8:     0x5f7e99362799 - std[617be2ca0a6fd877]::sys::backtrace::__rust_end_short_backtrace::<std[617be2ca0a6fd877]::panicking::panic_handler::{closure#0}, !>
[INFO] [stdout]    9:     0x5f7e9936aaed - __rustc[ea4f61d10b84890b]::rust_begin_unwind
[INFO] [stdout]   10:     0x5f7e993a700c - core[a373ad73a504971]::panicking::panic_fmt
[INFO] [stdout]   11:     0x5f7e993a6de2 - core[a373ad73a504971]::result::unwrap_failed
[INFO] [stdout]   12:     0x5f7e991e836d - <tzt[afb3f3ecaef5fe8b]::tests::handles_ambiguous_time_with_earliest_strategy::{closure#0} as core[a373ad73a504971]::ops::function::FnOnce<()>>::call_once
[INFO] [stdout]   13:     0x5f7e991e864b - test[aada8e7e76ba119b]::__rust_begin_short_backtrace::<core[a373ad73a504971]::result::Result<(), alloc[2e1b2a31b91974c5]::string::String>, fn() -> core[a373ad73a504971]::result::Result<(), alloc[2e1b2a31b91974c5]::string::String>>
[INFO] [stdout]   14:     0x5f7e991f5825 - test[aada8e7e76ba119b]::run_test::{closure#0}
[INFO] [stdout]   15:     0x5f7e991ef114 - std[617be2ca0a6fd877]::sys::backtrace::__rust_begin_short_backtrace::<test[aada8e7e76ba119b]::run_test::{closure#1}, ()>
[INFO] [stdout]   16:     0x5f7e991f88b2 - <std[617be2ca0a6fd877]::thread::lifecycle::spawn_unchecked<test[aada8e7e76ba119b]::run_test::{closure#1}, ()>::{closure#1} as core[a373ad73a504971]::ops::function::FnOnce<()>>::call_once::{shim:vtable#0}
[INFO] [stdout]   17:     0x5f7e9938df8f - <std[617be2ca0a6fd877]::sys::thread::unix::Thread>::new::thread_start
[INFO] [stdout]   18:     0x7ff726eeddfa - <unknown>
[INFO] [stdout]   19:     0x7ff726f813d4 - clone
[INFO] [stdout]   20:                0x0 - <unknown>
[INFO] [stdout] 
[INFO] [stdout] ---- tests::handles_ambiguous_time_with_latest_strategy stdout ----
[INFO] [stdout] 
[INFO] [stdout] thread 'tests::handles_ambiguous_time_with_latest_strategy' (1075) panicked at src/main.rs:160:49:
[INFO] [stdout] called `Result::unwrap()` on an `Err` value: CargoError { cause: Some(NotFoundError { path: "/opt/rustwide/target/release/build/tzt/aa963e17ea6b907a/out/tzt" }) }
[INFO] [stdout] stack backtrace:
[INFO] [stdout]    0:     0x5f7e9938e7b1 - <<std[617be2ca0a6fd877]::sys::backtrace::BacktraceLock>::print::DisplayBacktrace as core[a373ad73a504971]::fmt::Display>::fmt
[INFO] [stdout]    1:     0x5f7e993a682a - core[a373ad73a504971]::fmt::write
[INFO] [stdout]    2:     0x5f7e993949dc - <alloc[2e1b2a31b91974c5]::vec::Vec<u8> as core[a373ad73a504971]::io::write::Write>::write_fmt
[INFO] [stdout]    3:     0x5f7e99369c16 - std[617be2ca0a6fd877]::panicking::default_hook::{closure#0}
[INFO] [stdout]    4:     0x5f7e99386b09 - std[617be2ca0a6fd877]::panicking::default_hook
[INFO] [stdout]    5:     0x5f7e991f5200 - test[aada8e7e76ba119b]::test_main_inner::{closure#0}
[INFO] [stdout]    6:     0x5f7e99386cc2 - std[617be2ca0a6fd877]::panicking::panic_with_hook
[INFO] [stdout]    7:     0x5f7e99369cc2 - std[617be2ca0a6fd877]::panicking::panic_handler::{closure#0}
[INFO] [stdout]    8:     0x5f7e99362799 - std[617be2ca0a6fd877]::sys::backtrace::__rust_end_short_backtrace::<std[617be2ca0a6fd877]::panicking::panic_handler::{closure#0}, !>
[INFO] [stdout]    9:     0x5f7e9936aaed - __rustc[ea4f61d10b84890b]::rust_begin_unwind
[INFO] [stdout]   10:     0x5f7e993a700c - core[a373ad73a504971]::panicking::panic_fmt
[INFO] [stdout]   11:     0x5f7e993a6de2 - core[a373ad73a504971]::result::unwrap_failed
[INFO] [stdout]   12:     0x5f7e991e7fb1 - <tzt[afb3f3ecaef5fe8b]::tests::handles_ambiguous_time_with_latest_strategy::{closure#0} as core[a373ad73a504971]::ops::function::FnOnce<()>>::call_once
[INFO] [stdout]   13:     0x5f7e991e864b - test[aada8e7e76ba119b]::__rust_begin_short_backtrace::<core[a373ad73a504971]::result::Result<(), alloc[2e1b2a31b91974c5]::string::String>, fn() -> core[a373ad73a504971]::result::Result<(), alloc[2e1b2a31b91974c5]::string::String>>
[INFO] [stdout]   14:     0x5f7e991f5825 - test[aada8e7e76ba119b]::run_test::{closure#0}
[INFO] [stdout]   15:     0x5f7e991ef114 - std[617be2ca0a6fd877]::sys::backtrace::__rust_begin_short_backtrace::<test[aada8e7e76ba119b]::run_test::{closure#1}, ()>
[INFO] [stdout]   16:     0x5f7e991f88b2 - <std[617be2ca0a6fd877]::thread::lifecycle::spawn_unchecked<test[aada8e7e76ba119b]::run_test::{closure#1}, ()>::{closure#1} as core[a373ad73a504971]::ops::function::FnOnce<()>>::call_once::{shim:vtable#0}
[INFO] [stdout]   17:     0x5f7e9938df8f - <std[617be2ca0a6fd877]::sys::thread::unix::Thread>::new::thread_start
[INFO] [stdout]   18:     0x7ff726eeddfa - <unknown>
[INFO] [stdout]   19:     0x7ff726f813d4 - clone
[INFO] [stdout]   20:                0x0 - <unknown>
[INFO] [stdout] 
[INFO] [stdout] ---- tests::fails_with_invalid_from_timezone stdout ----
[INFO] [stdout] 
[INFO] [stdout] thread 'tests::fails_with_invalid_from_timezone' (1072) panicked at src/main.rs:180:49:
[INFO] [stdout] called `Result::unwrap()` on an `Err` value: CargoError { cause: Some(NotFoundError { path: "/opt/rustwide/target/release/build/tzt/aa963e17ea6b907a/out/tzt" }) }
[INFO] [stdout] stack backtrace:
[INFO] [stdout]    0:     0x5f7e9938e7b1 - <<std[617be2ca0a6fd877]::sys::backtrace::BacktraceLock>::print::DisplayBacktrace as core[a373ad73a504971]::fmt::Display>::fmt
[INFO] [stdout]    1:     0x5f7e993a682a - core[a373ad73a504971]::fmt::write
[INFO] [stdout]    2:     0x5f7e993949dc - <alloc[2e1b2a31b91974c5]::vec::Vec<u8> as core[a373ad73a504971]::io::write::Write>::write_fmt
[INFO] [stdout]    3:     0x5f7e99369c16 - std[617be2ca0a6fd877]::panicking::default_hook::{closure#0}
[INFO] [stdout]    4:     0x5f7e99386b09 - std[617be2ca0a6fd877]::panicking::default_hook
[INFO] [stdout]    5:     0x5f7e991f5200 - test[aada8e7e76ba119b]::test_main_inner::{closure#0}
[INFO] [stdout]    6:     0x5f7e99386cc2 - std[617be2ca0a6fd877]::panicking::panic_with_hook
[INFO] [stdout]    7:     0x5f7e99369cc2 - std[617be2ca0a6fd877]::panicking::panic_handler::{closure#0}
[INFO] [stdout]    8:     0x5f7e99362799 - std[617be2ca0a6fd877]::sys::backtrace::__rust_end_short_backtrace::<std[617be2ca0a6fd877]::panicking::panic_handler::{closure#0}, !>
[INFO] [stdout]    9:     0x5f7e9936aaed - __rustc[ea4f61d10b84890b]::rust_begin_unwind
[INFO] [stdout]   10:     0x5f7e993a700c - core[a373ad73a504971]::panicking::panic_fmt
[INFO] [stdout]   11:     0x5f7e993a6de2 - core[a373ad73a504971]::result::unwrap_failed
[INFO] [stdout]   12:     0x5f7e991e744f - <tzt[afb3f3ecaef5fe8b]::tests::fails_with_invalid_from_timezone::{closure#0} as core[a373ad73a504971]::ops::function::FnOnce<()>>::call_once
[INFO] [stdout]   13:     0x5f7e991e864b - test[aada8e7e76ba119b]::__rust_begin_short_backtrace::<core[a373ad73a504971]::result::Result<(), alloc[2e1b2a31b91974c5]::string::String>, fn() -> core[a373ad73a504971]::result::Result<(), alloc[2e1b2a31b91974c5]::string::String>>
[INFO] [stdout]   14:     0x5f7e991f5825 - test[aada8e7e76ba119b]::run_test::{closure#0}
[INFO] [stdout]   15:     0x5f7e991ef114 - std[617be2ca0a6fd877]::sys::backtrace::__rust_begin_short_backtrace::<test[aada8e7e76ba119b]::run_test::{closure#1}, ()>
[INFO] [stdout]   16:     0x5f7e991f88b2 - <std[617be2ca0a6fd877]::thread::lifecycle::spawn_unchecked<test[aada8e7e76ba119b]::run_test::{closure#1}, ()>::{closure#1} as core[a373ad73a504971]::ops::function::FnOnce<()>>::call_once::{shim:vtable#0}
[INFO] [stdout]   17:     0x5f7e9938df8f - <std[617be2ca0a6fd877]::sys::thread::unix::Thread>::new::thread_start
[INFO] [stdout]   18:     0x7ff726eeddfa - <unknown>
[INFO] [stdout]   19:     0x7ff726f813d4 - clone
[INFO] [stdout]   20:                0x0 - <unknown>
[INFO] [stdout] 
[INFO] [stdout] ---- tests::fails_with_invalid_to_timezone stdout ----
[INFO] [stdout] 
[INFO] [stdout] thread 'tests::fails_with_invalid_to_timezone' (1073) panicked at src/main.rs:191:49:
[INFO] [stdout] called `Result::unwrap()` on an `Err` value: CargoError { cause: Some(NotFoundError { path: "/opt/rustwide/target/release/build/tzt/aa963e17ea6b907a/out/tzt" }) }
[INFO] [stdout] stack backtrace:
[INFO] [stdout]    0:     0x5f7e9938e7b1 - <<std[617be2ca0a6fd877]::sys::backtrace::BacktraceLock>::print::DisplayBacktrace as core[a373ad73a504971]::fmt::Display>::fmt
[INFO] [stdout]    1:     0x5f7e993a682a - core[a373ad73a504971]::fmt::write
[INFO] [stdout]    2:     0x5f7e993949dc - <alloc[2e1b2a31b91974c5]::vec::Vec<u8> as core[a373ad73a504971]::io::write::Write>::write_fmt
[INFO] [stdout]    3:     0x5f7e99369c16 - std[617be2ca0a6fd877]::panicking::default_hook::{closure#0}
[INFO] [stdout]    4:     0x5f7e99386b09 - std[617be2ca0a6fd877]::panicking::default_hook
[INFO] [stdout]    5:     0x5f7e991f5200 - test[aada8e7e76ba119b]::test_main_inner::{closure#0}
[INFO] [stdout]    6:     0x5f7e99386cc2 - std[617be2ca0a6fd877]::panicking::panic_with_hook
[INFO] [stdout]    7:     0x5f7e99369cc2 - std[617be2ca0a6fd877]::panicking::panic_handler::{closure#0}
[INFO] [stdout]    8:     0x5f7e99362799 - std[617be2ca0a6fd877]::sys::backtrace::__rust_end_short_backtrace::<std[617be2ca0a6fd877]::panicking::panic_handler::{closure#0}, !>
[INFO] [stdout]    9:     0x5f7e9936aaed - __rustc[ea4f61d10b84890b]::rust_begin_unwind
[INFO] [stdout]   10:     0x5f7e993a700c - core[a373ad73a504971]::panicking::panic_fmt
[INFO] [stdout]   11:     0x5f7e993a6de2 - core[a373ad73a504971]::result::unwrap_failed
[INFO] [stdout]   12:     0x5f7e991e6cdf - <tzt[afb3f3ecaef5fe8b]::tests::fails_with_invalid_to_timezone::{closure#0} as core[a373ad73a504971]::ops::function::FnOnce<()>>::call_once
[INFO] [stdout]   13:     0x5f7e991e864b - test[aada8e7e76ba119b]::__rust_begin_short_backtrace::<core[a373ad73a504971]::result::Result<(), alloc[2e1b2a31b91974c5]::string::String>, fn() -> core[a373ad73a504971]::result::Result<(), alloc[2e1b2a31b91974c5]::string::String>>
[INFO] [stdout]   14:     0x5f7e991f5825 - test[aada8e7e76ba119b]::run_test::{closure#0}
[INFO] [stdout]   15:     0x5f7e991ef114 - std[617be2ca0a6fd877]::sys::backtrace::__rust_begin_short_backtrace::<test[aada8e7e76ba119b]::run_test::{closure#1}, ()>
[INFO] [stdout]   16:     0x5f7e991f88b2 - <std[617be2ca0a6fd877]::thread::lifecycle::spawn_unchecked<test[aada8e7e76ba119b]::run_test::{closure#1}, ()>::{closure#1} as core[a373ad73a504971]::ops::function::FnOnce<()>>::call_once::{shim:vtable#0}
[INFO] [stdout]   17:     0x5f7e9938df8f - <std[617be2ca0a6fd877]::sys::thread::unix::Thread>::new::thread_start
[INFO] [stdout]   18:     0x7ff726eeddfa - <unknown>
[INFO] [stdout]   19:     0x7ff726f813d4 - clone
[INFO] [stdout]   20:                0x0 - <unknown>
[INFO] [stdout] 
[INFO] [stdout] ---- tests::converts_time_from_utc_to_tokyo stdout ----
[INFO] [stdout] 
[INFO] [stdout] thread 'tests::converts_time_from_utc_to_tokyo' (1069) panicked at src/main.rs:88:49:
[INFO] [stdout] called `Result::unwrap()` on an `Err` value: CargoError { cause: Some(NotFoundError { path: "/opt/rustwide/target/release/build/tzt/aa963e17ea6b907a/out/tzt" }) }
[INFO] [stdout] stack backtrace:
[INFO] [stdout]    0:     0x5f7e9938e7b1 - <<std[617be2ca0a6fd877]::sys::backtrace::BacktraceLock>::print::DisplayBacktrace as core[a373ad73a504971]::fmt::Display>::fmt
[INFO] [stdout]    1:     0x5f7e993a682a - core[a373ad73a504971]::fmt::write
[INFO] [stdout]    2:     0x5f7e993949dc - <alloc[2e1b2a31b91974c5]::vec::Vec<u8> as core[a373ad73a504971]::io::write::Write>::write_fmt
[INFO] [stdout]    3:     0x5f7e99369c16 - std[617be2ca0a6fd877]::panicking::default_hook::{closure#0}
[INFO] [stdout]    4:     0x5f7e99386b09 - std[617be2ca0a6fd877]::panicking::default_hook
[INFO] [stdout]    5:     0x5f7e991f5200 - test[aada8e7e76ba119b]::test_main_inner::{closure#0}
[INFO] [stdout]    6:     0x5f7e99386cc2 - std[617be2ca0a6fd877]::panicking::panic_with_hook
[INFO] [stdout]    7:     0x5f7e99369cc2 - std[617be2ca0a6fd877]::panicking::panic_handler::{closure#0}
[INFO] [stdout]    8:     0x5f7e99362799 - std[617be2ca0a6fd877]::sys::backtrace::__rust_end_short_backtrace::<std[617be2ca0a6fd877]::panicking::panic_handler::{closure#0}, !>
[INFO] [stdout]    9:     0x5f7e9936aaed - __rustc[ea4f61d10b84890b]::rust_begin_unwind
[INFO] [stdout]   10:     0x5f7e993a700c - core[a373ad73a504971]::panicking::panic_fmt
[INFO] [stdout]   11:     0x5f7e993a6de2 - core[a373ad73a504971]::result::unwrap_failed
[INFO] [stdout]   12:     0x5f7e991e709d - <tzt[afb3f3ecaef5fe8b]::tests::converts_time_from_utc_to_tokyo::{closure#0} as core[a373ad73a504971]::ops::function::FnOnce<()>>::call_once
[INFO] [stdout]   13:     0x5f7e991e864b - test[aada8e7e76ba119b]::__rust_begin_short_backtrace::<core[a373ad73a504971]::result::Result<(), alloc[2e1b2a31b91974c5]::string::String>, fn() -> core[a373ad73a504971]::result::Result<(), alloc[2e1b2a31b91974c5]::string::String>>
[INFO] [stdout]   14:     0x5f7e991f5825 - test[aada8e7e76ba119b]::run_test::{closure#0}
[INFO] [stdout]   15:     0x5f7e991ef114 - std[617be2ca0a6fd877]::sys::backtrace::__rust_begin_short_backtrace::<test[aada8e7e76ba119b]::run_test::{closure#1}, ()>
[INFO] [stdout]   16:     0x5f7e991f88b2 - <std[617be2ca0a6fd877]::thread::lifecycle::spawn_unchecked<test[aada8e7e76ba119b]::run_test::{closure#1}, ()>::{closure#1} as core[a373ad73a504971]::ops::function::FnOnce<()>>::call_once::{shim:vtable#0}
[INFO] [stdout]   17:     0x5f7e9938df8f - <std[617be2ca0a6fd877]::sys::thread::unix::Thread>::new::thread_start
[INFO] [stdout]   18:     0x7ff726eeddfa - <unknown>
[INFO] [stdout]   19:     0x7ff726f813d4 - clone
[INFO] [stdout]   20:                0x0 - <unknown>
[INFO] [stdout] 
[INFO] [stdout] ---- tests::converts_time_from_new_york_to_utc stdout ----
[INFO] [stdout] 
[INFO] [stdout] thread 'tests::converts_time_from_new_york_to_utc' (1068) panicked at src/main.rs:57:49:
[INFO] [stdout] called `Result::unwrap()` on an `Err` value: CargoError { cause: Some(NotFoundError { path: "/opt/rustwide/target/release/build/tzt/aa963e17ea6b907a/out/tzt" }) }
[INFO] [stdout] stack backtrace:
[INFO] [stdout]    0:     0x5f7e9938e7b1 - <<std[617be2ca0a6fd877]::sys::backtrace::BacktraceLock>::print::DisplayBacktrace as core[a373ad73a504971]::fmt::Display>::fmt
[INFO] [stdout]    1:     0x5f7e993a682a - core[a373ad73a504971]::fmt::write
[INFO] [stdout]    2:     0x5f7e993949dc - <alloc[2e1b2a31b91974c5]::vec::Vec<u8> as core[a373ad73a504971]::io::write::Write>::write_fmt
[INFO] [stdout]    3:     0x5f7e99369c16 - std[617be2ca0a6fd877]::panicking::default_hook::{closure#0}
[INFO] [stdout]    4:     0x5f7e99386b09 - std[617be2ca0a6fd877]::panicking::default_hook
[INFO] [stdout]    5:     0x5f7e991f5200 - test[aada8e7e76ba119b]::test_main_inner::{closure#0}
[INFO] [stdout]    6:     0x5f7e99386cc2 - std[617be2ca0a6fd877]::panicking::panic_with_hook
[INFO] [stdout]    7:     0x5f7e99369cc2 - std[617be2ca0a6fd877]::panicking::panic_handler::{closure#0}
[INFO] [stdout]    8:     0x5f7e99362799 - std[617be2ca0a6fd877]::sys::backtrace::__rust_end_short_backtrace::<std[617be2ca0a6fd877]::panicking::panic_handler::{closure#0}, !>
[INFO] [stdout]    9:     0x5f7e9936aaed - __rustc[ea4f61d10b84890b]::rust_begin_unwind
[INFO] [stdout]   10:     0x5f7e993a700c - core[a373ad73a504971]::panicking::panic_fmt
[INFO] [stdout]   11:     0x5f7e993a6de2 - core[a373ad73a504971]::result::unwrap_failed
[INFO] [stdout]   12:     0x5f7e991e7bbd - <tzt[afb3f3ecaef5fe8b]::tests::converts_time_from_new_york_to_utc::{closure#0} as core[a373ad73a504971]::ops::function::FnOnce<()>>::call_once
[INFO] [stdout]   13:     0x5f7e991e864b - test[aada8e7e76ba119b]::__rust_begin_short_backtrace::<core[a373ad73a504971]::result::Result<(), alloc[2e1b2a31b91974c5]::string::String>, fn() -> core[a373ad73a504971]::result::Result<(), alloc[2e1b2a31b91974c5]::string::String>>
[INFO] [stdout]   14:     0x5f7e991f5825 - test[aada8e7e76ba119b]::run_test::{closure#0}
[INFO] [stdout]   15:     0x5f7e991ef114 - std[617be2ca0a6fd877]::sys::backtrace::__rust_begin_short_backtrace::<test[aada8e7e76ba119b]::run_test::{closure#1}, ()>
[INFO] [stdout]   16:     0x5f7e991f88b2 - <std[617be2ca0a6fd877]::thread::lifecycle::spawn_unchecked<test[aada8e7e76ba119b]::run_test::{closure#1}, ()>::{closure#1} as core[a373ad73a504971]::ops::function::FnOnce<()>>::call_once::{shim:vtable#0}
[INFO] [stdout]   17:     0x5f7e9938df8f - <std[617be2ca0a6fd877]::sys::thread::unix::Thread>::new::thread_start
[INFO] [stdout]   18:     0x7ff726eeddfa - <unknown>
[INFO] [stdout]   19:     0x7ff726f813d4 - clone
[INFO] [stdout]   20:                0x0 - <unknown>
[INFO] [stdout] 
[INFO] [stdout] ---- tests::handles_iso_8601_format stdout ----
[INFO] [stdout] 
[INFO] [stdout] thread 'tests::handles_iso_8601_format' (1076) panicked at src/main.rs:107:49:
[INFO] [stdout] called `Result::unwrap()` on an `Err` value: CargoError { cause: Some(NotFoundError { path: "/opt/rustwide/target/release/build/tzt/aa963e17ea6b907a/out/tzt" }) }
[INFO] [stdout] stack backtrace:
[INFO] [stdout]    0:     0x5f7e9938e7b1 - <<std[617be2ca0a6fd877]::sys::backtrace::BacktraceLock>::print::DisplayBacktrace as core[a373ad73a504971]::fmt::Display>::fmt
[INFO] [stdout]    1:     0x5f7e993a682a - core[a373ad73a504971]::fmt::write
[INFO] [stdout]    2:     0x5f7e993949dc - <alloc[2e1b2a31b91974c5]::vec::Vec<u8> as core[a373ad73a504971]::io::write::Write>::write_fmt
[INFO] [stdout]    3:     0x5f7e99369c16 - std[617be2ca0a6fd877]::panicking::default_hook::{closure#0}
[INFO] [stdout]    4:     0x5f7e99386b09 - std[617be2ca0a6fd877]::panicking::default_hook
[INFO] [stdout]    5:     0x5f7e991f5200 - test[aada8e7e76ba119b]::test_main_inner::{closure#0}
[INFO] [stdout]    6:     0x5f7e99386cc2 - std[617be2ca0a6fd877]::panicking::panic_with_hook
[INFO] [stdout]    7:     0x5f7e99369cc2 - std[617be2ca0a6fd877]::panicking::panic_handler::{closure#0}
[INFO] [stdout]    8:     0x5f7e99362799 - std[617be2ca0a6fd877]::sys::backtrace::__rust_end_short_backtrace::<std[617be2ca0a6fd877]::panicking::panic_handler::{closure#0}, !>
[INFO] [stdout]    9:     0x5f7e9936aaed - __rustc[ea4f61d10b84890b]::rust_begin_unwind
[INFO] [stdout]   10:     0x5f7e993a700c - core[a373ad73a504971]::panicking::panic_fmt
[INFO] [stdout]   11:     0x5f7e993a6de2 - core[a373ad73a504971]::result::unwrap_failed
[INFO] [stdout]   12:     0x5f7e991e65dd - <tzt[afb3f3ecaef5fe8b]::tests::handles_iso_8601_format::{closure#0} as core[a373ad73a504971]::ops::function::FnOnce<()>>::call_once
[INFO] [stdout]   13:     0x5f7e991e864b - test[aada8e7e76ba119b]::__rust_begin_short_backtrace::<core[a373ad73a504971]::result::Result<(), alloc[2e1b2a31b91974c5]::string::String>, fn() -> core[a373ad73a504971]::result::Result<(), alloc[2e1b2a31b91974c5]::string::String>>
[INFO] [stdout]   14:     0x5f7e991f5825 - test[aada8e7e76ba119b]::run_test::{closure#0}
[INFO] [stdout]   15:     0x5f7e991ef114 - std[617be2ca0a6fd877]::sys::backtrace::__rust_begin_short_backtrace::<test[aada8e7e76ba119b]::run_test::{closure#1}, ()>
[INFO] [stdout]   16:     0x5f7e991f88b2 - <std[617be2ca0a6fd877]::thread::lifecycle::spawn_unchecked<test[aada8e7e76ba119b]::run_test::{closure#1}, ()>::{closure#1} as core[a373ad73a504971]::ops::function::FnOnce<()>>::call_once::{shim:vtable#0}
[INFO] [stdout]   17:     0x5f7e9938df8f - <std[617be2ca0a6fd877]::sys::thread::unix::Thread>::new::thread_start
[INFO] [stdout]   18:     0x7ff726eeddfa - <unknown>
[INFO] [stdout]   19:     0x7ff726f813d4 - clone
[INFO] [stdout]   20:                0x0 - <unknown>
[INFO] [stdout] 
[INFO] [stdout] 
[INFO] [stdout] failures:
[INFO] [stdout]     tests::converts_time_from_new_york_to_utc
[INFO] [stdout]     tests::converts_time_from_utc_to_tokyo
[INFO] [stdout]     tests::converts_time_with_no_timezone
[INFO] [stdout]     tests::fails_nonexistent_time_due_to_dst
[INFO] [stdout]     tests::fails_with_invalid_from_timezone
[INFO] [stdout]     tests::fails_with_invalid_to_timezone
[INFO] [stdout]     tests::handles_ambiguous_time_with_earliest_strategy
[INFO] [stdout]     tests::handles_ambiguous_time_with_latest_strategy
[INFO] [stdout]     tests::handles_iso_8601_format
[INFO] [stdout] 
[INFO] [stdout] test result: FAILED. 33 passed; 9 failed; 0 ignored; 0 measured; 0 filtered out; finished in 0.02s
[INFO] [stdout] 
[INFO] running `Command { std: "docker" "inspect" "075e86a2a066e4095f7985e2f604a617131635f5f938d532e8d25affed32982a", kill_on_drop: false }`
[INFO] running `Command { std: "docker" "rm" "-f" "075e86a2a066e4095f7985e2f604a617131635f5f938d532e8d25affed32982a", kill_on_drop: false }`
[INFO] [stdout] 075e86a2a066e4095f7985e2f604a617131635f5f938d532e8d25affed32982a
