[INFO] fetching crate tokio-process 0.2.5...
[INFO] testing tokio-process-0.2.5 against 1.100.0-beta.1+cargoflags=--release for beta-release-1.100-3
[INFO] extracting crate tokio-process 0.2.5 into /workspace/builds/worker-5-tc2/source
[INFO] started tweaking crates.io crate tokio-process 0.2.5
[INFO] finished tweaking crates.io crate tokio-process 0.2.5
[INFO] tweaked toml for crates.io crate tokio-process 0.2.5 written to /workspace/builds/worker-5-tc2/source/Cargo.toml
[INFO] validating manifest of crates.io crate tokio-process 0.2.5 on toolchain 1.100.0-beta.1
[INFO] running `Command { std: CARGO_HOME="/workspace/cargo-home" RUSTUP_HOME="/workspace/rustup-home" "/workspace/cargo-home/bin/cargo" "+1.100.0-beta.1" "metadata" "--manifest-path" "Cargo.toml" "--no-deps", kill_on_drop: false }`
[INFO] crate crates.io crate tokio-process 0.2.5 already has a lockfile, it will not be regenerated
[INFO] running `Command { std: CARGO_HOME="/workspace/cargo-home" RUSTUP_HOME="/workspace/rustup-home" "/workspace/cargo-home/bin/cargo" "+1.100.0-beta.1" "fetch" "--manifest-path" "Cargo.toml", kill_on_drop: false }`
[INFO] [stderr] warning: `package.homepage` is redundant with `package.repository`
[INFO] [stderr]   --> Cargo.toml:29:12
[INFO] [stderr]    |
[INFO] [stderr] 29 | homepage = "https://github.com/tokio-rs/tokio"
[INFO] [stderr]    |            ^^^^^^^^^^^^^^^^^^^^^^^^^^^^^^^^^^^
[INFO] [stderr] ...
[INFO] [stderr] 32 | repository = "https://github.com/tokio-rs/tokio"
[INFO] [stderr]    |              -----------------------------------
[INFO] [stderr]    |
[INFO] [stderr]    = note: `cargo::redundant_homepage` is set to `warn` by default
[INFO] [stderr] help: consider removing `package.homepage`
[INFO] [stderr] warning: `tokio-process` (manifest) generated 1 warning
[INFO] running `Command { std: "docker" "create" "-v" "/var/lib/crater-agent-workspace/builds/worker-5-tc2/source:/opt/rustwide/workdir:ro,Z" "-v" "/var/lib/crater-agent-workspace/builds/worker-5-tc2/target:/opt/rustwide/target:rw,Z" "-v" "/var/lib/crater-agent-workspace/cargo-home:/opt/rustwide/cargo-home:ro,Z" "-v" "/var/lib/crater-agent-workspace/rustup-home:/opt/rustwide/rustup-home:ro,Z" "-m" "1610612736" "--network" "none" "ghcr.io/rust-lang/crates-build-env/linux@sha256:77db811e55d90add9212f6832c23229e3de5f1c1f9905e8cb07319ea15df73ac" "sleep" "infinity", kill_on_drop: false }`
[INFO] [stdout] 900ab24d013dd3a2c35745f4ac72b00c9533ed3c0dc542a9eca0ab0ce65f3fd5
[INFO] running `Command { std: "docker" "start" "900ab24d013dd3a2c35745f4ac72b00c9533ed3c0dc542a9eca0ab0ce65f3fd5", kill_on_drop: false }`
[INFO] running `Command { std: "docker" "inspect" "900ab24d013dd3a2c35745f4ac72b00c9533ed3c0dc542a9eca0ab0ce65f3fd5", kill_on_drop: false }`
[INFO] running `Command { std: "docker" "exec" "-e" "SOURCE_DIR=/opt/rustwide/workdir" "-e" "CARGO_HOME=/opt/rustwide/cargo-home" "-e" "RUSTUP_HOME=/opt/rustwide/rustup-home" "-e" "CARGO_TARGET_DIR=/opt/rustwide/target" "-w" "/opt/rustwide/workdir" "--user" "0:0" "900ab24d013dd3a2c35745f4ac72b00c9533ed3c0dc542a9eca0ab0ce65f3fd5" "/opt/rustwide/cargo-home/bin/cargo" "+1.100.0-beta.1" "metadata" "--no-deps" "--format-version=1", kill_on_drop: false }`
[INFO] running `Command { std: "docker" "inspect" "900ab24d013dd3a2c35745f4ac72b00c9533ed3c0dc542a9eca0ab0ce65f3fd5", kill_on_drop: false }`
[INFO] running `Command { std: "docker" "exec" "-e" "SOURCE_DIR=/opt/rustwide/workdir" "-e" "CARGO_HOME=/opt/rustwide/cargo-home" "-e" "RUSTUP_HOME=/opt/rustwide/rustup-home" "-e" "CARGO_TARGET_DIR=/opt/rustwide/target" "-e" "CARGO_INCREMENTAL=0" "-e" "RUST_BACKTRACE=full" "-e" "RUSTFLAGS=--cap-lints=warn" "-e" "RUSTDOCFLAGS=--cap-lints=warn" "-w" "/opt/rustwide/workdir" "--user" "0:0" "900ab24d013dd3a2c35745f4ac72b00c9533ed3c0dc542a9eca0ab0ce65f3fd5" "/opt/rustwide/cargo-home/bin/cargo" "+1.100.0-beta.1" "build" "--frozen" "--message-format=json" "--release", kill_on_drop: false }`
[INFO] [stderr] warning: `package.homepage` is redundant with `package.repository`
[INFO] [stderr]   --> Cargo.toml:29:12
[INFO] [stderr]    |
[INFO] [stderr] 29 | homepage = "https://github.com/tokio-rs/tokio"
[INFO] [stderr]    |            ^^^^^^^^^^^^^^^^^^^^^^^^^^^^^^^^^^^
[INFO] [stderr] ...
[INFO] [stderr] 32 | repository = "https://github.com/tokio-rs/tokio"
[INFO] [stderr]    |              -----------------------------------
[INFO] [stderr]    |
[INFO] [stderr]    = note: `cargo::redundant_homepage` is set to `warn` by default
[INFO] [stderr] help: consider removing `package.homepage`
[INFO] [stderr] warning: `tokio-process` (manifest) generated 1 warning
[INFO] [stderr]    Compiling libc v0.2.66
[INFO] [stderr]    Compiling semver-parser v0.7.0
[INFO] [stderr]    Compiling log v0.4.8
[INFO] [stderr]    Compiling maybe-uninit v2.0.0
[INFO] [stderr]    Compiling byteorder v1.3.2
[INFO] [stderr]    Compiling autocfg v0.1.7
[INFO] [stderr]    Compiling futures v0.1.29
[INFO] [stderr]    Compiling scopeguard v1.0.0
[INFO] [stderr]    Compiling fnv v1.0.6
[INFO] [stderr]    Compiling arc-swap v0.4.4
[INFO] [stderr]    Compiling crossbeam-utils v0.6.6
[INFO] [stderr]    Compiling lock_api v0.3.3
[INFO] [stderr]    Compiling semver v0.9.0
[INFO] [stderr]    Compiling rustc_version v0.2.3
[INFO] [stderr]    Compiling crossbeam-utils v0.7.0
[INFO] [stderr]    Compiling smallvec v0.6.13
[INFO] [stderr]    Compiling crossbeam-queue v0.1.2
[INFO] [stderr]    Compiling parking_lot_core v0.6.2
[INFO] [stderr]    Compiling parking_lot v0.9.0
[INFO] [stderr]    Compiling iovec v0.1.4
[INFO] [stderr]    Compiling net2 v0.2.33
[INFO] [stderr]    Compiling num_cpus v1.12.0
[INFO] [stderr]    Compiling signal-hook-registry v1.2.0
[INFO] [stderr]    Compiling bytes v0.4.12
[INFO] [stderr]    Compiling mio v0.6.21
[INFO] [stderr]    Compiling tokio-sync v0.1.8
[INFO] [stderr]    Compiling tokio-executor v0.1.10
[INFO] [stderr]    Compiling tokio-io v0.1.13
[INFO] [stderr]    Compiling tokio-reactor v0.1.12
[INFO] [stderr]    Compiling mio-uds v0.6.7
[INFO] [stderr]    Compiling tokio-signal v0.2.9
[INFO] [stderr]    Compiling tokio-process v0.2.5 (/opt/rustwide/workdir)
[INFO] [stdout] warning: trailing semicolon in macro used in expression position
[INFO] [stdout]   --> src/unix/orphan.rs:74:27
[INFO] [stdout]    |
[INFO] [stdout] 74 |                   Err(e) => error!(
[INFO] [stdout]    |  ___________________________^
[INFO] [stdout] 75 | |                     "leaking orphaned process {} due to try_wait() error: {}",
[INFO] [stdout] 76 | |                     orphan.id(),
[INFO] [stdout] 77 | |                     e,
[INFO] [stdout] 78 | |                 ),
[INFO] [stdout]    | |_________________^
[INFO] [stdout]    |
[INFO] [stdout]    = warning: this was previously accepted by the compiler but is being phased out; it will become a hard error in a future release!
[INFO] [stdout]    = note: for more information, see issue #79813 <https://github.com/rust-lang/rust/issues/79813>
[INFO] [stdout]    = note: `#[warn(semicolon_in_expressions_from_non_local_macros)]` (part of `#[warn(future_incompatible)]`) on by default
[INFO] [stdout]    = note: this warning originates in the macro `error` (in Nightly builds, run with -Z macro-backtrace for more info)
[INFO] [stdout] 
[INFO] [stdout] 
[INFO] [stderr]     Finished `release` profile [optimized] target(s) in 6.92s
[INFO] [stderr] warning: the following packages contain code that will be rejected by a future version of Rust: tokio-process v0.2.5 (/opt/rustwide/workdir)
[INFO] [stderr] note: to see what the problems were, use the option `--future-incompat-report`, or run `cargo report future-incompatibilities --id 1`
[INFO] running `Command { std: "docker" "inspect" "900ab24d013dd3a2c35745f4ac72b00c9533ed3c0dc542a9eca0ab0ce65f3fd5", kill_on_drop: false }`
[INFO] running `Command { std: "docker" "exec" "-e" "SOURCE_DIR=/opt/rustwide/workdir" "-e" "CARGO_HOME=/opt/rustwide/cargo-home" "-e" "RUSTUP_HOME=/opt/rustwide/rustup-home" "-e" "CARGO_TARGET_DIR=/opt/rustwide/target" "-e" "CARGO_INCREMENTAL=0" "-e" "RUST_BACKTRACE=full" "-e" "RUSTFLAGS=--cap-lints=warn" "-e" "RUSTDOCFLAGS=--cap-lints=warn" "-w" "/opt/rustwide/workdir" "--user" "0:0" "900ab24d013dd3a2c35745f4ac72b00c9533ed3c0dc542a9eca0ab0ce65f3fd5" "/opt/rustwide/cargo-home/bin/cargo" "+1.100.0-beta.1" "test" "--frozen" "--no-run" "--message-format=json" "--release", kill_on_drop: false }`
[INFO] [stderr] warning: `package.homepage` is redundant with `package.repository`
[INFO] [stderr]   --> Cargo.toml:29:12
[INFO] [stderr]    |
[INFO] [stderr] 29 | homepage = "https://github.com/tokio-rs/tokio"
[INFO] [stderr]    |            ^^^^^^^^^^^^^^^^^^^^^^^^^^^^^^^^^^^
[INFO] [stderr] ...
[INFO] [stderr] 32 | repository = "https://github.com/tokio-rs/tokio"
[INFO] [stderr]    |              -----------------------------------
[INFO] [stderr]    |
[INFO] [stderr]    = note: `cargo::redundant_homepage` is set to `warn` by default
[INFO] [stderr] help: consider removing `package.homepage`
[INFO] [stderr] warning: `tokio-process` (manifest) generated 1 warning
[INFO] [stderr]    Compiling proc-macro2 v1.0.8
[INFO] [stderr]    Compiling memoffset v0.5.3
[INFO] [stderr]    Compiling unicode-xid v0.2.0
[INFO] [stderr]    Compiling crossbeam-epoch v0.8.0
[INFO] [stderr]    Compiling cc v1.0.50
[INFO] [stderr]    Compiling syn v1.0.14
[INFO] [stderr]    Compiling failure_derive v0.1.6
[INFO] [stderr]    Compiling crossbeam-queue v0.2.1
[INFO] [stderr]    Compiling rustc-demangle v0.1.16
[INFO] [stderr]    Compiling tokio-timer v0.2.13
[INFO] [stderr]    Compiling tokio-current-thread v0.1.7
[INFO] [stdout] warning: trailing semicolon in macro used in expression position
[INFO] [stdout]   --> src/unix/orphan.rs:74:27
[INFO] [stdout]    |
[INFO] [stdout] 74 |                   Err(e) => error!(
[INFO] [stdout]    |  ___________________________^
[INFO] [stdout] 75 | |                     "leaking orphaned process {} due to try_wait() error: {}",
[INFO] [stdout] 76 | |                     orphan.id(),
[INFO] [stdout] 77 | |                     e,
[INFO] [stdout] 78 | |                 ),
[INFO] [stdout]    | |_________________^
[INFO] [stdout]    |
[INFO] [stdout]    = warning: this was previously accepted by the compiler but is being phased out; it will become a hard error in a future release!
[INFO] [stdout]    = note: for more information, see issue #79813 <https://github.com/rust-lang/rust/issues/79813>
[INFO] [stdout]    = note: `#[warn(semicolon_in_expressions_from_non_local_macros)]` (part of `#[warn(future_incompatible)]`) on by default
[INFO] [stdout]    = note: this warning originates in the macro `error` (in Nightly builds, run with -Z macro-backtrace for more info)
[INFO] [stdout] 
[INFO] [stdout] 
[INFO] [stderr]    Compiling crossbeam-deque v0.7.2
[INFO] [stderr]    Compiling backtrace-sys v0.1.32
[INFO] [stderr]    Compiling tokio-threadpool v0.1.18
[INFO] [stderr]    Compiling quote v1.0.2
[INFO] [stderr]    Compiling tokio v0.1.22
[INFO] [stderr]    Compiling synstructure v0.12.3
[INFO] [stderr]    Compiling backtrace v0.3.43
[INFO] [stderr]    Compiling failure v0.1.6
[INFO] [stderr]    Compiling tokio-process v0.2.5 (/opt/rustwide/workdir)
[INFO] [stdout] warning: trait objects without an explicit `dyn` are deprecated
[INFO] [stdout]   --> tests/stdio.rs:23:46
[INFO] [stdout]    |
[INFO] [stdout] 23 | fn feed_cat(mut cat: Child, n: usize) -> Box<Future<Item = ExitStatus, Error = io::Error>> {
[INFO] [stdout]    |                                              ^^^^^^^^^^^^^^^^^^^^^^^^^^^^^^^^^^^^^^^^^^^^
[INFO] [stdout]    |
[INFO] [stdout]    = warning: this is accepted in the current edition (Rust 2018) but is a hard error in Rust 2021!
[INFO] [stdout]    = note: for more information, see <https://doc.rust-lang.org/edition-guide/rust-2021/warnings-promoted-to-error.html>
[INFO] [stdout]    = note: `#[warn(bare_trait_objects)]` (part of `#[warn(rust_2021_compatibility)]`) on by default
[INFO] [stdout] help: if this is a dyn-compatible trait, use `dyn`
[INFO] [stdout]    |
[INFO] [stdout] 23 | fn feed_cat(mut cat: Child, n: usize) -> Box<dyn Future<Item = ExitStatus, Error = io::Error>> {
[INFO] [stdout]    |                                              +++
[INFO] [stdout] 
[INFO] [stdout] 
[INFO] [stdout] warning: trailing semicolon in macro used in expression position
[INFO] [stdout]   --> src/unix/orphan.rs:74:27
[INFO] [stdout]    |
[INFO] [stdout] 74 |                   Err(e) => error!(
[INFO] [stdout]    |  ___________________________^
[INFO] [stdout] 75 | |                     "leaking orphaned process {} due to try_wait() error: {}",
[INFO] [stdout] 76 | |                     orphan.id(),
[INFO] [stdout] 77 | |                     e,
[INFO] [stdout] 78 | |                 ),
[INFO] [stdout]    | |_________________^
[INFO] [stdout]    |
[INFO] [stdout]    = warning: this was previously accepted by the compiler but is being phased out; it will become a hard error in a future release!
[INFO] [stdout]    = note: for more information, see issue #79813 <https://github.com/rust-lang/rust/issues/79813>
[INFO] [stdout]    = note: `#[warn(semicolon_in_expressions_from_non_local_macros)]` (part of `#[warn(future_incompatible)]`) on by default
[INFO] [stdout]    = note: this warning originates in the macro `error` (in Nightly builds, run with -Z macro-backtrace for more info)
[INFO] [stdout] 
[INFO] [stdout] 
[INFO] [stderr]     Finished `release` profile [optimized] target(s) in 11.22s
[INFO] [stderr] warning: the following packages contain code that will be rejected by a future version of Rust: tokio-process v0.2.5 (/opt/rustwide/workdir)
[INFO] [stderr] note: to see what the problems were, use the option `--future-incompat-report`, or run `cargo report future-incompatibilities --id 2`
[INFO] running `Command { std: "docker" "inspect" "900ab24d013dd3a2c35745f4ac72b00c9533ed3c0dc542a9eca0ab0ce65f3fd5", kill_on_drop: false }`
[INFO] running `Command { std: "docker" "exec" "-e" "SOURCE_DIR=/opt/rustwide/workdir" "-e" "CARGO_HOME=/opt/rustwide/cargo-home" "-e" "RUSTUP_HOME=/opt/rustwide/rustup-home" "-e" "CARGO_TARGET_DIR=/opt/rustwide/target" "-e" "CARGO_INCREMENTAL=0" "-e" "RUST_BACKTRACE=full" "-e" "RUSTFLAGS=--cap-lints=warn" "-e" "RUSTDOCFLAGS=--cap-lints=warn" "-w" "/opt/rustwide/workdir" "--user" "0:0" "900ab24d013dd3a2c35745f4ac72b00c9533ed3c0dc542a9eca0ab0ce65f3fd5" "/opt/rustwide/cargo-home/bin/cargo" "+1.100.0-beta.1" "test" "--frozen" "--release", kill_on_drop: false }`
[INFO] [stderr] warning: `package.homepage` is redundant with `package.repository`
[INFO] [stderr]   --> Cargo.toml:29:12
[INFO] [stderr]    |
[INFO] [stderr] 29 | homepage = "https://github.com/tokio-rs/tokio"
[INFO] [stderr]    |            ^^^^^^^^^^^^^^^^^^^^^^^^^^^^^^^^^^^
[INFO] [stderr] ...
[INFO] [stderr] 32 | repository = "https://github.com/tokio-rs/tokio"
[INFO] [stderr]    |              -----------------------------------
[INFO] [stderr]    |
[INFO] [stderr]    = note: `cargo::redundant_homepage` is set to `warn` by default
[INFO] [stderr] help: consider removing `package.homepage`
[INFO] [stderr] warning: `tokio-process` (manifest) generated 1 warning
[INFO] [stderr] warning: trailing semicolon in macro used in expression position
[INFO] [stderr]   --> src/unix/orphan.rs:74:27
[INFO] [stderr]    |
[INFO] [stderr] 74 |                   Err(e) => error!(
[INFO] [stderr]    |  ___________________________^
[INFO] [stderr] 75 | |                     "leaking orphaned process {} due to try_wait() error: {}",
[INFO] [stderr] 76 | |                     orphan.id(),
[INFO] [stderr] 77 | |                     e,
[INFO] [stderr] 78 | |                 ),
[INFO] [stderr]    | |_________________^
[INFO] [stderr]    |
[INFO] [stderr]    = warning: this was previously accepted by the compiler but is being phased out; it will become a hard error in a future release!
[INFO] [stderr]    = note: for more information, see issue #79813 <https://github.com/rust-lang/rust/issues/79813>
[INFO] [stderr]    = note: `#[warn(semicolon_in_expressions_from_non_local_macros)]` (part of `#[warn(future_incompatible)]`) on by default
[INFO] [stderr]    = note: this warning originates in the macro `error` (in Nightly builds, run with -Z macro-backtrace for more info)
[INFO] [stderr] 
[INFO] [stderr] warning: `tokio-process` (lib) generated 1 warning
[INFO] [stderr] warning: `tokio-process` (lib test) generated 1 warning (1 duplicate)
[INFO] [stderr] warning: trait objects without an explicit `dyn` are deprecated
[INFO] [stderr]   --> tests/stdio.rs:23:46
[INFO] [stderr]    |
[INFO] [stderr] 23 | fn feed_cat(mut cat: Child, n: usize) -> Box<Future<Item = ExitStatus, Error = io::Error>> {
[INFO] [stderr]    |                                              ^^^^^^^^^^^^^^^^^^^^^^^^^^^^^^^^^^^^^^^^^^^^
[INFO] [stderr]    |
[INFO] [stderr]    = warning: this is accepted in the current edition (Rust 2018) but is a hard error in Rust 2021!
[INFO] [stderr]    = note: for more information, see <https://doc.rust-lang.org/edition-guide/rust-2021/warnings-promoted-to-error.html>
[INFO] [stderr]    = note: `#[warn(bare_trait_objects)]` (part of `#[warn(rust_2021_compatibility)]`) on by default
[INFO] [stderr] help: if this is a dyn-compatible trait, use `dyn`
[INFO] [stderr]    |
[INFO] [stderr] 23 | fn feed_cat(mut cat: Child, n: usize) -> Box<dyn Future<Item = ExitStatus, Error = io::Error>> {
[INFO] [stderr]    |                                              +++
[INFO] [stderr] 
[INFO] [stderr] warning: `tokio-process` (test "stdio") generated 1 warning (run `cargo fix --test "stdio" -p tokio-process` to apply 1 suggestion)
[INFO] [stderr]     Finished `release` profile [optimized] target(s) in 0.11s
[INFO] [stderr] warning: the following packages contain code that will be rejected by a future version of Rust: tokio-process v0.2.5 (/opt/rustwide/workdir)
[INFO] [stderr] note: to see what the problems were, use the option `--future-incompat-report`, or run `cargo report future-incompatibilities --id 2`
[INFO] [stderr]      Running unittests src/lib.rs (/opt/rustwide/target/release/build/tokio-process/b27dbeec3196308d/out/tokio_process-b27dbeec3196308d)
[INFO] [stdout] 
[INFO] [stdout] running 9 tests
[INFO] [stdout] test test::kills_on_drop ... ok
[INFO] [stdout] test imp::reap::test::kill ... ok
[INFO] [stdout] test test::no_kill_if_already_killed ... ok
[INFO] [stdout] test imp::reap::test::reaper ... ok
[INFO] [stdout] test test::no_kill_if_reaped ... ok
[INFO] [stdout] test imp::reap::test::drop_enqueues_orphan_if_wait_fails ... ok
[INFO] [stdout] test test::no_kill_on_forget ... ok
[INFO] [stdout] test imp::reap::test::drop_reaps_if_possible ... ok
[INFO] [stdout] test imp::orphan::test::drain_attempts_a_single_reap_of_all_queued_orphans ... ok
[INFO] [stdout] 
[INFO] [stdout] test result: ok. 9 passed; 0 failed; 0 ignored; 0 measured; 0 filtered out; finished in 0.00s
[INFO] [stdout] 
[INFO] [stderr]      Running unittests src/bin/cat.rs (/opt/rustwide/target/release/build/tokio-process/7218abad185acefd/out/cat-7218abad185acefd)
[INFO] [stdout] 
[INFO] [stdout] running 0 tests
[INFO] [stdout] 
[INFO] [stdout] test result: ok. 0 passed; 0 failed; 0 ignored; 0 measured; 0 filtered out; finished in 0.00s
[INFO] [stdout] 
[INFO] [stderr]      Running unittests src/bin/exit.rs (/opt/rustwide/target/release/build/tokio-process/615f36f55a88e175/out/exit-615f36f55a88e175)
[INFO] [stdout] 
[INFO] [stdout] running 0 tests
[INFO] [stdout] 
[INFO] [stdout] test result: ok. 0 passed; 0 failed; 0 ignored; 0 measured; 0 filtered out; finished in 0.00s
[INFO] [stdout] 
[INFO] [stderr]      Running tests/issue_42.rs (/opt/rustwide/target/release/build/tokio-process/d260d361805c8e91/out/issue_42-d260d361805c8e91)
[INFO] [stdout] 
[INFO] [stdout] running 1 test
[INFO] [stdout] test issue_42 ... ok
[INFO] [stdout] 
[INFO] [stdout] test result: ok. 1 passed; 0 failed; 0 ignored; 0 measured; 0 filtered out; finished in 1.01s
[INFO] [stdout] 
[INFO] [stdout] 
[INFO] [stdout] running 1 test
[INFO] [stderr]      Running tests/smoke.rs (/opt/rustwide/target/release/build/tokio-process/6112436cade808e1/out/smoke-6112436cade808e1)
[INFO] [stderr] error: test failed, to rerun pass `--test smoke`
[INFO] [stdout] test simple ... FAILED
[INFO] [stdout] 
[INFO] [stdout] failures:
[INFO] [stdout] 
[INFO] [stdout] ---- simple stdout ----
[INFO] [stdout] 
[INFO] [stdout] thread 'simple' (1398) panicked at tests/smoke.rs:12:39:
[INFO] [stdout] called `Result::unwrap()` on an `Err` value: Os { code: 2, kind: NotFound, message: "No such file or directory" }
[INFO] [stdout] stack backtrace:
[INFO] [stdout]    0:     0x6132c426e861 - <<std[617be2ca0a6fd877]::sys::backtrace::BacktraceLock>::print::DisplayBacktrace as core[a373ad73a504971]::fmt::Display>::fmt
[INFO] [stdout]    1:     0x6132c42829ca - core[a373ad73a504971]::fmt::write
[INFO] [stdout]    2:     0x6132c4272c7c - <alloc[2e1b2a31b91974c5]::vec::Vec<u8> as core[a373ad73a504971]::io::write::Write>::write_fmt
[INFO] [stdout]    3:     0x6132c424a416 - std[617be2ca0a6fd877]::panicking::default_hook::{closure#0}
[INFO] [stdout]    4:     0x6132c4266eb9 - std[617be2ca0a6fd877]::panicking::default_hook
[INFO] [stdout]    5:     0x6132c41e0030 - test[aada8e7e76ba119b]::test_main_inner::{closure#0}
[INFO] [stdout]    6:     0x6132c4267072 - std[617be2ca0a6fd877]::panicking::panic_with_hook
[INFO] [stdout]    7:     0x6132c424a4c2 - std[617be2ca0a6fd877]::panicking::panic_handler::{closure#0}
[INFO] [stdout]    8:     0x6132c42431a9 - std[617be2ca0a6fd877]::sys::backtrace::__rust_end_short_backtrace::<std[617be2ca0a6fd877]::panicking::panic_handler::{closure#0}, !>
[INFO] [stdout]    9:     0x6132c424b0cd - __rustc[ea4f61d10b84890b]::rust_begin_unwind
[INFO] [stdout]   10:     0x6132c428312c - core[a373ad73a504971]::panicking::panic_fmt
[INFO] [stdout]   11:     0x6132c4282f02 - core[a373ad73a504971]::result::unwrap_failed
[INFO] [stdout]   12:     0x6132c41d1460 - <smoke[a60d515b5a4174bf]::simple::{closure#0} as core[a373ad73a504971]::ops::function::FnOnce<()>>::call_once
[INFO] [stdout]   13:     0x6132c41d347b - test[aada8e7e76ba119b]::__rust_begin_short_backtrace::<core[a373ad73a504971]::result::Result<(), alloc[2e1b2a31b91974c5]::string::String>, fn() -> core[a373ad73a504971]::result::Result<(), alloc[2e1b2a31b91974c5]::string::String>>
[INFO] [stdout]   14:     0x6132c41e0655 - test[aada8e7e76ba119b]::run_test::{closure#0}
[INFO] [stdout]   15:     0x6132c41d9f44 - std[617be2ca0a6fd877]::sys::backtrace::__rust_begin_short_backtrace::<test[aada8e7e76ba119b]::run_test::{closure#1}, ()>
[INFO] [stdout]   16:     0x6132c41e36e2 - <std[617be2ca0a6fd877]::thread::lifecycle::spawn_unchecked<test[aada8e7e76ba119b]::run_test::{closure#1}, ()>::{closure#1} as core[a373ad73a504971]::ops::function::FnOnce<()>>::call_once::{shim:vtable#0}
[INFO] [stdout]   17:     0x6132c426e0bf - <std[617be2ca0a6fd877]::sys::thread::unix::Thread>::new::thread_start
[INFO] [stdout]   18:     0x77a30c75fdfa - <unknown>
[INFO] [stdout]   19:     0x77a30c7f33d4 - clone
[INFO] [stdout]   20:                0x0 - <unknown>
[INFO] [stdout] 
[INFO] [stdout] 
[INFO] [stdout] failures:
[INFO] [stdout]     simple
[INFO] [stdout] 
[INFO] [stdout] test result: FAILED. 0 passed; 1 failed; 0 ignored; 0 measured; 0 filtered out; finished in 0.01s
[INFO] [stdout] 
[INFO] running `Command { std: "docker" "inspect" "900ab24d013dd3a2c35745f4ac72b00c9533ed3c0dc542a9eca0ab0ce65f3fd5", kill_on_drop: false }`
[INFO] running `Command { std: "docker" "rm" "-f" "900ab24d013dd3a2c35745f4ac72b00c9533ed3c0dc542a9eca0ab0ce65f3fd5", kill_on_drop: false }`
[INFO] [stdout] 900ab24d013dd3a2c35745f4ac72b00c9533ed3c0dc542a9eca0ab0ce65f3fd5
